[INFO] cloning repository https://github.com/mdsherry/suntime
[INFO] running `Command { std: "git" "-c" "credential.helper=" "-c" "credential.helper=/workspace/cargo-home/bin/git-credential-null" "clone" "--bare" "https://github.com/mdsherry/suntime" "/workspace/cache/git-repos/https%3A%2F%2Fgithub.com%2Fmdsherry%2Fsuntime", kill_on_drop: false }`
[INFO] [stderr] Cloning into bare repository '/workspace/cache/git-repos/https%3A%2F%2Fgithub.com%2Fmdsherry%2Fsuntime'...
[INFO] running `Command { std: "git" "rev-parse" "HEAD", kill_on_drop: false }`
[INFO] [stdout] 482849e166d3fe851f0a4702f34c31acc702b20a
[INFO] testing mdsherry/suntime against 1.83.0 for beta-1.84.0-4-retry
[INFO] running `Command { std: "git" "clone" "/workspace/cache/git-repos/https%3A%2F%2Fgithub.com%2Fmdsherry%2Fsuntime" "/workspace/builds/worker-7-tc1/source", kill_on_drop: false }`
[INFO] [stderr] Cloning into '/workspace/builds/worker-7-tc1/source'...
[INFO] [stderr] done.
[INFO] validating manifest of git repo https://github.com/mdsherry/suntime on toolchain 1.83.0
[INFO] running `Command { std: CARGO_HOME="/workspace/cargo-home" RUSTUP_HOME="/workspace/rustup-home" "/workspace/cargo-home/bin/cargo" "+1.83.0" "metadata" "--manifest-path" "Cargo.toml" "--no-deps", kill_on_drop: false }`
[INFO] started tweaking git repo https://github.com/mdsherry/suntime
[INFO] finished tweaking git repo https://github.com/mdsherry/suntime
[INFO] tweaked toml for git repo https://github.com/mdsherry/suntime written to /workspace/builds/worker-7-tc1/source/Cargo.toml
[INFO] crate git repo https://github.com/mdsherry/suntime already has a lockfile, it will not be regenerated
[INFO] running `Command { std: CARGO_HOME="/workspace/cargo-home" RUSTUP_HOME="/workspace/rustup-home" "/workspace/cargo-home/bin/cargo" "+1.83.0" "fetch" "--manifest-path" "Cargo.toml", kill_on_drop: false }`
[INFO] running `Command { std: "docker" "create" "-v" "/var/lib/crater-agent-workspace/builds/worker-7-tc1/target:/opt/rustwide/target:rw,Z" "-v" "/var/lib/crater-agent-workspace/builds/worker-7-tc1/source:/opt/rustwide/workdir:ro,Z" "-v" "/var/lib/crater-agent-workspace/cargo-home:/opt/rustwide/cargo-home:ro,Z" "-v" "/var/lib/crater-agent-workspace/rustup-home:/opt/rustwide/rustup-home:ro,Z" "-e" "SOURCE_DIR=/opt/rustwide/workdir" "-e" "CARGO_TARGET_DIR=/opt/rustwide/target" "-e" "CARGO_HOME=/opt/rustwide/cargo-home" "-e" "RUSTUP_HOME=/opt/rustwide/rustup-home" "-w" "/opt/rustwide/workdir" "-m" "1610612736" "--user" "0:0" "--network" "none" "ghcr.io/rust-lang/crates-build-env/linux@sha256:f3a9d4ad9d972b27faf3965f35b62e55ba32bbce8f20bc8fe909558a86702fde" "/opt/rustwide/cargo-home/bin/cargo" "+1.83.0" "metadata" "--no-deps" "--format-version=1", kill_on_drop: false }`
[INFO] [stdout] e2e9df4788f1706243f0b23a41c221ec27f69160091c98e2d35b9578202f9c71
[INFO] running `Command { std: "docker" "start" "-a" "e2e9df4788f1706243f0b23a41c221ec27f69160091c98e2d35b9578202f9c71", kill_on_drop: false }`
[INFO] running `Command { std: "docker" "inspect" "e2e9df4788f1706243f0b23a41c221ec27f69160091c98e2d35b9578202f9c71", kill_on_drop: false }`
[INFO] running `Command { std: "docker" "rm" "-f" "e2e9df4788f1706243f0b23a41c221ec27f69160091c98e2d35b9578202f9c71", kill_on_drop: false }`
[INFO] [stdout] e2e9df4788f1706243f0b23a41c221ec27f69160091c98e2d35b9578202f9c71
[INFO] running `Command { std: "docker" "create" "-v" "/var/lib/crater-agent-workspace/builds/worker-7-tc1/target:/opt/rustwide/target:rw,Z" "-v" "/var/lib/crater-agent-workspace/builds/worker-7-tc1/source:/opt/rustwide/workdir:ro,Z" "-v" "/var/lib/crater-agent-workspace/cargo-home:/opt/rustwide/cargo-home:ro,Z" "-v" "/var/lib/crater-agent-workspace/rustup-home:/opt/rustwide/rustup-home:ro,Z" "-e" "SOURCE_DIR=/opt/rustwide/workdir" "-e" "CARGO_TARGET_DIR=/opt/rustwide/target" "-e" "CARGO_INCREMENTAL=0" "-e" "RUST_BACKTRACE=full" "-e" "RUSTFLAGS=--cap-lints=warn" "-e" "RUSTDOCFLAGS=--cap-lints=warn" "-e" "CARGO_HOME=/opt/rustwide/cargo-home" "-e" "RUSTUP_HOME=/opt/rustwide/rustup-home" "-w" "/opt/rustwide/workdir" "-m" "1610612736" "--user" "0:0" "--network" "none" "ghcr.io/rust-lang/crates-build-env/linux@sha256:f3a9d4ad9d972b27faf3965f35b62e55ba32bbce8f20bc8fe909558a86702fde" "/opt/rustwide/cargo-home/bin/cargo" "+1.83.0" "build" "--frozen" "--message-format=json", kill_on_drop: false }`
[INFO] [stdout] 414852880febee68b6eeaa8e67b36234ecb44863526f6ba6f840f1f861d4b114
[INFO] running `Command { std: "docker" "start" "-a" "414852880febee68b6eeaa8e67b36234ecb44863526f6ba6f840f1f861d4b114", kill_on_drop: false }`
[INFO] [stderr]    Compiling proc-macro2 v1.0.47
[INFO] [stderr]    Compiling quote v1.0.21
[INFO] [stderr]    Compiling unicode-ident v1.0.5
[INFO] [stderr]    Compiling syn v1.0.105
[INFO] [stderr]    Compiling version_check v0.9.4
[INFO] [stderr]    Compiling libc v0.2.138
[INFO] [stderr]    Compiling serde_derive v1.0.149
[INFO] [stderr]    Compiling io-lifetimes v1.0.3
[INFO] [stderr]    Compiling serde v1.0.149
[INFO] [stderr]    Compiling memchr v2.5.0
[INFO] [stderr]    Compiling num-traits v0.2.15
[INFO] [stderr]    Compiling proc-macro-error-attr v1.0.4
[INFO] [stderr]    Compiling proc-macro-error v1.0.4
[INFO] [stderr]    Compiling rustix v0.36.5
[INFO] [stderr]    Compiling num-integer v0.1.45
[INFO] [stderr]    Compiling linux-raw-sys v0.1.3
[INFO] [stderr]    Compiling crc32fast v1.3.2
[INFO] [stderr]    Compiling lazy_static v1.4.0
[INFO] [stderr]    Compiling serde_json v1.0.89
[INFO] [stderr]    Compiling os_str_bytes v6.4.1
[INFO] [stderr]    Compiling ryu v1.0.11
[INFO] [stderr]    Compiling regex-automata v0.1.10
[INFO] [stderr]    Compiling thiserror v1.0.37
[INFO] [stderr]    Compiling adler v1.0.2
[INFO] [stderr]    Compiling heck v0.4.0
[INFO] [stderr]    Compiling miniz_oxide v0.6.2
[INFO] [stderr]    Compiling clap_lex v0.3.0
[INFO] [stderr]    Compiling csv-core v0.1.10
[INFO] [stderr]    Compiling itoa v0.4.8
[INFO] [stderr]    Compiling termcolor v1.1.3
[INFO] [stderr]    Compiling time v0.1.45
[INFO] [stderr]    Compiling itoa v1.0.4
[INFO] [stderr]    Compiling once_cell v1.16.0
[INFO] [stderr]    Compiling iana-time-zone v0.1.53
[INFO] [stderr]    Compiling strsim v0.10.0
[INFO] [stderr]    Compiling chrono v0.4.23
[INFO] [stderr]    Compiling flate2 v1.0.25
[INFO] [stderr]    Compiling is-terminal v0.4.1
[INFO] [stderr]    Compiling clap_derive v4.0.21
[INFO] [stderr]    Compiling thiserror-impl v1.0.37
[INFO] [stderr]    Compiling clap v4.0.29
[INFO] [stderr]    Compiling bstr v0.2.17
[INFO] [stderr]    Compiling csv v1.1.6
[INFO] [stderr]    Compiling suntime v0.1.0 (/opt/rustwide/workdir)
[INFO] [stdout] warning: use of deprecated struct `chrono::Date`: Use `NaiveDate` or `DateTime<Tz>` instead
[INFO] [stdout]   --> src/lib.rs:23:32
[INFO] [stdout]    |
[INFO] [stdout] 23 | fn fract_minutes_to_dt(mut dt: Date<Utc>, minutes: f64) -> DateTime<Utc> {
[INFO] [stdout]    |                                ^^^^
[INFO] [stdout]    |
[INFO] [stdout]    = note: `#[warn(deprecated)]` on by default
[INFO] [stdout] 
[INFO] [stdout] 
[INFO] [stdout] warning: use of deprecated struct `chrono::Date`: Use `NaiveDate` or `DateTime<Tz>` instead
[INFO] [stdout]   --> src/lib.rs:48:32
[INFO] [stdout]    |
[INFO] [stdout] 48 |     fn _solar_noon(self, date: Date<Utc>, dt: DateTime<Utc>) -> DateTime<Utc> {
[INFO] [stdout]    |                                ^^^^
[INFO] [stdout] 
[INFO] [stdout] 
[INFO] [stdout] warning: use of deprecated struct `chrono::Date`: Use `NaiveDate` or `DateTime<Tz>` instead
[INFO] [stdout]   --> src/lib.rs:58:29
[INFO] [stdout]    |
[INFO] [stdout] 58 |     fn _sunrise(self, date: Date<Utc>, dt: DateTime<Utc>) -> DateTime<Utc> {
[INFO] [stdout]    |                             ^^^^
[INFO] [stdout] 
[INFO] [stdout] 
[INFO] [stdout] warning: use of deprecated struct `chrono::Date`: Use `NaiveDate` or `DateTime<Tz>` instead
[INFO] [stdout]   --> src/lib.rs:68:28
[INFO] [stdout]    |
[INFO] [stdout] 68 |     fn _sunset(self, date: Date<Utc>, dt: DateTime<Utc>) -> DateTime<Utc> {
[INFO] [stdout]    |                            ^^^^
[INFO] [stdout] 
[INFO] [stdout] 
[INFO] [stdout] warning: use of deprecated method `chrono::DateTime::<Tz>::date`: Use `date_naive()` instead
[INFO] [stdout]   --> src/lib.rs:55:29
[INFO] [stdout]    |
[INFO] [stdout] 55 |         self._solar_noon(dt.date(), self._solar_noon(dt.date(), dt))
[INFO] [stdout]    |                             ^^^^
[INFO] [stdout] 
[INFO] [stdout] 
[INFO] [stdout] warning: use of deprecated method `chrono::DateTime::<Tz>::date`: Use `date_naive()` instead
[INFO] [stdout]   --> src/lib.rs:55:57
[INFO] [stdout]    |
[INFO] [stdout] 55 |         self._solar_noon(dt.date(), self._solar_noon(dt.date(), dt))
[INFO] [stdout]    |                                                         ^^^^
[INFO] [stdout] 
[INFO] [stdout] 
[INFO] [stdout] warning: use of deprecated method `chrono::DateTime::<Tz>::date`: Use `date_naive()` instead
[INFO] [stdout]   --> src/lib.rs:65:26
[INFO] [stdout]    |
[INFO] [stdout] 65 |         self._sunrise(dt.date(), self._sunrise(dt.date(), dt))
[INFO] [stdout]    |                          ^^^^
[INFO] [stdout] 
[INFO] [stdout] 
[INFO] [stdout] warning: use of deprecated method `chrono::DateTime::<Tz>::date`: Use `date_naive()` instead
[INFO] [stdout]   --> src/lib.rs:65:51
[INFO] [stdout]    |
[INFO] [stdout] 65 |         self._sunrise(dt.date(), self._sunrise(dt.date(), dt))
[INFO] [stdout]    |                                                   ^^^^
[INFO] [stdout] 
[INFO] [stdout] 
[INFO] [stdout] warning: use of deprecated method `chrono::DateTime::<Tz>::date`: Use `date_naive()` instead
[INFO] [stdout]   --> src/lib.rs:76:25
[INFO] [stdout]    |
[INFO] [stdout] 76 |         self._sunset(dt.date(), self._sunset(dt.date(), dt))
[INFO] [stdout]    |                         ^^^^
[INFO] [stdout] 
[INFO] [stdout] 
[INFO] [stdout] warning: use of deprecated method `chrono::DateTime::<Tz>::date`: Use `date_naive()` instead
[INFO] [stdout]   --> src/lib.rs:76:49
[INFO] [stdout]    |
[INFO] [stdout] 76 |         self._sunset(dt.date(), self._sunset(dt.date(), dt))
[INFO] [stdout]    |                                                 ^^^^
[INFO] [stdout] 
[INFO] [stdout] 
[INFO] [stdout] warning: unused import: `HashSet`
[INFO] [stdout]  --> src/location.rs:1:33
[INFO] [stdout]   |
[INFO] [stdout] 1 | use std::collections::{HashMap, HashSet};
[INFO] [stdout]   |                                 ^^^^^^^
[INFO] [stdout]   |
[INFO] [stdout]   = note: `#[warn(unused_imports)]` on by default
[INFO] [stdout] 
[INFO] [stdout] 
[INFO] [stderr]     Finished `dev` profile [unoptimized + debuginfo] target(s) in 36.41s
[INFO] running `Command { std: "docker" "inspect" "414852880febee68b6eeaa8e67b36234ecb44863526f6ba6f840f1f861d4b114", kill_on_drop: false }`
[INFO] running `Command { std: "docker" "rm" "-f" "414852880febee68b6eeaa8e67b36234ecb44863526f6ba6f840f1f861d4b114", kill_on_drop: false }`
[INFO] [stdout] 414852880febee68b6eeaa8e67b36234ecb44863526f6ba6f840f1f861d4b114
[INFO] running `Command { std: "docker" "create" "-v" "/var/lib/crater-agent-workspace/builds/worker-7-tc1/target:/opt/rustwide/target:rw,Z" "-v" "/var/lib/crater-agent-workspace/builds/worker-7-tc1/source:/opt/rustwide/workdir:ro,Z" "-v" "/var/lib/crater-agent-workspace/cargo-home:/opt/rustwide/cargo-home:ro,Z" "-v" "/var/lib/crater-agent-workspace/rustup-home:/opt/rustwide/rustup-home:ro,Z" "-e" "SOURCE_DIR=/opt/rustwide/workdir" "-e" "CARGO_TARGET_DIR=/opt/rustwide/target" "-e" "CARGO_INCREMENTAL=0" "-e" "RUST_BACKTRACE=full" "-e" "RUSTFLAGS=--cap-lints=warn" "-e" "RUSTDOCFLAGS=--cap-lints=warn" "-e" "CARGO_HOME=/opt/rustwide/cargo-home" "-e" "RUSTUP_HOME=/opt/rustwide/rustup-home" "-w" "/opt/rustwide/workdir" "-m" "1610612736" "--user" "0:0" "--network" "none" "ghcr.io/rust-lang/crates-build-env/linux@sha256:f3a9d4ad9d972b27faf3965f35b62e55ba32bbce8f20bc8fe909558a86702fde" "/opt/rustwide/cargo-home/bin/cargo" "+1.83.0" "test" "--frozen" "--no-run" "--message-format=json", kill_on_drop: false }`
[INFO] [stdout] 81b7bdf7e07560bba0babd9c06ce0b63523d5e1453845df283f88d273353e9ae
[INFO] running `Command { std: "docker" "start" "-a" "81b7bdf7e07560bba0babd9c06ce0b63523d5e1453845df283f88d273353e9ae", kill_on_drop: false }`
[INFO] [stderr]    Compiling suntime v0.1.0 (/opt/rustwide/workdir)
[INFO] [stdout] warning: use of deprecated struct `chrono::Date`: Use `NaiveDate` or `DateTime<Tz>` instead
[INFO] [stdout]   --> src/lib.rs:23:32
[INFO] [stdout]    |
[INFO] [stdout] 23 | fn fract_minutes_to_dt(mut dt: Date<Utc>, minutes: f64) -> DateTime<Utc> {
[INFO] [stdout]    |                                ^^^^
[INFO] [stdout]    |
[INFO] [stdout]    = note: `#[warn(deprecated)]` on by default
[INFO] [stdout] 
[INFO] [stdout] 
[INFO] [stdout] warning: use of deprecated struct `chrono::Date`: Use `NaiveDate` or `DateTime<Tz>` instead
[INFO] [stdout]   --> src/lib.rs:48:32
[INFO] [stdout]    |
[INFO] [stdout] 48 |     fn _solar_noon(self, date: Date<Utc>, dt: DateTime<Utc>) -> DateTime<Utc> {
[INFO] [stdout]    |                                ^^^^
[INFO] [stdout] 
[INFO] [stdout] 
[INFO] [stdout] warning: use of deprecated struct `chrono::Date`: Use `NaiveDate` or `DateTime<Tz>` instead
[INFO] [stdout]   --> src/lib.rs:58:29
[INFO] [stdout]    |
[INFO] [stdout] 58 |     fn _sunrise(self, date: Date<Utc>, dt: DateTime<Utc>) -> DateTime<Utc> {
[INFO] [stdout]    |                             ^^^^
[INFO] [stdout] 
[INFO] [stdout] 
[INFO] [stdout] warning: use of deprecated struct `chrono::Date`: Use `NaiveDate` or `DateTime<Tz>` instead
[INFO] [stdout]   --> src/lib.rs:68:28
[INFO] [stdout]    |
[INFO] [stdout] 68 |     fn _sunset(self, date: Date<Utc>, dt: DateTime<Utc>) -> DateTime<Utc> {
[INFO] [stdout]    |                            ^^^^
[INFO] [stdout] 
[INFO] [stdout] 
[INFO] [stdout] warning: use of deprecated method `chrono::DateTime::<Tz>::date`: Use `date_naive()` instead
[INFO] [stdout]   --> src/lib.rs:55:29
[INFO] [stdout]    |
[INFO] [stdout] 55 |         self._solar_noon(dt.date(), self._solar_noon(dt.date(), dt))
[INFO] [stdout]    |                             ^^^^
[INFO] [stdout] 
[INFO] [stdout] 
[INFO] [stdout] warning: use of deprecated method `chrono::DateTime::<Tz>::date`: Use `date_naive()` instead
[INFO] [stdout]   --> src/lib.rs:55:57
[INFO] [stdout]    |
[INFO] [stdout] 55 |         self._solar_noon(dt.date(), self._solar_noon(dt.date(), dt))
[INFO] [stdout]    |                                                         ^^^^
[INFO] [stdout] 
[INFO] [stdout] 
[INFO] [stdout] warning: use of deprecated method `chrono::DateTime::<Tz>::date`: Use `date_naive()` instead
[INFO] [stdout]   --> src/lib.rs:65:26
[INFO] [stdout]    |
[INFO] [stdout] 65 |         self._sunrise(dt.date(), self._sunrise(dt.date(), dt))
[INFO] [stdout]    |                          ^^^^
[INFO] [stdout] 
[INFO] [stdout] 
[INFO] [stdout] warning: use of deprecated method `chrono::DateTime::<Tz>::date`: Use `date_naive()` instead
[INFO] [stdout]   --> src/lib.rs:65:51
[INFO] [stdout]    |
[INFO] [stdout] 65 |         self._sunrise(dt.date(), self._sunrise(dt.date(), dt))
[INFO] [stdout]    |                                                   ^^^^
[INFO] [stdout] 
[INFO] [stdout] 
[INFO] [stdout] warning: use of deprecated method `chrono::DateTime::<Tz>::date`: Use `date_naive()` instead
[INFO] [stdout]   --> src/lib.rs:76:25
[INFO] [stdout]    |
[INFO] [stdout] 76 |         self._sunset(dt.date(), self._sunset(dt.date(), dt))
[INFO] [stdout]    |                         ^^^^
[INFO] [stdout] 
[INFO] [stdout] 
[INFO] [stdout] warning: use of deprecated method `chrono::DateTime::<Tz>::date`: Use `date_naive()` instead
[INFO] [stdout]   --> src/lib.rs:76:49
[INFO] [stdout]    |
[INFO] [stdout] 76 |         self._sunset(dt.date(), self._sunset(dt.date(), dt))
[INFO] [stdout]    |                                                 ^^^^
[INFO] [stdout] 
[INFO] [stdout] 
[INFO] [stdout] warning: use of deprecated struct `chrono::Date`: Use `NaiveDate` or `DateTime<Tz>` instead
[INFO] [stdout]   --> src/lib.rs:23:32
[INFO] [stdout]    |
[INFO] [stdout] 23 | fn fract_minutes_to_dt(mut dt: Date<Utc>, minutes: f64) -> DateTime<Utc> {
[INFO] [stdout]    |                                ^^^^
[INFO] [stdout]    |
[INFO] [stdout]    = note: `#[warn(deprecated)]` on by default
[INFO] [stdout] 
[INFO] [stdout] 
[INFO] [stdout] warning: unused import: `HashSet`
[INFO] [stdout]  --> src/location.rs:1:33
[INFO] [stdout]   |
[INFO] [stdout] 1 | use std::collections::{HashMap, HashSet};
[INFO] [stdout]   |                                 ^^^^^^^
[INFO] [stdout]   |
[INFO] [stdout]   = note: `#[warn(unused_imports)]` on by default
[INFO] [stdout] 
[INFO] [stdout] 
[INFO] [stdout] warning: use of deprecated struct `chrono::Date`: Use `NaiveDate` or `DateTime<Tz>` instead
[INFO] [stdout]   --> src/lib.rs:48:32
[INFO] [stdout]    |
[INFO] [stdout] 48 |     fn _solar_noon(self, date: Date<Utc>, dt: DateTime<Utc>) -> DateTime<Utc> {
[INFO] [stdout]    |                                ^^^^
[INFO] [stdout] 
[INFO] [stdout] 
[INFO] [stdout] warning: use of deprecated struct `chrono::Date`: Use `NaiveDate` or `DateTime<Tz>` instead
[INFO] [stdout]   --> src/lib.rs:58:29
[INFO] [stdout]    |
[INFO] [stdout] 58 |     fn _sunrise(self, date: Date<Utc>, dt: DateTime<Utc>) -> DateTime<Utc> {
[INFO] [stdout]    |                             ^^^^
[INFO] [stdout] 
[INFO] [stdout] 
[INFO] [stdout] warning: use of deprecated struct `chrono::Date`: Use `NaiveDate` or `DateTime<Tz>` instead
[INFO] [stdout]   --> src/lib.rs:68:28
[INFO] [stdout]    |
[INFO] [stdout] 68 |     fn _sunset(self, date: Date<Utc>, dt: DateTime<Utc>) -> DateTime<Utc> {
[INFO] [stdout]    |                            ^^^^
[INFO] [stdout] 
[INFO] [stdout] 
[INFO] [stdout] warning: use of deprecated method `chrono::DateTime::<Tz>::date`: Use `date_naive()` instead
[INFO] [stdout]   --> src/lib.rs:55:29
[INFO] [stdout]    |
[INFO] [stdout] 55 |         self._solar_noon(dt.date(), self._solar_noon(dt.date(), dt))
[INFO] [stdout]    |                             ^^^^
[INFO] [stdout] 
[INFO] [stdout] 
[INFO] [stdout] warning: use of deprecated method `chrono::DateTime::<Tz>::date`: Use `date_naive()` instead
[INFO] [stdout]   --> src/lib.rs:55:57
[INFO] [stdout]    |
[INFO] [stdout] 55 |         self._solar_noon(dt.date(), self._solar_noon(dt.date(), dt))
[INFO] [stdout]    |                                                         ^^^^
[INFO] [stdout] 
[INFO] [stdout] 
[INFO] [stdout] warning: use of deprecated method `chrono::DateTime::<Tz>::date`: Use `date_naive()` instead
[INFO] [stdout]   --> src/lib.rs:65:26
[INFO] [stdout]    |
[INFO] [stdout] 65 |         self._sunrise(dt.date(), self._sunrise(dt.date(), dt))
[INFO] [stdout]    |                          ^^^^
[INFO] [stdout] 
[INFO] [stdout] 
[INFO] [stdout] warning: use of deprecated method `chrono::DateTime::<Tz>::date`: Use `date_naive()` instead
[INFO] [stdout]   --> src/lib.rs:65:51
[INFO] [stdout]    |
[INFO] [stdout] 65 |         self._sunrise(dt.date(), self._sunrise(dt.date(), dt))
[INFO] [stdout]    |                                                   ^^^^
[INFO] [stdout] 
[INFO] [stdout] 
[INFO] [stdout] warning: use of deprecated method `chrono::DateTime::<Tz>::date`: Use `date_naive()` instead
[INFO] [stdout]   --> src/lib.rs:76:25
[INFO] [stdout]    |
[INFO] [stdout] 76 |         self._sunset(dt.date(), self._sunset(dt.date(), dt))
[INFO] [stdout]    |                         ^^^^
[INFO] [stdout] 
[INFO] [stdout] 
[INFO] [stdout] warning: use of deprecated method `chrono::DateTime::<Tz>::date`: Use `date_naive()` instead
[INFO] [stdout]   --> src/lib.rs:76:49
[INFO] [stdout]    |
[INFO] [stdout] 76 |         self._sunset(dt.date(), self._sunset(dt.date(), dt))
[INFO] [stdout]    |                                                 ^^^^
[INFO] [stdout] 
[INFO] [stdout] 
[INFO] [stderr]     Finished `test` profile [unoptimized + debuginfo] target(s) in 1.22s
[INFO] running `Command { std: "docker" "inspect" "81b7bdf7e07560bba0babd9c06ce0b63523d5e1453845df283f88d273353e9ae", kill_on_drop: false }`
[INFO] running `Command { std: "docker" "rm" "-f" "81b7bdf7e07560bba0babd9c06ce0b63523d5e1453845df283f88d273353e9ae", kill_on_drop: false }`
[INFO] [stdout] 81b7bdf7e07560bba0babd9c06ce0b63523d5e1453845df283f88d273353e9ae
[INFO] running `Command { std: "docker" "create" "-v" "/var/lib/crater-agent-workspace/builds/worker-7-tc1/target:/opt/rustwide/target:rw,Z" "-v" "/var/lib/crater-agent-workspace/builds/worker-7-tc1/source:/opt/rustwide/workdir:ro,Z" "-v" "/var/lib/crater-agent-workspace/cargo-home:/opt/rustwide/cargo-home:ro,Z" "-v" "/var/lib/crater-agent-workspace/rustup-home:/opt/rustwide/rustup-home:ro,Z" "-e" "SOURCE_DIR=/opt/rustwide/workdir" "-e" "CARGO_TARGET_DIR=/opt/rustwide/target" "-e" "CARGO_INCREMENTAL=0" "-e" "RUST_BACKTRACE=full" "-e" "RUSTFLAGS=--cap-lints=warn" "-e" "RUSTDOCFLAGS=--cap-lints=warn" "-e" "CARGO_HOME=/opt/rustwide/cargo-home" "-e" "RUSTUP_HOME=/opt/rustwide/rustup-home" "-w" "/opt/rustwide/workdir" "-m" "1610612736" "--user" "0:0" "--network" "none" "ghcr.io/rust-lang/crates-build-env/linux@sha256:f3a9d4ad9d972b27faf3965f35b62e55ba32bbce8f20bc8fe909558a86702fde" "/opt/rustwide/cargo-home/bin/cargo" "+1.83.0" "test" "--frozen", kill_on_drop: false }`
[INFO] [stdout] bf37c0759ddf08494327ee96c75c9bde8dbeef7eb9211d76805f5d7791cb4e35
[INFO] running `Command { std: "docker" "start" "-a" "bf37c0759ddf08494327ee96c75c9bde8dbeef7eb9211d76805f5d7791cb4e35", kill_on_drop: false }`
[INFO] [stderr] warning: use of deprecated struct `chrono::Date`: Use `NaiveDate` or `DateTime<Tz>` instead
[INFO] [stderr]   --> src/lib.rs:23:32
[INFO] [stderr]    |
[INFO] [stderr] 23 | fn fract_minutes_to_dt(mut dt: Date<Utc>, minutes: f64) -> DateTime<Utc> {
[INFO] [stderr]    |                                ^^^^
[INFO] [stderr]    |
[INFO] [stderr]    = note: `#[warn(deprecated)]` on by default
[INFO] [stderr] 
[INFO] [stderr] warning: use of deprecated struct `chrono::Date`: Use `NaiveDate` or `DateTime<Tz>` instead
[INFO] [stderr]   --> src/lib.rs:48:32
[INFO] [stderr]    |
[INFO] [stderr] 48 |     fn _solar_noon(self, date: Date<Utc>, dt: DateTime<Utc>) -> DateTime<Utc> {
[INFO] [stderr]    |                                ^^^^
[INFO] [stderr] 
[INFO] [stderr] warning: use of deprecated struct `chrono::Date`: Use `NaiveDate` or `DateTime<Tz>` instead
[INFO] [stderr]   --> src/lib.rs:58:29
[INFO] [stderr]    |
[INFO] [stderr] 58 |     fn _sunrise(self, date: Date<Utc>, dt: DateTime<Utc>) -> DateTime<Utc> {
[INFO] [stderr]    |                             ^^^^
[INFO] [stderr] 
[INFO] [stderr] warning: use of deprecated struct `chrono::Date`: Use `NaiveDate` or `DateTime<Tz>` instead
[INFO] [stderr]   --> src/lib.rs:68:28
[INFO] [stderr]    |
[INFO] [stderr] 68 |     fn _sunset(self, date: Date<Utc>, dt: DateTime<Utc>) -> DateTime<Utc> {
[INFO] [stderr]    |                            ^^^^
[INFO] [stderr] 
[INFO] [stderr] warning: use of deprecated method `chrono::DateTime::<Tz>::date`: Use `date_naive()` instead
[INFO] [stderr]   --> src/lib.rs:55:29
[INFO] [stderr]    |
[INFO] [stderr] 55 |         self._solar_noon(dt.date(), self._solar_noon(dt.date(), dt))
[INFO] [stderr]    |                             ^^^^
[INFO] [stderr] 
[INFO] [stderr] warning: use of deprecated method `chrono::DateTime::<Tz>::date`: Use `date_naive()` instead
[INFO] [stderr]   --> src/lib.rs:55:57
[INFO] [stderr]    |
[INFO] [stderr] 55 |         self._solar_noon(dt.date(), self._solar_noon(dt.date(), dt))
[INFO] [stderr]    |                                                         ^^^^
[INFO] [stderr] 
[INFO] [stderr] warning: use of deprecated method `chrono::DateTime::<Tz>::date`: Use `date_naive()` instead
[INFO] [stderr]   --> src/lib.rs:65:26
[INFO] [stderr]    |
[INFO] [stderr] 65 |         self._sunrise(dt.date(), self._sunrise(dt.date(), dt))
[INFO] [stderr]    |                          ^^^^
[INFO] [stderr] 
[INFO] [stderr] warning: use of deprecated method `chrono::DateTime::<Tz>::date`: Use `date_naive()` instead
[INFO] [stderr]   --> src/lib.rs:65:51
[INFO] [stderr]    |
[INFO] [stderr] 65 |         self._sunrise(dt.date(), self._sunrise(dt.date(), dt))
[INFO] [stderr]    |                                                   ^^^^
[INFO] [stderr] 
[INFO] [stderr] warning: use of deprecated method `chrono::DateTime::<Tz>::date`: Use `date_naive()` instead
[INFO] [stderr]   --> src/lib.rs:76:25
[INFO] [stderr]    |
[INFO] [stderr] 76 |         self._sunset(dt.date(), self._sunset(dt.date(), dt))
[INFO] [stderr]    |                         ^^^^
[INFO] [stderr] 
[INFO] [stderr] warning: use of deprecated method `chrono::DateTime::<Tz>::date`: Use `date_naive()` instead
[INFO] [stderr]   --> src/lib.rs:76:49
[INFO] [stderr]    |
[INFO] [stderr] 76 |         self._sunset(dt.date(), self._sunset(dt.date(), dt))
[INFO] [stderr]    |                                                 ^^^^
[INFO] [stderr] 
[INFO] [stderr] warning: `suntime` (lib) generated 10 warnings
[INFO] [stderr] warning: unused import: `HashSet`
[INFO] [stderr]  --> src/location.rs:1:33
[INFO] [stderr]   |
[INFO] [stderr] 1 | use std::collections::{HashMap, HashSet};
[INFO] [stderr]   |                                 ^^^^^^^
[INFO] [stderr]   |
[INFO] [stderr]   = note: `#[warn(unused_imports)]` on by default
[INFO] [stderr] 
[INFO] [stderr] warning: `suntime` (bin "suntime" test) generated 1 warning (run `cargo fix --bin "suntime" --tests` to apply 1 suggestion)
[INFO] [stderr] warning: `suntime` (lib test) generated 10 warnings (10 duplicates)
[INFO] [stderr]     Finished `test` profile [unoptimized + debuginfo] target(s) in 0.12s
[INFO] [stderr]      Running unittests src/lib.rs (/opt/rustwide/target/debug/deps/suntime-53c2da1e697f2793)
[INFO] [stdout] 
[INFO] [stdout] running 0 tests
[INFO] [stdout] 
[INFO] [stdout] test result: ok. 0 passed; 0 failed; 0 ignored; 0 measured; 0 filtered out; finished in 0.00s
[INFO] [stdout] 
[INFO] [stderr]      Running unittests src/main.rs (/opt/rustwide/target/debug/deps/suntime-bd0da335941e86cc)
[INFO] [stdout] 
[INFO] [stdout] running 2 tests
[INFO] [stdout] test plot::test_y_at ... ok
[INFO] [stdout] test plot::test_pattern_for ... FAILED
[INFO] [stdout] 
[INFO] [stdout] failures:
[INFO] [stdout] 
[INFO] [stdout] ---- plot::test_pattern_for stdout ----
[INFO] [stdout]  ⠁⠂⠃⠄⠅⠆⠇⡀⡁⡂⡃⡄⡅⡆⡇⠈⠉⠊⠋⠌⠍⠎⠏⡈⡉⡊⡋⡌⡍⡎⡏⠐⠑⠒⠓⠔⠕⠖⠗⡐⡑⡒⡓⡔⡕⡖⡗⠘⠙⠚⠛⠜⠝⠞⠟⡘⡙⡚⡛⡜⡝⡞⡟⠠⠡⠢⠣⠤⠥⠦⠧⡠⡡⡢⡣⡤⡥⡦⡧⠨⠩⠪⠫⠬⠭⠮⠯⡨⡩⡪⡫⡬⡭⡮⡯⠰⠱⠲⠳⠴⠵⠶⠷⡰⡱⡲⡳⡴⡵⡶⡷⠸⠹⠺⠻⠼⠽⠾⠿⡸⡹⡺⡻⡼⡽⡾⡿⢀⢁⢂⢃⢄⢅⢆⢇⣀⣁⣂⣃⣄⣅⣆⣇⢈⢉⢊⢋⢌⢍⢎⢏⣈⣉⣊⣋⣌⣍⣎⣏⢐⢑⢒⢓⢔⢕⢖⢗⣐⣑⣒⣓⣔⣕⣖⣗⢘⢙⢚⢛⢜⢝⢞⢟⣘⣙⣚⣛⣜⣝⣞⣟⢠⢡⢢⢣⢤⢥⢦⢧⣠⣡⣢⣣⣤⣥⣦⣧⢨⢩⢪⢫⢬⢭⢮⢯⣨⣩⣪⣫⣬⣭⣮⣯⢰⢱⢲⢳⢴⢵⢶⢷⣰⣱⣲⣳⣴⣵⣶⣷⢸⢹⢺⢻⢼⢽⢾⢿⣸⣹⣺⣻⣼⣽⣾thread 'plot::test_pattern_for' panicked at /rustc/90b35a6239c3d8bdabc530a6a0816f7ff89a0aaf/library/core/src/iter/range.rs:416:1:
[INFO] [stdout] attempt to add with overflow
[INFO] [stdout] stack backtrace:
[INFO] [stdout]    0:     0x570b74a949ea - std::backtrace_rs::backtrace::libunwind::trace::h5a5b8284f2d0c266
[INFO] [stdout]                                at /rustc/90b35a6239c3d8bdabc530a6a0816f7ff89a0aaf/library/std/src/../../backtrace/src/backtrace/libunwind.rs:116:5
[INFO] [stdout]    1:     0x570b74a949ea - std::backtrace_rs::backtrace::trace_unsynchronized::h76d4f1c9b0b875e3
[INFO] [stdout]                                at /rustc/90b35a6239c3d8bdabc530a6a0816f7ff89a0aaf/library/std/src/../../backtrace/src/backtrace/mod.rs:66:5
[INFO] [stdout]    2:     0x570b74a949ea - std::sys::backtrace::_print_fmt::hc4546b8364a537c6
[INFO] [stdout]                                at /rustc/90b35a6239c3d8bdabc530a6a0816f7ff89a0aaf/library/std/src/sys/backtrace.rs:66:9
[INFO] [stdout]    3:     0x570b74a949ea - <std::sys::backtrace::BacktraceLock::print::DisplayBacktrace as core::fmt::Display>::fmt::h5b6bd5631a6d1f6b
[INFO] [stdout]                                at /rustc/90b35a6239c3d8bdabc530a6a0816f7ff89a0aaf/library/std/src/sys/backtrace.rs:39:26
[INFO] [stdout]    4:     0x570b74ab9c93 - core::fmt::rt::Argument::fmt::h270f6602a2b96f62
[INFO] [stdout]                                at /rustc/90b35a6239c3d8bdabc530a6a0816f7ff89a0aaf/library/core/src/fmt/rt.rs:177:76
[INFO] [stdout]    5:     0x570b74ab9c93 - core::fmt::write::h7550c97b06c86515
[INFO] [stdout]                                at /rustc/90b35a6239c3d8bdabc530a6a0816f7ff89a0aaf/library/core/src/fmt/mod.rs:1186:21
[INFO] [stdout]    6:     0x570b74a91bb3 - std::io::Write::write_fmt::h509ff860e5956e5e
[INFO] [stdout]                                at /rustc/90b35a6239c3d8bdabc530a6a0816f7ff89a0aaf/library/std/src/io/mod.rs:1839:15
[INFO] [stdout]    7:     0x570b74a94832 - std::sys::backtrace::BacktraceLock::print::h2395ccd2c84ba3aa
[INFO] [stdout]                                at /rustc/90b35a6239c3d8bdabc530a6a0816f7ff89a0aaf/library/std/src/sys/backtrace.rs:42:9
[INFO] [stdout]    8:     0x570b74a95e4a - std::panicking::default_hook::{{closure}}::he19d4c7230e07961
[INFO] [stdout]                                at /rustc/90b35a6239c3d8bdabc530a6a0816f7ff89a0aaf/library/std/src/panicking.rs:268:22
[INFO] [stdout]    9:     0x570b74a95c54 - std::panicking::default_hook::hf614597d3c67bbdb
[INFO] [stdout]                                at /rustc/90b35a6239c3d8bdabc530a6a0816f7ff89a0aaf/library/std/src/panicking.rs:292:9
[INFO] [stdout]   10:     0x570b74a60cc9 - <alloc::boxed::Box<F,A> as core::ops::function::Fn<Args>>::call::h39b51ce4599c23d1
[INFO] [stdout]                                at /rustc/90b35a6239c3d8bdabc530a6a0816f7ff89a0aaf/library/alloc/src/boxed.rs:2468:9
[INFO] [stdout]   11:     0x570b74a60cc9 - test::test_main::{{closure}}::he977ae839a582784
[INFO] [stdout]                                at /rustc/90b35a6239c3d8bdabc530a6a0816f7ff89a0aaf/library/test/src/lib.rs:133:21
[INFO] [stdout]   12:     0x570b74a964e8 - <alloc::boxed::Box<F,A> as core::ops::function::Fn<Args>>::call::h9455091b6b06f9fb
[INFO] [stdout]                                at /rustc/90b35a6239c3d8bdabc530a6a0816f7ff89a0aaf/library/alloc/src/boxed.rs:2468:9
[INFO] [stdout]   13:     0x570b74a964e8 - std::panicking::rust_panic_with_hook::h8942133a8b252070
[INFO] [stdout]                                at /rustc/90b35a6239c3d8bdabc530a6a0816f7ff89a0aaf/library/std/src/panicking.rs:809:13
[INFO] [stdout]   14:     0x570b74a96276 - std::panicking::begin_panic_handler::{{closure}}::hb5f5963570096b29
[INFO] [stdout]                                at /rustc/90b35a6239c3d8bdabc530a6a0816f7ff89a0aaf/library/std/src/panicking.rs:667:13
[INFO] [stdout]   15:     0x570b74a94ec9 - std::sys::backtrace::__rust_end_short_backtrace::h6208cedc1922feda
[INFO] [stdout]                                at /rustc/90b35a6239c3d8bdabc530a6a0816f7ff89a0aaf/library/std/src/sys/backtrace.rs:170:18
[INFO] [stdout]   16:     0x570b74a95f3c - rust_begin_unwind
[INFO] [stdout]                                at /rustc/90b35a6239c3d8bdabc530a6a0816f7ff89a0aaf/library/std/src/panicking.rs:665:5
[INFO] [stdout]   17:     0x570b74a26a50 - core::panicking::panic_fmt::h0c3082644d1bf418
[INFO] [stdout]                                at /rustc/90b35a6239c3d8bdabc530a6a0816f7ff89a0aaf/library/core/src/panicking.rs:74:14
[INFO] [stdout]   18:     0x570b74a270c7 - core::panicking::panic_const::panic_const_add_overflow::hf2f4fb688348b3b0
[INFO] [stdout]                                at /rustc/90b35a6239c3d8bdabc530a6a0816f7ff89a0aaf/library/core/src/panicking.rs:181:21
[INFO] [stdout]   19:     0x570b74a274f5 - <u8 as core::iter::range::Step>::forward::h9054bd8e7c4dc145
[INFO] [stdout]                                at /rustc/90b35a6239c3d8bdabc530a6a0816f7ff89a0aaf/library/core/src/iter/range.rs:228:25
[INFO] [stdout]   20:     0x570b74a2766f - core::iter::range::<impl core::iter::traits::iterator::Iterator for core::ops::range::RangeFrom<A>>::next::hc0decbae8d379c64
[INFO] [stdout]                                at /rustc/90b35a6239c3d8bdabc530a6a0816f7ff89a0aaf/library/core/src/iter/range.rs:1011:17
[INFO] [stdout]   21:     0x570b74a28394 - suntime::plot::test_pattern_for::hcd282a7bc7be5694
[INFO] [stdout]                                at /opt/rustwide/workdir/src/plot.rs:56:14
[INFO] [stdout]   22:     0x570b74a27e67 - suntime::plot::test_pattern_for::{{closure}}::h5f44e80d5bbfae28
[INFO] [stdout]                                at /opt/rustwide/workdir/src/plot.rs:44:22
[INFO] [stdout]   23:     0x570b74a27586 - core::ops::function::FnOnce::call_once::ha69e0ce3ffbe80fb
[INFO] [stdout]                                at /rustc/90b35a6239c3d8bdabc530a6a0816f7ff89a0aaf/library/core/src/ops/function.rs:250:5
[INFO] [stdout]   24:     0x570b74a6568b - core::ops::function::FnOnce::call_once::h109cf8051a59b34e
[INFO] [stdout]                                at /rustc/90b35a6239c3d8bdabc530a6a0816f7ff89a0aaf/library/core/src/ops/function.rs:250:5
[INFO] [stdout]   25:     0x570b74a6568b - test::__rust_begin_short_backtrace::hf4fff89d377446ba
[INFO] [stdout]                                at /rustc/90b35a6239c3d8bdabc530a6a0816f7ff89a0aaf/library/test/src/lib.rs:621:18
[INFO] [stdout]   26:     0x570b74a64ec7 - test::run_test_in_process::{{closure}}::h0e39181dd7ee5a43
[INFO] [stdout]                                at /rustc/90b35a6239c3d8bdabc530a6a0816f7ff89a0aaf/library/test/src/lib.rs:644:60
[INFO] [stdout]   27:     0x570b74a64ec7 - <core::panic::unwind_safe::AssertUnwindSafe<F> as core::ops::function::FnOnce<()>>::call_once::hc5a66a30f0bdfd1f
[INFO] [stdout]                                at /rustc/90b35a6239c3d8bdabc530a6a0816f7ff89a0aaf/library/core/src/panic/unwind_safe.rs:272:9
[INFO] [stdout]   28:     0x570b74a64ec7 - std::panicking::try::do_call::h873b7cf639554a5e
[INFO] [stdout]                                at /rustc/90b35a6239c3d8bdabc530a6a0816f7ff89a0aaf/library/std/src/panicking.rs:557:40
[INFO] [stdout]   29:     0x570b74a64ec7 - std::panicking::try::hdb19862fad9c8bd1
[INFO] [stdout]                                at /rustc/90b35a6239c3d8bdabc530a6a0816f7ff89a0aaf/library/std/src/panicking.rs:520:19
[INFO] [stdout]   30:     0x570b74a64ec7 - std::panic::catch_unwind::h281fe732d236d260
[INFO] [stdout]                                at /rustc/90b35a6239c3d8bdabc530a6a0816f7ff89a0aaf/library/std/src/panic.rs:358:14
[INFO] [stdout]   31:     0x570b74a64ec7 - test::run_test_in_process::h949b6df8457ed338
[INFO] [stdout]                                at /rustc/90b35a6239c3d8bdabc530a6a0816f7ff89a0aaf/library/test/src/lib.rs:644:27
[INFO] [stdout]   32:     0x570b74a64ec7 - test::run_test::{{closure}}::h52c556a6d4740e10
[INFO] [stdout]                                at /rustc/90b35a6239c3d8bdabc530a6a0816f7ff89a0aaf/library/test/src/lib.rs:565:43
[INFO] [stdout]   33:     0x570b74a2a1a4 - test::run_test::{{closure}}::h4237f6381c45ccb9
[INFO] [stdout]                                at /rustc/90b35a6239c3d8bdabc530a6a0816f7ff89a0aaf/library/test/src/lib.rs:595:41
[INFO] [stdout]   34:     0x570b74a2a1a4 - std::sys::backtrace::__rust_begin_short_backtrace::h505c97a579eca628
[INFO] [stdout]                                at /rustc/90b35a6239c3d8bdabc530a6a0816f7ff89a0aaf/library/std/src/sys/backtrace.rs:154:18
[INFO] [stdout]   35:     0x570b74a2d86e - std::thread::Builder::spawn_unchecked_::{{closure}}::{{closure}}::h9e86b2e2bc107ea3
[INFO] [stdout]                                at /rustc/90b35a6239c3d8bdabc530a6a0816f7ff89a0aaf/library/std/src/thread/mod.rs:538:17
[INFO] [stdout]   36:     0x570b74a2d86e - <core::panic::unwind_safe::AssertUnwindSafe<F> as core::ops::function::FnOnce<()>>::call_once::h8b06ddb275ff4a25
[INFO] [stdout]                                at /rustc/90b35a6239c3d8bdabc530a6a0816f7ff89a0aaf/library/core/src/panic/unwind_safe.rs:272:9
[INFO] [stdout]   37:     0x570b74a2d86e - std::panicking::try::do_call::hb26ecd7cd9a9355d
[INFO] [stdout]                                at /rustc/90b35a6239c3d8bdabc530a6a0816f7ff89a0aaf/library/std/src/panicking.rs:557:40
[INFO] [stdout]   38:     0x570b74a2d86e - std::panicking::try::h8ddeca9d705f9069
[INFO] [stdout]                                at /rustc/90b35a6239c3d8bdabc530a6a0816f7ff89a0aaf/library/std/src/panicking.rs:520:19
[INFO] [stdout]   39:     0x570b74a2d86e - std::panic::catch_unwind::h49e1c33078844c46
[INFO] [stdout]                                at /rustc/90b35a6239c3d8bdabc530a6a0816f7ff89a0aaf/library/std/src/panic.rs:358:14
[INFO] [stdout]   40:     0x570b74a2d86e - std::thread::Builder::spawn_unchecked_::{{closure}}::h6073db6ff56ad35d
[INFO] [stdout]                                at /rustc/90b35a6239c3d8bdabc530a6a0816f7ff89a0aaf/library/std/src/thread/mod.rs:537:30
[INFO] [stdout]   41:     0x570b74a2d86e - core::ops::function::FnOnce::call_once{{vtable.shim}}::h2c5a5f3779c774f1
[INFO] [stdout]                                at /rustc/90b35a6239c3d8bdabc530a6a0816f7ff89a0aaf/library/core/src/ops/function.rs:250:5
[INFO] [stdout]   42:     0x570b74a9a23b - <alloc::boxed::Box<F,A> as core::ops::function::FnOnce<Args>>::call_once::hf75717d9f28faebf
[INFO] [stdout]                                at /rustc/90b35a6239c3d8bdabc530a6a0816f7ff89a0aaf/library/alloc/src/boxed.rs:2454:9
[INFO] [stdout]   43:     0x570b74a9a23b - <alloc::boxed::Box<F,A> as core::ops::function::FnOnce<Args>>::call_once::h7bd883a5f3c5f3c1
[INFO] [stdout]                                at /rustc/90b35a6239c3d8bdabc530a6a0816f7ff89a0aaf/library/alloc/src/boxed.rs:2454:9
[INFO] [stdout]   44:     0x570b74a9a23b - std::sys::pal::unix::thread::Thread::new::thread_start::hcc78f3943333fa94
[INFO] [stdout]                                at /rustc/90b35a6239c3d8bdabc530a6a0816f7ff89a0aaf/library/std/src/sys/pal/unix/thread.rs:105:17
[INFO] [stdout]   45:     0x7f273f3beac3 - <unknown>
[INFO] [stdout]   46:     0x7f273f44fa04 - clone
[INFO] [stdout]   47:                0x0 - <unknown>
[INFO] [stdout] 
[INFO] [stdout] 
[INFO] [stdout] failures:
[INFO] [stdout]     plot::test_pattern_for
[INFO] [stdout] 
[INFO] [stdout] test result: FAILED. 1 passed; 1 failed; 0 ignored; 0 measured; 0 filtered out; finished in 0.07s
[INFO] [stdout] 
[INFO] [stderr] error: test failed, to rerun pass `--bin suntime`
[INFO] running `Command { std: "docker" "inspect" "bf37c0759ddf08494327ee96c75c9bde8dbeef7eb9211d76805f5d7791cb4e35", kill_on_drop: false }`
[INFO] running `Command { std: "docker" "rm" "-f" "bf37c0759ddf08494327ee96c75c9bde8dbeef7eb9211d76805f5d7791cb4e35", kill_on_drop: false }`
[INFO] [stdout] bf37c0759ddf08494327ee96c75c9bde8dbeef7eb9211d76805f5d7791cb4e35
