[INFO] cloning repository https://github.com/mcmah309/tracing_utils
[INFO] running `Command { std: "git" "-c" "credential.helper=" "-c" "credential.helper=/workspace/cargo-home/bin/git-credential-null" "clone" "--bare" "https://github.com/mcmah309/tracing_utils" "/workspace/cache/git-repos/https%3A%2F%2Fgithub.com%2Fmcmah309%2Ftracing_utils", kill_on_drop: false }`
[INFO] [stderr] Cloning into bare repository '/workspace/cache/git-repos/https%3A%2F%2Fgithub.com%2Fmcmah309%2Ftracing_utils'...
[INFO] running `Command { std: "git" "rev-parse" "HEAD", kill_on_drop: false }`
[INFO] [stdout] d0be426ea70f1ad17b14a0b61eed319fcc24eeda
[INFO] testing mcmah309/tracing_utils against beta-2024-12-08 for beta-1.84.0-4-retry
[INFO] running `Command { std: "git" "clone" "/workspace/cache/git-repos/https%3A%2F%2Fgithub.com%2Fmcmah309%2Ftracing_utils" "/workspace/builds/worker-6-tc2/source", kill_on_drop: false }`
[INFO] [stderr] Cloning into '/workspace/builds/worker-6-tc2/source'...
[INFO] [stderr] done.
[INFO] validating manifest of git repo https://github.com/mcmah309/tracing_utils on toolchain beta-2024-12-08
[INFO] running `Command { std: CARGO_HOME="/workspace/cargo-home" RUSTUP_HOME="/workspace/rustup-home" "/workspace/cargo-home/bin/cargo" "+beta-2024-12-08" "metadata" "--manifest-path" "Cargo.toml" "--no-deps", kill_on_drop: false }`
[INFO] started tweaking git repo https://github.com/mcmah309/tracing_utils
[INFO] finished tweaking git repo https://github.com/mcmah309/tracing_utils
[INFO] tweaked toml for git repo https://github.com/mcmah309/tracing_utils written to /workspace/builds/worker-6-tc2/source/Cargo.toml
[INFO] crate git repo https://github.com/mcmah309/tracing_utils already has a lockfile, it will not be regenerated
[INFO] running `Command { std: CARGO_HOME="/workspace/cargo-home" RUSTUP_HOME="/workspace/rustup-home" "/workspace/cargo-home/bin/cargo" "+beta-2024-12-08" "fetch" "--manifest-path" "Cargo.toml", kill_on_drop: false }`
[INFO] running `Command { std: "docker" "create" "-v" "/var/lib/crater-agent-workspace/builds/worker-6-tc2/target:/opt/rustwide/target:rw,Z" "-v" "/var/lib/crater-agent-workspace/builds/worker-6-tc2/source:/opt/rustwide/workdir:ro,Z" "-v" "/var/lib/crater-agent-workspace/cargo-home:/opt/rustwide/cargo-home:ro,Z" "-v" "/var/lib/crater-agent-workspace/rustup-home:/opt/rustwide/rustup-home:ro,Z" "-e" "SOURCE_DIR=/opt/rustwide/workdir" "-e" "CARGO_TARGET_DIR=/opt/rustwide/target" "-e" "CARGO_HOME=/opt/rustwide/cargo-home" "-e" "RUSTUP_HOME=/opt/rustwide/rustup-home" "-w" "/opt/rustwide/workdir" "-m" "1610612736" "--user" "0:0" "--network" "none" "ghcr.io/rust-lang/crates-build-env/linux@sha256:f3a9d4ad9d972b27faf3965f35b62e55ba32bbce8f20bc8fe909558a86702fde" "/opt/rustwide/cargo-home/bin/cargo" "+beta-2024-12-08" "metadata" "--no-deps" "--format-version=1", kill_on_drop: false }`
[INFO] [stdout] b0f0cebc203b8f061a387fd6dd6151c353ffd839e5924798e30f897ed2406e7a
[INFO] running `Command { std: "docker" "start" "-a" "b0f0cebc203b8f061a387fd6dd6151c353ffd839e5924798e30f897ed2406e7a", kill_on_drop: false }`
[INFO] running `Command { std: "docker" "inspect" "b0f0cebc203b8f061a387fd6dd6151c353ffd839e5924798e30f897ed2406e7a", kill_on_drop: false }`
[INFO] running `Command { std: "docker" "rm" "-f" "b0f0cebc203b8f061a387fd6dd6151c353ffd839e5924798e30f897ed2406e7a", kill_on_drop: false }`
[INFO] [stdout] b0f0cebc203b8f061a387fd6dd6151c353ffd839e5924798e30f897ed2406e7a
[INFO] running `Command { std: "docker" "create" "-v" "/var/lib/crater-agent-workspace/builds/worker-6-tc2/target:/opt/rustwide/target:rw,Z" "-v" "/var/lib/crater-agent-workspace/builds/worker-6-tc2/source:/opt/rustwide/workdir:ro,Z" "-v" "/var/lib/crater-agent-workspace/cargo-home:/opt/rustwide/cargo-home:ro,Z" "-v" "/var/lib/crater-agent-workspace/rustup-home:/opt/rustwide/rustup-home:ro,Z" "-e" "SOURCE_DIR=/opt/rustwide/workdir" "-e" "CARGO_TARGET_DIR=/opt/rustwide/target" "-e" "CARGO_INCREMENTAL=0" "-e" "RUST_BACKTRACE=full" "-e" "RUSTFLAGS=--cap-lints=warn" "-e" "RUSTDOCFLAGS=--cap-lints=warn" "-e" "CARGO_HOME=/opt/rustwide/cargo-home" "-e" "RUSTUP_HOME=/opt/rustwide/rustup-home" "-w" "/opt/rustwide/workdir" "-m" "1610612736" "--user" "0:0" "--network" "none" "ghcr.io/rust-lang/crates-build-env/linux@sha256:f3a9d4ad9d972b27faf3965f35b62e55ba32bbce8f20bc8fe909558a86702fde" "/opt/rustwide/cargo-home/bin/cargo" "+beta-2024-12-08" "build" "--frozen" "--message-format=json", kill_on_drop: false }`
[INFO] [stdout] 395ae1af4e8d57fe6c55f85db9533a3d1bf00777660dbf3d0c95401a744f2dfc
[INFO] running `Command { std: "docker" "start" "-a" "395ae1af4e8d57fe6c55f85db9533a3d1bf00777660dbf3d0c95401a744f2dfc", kill_on_drop: false }`
[INFO] [stderr]    Compiling proc-macro2 v1.0.81
[INFO] [stderr]    Compiling once_cell v1.19.0
[INFO] [stderr]    Compiling pin-project-lite v0.2.14
[INFO] [stderr]    Compiling tracing-core v0.1.32
[INFO] [stderr]    Compiling quote v1.0.36
[INFO] [stderr]    Compiling syn v2.0.60
[INFO] [stderr]    Compiling tracing-attributes v0.1.27
[INFO] [stderr]    Compiling tracing v0.1.40
[INFO] [stderr]    Compiling tracing_utils v0.1.0 (/opt/rustwide/workdir)
[INFO] [stdout] warning: unused macro definition: `result_unwrap_or_inner`
[INFO] [stdout]   --> src/lib.rs:29:14
[INFO] [stdout]    |
[INFO] [stdout] 29 | macro_rules! result_unwrap_or_inner {
[INFO] [stdout]    |              ^^^^^^^^^^^^^^^^^^^^^^
[INFO] [stdout]    |
[INFO] [stdout]    = note: `#[warn(unused_macros)]` on by default
[INFO] [stdout] 
[INFO] [stdout] 
[INFO] [stdout] warning: unused macro definition: `unwrap_or_opt`
[INFO] [stdout]   --> src/lib.rs:50:14
[INFO] [stdout]    |
[INFO] [stdout] 50 | macro_rules! unwrap_or_opt {
[INFO] [stdout]    |              ^^^^^^^^^^^^^
[INFO] [stdout] 
[INFO] [stdout] 
[INFO] [stdout] warning: unused macro definition: `unwrap_or_opt_inner`
[INFO] [stdout]   --> src/lib.rs:68:14
[INFO] [stdout]    |
[INFO] [stdout] 68 | macro_rules! unwrap_or_opt_inner {
[INFO] [stdout]    |              ^^^^^^^^^^^^^^^^^^^
[INFO] [stdout] 
[INFO] [stdout] 
[INFO] [stderr]     Finished `dev` profile [unoptimized + debuginfo] target(s) in 9.32s
[INFO] running `Command { std: "docker" "inspect" "395ae1af4e8d57fe6c55f85db9533a3d1bf00777660dbf3d0c95401a744f2dfc", kill_on_drop: false }`
[INFO] running `Command { std: "docker" "rm" "-f" "395ae1af4e8d57fe6c55f85db9533a3d1bf00777660dbf3d0c95401a744f2dfc", kill_on_drop: false }`
[INFO] [stdout] 395ae1af4e8d57fe6c55f85db9533a3d1bf00777660dbf3d0c95401a744f2dfc
[INFO] running `Command { std: "docker" "create" "-v" "/var/lib/crater-agent-workspace/builds/worker-6-tc2/target:/opt/rustwide/target:rw,Z" "-v" "/var/lib/crater-agent-workspace/builds/worker-6-tc2/source:/opt/rustwide/workdir:ro,Z" "-v" "/var/lib/crater-agent-workspace/cargo-home:/opt/rustwide/cargo-home:ro,Z" "-v" "/var/lib/crater-agent-workspace/rustup-home:/opt/rustwide/rustup-home:ro,Z" "-e" "SOURCE_DIR=/opt/rustwide/workdir" "-e" "CARGO_TARGET_DIR=/opt/rustwide/target" "-e" "CARGO_INCREMENTAL=0" "-e" "RUST_BACKTRACE=full" "-e" "RUSTFLAGS=--cap-lints=warn" "-e" "RUSTDOCFLAGS=--cap-lints=warn" "-e" "CARGO_HOME=/opt/rustwide/cargo-home" "-e" "RUSTUP_HOME=/opt/rustwide/rustup-home" "-w" "/opt/rustwide/workdir" "-m" "1610612736" "--user" "0:0" "--network" "none" "ghcr.io/rust-lang/crates-build-env/linux@sha256:f3a9d4ad9d972b27faf3965f35b62e55ba32bbce8f20bc8fe909558a86702fde" "/opt/rustwide/cargo-home/bin/cargo" "+beta-2024-12-08" "test" "--frozen" "--no-run" "--message-format=json", kill_on_drop: false }`
[INFO] [stdout] f4c452ad6396a382222038f29504e3ba2e0230825b51304a52b0e2a4149f9127
[INFO] running `Command { std: "docker" "start" "-a" "f4c452ad6396a382222038f29504e3ba2e0230825b51304a52b0e2a4149f9127", kill_on_drop: false }`
[INFO] [stderr]    Compiling tracing-core v0.1.32
[INFO] [stderr]    Compiling overload v0.1.1
[INFO] [stderr]    Compiling log v0.4.21
[INFO] [stderr]    Compiling smallvec v1.13.2
[INFO] [stderr]    Compiling thread_local v1.1.8
[INFO] [stderr]    Compiling sharded-slab v0.1.7
[INFO] [stderr]    Compiling nu-ansi-term v0.46.0
[INFO] [stderr]    Compiling tracing-log v0.2.0
[INFO] [stderr]    Compiling tracing v0.1.40
[INFO] [stderr]    Compiling tracing_utils v0.1.0 (/opt/rustwide/workdir)
[INFO] [stdout] warning: unused macro definition: `result_unwrap_or_inner`
[INFO] [stdout]   --> src/lib.rs:29:14
[INFO] [stdout]    |
[INFO] [stdout] 29 | macro_rules! result_unwrap_or_inner {
[INFO] [stdout]    |              ^^^^^^^^^^^^^^^^^^^^^^
[INFO] [stdout]    |
[INFO] [stdout]    = note: `#[warn(unused_macros)]` on by default
[INFO] [stdout] 
[INFO] [stdout] 
[INFO] [stdout] warning: unused macro definition: `unwrap_or_opt`
[INFO] [stdout]   --> src/lib.rs:50:14
[INFO] [stdout]    |
[INFO] [stdout] 50 | macro_rules! unwrap_or_opt {
[INFO] [stdout]    |              ^^^^^^^^^^^^^
[INFO] [stdout] 
[INFO] [stdout] 
[INFO] [stdout] warning: unused macro definition: `unwrap_or_opt_inner`
[INFO] [stdout]   --> src/lib.rs:68:14
[INFO] [stdout]    |
[INFO] [stdout] 68 | macro_rules! unwrap_or_opt_inner {
[INFO] [stdout]    |              ^^^^^^^^^^^^^^^^^^^
[INFO] [stdout] 
[INFO] [stdout] 
[INFO] [stderr]    Compiling tracing-subscriber v0.3.18
[INFO] [stderr]     Finished `test` profile [unoptimized + debuginfo] target(s) in 4.68s
[INFO] running `Command { std: "docker" "inspect" "f4c452ad6396a382222038f29504e3ba2e0230825b51304a52b0e2a4149f9127", kill_on_drop: false }`
[INFO] running `Command { std: "docker" "rm" "-f" "f4c452ad6396a382222038f29504e3ba2e0230825b51304a52b0e2a4149f9127", kill_on_drop: false }`
[INFO] [stdout] f4c452ad6396a382222038f29504e3ba2e0230825b51304a52b0e2a4149f9127
[INFO] running `Command { std: "docker" "create" "-v" "/var/lib/crater-agent-workspace/builds/worker-6-tc2/target:/opt/rustwide/target:rw,Z" "-v" "/var/lib/crater-agent-workspace/builds/worker-6-tc2/source:/opt/rustwide/workdir:ro,Z" "-v" "/var/lib/crater-agent-workspace/cargo-home:/opt/rustwide/cargo-home:ro,Z" "-v" "/var/lib/crater-agent-workspace/rustup-home:/opt/rustwide/rustup-home:ro,Z" "-e" "SOURCE_DIR=/opt/rustwide/workdir" "-e" "CARGO_TARGET_DIR=/opt/rustwide/target" "-e" "CARGO_INCREMENTAL=0" "-e" "RUST_BACKTRACE=full" "-e" "RUSTFLAGS=--cap-lints=warn" "-e" "RUSTDOCFLAGS=--cap-lints=warn" "-e" "CARGO_HOME=/opt/rustwide/cargo-home" "-e" "RUSTUP_HOME=/opt/rustwide/rustup-home" "-w" "/opt/rustwide/workdir" "-m" "1610612736" "--user" "0:0" "--network" "none" "ghcr.io/rust-lang/crates-build-env/linux@sha256:f3a9d4ad9d972b27faf3965f35b62e55ba32bbce8f20bc8fe909558a86702fde" "/opt/rustwide/cargo-home/bin/cargo" "+beta-2024-12-08" "test" "--frozen", kill_on_drop: false }`
[INFO] [stdout] 55691a8f9f8295ece9bdf3c0a7e8f8ec7efa970b17ed320e56af33253c302338
[INFO] running `Command { std: "docker" "start" "-a" "55691a8f9f8295ece9bdf3c0a7e8f8ec7efa970b17ed320e56af33253c302338", kill_on_drop: false }`
[INFO] [stderr] warning: unused macro definition: `result_unwrap_or_inner`
[INFO] [stderr]   --> src/lib.rs:29:14
[INFO] [stderr]    |
[INFO] [stderr] 29 | macro_rules! result_unwrap_or_inner {
[INFO] [stderr]    |              ^^^^^^^^^^^^^^^^^^^^^^
[INFO] [stderr]    |
[INFO] [stderr]    = note: `#[warn(unused_macros)]` on by default
[INFO] [stderr] 
[INFO] [stderr] warning: unused macro definition: `unwrap_or_opt`
[INFO] [stderr]   --> src/lib.rs:50:14
[INFO] [stderr]    |
[INFO] [stderr] 50 | macro_rules! unwrap_or_opt {
[INFO] [stderr]    |              ^^^^^^^^^^^^^
[INFO] [stderr] 
[INFO] [stderr] warning: unused macro definition: `unwrap_or_opt_inner`
[INFO] [stderr]   --> src/lib.rs:68:14
[INFO] [stderr]    |
[INFO] [stderr] 68 | macro_rules! unwrap_or_opt_inner {
[INFO] [stderr]    |              ^^^^^^^^^^^^^^^^^^^
[INFO] [stderr] 
[INFO] [stderr] warning: `tracing_utils` (lib) generated 3 warnings
[INFO] [stderr]     Finished `test` profile [unoptimized + debuginfo] target(s) in 0.04s
[INFO] [stderr]      Running unittests src/lib.rs (/opt/rustwide/target/debug/deps/tracing_utils-db92ce23fa35ac2e)
[INFO] [stdout] 
[INFO] [stdout] running 2 tests
[INFO] [stdout] test tests::unwrap_or_opt ... ok
[INFO] [stdout] [2m2024-12-14T17:49:34.471060Z[0m [31mERROR[0m [2mtracing_utils::tests[0m[2m:[0m message 1
[INFO] [stdout] "This is an error"
[INFO] [stdout] test tests::unwrap_or_res ... ok
[INFO] [stdout] 
[INFO] [stdout] test result: ok. 2 passed; 0 failed; 0 ignored; 0 measured; 0 filtered out; finished in 0.01s
[INFO] [stdout] 
[INFO] [stderr]    Doc-tests tracing_utils
[INFO] [stdout] 
[INFO] [stdout] running 2 tests
[INFO] [stdout] test src/lib.rs - result_unwrap_or (line 6) ... FAILED
[INFO] [stdout] test src/lib.rs - unwrap_or_opt (line 45) ... FAILED
[INFO] [stdout] 
[INFO] [stdout] failures:
[INFO] [stdout] 
[INFO] [stdout] ---- src/lib.rs - result_unwrap_or (line 6) stdout ----
[INFO] [stdout] error: cannot find macro `result_unwrap_or` in this scope
[INFO] [stdout]  --> src/lib.rs:7:9
[INFO] [stdout]   |
[INFO] [stdout] 3 | let x = result_unwrap_or!(result, error!("message"), return;);
[INFO] [stdout]   |         ^^^^^^^^^^^^^^^^
[INFO] [stdout]   |
[INFO] [stdout] help: consider importing this macro
[INFO] [stdout]   |
[INFO] [stdout] 2 + use tracing_utils::result_unwrap_or;
[INFO] [stdout]   |
[INFO] [stdout] 
[INFO] [stdout] error: cannot find macro `result_unwrap_or` in this scope
[INFO] [stdout]  --> src/lib.rs:8:9
[INFO] [stdout]   |
[INFO] [stdout] 4 | let y = result_unwrap_or!(result, error!("message"), return 3;);
[INFO] [stdout]   |         ^^^^^^^^^^^^^^^^
[INFO] [stdout]   |
[INFO] [stdout] help: consider importing this macro
[INFO] [stdout]   |
[INFO] [stdout] 2 + use tracing_utils::result_unwrap_or;
[INFO] [stdout]   |
[INFO] [stdout] 
[INFO] [stdout] error: cannot find macro `result_unwrap_or` in this scope
[INFO] [stdout]  --> src/lib.rs:9:9
[INFO] [stdout]   |
[INFO] [stdout] 5 | let z = result_unwrap_or!(result, error!("message, {}", something_else), 3);
[INFO] [stdout]   |         ^^^^^^^^^^^^^^^^
[INFO] [stdout]   |
[INFO] [stdout] help: consider importing this macro
[INFO] [stdout]   |
[INFO] [stdout] 2 + use tracing_utils::result_unwrap_or;
[INFO] [stdout]   |
[INFO] [stdout] 
[INFO] [stdout] error: aborting due to 3 previous errors
[INFO] [stdout] 
[INFO] [stdout] Couldn't compile the test.
[INFO] [stdout] ---- src/lib.rs - unwrap_or_opt (line 45) stdout ----
[INFO] [stdout] error: cannot find macro `unwrap_or_opt` in this scope
[INFO] [stdout]  --> src/lib.rs:46:9
[INFO] [stdout]   |
[INFO] [stdout] 3 | let x = unwrap_or_opt!(opt, error!("message"), return;);
[INFO] [stdout]   |         ^^^^^^^^^^^^^
[INFO] [stdout] 
[INFO] [stdout] error: cannot find macro `unwrap_or_opt` in this scope
[INFO] [stdout]  --> src/lib.rs:47:9
[INFO] [stdout]   |
[INFO] [stdout] 4 | let y = unwrap_or_opt!(opt, error!("message"), return 3;);
[INFO] [stdout]   |         ^^^^^^^^^^^^^
[INFO] [stdout] 
[INFO] [stdout] error: cannot find macro `unwrap_or_opt` in this scope
[INFO] [stdout]  --> src/lib.rs:48:9
[INFO] [stdout]   |
[INFO] [stdout] 5 | let z = unwrap_or_opt!(opt, error!("message, {}", something_else), 3);
[INFO] [stdout]   |         ^^^^^^^^^^^^^
[INFO] [stdout] 
[INFO] [stdout] error: aborting due to 3 previous errors
[INFO] [stdout] 
[INFO] [stdout] Couldn't compile the test.
[INFO] [stdout] 
[INFO] [stdout] failures:
[INFO] [stdout]     src/lib.rs - result_unwrap_or (line 6)
[INFO] [stdout]     src/lib.rs - unwrap_or_opt (line 45)
[INFO] [stdout] 
[INFO] [stdout] test result: FAILED. 0 passed; 2 failed; 0 ignored; 0 measured; 0 filtered out; finished in 0.17s
[INFO] [stdout] 
[INFO] [stderr] error: doctest failed, to rerun pass `--doc`
[INFO] running `Command { std: "docker" "inspect" "55691a8f9f8295ece9bdf3c0a7e8f8ec7efa970b17ed320e56af33253c302338", kill_on_drop: false }`
[INFO] running `Command { std: "docker" "rm" "-f" "55691a8f9f8295ece9bdf3c0a7e8f8ec7efa970b17ed320e56af33253c302338", kill_on_drop: false }`
[INFO] [stdout] 55691a8f9f8295ece9bdf3c0a7e8f8ec7efa970b17ed320e56af33253c302338
