[INFO] cloning repository https://github.com/mcmah309/indices
[INFO] running `Command { std: "git" "-c" "credential.helper=" "-c" "credential.helper=/workspace/cargo-home/bin/git-credential-null" "clone" "--bare" "https://github.com/mcmah309/indices" "/workspace/cache/git-repos/https%3A%2F%2Fgithub.com%2Fmcmah309%2Findices", kill_on_drop: false }`
[INFO] [stderr] Cloning into bare repository '/workspace/cache/git-repos/https%3A%2F%2Fgithub.com%2Fmcmah309%2Findices'...
[INFO] running `Command { std: "git" "rev-parse" "HEAD", kill_on_drop: false }`
[INFO] [stdout] 0048863aef0449dda5866b5839f7136815c59c1c
[INFO] testing mcmah309/indices against 1.83.0 for beta-1.84.0-4-retry
[INFO] running `Command { std: "git" "clone" "/workspace/cache/git-repos/https%3A%2F%2Fgithub.com%2Fmcmah309%2Findices" "/workspace/builds/worker-4-tc1/source", kill_on_drop: false }`
[INFO] [stderr] Cloning into '/workspace/builds/worker-4-tc1/source'...
[INFO] [stderr] done.
[INFO] validating manifest of git repo https://github.com/mcmah309/indices on toolchain 1.83.0
[INFO] running `Command { std: CARGO_HOME="/workspace/cargo-home" RUSTUP_HOME="/workspace/rustup-home" "/workspace/cargo-home/bin/cargo" "+1.83.0" "metadata" "--manifest-path" "Cargo.toml" "--no-deps", kill_on_drop: false }`
[INFO] started tweaking git repo https://github.com/mcmah309/indices
[INFO] finished tweaking git repo https://github.com/mcmah309/indices
[INFO] tweaked toml for git repo https://github.com/mcmah309/indices written to /workspace/builds/worker-4-tc1/source/Cargo.toml
[INFO] crate git repo https://github.com/mcmah309/indices already has a lockfile, it will not be regenerated
[INFO] running `Command { std: CARGO_HOME="/workspace/cargo-home" RUSTUP_HOME="/workspace/rustup-home" "/workspace/cargo-home/bin/cargo" "+1.83.0" "fetch" "--manifest-path" "Cargo.toml", kill_on_drop: false }`
[INFO] [stderr]     Updating crates.io index
[INFO] [stderr]  Downloading crates ...
[INFO] [stderr]   Downloaded toml_edit v0.22.12
[INFO] [stderr]   Downloaded trybuild v1.0.91
[INFO] running `Command { std: "docker" "create" "-v" "/var/lib/crater-agent-workspace/builds/worker-4-tc1/target:/opt/rustwide/target:rw,Z" "-v" "/var/lib/crater-agent-workspace/builds/worker-4-tc1/source:/opt/rustwide/workdir:ro,Z" "-v" "/var/lib/crater-agent-workspace/cargo-home:/opt/rustwide/cargo-home:ro,Z" "-v" "/var/lib/crater-agent-workspace/rustup-home:/opt/rustwide/rustup-home:ro,Z" "-e" "SOURCE_DIR=/opt/rustwide/workdir" "-e" "CARGO_TARGET_DIR=/opt/rustwide/target" "-e" "CARGO_HOME=/opt/rustwide/cargo-home" "-e" "RUSTUP_HOME=/opt/rustwide/rustup-home" "-w" "/opt/rustwide/workdir" "-m" "1610612736" "--user" "0:0" "--network" "none" "ghcr.io/rust-lang/crates-build-env/linux@sha256:f3a9d4ad9d972b27faf3965f35b62e55ba32bbce8f20bc8fe909558a86702fde" "/opt/rustwide/cargo-home/bin/cargo" "+1.83.0" "metadata" "--no-deps" "--format-version=1", kill_on_drop: false }`
[INFO] [stdout] 62be62bf4e2b54aeeb3bc8cfb87ab9647667d733f5ab0dabd1317eded045032b
[INFO] running `Command { std: "docker" "start" "-a" "62be62bf4e2b54aeeb3bc8cfb87ab9647667d733f5ab0dabd1317eded045032b", kill_on_drop: false }`
[INFO] running `Command { std: "docker" "inspect" "62be62bf4e2b54aeeb3bc8cfb87ab9647667d733f5ab0dabd1317eded045032b", kill_on_drop: false }`
[INFO] running `Command { std: "docker" "rm" "-f" "62be62bf4e2b54aeeb3bc8cfb87ab9647667d733f5ab0dabd1317eded045032b", kill_on_drop: false }`
[INFO] [stdout] 62be62bf4e2b54aeeb3bc8cfb87ab9647667d733f5ab0dabd1317eded045032b
[INFO] running `Command { std: "docker" "create" "-v" "/var/lib/crater-agent-workspace/builds/worker-4-tc1/target:/opt/rustwide/target:rw,Z" "-v" "/var/lib/crater-agent-workspace/builds/worker-4-tc1/source:/opt/rustwide/workdir:ro,Z" "-v" "/var/lib/crater-agent-workspace/cargo-home:/opt/rustwide/cargo-home:ro,Z" "-v" "/var/lib/crater-agent-workspace/rustup-home:/opt/rustwide/rustup-home:ro,Z" "-e" "SOURCE_DIR=/opt/rustwide/workdir" "-e" "CARGO_TARGET_DIR=/opt/rustwide/target" "-e" "CARGO_INCREMENTAL=0" "-e" "RUST_BACKTRACE=full" "-e" "RUSTFLAGS=--cap-lints=warn" "-e" "RUSTDOCFLAGS=--cap-lints=warn" "-e" "CARGO_HOME=/opt/rustwide/cargo-home" "-e" "RUSTUP_HOME=/opt/rustwide/rustup-home" "-w" "/opt/rustwide/workdir" "-m" "1610612736" "--user" "0:0" "--network" "none" "ghcr.io/rust-lang/crates-build-env/linux@sha256:f3a9d4ad9d972b27faf3965f35b62e55ba32bbce8f20bc8fe909558a86702fde" "/opt/rustwide/cargo-home/bin/cargo" "+1.83.0" "build" "--frozen" "--message-format=json", kill_on_drop: false }`
[INFO] [stdout] 5891a39882e78fdf729640638e79d4b7308d2f323baf94aa5db6247e6729a6fe
[INFO] running `Command { std: "docker" "start" "-a" "5891a39882e78fdf729640638e79d4b7308d2f323baf94aa5db6247e6729a6fe", kill_on_drop: false }`
[INFO] [stderr]    Compiling indices v0.3.6 (/opt/rustwide/workdir)
[INFO] [stderr]     Finished `dev` profile [unoptimized + debuginfo] target(s) in 0.27s
[INFO] running `Command { std: "docker" "inspect" "5891a39882e78fdf729640638e79d4b7308d2f323baf94aa5db6247e6729a6fe", kill_on_drop: false }`
[INFO] running `Command { std: "docker" "rm" "-f" "5891a39882e78fdf729640638e79d4b7308d2f323baf94aa5db6247e6729a6fe", kill_on_drop: false }`
[INFO] [stdout] 5891a39882e78fdf729640638e79d4b7308d2f323baf94aa5db6247e6729a6fe
[INFO] running `Command { std: "docker" "create" "-v" "/var/lib/crater-agent-workspace/builds/worker-4-tc1/target:/opt/rustwide/target:rw,Z" "-v" "/var/lib/crater-agent-workspace/builds/worker-4-tc1/source:/opt/rustwide/workdir:ro,Z" "-v" "/var/lib/crater-agent-workspace/cargo-home:/opt/rustwide/cargo-home:ro,Z" "-v" "/var/lib/crater-agent-workspace/rustup-home:/opt/rustwide/rustup-home:ro,Z" "-e" "SOURCE_DIR=/opt/rustwide/workdir" "-e" "CARGO_TARGET_DIR=/opt/rustwide/target" "-e" "CARGO_INCREMENTAL=0" "-e" "RUST_BACKTRACE=full" "-e" "RUSTFLAGS=--cap-lints=warn" "-e" "RUSTDOCFLAGS=--cap-lints=warn" "-e" "CARGO_HOME=/opt/rustwide/cargo-home" "-e" "RUSTUP_HOME=/opt/rustwide/rustup-home" "-w" "/opt/rustwide/workdir" "-m" "1610612736" "--user" "0:0" "--network" "none" "ghcr.io/rust-lang/crates-build-env/linux@sha256:f3a9d4ad9d972b27faf3965f35b62e55ba32bbce8f20bc8fe909558a86702fde" "/opt/rustwide/cargo-home/bin/cargo" "+1.83.0" "test" "--frozen" "--no-run" "--message-format=json", kill_on_drop: false }`
[INFO] [stdout] 1a8e86621f3ada224dc3a6b0cc40bf4e2899045b7f13693057f4bca0c2354377
[INFO] running `Command { std: "docker" "start" "-a" "1a8e86621f3ada224dc3a6b0cc40bf4e2899045b7f13693057f4bca0c2354377", kill_on_drop: false }`
[INFO] [stderr]    Compiling serde v1.0.198
[INFO] [stderr]    Compiling proc-macro2 v1.0.81
[INFO] [stderr]    Compiling unicode-ident v1.0.12
[INFO] [stderr]    Compiling hashbrown v0.14.3
[INFO] [stderr]    Compiling equivalent v1.0.1
[INFO] [stderr]    Compiling winnow v0.6.6
[INFO] [stderr]    Compiling serde_json v1.0.116
[INFO] [stderr]    Compiling itoa v1.0.11
[INFO] [stderr]    Compiling trybuild v1.0.91
[INFO] [stderr]    Compiling ryu v1.0.17
[INFO] [stderr]    Compiling once_cell v1.19.0
[INFO] [stderr]    Compiling glob v0.3.1
[INFO] [stderr]    Compiling termcolor v1.4.1
[INFO] [stderr]    Compiling quote v1.0.36
[INFO] [stderr]    Compiling syn v2.0.60
[INFO] [stderr]    Compiling indexmap v2.2.6
[INFO] [stderr]    Compiling serde_derive v1.0.198
[INFO] [stderr]    Compiling serde_spanned v0.6.5
[INFO] [stderr]    Compiling toml_datetime v0.6.5
[INFO] [stderr]    Compiling toml_edit v0.22.12
[INFO] [stderr]    Compiling toml v0.8.12
[INFO] [stderr]    Compiling indices v0.3.6 (/opt/rustwide/workdir)
[INFO] [stderr]     Finished `test` profile [unoptimized + debuginfo] target(s) in 16.06s
[INFO] running `Command { std: "docker" "inspect" "1a8e86621f3ada224dc3a6b0cc40bf4e2899045b7f13693057f4bca0c2354377", kill_on_drop: false }`
[INFO] running `Command { std: "docker" "rm" "-f" "1a8e86621f3ada224dc3a6b0cc40bf4e2899045b7f13693057f4bca0c2354377", kill_on_drop: false }`
[INFO] [stdout] 1a8e86621f3ada224dc3a6b0cc40bf4e2899045b7f13693057f4bca0c2354377
[INFO] running `Command { std: "docker" "create" "-v" "/var/lib/crater-agent-workspace/builds/worker-4-tc1/target:/opt/rustwide/target:rw,Z" "-v" "/var/lib/crater-agent-workspace/builds/worker-4-tc1/source:/opt/rustwide/workdir:ro,Z" "-v" "/var/lib/crater-agent-workspace/cargo-home:/opt/rustwide/cargo-home:ro,Z" "-v" "/var/lib/crater-agent-workspace/rustup-home:/opt/rustwide/rustup-home:ro,Z" "-e" "SOURCE_DIR=/opt/rustwide/workdir" "-e" "CARGO_TARGET_DIR=/opt/rustwide/target" "-e" "CARGO_INCREMENTAL=0" "-e" "RUST_BACKTRACE=full" "-e" "RUSTFLAGS=--cap-lints=warn" "-e" "RUSTDOCFLAGS=--cap-lints=warn" "-e" "CARGO_HOME=/opt/rustwide/cargo-home" "-e" "RUSTUP_HOME=/opt/rustwide/rustup-home" "-w" "/opt/rustwide/workdir" "-m" "1610612736" "--user" "0:0" "--network" "none" "ghcr.io/rust-lang/crates-build-env/linux@sha256:f3a9d4ad9d972b27faf3965f35b62e55ba32bbce8f20bc8fe909558a86702fde" "/opt/rustwide/cargo-home/bin/cargo" "+1.83.0" "test" "--frozen", kill_on_drop: false }`
[INFO] [stdout] 8fd64f1dfa33db5b3ec3f51982cc4b31ebc4bdf1e10bca74b7b2c2de35807aba
[INFO] running `Command { std: "docker" "start" "-a" "8fd64f1dfa33db5b3ec3f51982cc4b31ebc4bdf1e10bca74b7b2c2de35807aba", kill_on_drop: false }`
[INFO] [stderr]     Finished `test` profile [unoptimized + debuginfo] target(s) in 0.05s
[INFO] [stderr]      Running unittests src/lib.rs (/opt/rustwide/target/debug/deps/indices-4d858c004f899530)
[INFO] [stdout] 
[INFO] [stdout] running 77 tests
[INFO] [stdout] test example_tests::example1 ... ok
[INFO] [stdout] test tests::indices_2 ... ok
[INFO] [stdout] test tests::indices_1 ... ok
[INFO] [stdout] test tests::indices_4 ... ok
[INFO] [stdout] test example_tests::graph_example ... ok
[INFO] [stdout] test tests::indices_2_out_of_order ... ok
[INFO] [stdout] test tests::indices_3 ... ok
[INFO] [stdout] test tests::indices_array_more_than_two_indices ... ok
[INFO] [stdout] test tests::indices_5 ... ok
[INFO] [stdout] test tests::indices_array_not_empty_slice_requested_empty ... ok
[INFO] [stdout] test tests::indices_array_works ... ok
[INFO] [stdout] test tests::indices_array_empty_requested_empty ... ok
[INFO] [stdout] test tests::indices_ordered_can_return_mut_from_scope ... ok
[INFO] [stdout] test tests::indices_array_out_of_order ... ok
[INFO] [stdout] test tests::indices_can_return_mut_from_scope ... ok
[INFO] [stdout] test tests::indices_ordered_more_than_two_indices ... ok
[INFO] [stdout] test tests::indices_2_out_of_bounds - should panic ... ok
[INFO] [stdout] test tests::indices_2_duplicate_indices - should panic ... ok
[INFO] [stdout] test tests::indices_1_out_of_bounds - should panic ... ok
[INFO] [stdout] test tests::indices_3_duplicate_indices - should panic ... ok
[INFO] [stdout] test tests::indices_ordered_works ... ok
[INFO] [stdout] test tests::indices_slice_empty_requested_empty ... ok
[INFO] [stdout] test tests::indices_3_out_of_bounds - should panic ... ok
[INFO] [stdout] test tests::indices_ordered_out_of_order - should panic ... ok
[INFO] [stdout] test tests::indices_slice_empty_requested_indices - should panic ... ok
[INFO] [stdout] test tests::indices_slice_duplicate_indices - should panic ... ok
[INFO] [stdout] test tests::indices_4_duplicate_indices - should panic ... ok
[INFO] [stdout] test tests::indices_5_duplicate_indices - should panic ... ok
[INFO] [stdout] test tests::indices_5_out_of_bounds - should panic ... ok
[INFO] [stdout] test tests::indices_array_empty_requested_indices - should panic ... ok
[INFO] [stdout] test tests::indices_empty - should panic ... ok
[INFO] [stdout] test tests::indices_4_out_of_bounds - should panic ... ok
[INFO] [stdout] test tests::indices_array_out_of_bounds - should panic ... ok
[INFO] [stdout] test tests::indices_ordered_duplicate_indices - should panic ... ok
[INFO] [stdout] test tests::indices_ordered_empty_requested_indices - should panic ... ok
[INFO] [stdout] test tests::indices_ordered_out_of_bounds - should panic ... ok
[INFO] [stdout] test tests::indices_array_duplicate_indices - should panic ... ok
[INFO] [stdout] test tests::indices_slice_more_than_two_indices ... ok
[INFO] [stdout] test tests::indices_slice_not_empty_slice_requested_empty ... ok
[INFO] [stdout] test tests::indices_slices_data_empty_and_indices_requested_has_no_indices ... ok
[INFO] [stdout] test tests::indices_slice_out_of_bounds - should panic ... ok
[INFO] [stdout] test tests::indices_slices_data_not_empty_and_indices_requested_has_indices ... ok
[INFO] [stdout] test tests::indices_slices_data_not_empty_and_indices_requested_has_no_indices ... ok
[INFO] [stdout] test tests::indices_slice_out_of_order ... ok
[INFO] [stdout] test tests::indices_slice_works ... ok
[INFO] [stdout] test tests::indices_slices_more_than_two_indices ... ok
[INFO] [stdout] test tests::indices_slices_works ... ok
[INFO] [stdout] test tests::indices_slices_duplicate_indices - should panic ... ok
[INFO] [stdout] test tests::try_indices_2_out_of_bounds ... ok
[INFO] [stdout] test tests::indices_slices_duplicate_indices_different_slice - should panic ... ok
[INFO] [stdout] test tests::try_indices_2_out_of_order ... ok
[INFO] [stdout] test tests::try_indices_3_out_of_bounds ... ok
[INFO] [stdout] test tests::try_indices_3 ... ok
[INFO] [stdout] test tests::indices_slices_data_empty_and_indices_requested_empty ... ok
[INFO] [stdout] test tests::try_indices_4_duplicate_indices ... ok
[INFO] [stdout] test tests::try_indices_4 ... ok
[INFO] [stdout] test tests::try_indices_can_return_mut_from_scope ... ok
[INFO] [stdout] test tests::try_indices_empty ... ok
[INFO] [stdout] test tests::try_indices_3_duplicate_indices ... ok
[INFO] [stdout] test tests::try_indices_2 ... ok
[INFO] [stdout] test tests::try_indices_2_duplicate_indices ... ok
[INFO] [stdout] test tests::try_indices_5 ... ok
[INFO] [stdout] test tests::try_indices_1_out_of_bounds ... ok
[INFO] [stdout] test tests::try_indices_5_duplicate_indices ... ok
[INFO] [stdout] test tests::try_indices_5_out_of_bounds ... ok
[INFO] [stdout] test tests::try_indices_ordered_works ... ok
[INFO] [stdout] test tests::try_indices_ordered_can_return_mut_from_scope ... ok
[INFO] [stdout] test tests::try_indices_ordered_empty_requested_indices ... ok
[INFO] [stdout] test tests::try_indices_ordered_more_than_two_indices ... ok
[INFO] [stdout] test tests::try_indices_ordered_out_of_bounds ... ok
[INFO] [stdout] test tests::try_indices_ordered_out_of_order ... ok
[INFO] [stdout] test tests::try_indices_ordered_duplicate_indices ... ok
[INFO] [stdout] test tests::indices_slices_out_of_bounds - should panic ... ok
[INFO] [stdout] test tests::try_indices_4_out_of_bounds ... ok
[INFO] [stdout] test tests::indices_slices_data_empty_and_indices_requested_has_indices - should panic ... ok
[INFO] [stdout] test tests::indices_slices_data_not_empty_and_indices_requested_empty ... ok
[INFO] [stdout] test tests::try_indices_1 ... ok
[INFO] [stdout] 
[INFO] [stdout] test result: ok. 77 passed; 0 failed; 0 ignored; 0 measured; 0 filtered out; finished in 0.11s
[INFO] [stdout] 
[INFO] [stderr]      Running tests/mod.rs (/opt/rustwide/target/debug/deps/mod-245c9700abdac920)
[INFO] [stdout] 
[INFO] [stdout] running 5 tests
[INFO] [stderr]     Checking indices v0.3.6 (/opt/rustwide/workdir)
[INFO] [stderr]     Checking indices-tests v0.0.0 (/opt/rustwide/target/tests/trybuild/indices)
[INFO] [stderr]     Finished `dev` profile [unoptimized + debuginfo] target(s) in 0.39s
[INFO] [stderr] 
[INFO] [stderr] 
[INFO] [stderr] test tests/trybuild/indices/cannot_return_local_data.rs ... ok
[INFO] [stderr] test tests/trybuild/indices_ordered/cannot_return_local_data.rs ... ok
[INFO] [stderr] test tests/trybuild/try_indices/cannot_return_local_data.rs ... ok
[INFO] [stderr] test tests/trybuild/try_indices_ordered/cannot_return_local_data.rs ... ok
[INFO] [stderr] 
[INFO] [stderr] 
[INFO] [stdout] test should_not_compile_tests::cannot_return_local_data ... ok
[INFO] [stderr]     Checking indices-tests v0.0.0 (/opt/rustwide/target/tests/trybuild/indices)
[INFO] [stderr]     Finished `dev` profile [unoptimized + debuginfo] target(s) in 0.08s
[INFO] [stderr] 
[INFO] [stderr] 
[INFO] [stderr] test tests/trybuild/indices/needs_to_provide_indices.rs ... ok
[INFO] [stderr] test tests/trybuild/indices_ordered/needs_to_provide_indices.rs ... ok
[INFO] [stderr] test tests/trybuild/try_indices/needs_to_provide_indices.rs ... ok
[INFO] [stderr] test tests/trybuild/try_indices_ordered/needs_to_provide_indices.rs ... ok
[INFO] [stderr] 
[INFO] [stderr] 
[INFO] [stdout] test should_not_compile_tests::needs_to_provide_indices ... ok
[INFO] [stderr]     Checking indices-tests v0.0.0 (/opt/rustwide/target/tests/trybuild/indices)
[INFO] [stderr]     Finished `dev` profile [unoptimized + debuginfo] target(s) in 0.09s
[INFO] [stderr] 
[INFO] [stderr] 
[INFO] [stderr] test tests/trybuild/indices/no_negative_arguments.rs ... mismatch
[INFO] [stderr] 
[INFO] [stderr] EXPECTED:
[INFO] [stderr] ┈┈┈┈┈┈┈┈┈┈┈┈┈┈┈┈┈┈┈┈┈┈┈┈┈┈┈┈┈┈┈┈┈┈┈┈┈┈┈┈┈┈┈┈┈┈┈┈┈┈┈┈┈┈┈┈┈┈┈┈
[INFO] [stderr] error[E0600]: cannot apply unary operator `-` to type `usize`
[INFO] [stderr]  --> tests/trybuild/indices/no_negative_arguments.rs:6:40
[INFO] [stderr]   |
[INFO] [stderr] 6 |     let (_one, _two) = indices!(slice, -1, 1);
[INFO] [stderr]   |                                        ^^
[INFO] [stderr]   |                                        |
[INFO] [stderr]   |                                        cannot apply unary operator `-`
[INFO] [stderr]   |                                        help: you may have meant the maximum value of `usize`: `usize::MAX`
[INFO] [stderr]   |
[INFO] [stderr]   = note: unsigned values cannot be negated
[INFO] [stderr] ┈┈┈┈┈┈┈┈┈┈┈┈┈┈┈┈┈┈┈┈┈┈┈┈┈┈┈┈┈┈┈┈┈┈┈┈┈┈┈┈┈┈┈┈┈┈┈┈┈┈┈┈┈┈┈┈┈┈┈┈
[INFO] [stderr] 
[INFO] [stderr] ACTUAL OUTPUT:
[INFO] [stderr] ┈┈┈┈┈┈┈┈┈┈┈┈┈┈┈┈┈┈┈┈┈┈┈┈┈┈┈┈┈┈┈┈┈┈┈┈┈┈┈┈┈┈┈┈┈┈┈┈┈┈┈┈┈┈┈┈┈┈┈┈
[INFO] [stderr] error[E0600]: cannot apply unary operator `-` to type `usize`
[INFO] [stderr]  --> tests/trybuild/indices/no_negative_arguments.rs:6:40
[INFO] [stderr]   |
[INFO] [stderr] 6 |     let (_one, _two) = indices!(slice, -1, 1);
[INFO] [stderr]   |                                        ^^ cannot apply unary operator `-`
[INFO] [stderr]   |
[INFO] [stderr]   = note: unsigned values cannot be negated
[INFO] [stderr] help: you may have meant the maximum value of `usize`
[INFO] [stderr]   |
[INFO] [stderr] 6 |     let (_one, _two) = indices!(slice, usize::MAX, 1);
[INFO] [stderr]   |                                        ~~~~~~~~~~
[INFO] [stderr] ┈┈┈┈┈┈┈┈┈┈┈┈┈┈┈┈┈┈┈┈┈┈┈┈┈┈┈┈┈┈┈┈┈┈┈┈┈┈┈┈┈┈┈┈┈┈┈┈┈┈┈┈┈┈┈┈┈┈┈┈
[INFO] [stderr] note: If the actual output is the correct output you can bless it by rerunning
[INFO] [stderr]       your test with the environment variable TRYBUILD=overwrite
[INFO] [stderr] 
[INFO] [stderr] test tests/trybuild/indices_ordered/no_negative_arguments.rs ... mismatch
[INFO] [stderr] 
[INFO] [stderr] EXPECTED:
[INFO] [stderr] ┈┈┈┈┈┈┈┈┈┈┈┈┈┈┈┈┈┈┈┈┈┈┈┈┈┈┈┈┈┈┈┈┈┈┈┈┈┈┈┈┈┈┈┈┈┈┈┈┈┈┈┈┈┈┈┈┈┈┈┈
[INFO] [stderr] error[E0277]: the trait bound `usize: Neg` is not satisfied
[INFO] [stderr]  --> tests/trybuild/indices_ordered/no_negative_arguments.rs:6:48
[INFO] [stderr]   |
[INFO] [stderr] 6 |     let (_one, _two) = indices_ordered!(slice, -1, 1);
[INFO] [stderr]   |                                                ^^ the trait `Neg` is not implemented for `usize`
[INFO] [stderr]   |
[INFO] [stderr]   = help: the following other types implement trait `Neg`:
[INFO] [stderr]             &f128
[INFO] [stderr]             &f16
[INFO] [stderr]             &f32
[INFO] [stderr]             &f64
[INFO] [stderr]             &i128
[INFO] [stderr]             &i16
[INFO] [stderr]             &i32
[INFO] [stderr]             &i64
[INFO] [stderr]           and $N others
[INFO] [stderr] 
[INFO] [stderr] error[E0600]: cannot apply unary operator `-` to type `usize`
[INFO] [stderr]  --> tests/trybuild/indices_ordered/no_negative_arguments.rs:6:48
[INFO] [stderr]   |
[INFO] [stderr] 6 |     let (_one, _two) = indices_ordered!(slice, -1, 1);
[INFO] [stderr]   |                                                ^^
[INFO] [stderr]   |                                                |
[INFO] [stderr]   |                                                cannot apply unary operator `-`
[INFO] [stderr]   |                                                help: you may have meant the maximum value of `usize`: `usize::MAX`
[INFO] [stderr]   |
[INFO] [stderr]   = note: unsigned values cannot be negated
[INFO] [stderr] ┈┈┈┈┈┈┈┈┈┈┈┈┈┈┈┈┈┈┈┈┈┈┈┈┈┈┈┈┈┈┈┈┈┈┈┈┈┈┈┈┈┈┈┈┈┈┈┈┈┈┈┈┈┈┈┈┈┈┈┈
[INFO] [stderr] 
[INFO] [stderr] ACTUAL OUTPUT:
[INFO] [stderr] ┈┈┈┈┈┈┈┈┈┈┈┈┈┈┈┈┈┈┈┈┈┈┈┈┈┈┈┈┈┈┈┈┈┈┈┈┈┈┈┈┈┈┈┈┈┈┈┈┈┈┈┈┈┈┈┈┈┈┈┈
[INFO] [stderr] error[E0277]: the trait bound `usize: Neg` is not satisfied
[INFO] [stderr]  --> tests/trybuild/indices_ordered/no_negative_arguments.rs:6:48
[INFO] [stderr]   |
[INFO] [stderr] 6 |     let (_one, _two) = indices_ordered!(slice, -1, 1);
[INFO] [stderr]   |                                                ^^ the trait `Neg` is not implemented for `usize`
[INFO] [stderr]   |
[INFO] [stderr]   = help: the following other types implement trait `Neg`:
[INFO] [stderr]             &f128
[INFO] [stderr]             &f16
[INFO] [stderr]             &f32
[INFO] [stderr]             &f64
[INFO] [stderr]             &i128
[INFO] [stderr]             &i16
[INFO] [stderr]             &i32
[INFO] [stderr]             &i64
[INFO] [stderr]           and $N others
[INFO] [stderr] 
[INFO] [stderr] error[E0600]: cannot apply unary operator `-` to type `usize`
[INFO] [stderr]  --> tests/trybuild/indices_ordered/no_negative_arguments.rs:6:48
[INFO] [stderr]   |
[INFO] [stderr] 6 |     let (_one, _two) = indices_ordered!(slice, -1, 1);
[INFO] [stderr]   |                                                ^^ cannot apply unary operator `-`
[INFO] [stderr]   |
[INFO] [stderr]   = note: unsigned values cannot be negated
[INFO] [stderr] help: you may have meant the maximum value of `usize`
[INFO] [stderr]   |
[INFO] [stderr] 6 |     let (_one, _two) = indices_ordered!(slice, usize::MAX, 1);
[INFO] [stderr]   |                                                ~~~~~~~~~~
[INFO] [stderr] ┈┈┈┈┈┈┈┈┈┈┈┈┈┈┈┈┈┈┈┈┈┈┈┈┈┈┈┈┈┈┈┈┈┈┈┈┈┈┈┈┈┈┈┈┈┈┈┈┈┈┈┈┈┈┈┈┈┈┈┈
[INFO] [stderr] note: If the actual output is the correct output you can bless it by rerunning
[INFO] [stderr]       your test with the environment variable TRYBUILD=overwrite
[INFO] [stderr] 
[INFO] [stderr] test tests/trybuild/try_indices/no_negative_arguments.rs ... mismatch
[INFO] [stderr] 
[INFO] [stderr] EXPECTED:
[INFO] [stderr] ┈┈┈┈┈┈┈┈┈┈┈┈┈┈┈┈┈┈┈┈┈┈┈┈┈┈┈┈┈┈┈┈┈┈┈┈┈┈┈┈┈┈┈┈┈┈┈┈┈┈┈┈┈┈┈┈┈┈┈┈
[INFO] [stderr] error[E0600]: cannot apply unary operator `-` to type `usize`
[INFO] [stderr]  --> tests/trybuild/try_indices/no_negative_arguments.rs:6:38
[INFO] [stderr]   |
[INFO] [stderr] 6 |     let result = try_indices!(slice, -1, 1);
[INFO] [stderr]   |                                      ^^
[INFO] [stderr]   |                                      |
[INFO] [stderr]   |                                      cannot apply unary operator `-`
[INFO] [stderr]   |                                      help: you may have meant the maximum value of `usize`: `usize::MAX`
[INFO] [stderr]   |
[INFO] [stderr]   = note: unsigned values cannot be negated
[INFO] [stderr] ┈┈┈┈┈┈┈┈┈┈┈┈┈┈┈┈┈┈┈┈┈┈┈┈┈┈┈┈┈┈┈┈┈┈┈┈┈┈┈┈┈┈┈┈┈┈┈┈┈┈┈┈┈┈┈┈┈┈┈┈
[INFO] [stderr] 
[INFO] [stderr] ACTUAL OUTPUT:
[INFO] [stderr] ┈┈┈┈┈┈┈┈┈┈┈┈┈┈┈┈┈┈┈┈┈┈┈┈┈┈┈┈┈┈┈┈┈┈┈┈┈┈┈┈┈┈┈┈┈┈┈┈┈┈┈┈┈┈┈┈┈┈┈┈
[INFO] [stderr] error[E0600]: cannot apply unary operator `-` to type `usize`
[INFO] [stderr]  --> tests/trybuild/try_indices/no_negative_arguments.rs:6:38
[INFO] [stderr]   |
[INFO] [stderr] 6 |     let result = try_indices!(slice, -1, 1);
[INFO] [stderr]   |                                      ^^ cannot apply unary operator `-`
[INFO] [stderr]   |
[INFO] [stderr]   = note: unsigned values cannot be negated
[INFO] [stderr] help: you may have meant the maximum value of `usize`
[INFO] [stderr]   |
[INFO] [stderr] 6 |     let result = try_indices!(slice, usize::MAX, 1);
[INFO] [stderr]   |                                      ~~~~~~~~~~
[INFO] [stderr] ┈┈┈┈┈┈┈┈┈┈┈┈┈┈┈┈┈┈┈┈┈┈┈┈┈┈┈┈┈┈┈┈┈┈┈┈┈┈┈┈┈┈┈┈┈┈┈┈┈┈┈┈┈┈┈┈┈┈┈┈
[INFO] [stderr] note: If the actual output is the correct output you can bless it by rerunning
[INFO] [stderr]       your test with the environment variable TRYBUILD=overwrite
[INFO] [stderr] 
[INFO] [stderr] test tests/trybuild/try_indices_ordered/no_negative_arguments.rs ... mismatch
[INFO] [stderr] 
[INFO] [stderr] EXPECTED:
[INFO] [stderr] ┈┈┈┈┈┈┈┈┈┈┈┈┈┈┈┈┈┈┈┈┈┈┈┈┈┈┈┈┈┈┈┈┈┈┈┈┈┈┈┈┈┈┈┈┈┈┈┈┈┈┈┈┈┈┈┈┈┈┈┈
[INFO] [stderr] error[E0277]: the trait bound `usize: Neg` is not satisfied
[INFO] [stderr]  --> tests/trybuild/try_indices_ordered/no_negative_arguments.rs:6:46
[INFO] [stderr]   |
[INFO] [stderr] 6 |     let result = try_indices_ordered!(slice, -1, 1);
[INFO] [stderr]   |                                              ^^ the trait `Neg` is not implemented for `usize`
[INFO] [stderr]   |
[INFO] [stderr]   = help: the following other types implement trait `Neg`:
[INFO] [stderr]             &f128
[INFO] [stderr]             &f16
[INFO] [stderr]             &f32
[INFO] [stderr]             &f64
[INFO] [stderr]             &i128
[INFO] [stderr]             &i16
[INFO] [stderr]             &i32
[INFO] [stderr]             &i64
[INFO] [stderr]           and $N others
[INFO] [stderr] 
[INFO] [stderr] error[E0600]: cannot apply unary operator `-` to type `usize`
[INFO] [stderr]  --> tests/trybuild/try_indices_ordered/no_negative_arguments.rs:6:46
[INFO] [stderr]   |
[INFO] [stderr] 6 |     let result = try_indices_ordered!(slice, -1, 1);
[INFO] [stderr]   |                                              ^^
[INFO] [stderr]   |                                              |
[INFO] [stderr]   |                                              cannot apply unary operator `-`
[INFO] [stderr]   |                                              help: you may have meant the maximum value of `usize`: `usize::MAX`
[INFO] [stderr]   |
[INFO] [stderr]   = note: unsigned values cannot be negated
[INFO] [stderr] ┈┈┈┈┈┈┈┈┈┈┈┈┈┈┈┈┈┈┈┈┈┈┈┈┈┈┈┈┈┈┈┈┈┈┈┈┈┈┈┈┈┈┈┈┈┈┈┈┈┈┈┈┈┈┈┈┈┈┈┈
[INFO] [stderr] 
[INFO] [stderr] ACTUAL OUTPUT:
[INFO] [stderr] ┈┈┈┈┈┈┈┈┈┈┈┈┈┈┈┈┈┈┈┈┈┈┈┈┈┈┈┈┈┈┈┈┈┈┈┈┈┈┈┈┈┈┈┈┈┈┈┈┈┈┈┈┈┈┈┈┈┈┈┈
[INFO] [stderr] error[E0277]: the trait bound `usize: Neg` is not satisfied
[INFO] [stderr]  --> tests/trybuild/try_indices_ordered/no_negative_arguments.rs:6:46
[INFO] [stderr]   |
[INFO] [stderr] 6 |     let result = try_indices_ordered!(slice, -1, 1);
[INFO] [stderr]   |                                              ^^ the trait `Neg` is not implemented for `usize`
[INFO] [stderr]   |
[INFO] [stderr]   = help: the following other types implement trait `Neg`:
[INFO] [stderr]             &f128
[INFO] [stderr]             &f16
[INFO] [stderr]             &f32
[INFO] [stderr]             &f64
[INFO] [stderr]             &i128
[INFO] [stderr]             &i16
[INFO] [stderr]             &i32
[INFO] [stderr]             &i64
[INFO] [stderr]           and $N others
[INFO] [stderr] 
[INFO] [stderr] error[E0600]: cannot apply unary operator `-` to type `usize`
[INFO] [stderr]  --> tests/trybuild/try_indices_ordered/no_negative_arguments.rs:6:46
[INFO] [stderr]   |
[INFO] [stderr] 6 |     let result = try_indices_ordered!(slice, -1, 1);
[INFO] [stderr]   |                                              ^^ cannot apply unary operator `-`
[INFO] [stderr]   |
[INFO] [stderr]   = note: unsigned values cannot be negated
[INFO] [stderr] help: you may have meant the maximum value of `usize`
[INFO] [stderr]   |
[INFO] [stderr] 6 |     let result = try_indices_ordered!(slice, usize::MAX, 1);
[INFO] [stderr]   |                                              ~~~~~~~~~~
[INFO] [stderr] ┈┈┈┈┈┈┈┈┈┈┈┈┈┈┈┈┈┈┈┈┈┈┈┈┈┈┈┈┈┈┈┈┈┈┈┈┈┈┈┈┈┈┈┈┈┈┈┈┈┈┈┈┈┈┈┈┈┈┈┈
[INFO] [stderr] note: If the actual output is the correct output you can bless it by rerunning
[INFO] [stderr]       your test with the environment variable TRYBUILD=overwrite
[INFO] [stderr] 
[INFO] [stderr] 
[INFO] [stderr] 
[INFO] [stdout] test should_not_compile_tests::no_negative_arguments ... FAILED
[INFO] [stderr]     Checking indices-tests v0.0.0 (/opt/rustwide/target/tests/trybuild/indices)
[INFO] [stderr]     Finished `dev` profile [unoptimized + debuginfo] target(s) in 0.06s
[INFO] [stderr] 
[INFO] [stderr] 
[INFO] [stderr] test tests/trybuild/indices/cannot_mutate_once_borrowed.rs ... ok
[INFO] [stderr] test tests/trybuild/indices_ordered/cannot_mutate_once_borrowed.rs ... ok
[INFO] [stderr] test tests/trybuild/try_indices/cannot_mutate_once_borrowed.rs ... ok
[INFO] [stderr] test tests/trybuild/try_indices_ordered/cannot_mutate_once_borrowed.rs ... ok
[INFO] [stderr] 
[INFO] [stderr] 
[INFO] [stdout] test should_not_compile_tests::cannot_mutate_once_borrowed ... ok
[INFO] [stderr]     Checking indices-tests v0.0.0 (/opt/rustwide/target/tests/trybuild/indices)
[INFO] [stderr]     Finished `dev` profile [unoptimized + debuginfo] target(s) in 0.07s
[INFO] [stderr] 
[INFO] [stderr] 
[INFO] [stderr] test tests/trybuild/indices/needs_to_provide_indices_comma.rs ... ok
[INFO] [stderr] test tests/trybuild/indices_ordered/needs_to_provide_indices_comma.rs ... ok
[INFO] [stderr] test tests/trybuild/try_indices/needs_to_provide_indices_comma.rs ... ok
[INFO] [stderr] test tests/trybuild/try_indices_ordered/needs_to_provide_indices_comma.rs ... ok
[INFO] [stderr] 
[INFO] [stderr] 
[INFO] [stdout] test should_not_compile_tests::needs_to_provide_indices_comma ... ok
[INFO] [stdout] 
[INFO] [stdout] failures:
[INFO] [stdout] 
[INFO] [stdout] ---- should_not_compile_tests::no_negative_arguments stdout ----
[INFO] [stdout] thread 'should_not_compile_tests::no_negative_arguments' panicked at /opt/rustwide/cargo-home/registry/src/index.crates.io-6f17d22bba15001f/trybuild-1.0.91/src/run.rs:101:13:
[INFO] [stdout] 4 of 4 tests failed
[INFO] [stdout] stack backtrace:
[INFO] [stdout]    0:     0x59aa4d511dba - std::backtrace_rs::backtrace::libunwind::trace::h5a5b8284f2d0c266
[INFO] [stdout]                                at /rustc/90b35a6239c3d8bdabc530a6a0816f7ff89a0aaf/library/std/src/../../backtrace/src/backtrace/libunwind.rs:116:5
[INFO] [stdout]    1:     0x59aa4d511dba - std::backtrace_rs::backtrace::trace_unsynchronized::h76d4f1c9b0b875e3
[INFO] [stdout]                                at /rustc/90b35a6239c3d8bdabc530a6a0816f7ff89a0aaf/library/std/src/../../backtrace/src/backtrace/mod.rs:66:5
[INFO] [stdout]    2:     0x59aa4d511dba - std::sys::backtrace::_print_fmt::hc4546b8364a537c6
[INFO] [stdout]                                at /rustc/90b35a6239c3d8bdabc530a6a0816f7ff89a0aaf/library/std/src/sys/backtrace.rs:66:9
[INFO] [stdout]    3:     0x59aa4d511dba - <std::sys::backtrace::BacktraceLock::print::DisplayBacktrace as core::fmt::Display>::fmt::h5b6bd5631a6d1f6b
[INFO] [stdout]                                at /rustc/90b35a6239c3d8bdabc530a6a0816f7ff89a0aaf/library/std/src/sys/backtrace.rs:39:26
[INFO] [stdout]    4:     0x59aa4d53a413 - core::fmt::rt::Argument::fmt::h270f6602a2b96f62
[INFO] [stdout]                                at /rustc/90b35a6239c3d8bdabc530a6a0816f7ff89a0aaf/library/core/src/fmt/rt.rs:177:76
[INFO] [stdout]    5:     0x59aa4d53a413 - core::fmt::write::h7550c97b06c86515
[INFO] [stdout]                                at /rustc/90b35a6239c3d8bdabc530a6a0816f7ff89a0aaf/library/core/src/fmt/mod.rs:1186:21
[INFO] [stdout]    6:     0x59aa4d50e493 - std::io::Write::write_fmt::h509ff860e5956e5e
[INFO] [stdout]                                at /rustc/90b35a6239c3d8bdabc530a6a0816f7ff89a0aaf/library/std/src/io/mod.rs:1839:15
[INFO] [stdout]    7:     0x59aa4d511c02 - std::sys::backtrace::BacktraceLock::print::h2395ccd2c84ba3aa
[INFO] [stdout]                                at /rustc/90b35a6239c3d8bdabc530a6a0816f7ff89a0aaf/library/std/src/sys/backtrace.rs:42:9
[INFO] [stdout]    8:     0x59aa4d51321a - std::panicking::default_hook::{{closure}}::he19d4c7230e07961
[INFO] [stdout]                                at /rustc/90b35a6239c3d8bdabc530a6a0816f7ff89a0aaf/library/std/src/panicking.rs:268:22
[INFO] [stdout]    9:     0x59aa4d513024 - std::panicking::default_hook::hf614597d3c67bbdb
[INFO] [stdout]                                at /rustc/90b35a6239c3d8bdabc530a6a0816f7ff89a0aaf/library/std/src/panicking.rs:292:9
[INFO] [stdout]   10:     0x59aa4d4dc869 - <alloc::boxed::Box<F,A> as core::ops::function::Fn<Args>>::call::h39b51ce4599c23d1
[INFO] [stdout]                                at /rustc/90b35a6239c3d8bdabc530a6a0816f7ff89a0aaf/library/alloc/src/boxed.rs:2468:9
[INFO] [stdout]   11:     0x59aa4d4dc869 - test::test_main::{{closure}}::he977ae839a582784
[INFO] [stdout]                                at /rustc/90b35a6239c3d8bdabc530a6a0816f7ff89a0aaf/library/test/src/lib.rs:133:21
[INFO] [stdout]   12:     0x59aa4d5138b8 - <alloc::boxed::Box<F,A> as core::ops::function::Fn<Args>>::call::h9455091b6b06f9fb
[INFO] [stdout]                                at /rustc/90b35a6239c3d8bdabc530a6a0816f7ff89a0aaf/library/alloc/src/boxed.rs:2468:9
[INFO] [stdout]   13:     0x59aa4d5138b8 - std::panicking::rust_panic_with_hook::h8942133a8b252070
[INFO] [stdout]                                at /rustc/90b35a6239c3d8bdabc530a6a0816f7ff89a0aaf/library/std/src/panicking.rs:809:13
[INFO] [stdout]   14:     0x59aa4d51367a - std::panicking::begin_panic_handler::{{closure}}::hb5f5963570096b29
[INFO] [stdout]                                at /rustc/90b35a6239c3d8bdabc530a6a0816f7ff89a0aaf/library/std/src/panicking.rs:674:13
[INFO] [stdout]   15:     0x59aa4d512299 - std::sys::backtrace::__rust_end_short_backtrace::h6208cedc1922feda
[INFO] [stdout]                                at /rustc/90b35a6239c3d8bdabc530a6a0816f7ff89a0aaf/library/std/src/sys/backtrace.rs:170:18
[INFO] [stderr] error: test failed, to rerun pass `--test mod`
[INFO] [stdout]   16:     0x59aa4d51330c - rust_begin_unwind
[INFO] [stdout]                                at /rustc/90b35a6239c3d8bdabc530a6a0816f7ff89a0aaf/library/std/src/panicking.rs:665:5
[INFO] [stdout]   17:     0x59aa4d1feca0 - core::panicking::panic_fmt::h0c3082644d1bf418
[INFO] [stdout]                                at /rustc/90b35a6239c3d8bdabc530a6a0816f7ff89a0aaf/library/core/src/panicking.rs:74:14
[INFO] [stdout]   18:     0x59aa4d21182f - trybuild::run::<impl trybuild::Runner>::run::h83259b5f404aae6e
[INFO] [stdout]                                at /opt/rustwide/cargo-home/registry/src/index.crates.io-6f17d22bba15001f/trybuild-1.0.91/src/run.rs:101:13
[INFO] [stdout]   19:     0x59aa4d2173a8 - <trybuild::TestCases as core::ops::drop::Drop>::drop::h4f9d628a2699d9d8
[INFO] [stdout]                                at /opt/rustwide/cargo-home/registry/src/index.crates.io-6f17d22bba15001f/trybuild-1.0.91/src/lib.rs:317:13
[INFO] [stdout]   20:     0x59aa4d1ff9e7 - core::ptr::drop_in_place<trybuild::TestCases>::h495aeff81de8fbb5
[INFO] [stdout]                                at /rustc/90b35a6239c3d8bdabc530a6a0816f7ff89a0aaf/library/core/src/ptr/mod.rs:574:1
[INFO] [stdout]   21:     0x59aa4d20016b - mod::should_not_compile_tests::no_negative_arguments::hd48d3394a0fac9aa
[INFO] [stdout]                                at /opt/rustwide/workdir/tests/mod.rs:11:5
[INFO] [stdout]   22:     0x59aa4d2000b7 - mod::should_not_compile_tests::no_negative_arguments::{{closure}}::h141fcaf2300a570f
[INFO] [stdout]                                at /opt/rustwide/workdir/tests/mod.rs:5:31
[INFO] [stdout]   23:     0x59aa4d1ff8c6 - core::ops::function::FnOnce::call_once::h4be1626ea226e04c
[INFO] [stdout]                                at /rustc/90b35a6239c3d8bdabc530a6a0816f7ff89a0aaf/library/core/src/ops/function.rs:250:5
[INFO] [stdout]   24:     0x59aa4d4e122b - core::ops::function::FnOnce::call_once::h109cf8051a59b34e
[INFO] [stdout]                                at /rustc/90b35a6239c3d8bdabc530a6a0816f7ff89a0aaf/library/core/src/ops/function.rs:250:5
[INFO] [stdout]   25:     0x59aa4d4e122b - test::__rust_begin_short_backtrace::hf4fff89d377446ba
[INFO] [stdout]                                at /rustc/90b35a6239c3d8bdabc530a6a0816f7ff89a0aaf/library/test/src/lib.rs:621:18
[INFO] [stdout]   26:     0x59aa4d4e0a67 - test::run_test_in_process::{{closure}}::h0e39181dd7ee5a43
[INFO] [stdout]                                at /rustc/90b35a6239c3d8bdabc530a6a0816f7ff89a0aaf/library/test/src/lib.rs:644:60
[INFO] [stdout]   27:     0x59aa4d4e0a67 - <core::panic::unwind_safe::AssertUnwindSafe<F> as core::ops::function::FnOnce<()>>::call_once::hc5a66a30f0bdfd1f
[INFO] [stdout]                                at /rustc/90b35a6239c3d8bdabc530a6a0816f7ff89a0aaf/library/core/src/panic/unwind_safe.rs:272:9
[INFO] [stdout]   28:     0x59aa4d4e0a67 - std::panicking::try::do_call::h873b7cf639554a5e
[INFO] [stdout]                                at /rustc/90b35a6239c3d8bdabc530a6a0816f7ff89a0aaf/library/std/src/panicking.rs:557:40
[INFO] [stdout]   29:     0x59aa4d4e0a67 - std::panicking::try::hdb19862fad9c8bd1
[INFO] [stdout]                                at /rustc/90b35a6239c3d8bdabc530a6a0816f7ff89a0aaf/library/std/src/panicking.rs:520:19
[INFO] [stdout]   30:     0x59aa4d4e0a67 - std::panic::catch_unwind::h281fe732d236d260
[INFO] [stdout]                                at /rustc/90b35a6239c3d8bdabc530a6a0816f7ff89a0aaf/library/std/src/panic.rs:358:14
[INFO] [stdout]   31:     0x59aa4d4e0a67 - test::run_test_in_process::h949b6df8457ed338
[INFO] [stdout]                                at /rustc/90b35a6239c3d8bdabc530a6a0816f7ff89a0aaf/library/test/src/lib.rs:644:27
[INFO] [stdout]   32:     0x59aa4d4e0a67 - test::run_test::{{closure}}::h52c556a6d4740e10
[INFO] [stdout]                                at /rustc/90b35a6239c3d8bdabc530a6a0816f7ff89a0aaf/library/test/src/lib.rs:565:43
[INFO] [stdout]   33:     0x59aa4d4a5d44 - test::run_test::{{closure}}::h4237f6381c45ccb9
[INFO] [stdout]                                at /rustc/90b35a6239c3d8bdabc530a6a0816f7ff89a0aaf/library/test/src/lib.rs:595:41
[INFO] [stdout]   34:     0x59aa4d4a5d44 - std::sys::backtrace::__rust_begin_short_backtrace::h505c97a579eca628
[INFO] [stdout]                                at /rustc/90b35a6239c3d8bdabc530a6a0816f7ff89a0aaf/library/std/src/sys/backtrace.rs:154:18
[INFO] [stdout]   35:     0x59aa4d4a940e - std::thread::Builder::spawn_unchecked_::{{closure}}::{{closure}}::h9e86b2e2bc107ea3
[INFO] [stdout]                                at /rustc/90b35a6239c3d8bdabc530a6a0816f7ff89a0aaf/library/std/src/thread/mod.rs:538:17
[INFO] [stdout]   36:     0x59aa4d4a940e - <core::panic::unwind_safe::AssertUnwindSafe<F> as core::ops::function::FnOnce<()>>::call_once::h8b06ddb275ff4a25
[INFO] [stdout]                                at /rustc/90b35a6239c3d8bdabc530a6a0816f7ff89a0aaf/library/core/src/panic/unwind_safe.rs:272:9
[INFO] [stdout]   37:     0x59aa4d4a940e - std::panicking::try::do_call::hb26ecd7cd9a9355d
[INFO] [stdout]                                at /rustc/90b35a6239c3d8bdabc530a6a0816f7ff89a0aaf/library/std/src/panicking.rs:557:40
[INFO] [stdout]   38:     0x59aa4d4a940e - std::panicking::try::h8ddeca9d705f9069
[INFO] [stdout]                                at /rustc/90b35a6239c3d8bdabc530a6a0816f7ff89a0aaf/library/std/src/panicking.rs:520:19
[INFO] [stdout]   39:     0x59aa4d4a940e - std::panic::catch_unwind::h49e1c33078844c46
[INFO] [stdout]                                at /rustc/90b35a6239c3d8bdabc530a6a0816f7ff89a0aaf/library/std/src/panic.rs:358:14
[INFO] [stdout]   40:     0x59aa4d4a940e - std::thread::Builder::spawn_unchecked_::{{closure}}::h6073db6ff56ad35d
[INFO] [stdout]                                at /rustc/90b35a6239c3d8bdabc530a6a0816f7ff89a0aaf/library/std/src/thread/mod.rs:537:30
[INFO] [stdout]   41:     0x59aa4d4a940e - core::ops::function::FnOnce::call_once{{vtable.shim}}::h2c5a5f3779c774f1
[INFO] [stdout]                                at /rustc/90b35a6239c3d8bdabc530a6a0816f7ff89a0aaf/library/core/src/ops/function.rs:250:5
[INFO] [stdout]   42:     0x59aa4d5185ab - <alloc::boxed::Box<F,A> as core::ops::function::FnOnce<Args>>::call_once::hf75717d9f28faebf
[INFO] [stdout]                                at /rustc/90b35a6239c3d8bdabc530a6a0816f7ff89a0aaf/library/alloc/src/boxed.rs:2454:9
[INFO] [stdout]   43:     0x59aa4d5185ab - <alloc::boxed::Box<F,A> as core::ops::function::FnOnce<Args>>::call_once::h7bd883a5f3c5f3c1
[INFO] [stdout]                                at /rustc/90b35a6239c3d8bdabc530a6a0816f7ff89a0aaf/library/alloc/src/boxed.rs:2454:9
[INFO] [stdout]   44:     0x59aa4d5185ab - std::sys::pal::unix::thread::Thread::new::thread_start::hcc78f3943333fa94
[INFO] [stdout]                                at /rustc/90b35a6239c3d8bdabc530a6a0816f7ff89a0aaf/library/std/src/sys/pal/unix/thread.rs:105:17
[INFO] [stdout]   45:     0x7a7f69974ac3 - <unknown>
[INFO] [stdout]   46:     0x7a7f69a05a04 - clone
[INFO] [stdout]   47:                0x0 - <unknown>
[INFO] [stdout] 
[INFO] [stdout] 
[INFO] [stdout] failures:
[INFO] [stdout]     should_not_compile_tests::no_negative_arguments
[INFO] [stdout] 
[INFO] [stdout] test result: FAILED. 4 passed; 1 failed; 0 ignored; 0 measured; 0 filtered out; finished in 2.46s
[INFO] [stdout] 
[INFO] running `Command { std: "docker" "inspect" "8fd64f1dfa33db5b3ec3f51982cc4b31ebc4bdf1e10bca74b7b2c2de35807aba", kill_on_drop: false }`
[INFO] running `Command { std: "docker" "rm" "-f" "8fd64f1dfa33db5b3ec3f51982cc4b31ebc4bdf1e10bca74b7b2c2de35807aba", kill_on_drop: false }`
[INFO] [stdout] 8fd64f1dfa33db5b3ec3f51982cc4b31ebc4bdf1e10bca74b7b2c2de35807aba
