[INFO] cloning repository https://github.com/mbhall88/rasusa
[INFO] running `Command { std: "git" "-c" "credential.helper=" "-c" "credential.helper=/workspace/cargo-home/bin/git-credential-null" "clone" "--bare" "https://github.com/mbhall88/rasusa" "/workspace/cache/git-repos/https%3A%2F%2Fgithub.com%2Fmbhall88%2Frasusa", kill_on_drop: false }`
[INFO] [stderr] Cloning into bare repository '/workspace/cache/git-repos/https%3A%2F%2Fgithub.com%2Fmbhall88%2Frasusa'...
[INFO] running `Command { std: "git" "rev-parse" "HEAD", kill_on_drop: false }`
[INFO] [stdout] ae44cabded6fb83fbb75e6c90dc7e4f1a098d00e
[INFO] testing mbhall88/rasusa against 1.83.0 for beta-1.84.0-4-retry
[INFO] running `Command { std: "git" "clone" "/workspace/cache/git-repos/https%3A%2F%2Fgithub.com%2Fmbhall88%2Frasusa" "/workspace/builds/worker-2-tc1/source", kill_on_drop: false }`
[INFO] [stderr] Cloning into '/workspace/builds/worker-2-tc1/source'...
[INFO] [stderr] done.
[INFO] validating manifest of git repo https://github.com/mbhall88/rasusa on toolchain 1.83.0
[INFO] running `Command { std: CARGO_HOME="/workspace/cargo-home" RUSTUP_HOME="/workspace/rustup-home" "/workspace/cargo-home/bin/cargo" "+1.83.0" "metadata" "--manifest-path" "Cargo.toml" "--no-deps", kill_on_drop: false }`
[INFO] started tweaking git repo https://github.com/mbhall88/rasusa
[INFO] finished tweaking git repo https://github.com/mbhall88/rasusa
[INFO] tweaked toml for git repo https://github.com/mbhall88/rasusa written to /workspace/builds/worker-2-tc1/source/Cargo.toml
[INFO] crate git repo https://github.com/mbhall88/rasusa already has a lockfile, it will not be regenerated
[INFO] running `Command { std: CARGO_HOME="/workspace/cargo-home" RUSTUP_HOME="/workspace/rustup-home" "/workspace/cargo-home/bin/cargo" "+1.83.0" "fetch" "--manifest-path" "Cargo.toml", kill_on_drop: false }`
[INFO] [stderr]     Updating crates.io index
[INFO] [stderr]  Downloading crates ...
[INFO] [stderr]   Downloaded fs-utils v1.1.4
[INFO] [stderr]   Downloaded rust-htslib v0.46.0
[INFO] [stderr]   Downloaded bgzip v0.2.2
[INFO] [stderr]   Downloaded assert_cmd v2.0.14
[INFO] [stderr]   Downloaded buffer-redux v1.0.0
[INFO] [stderr]   Downloaded predicates v3.1.0
[INFO] [stderr]   Downloaded ieee754 v0.2.6
[INFO] [stderr]   Downloaded needletail v0.5.1
[INFO] [stderr]   Downloaded niffler v2.5.0
[INFO] [stderr]   Downloaded hts-sys v2.1.1
[INFO] running `Command { std: "docker" "create" "-v" "/var/lib/crater-agent-workspace/builds/worker-2-tc1/target:/opt/rustwide/target:rw,Z" "-v" "/var/lib/crater-agent-workspace/builds/worker-2-tc1/source:/opt/rustwide/workdir:ro,Z" "-v" "/var/lib/crater-agent-workspace/cargo-home:/opt/rustwide/cargo-home:ro,Z" "-v" "/var/lib/crater-agent-workspace/rustup-home:/opt/rustwide/rustup-home:ro,Z" "-e" "SOURCE_DIR=/opt/rustwide/workdir" "-e" "CARGO_TARGET_DIR=/opt/rustwide/target" "-e" "CARGO_HOME=/opt/rustwide/cargo-home" "-e" "RUSTUP_HOME=/opt/rustwide/rustup-home" "-w" "/opt/rustwide/workdir" "-m" "1610612736" "--user" "0:0" "--network" "none" "ghcr.io/rust-lang/crates-build-env/linux@sha256:f3a9d4ad9d972b27faf3965f35b62e55ba32bbce8f20bc8fe909558a86702fde" "/opt/rustwide/cargo-home/bin/cargo" "+1.83.0" "metadata" "--no-deps" "--format-version=1", kill_on_drop: false }`
[INFO] [stdout] adcca29d5b0109790a0b6d27f417596a3e32416b4ccefee3bc3f2d4d86a0f1c9
[INFO] running `Command { std: "docker" "start" "-a" "adcca29d5b0109790a0b6d27f417596a3e32416b4ccefee3bc3f2d4d86a0f1c9", kill_on_drop: false }`
[INFO] running `Command { std: "docker" "inspect" "adcca29d5b0109790a0b6d27f417596a3e32416b4ccefee3bc3f2d4d86a0f1c9", kill_on_drop: false }`
[INFO] running `Command { std: "docker" "rm" "-f" "adcca29d5b0109790a0b6d27f417596a3e32416b4ccefee3bc3f2d4d86a0f1c9", kill_on_drop: false }`
[INFO] [stdout] adcca29d5b0109790a0b6d27f417596a3e32416b4ccefee3bc3f2d4d86a0f1c9
[INFO] running `Command { std: "docker" "create" "-v" "/var/lib/crater-agent-workspace/builds/worker-2-tc1/target:/opt/rustwide/target:rw,Z" "-v" "/var/lib/crater-agent-workspace/builds/worker-2-tc1/source:/opt/rustwide/workdir:ro,Z" "-v" "/var/lib/crater-agent-workspace/cargo-home:/opt/rustwide/cargo-home:ro,Z" "-v" "/var/lib/crater-agent-workspace/rustup-home:/opt/rustwide/rustup-home:ro,Z" "-e" "SOURCE_DIR=/opt/rustwide/workdir" "-e" "CARGO_TARGET_DIR=/opt/rustwide/target" "-e" "CARGO_INCREMENTAL=0" "-e" "RUST_BACKTRACE=full" "-e" "RUSTFLAGS=--cap-lints=warn" "-e" "RUSTDOCFLAGS=--cap-lints=warn" "-e" "CARGO_HOME=/opt/rustwide/cargo-home" "-e" "RUSTUP_HOME=/opt/rustwide/rustup-home" "-w" "/opt/rustwide/workdir" "-m" "1610612736" "--user" "0:0" "--network" "none" "ghcr.io/rust-lang/crates-build-env/linux@sha256:f3a9d4ad9d972b27faf3965f35b62e55ba32bbce8f20bc8fe909558a86702fde" "/opt/rustwide/cargo-home/bin/cargo" "+1.83.0" "build" "--frozen" "--message-format=json", kill_on_drop: false }`
[INFO] [stdout] a8af072f980b106d9874cac238393844abdabb30dd707739930e285a6f1638a3
[INFO] running `Command { std: "docker" "start" "-a" "a8af072f980b106d9874cac238393844abdabb30dd707739930e285a6f1638a3", kill_on_drop: false }`
[INFO] [stderr]    Compiling libc v0.2.153
[INFO] [stderr]    Compiling pkg-config v0.3.28
[INFO] [stderr]    Compiling proc-macro2 v1.0.76
[INFO] [stderr]    Compiling memchr v2.7.1
[INFO] [stderr]    Compiling thiserror v1.0.56
[INFO] [stderr]    Compiling vcpkg v0.2.15
[INFO] [stderr]    Compiling crc32fast v1.3.2
[INFO] [stderr]    Compiling regex-syntax v0.8.2
[INFO] [stderr]    Compiling rustversion v1.0.15
[INFO] [stderr]    Compiling tinyvec_macros v0.1.1
[INFO] [stderr]    Compiling semver v0.1.20
[INFO] [stderr]    Compiling adler v1.0.2
[INFO] [stderr]    Compiling utf8parse v0.2.1
[INFO] [stderr]    Compiling quick-error v1.2.3
[INFO] [stderr]    Compiling anstyle-query v1.0.2
[INFO] [stderr]    Compiling zstd-safe v6.0.6
[INFO] [stderr]    Compiling tinyvec v1.6.0
[INFO] [stderr]    Compiling anstyle-parse v0.2.3
[INFO] [stderr]    Compiling fs-utils v1.1.4
[INFO] [stderr]    Compiling glob v0.3.1
[INFO] [stderr]    Compiling rustc_version v0.1.7
[INFO] [stderr]    Compiling miniz_oxide v0.7.1
[INFO] [stderr]    Compiling anstyle v1.0.6
[INFO] [stderr]    Compiling colorchoice v1.0.0
[INFO] [stderr]    Compiling anstream v0.6.13
[INFO] [stderr]    Compiling newtype_derive v0.1.6
[INFO] [stderr]    Compiling percent-encoding v2.3.1
[INFO] [stderr]    Compiling unicode-bidi v0.3.15
[INFO] [stderr]    Compiling heck v0.4.1
[INFO] [stderr]    Compiling aho-corasick v1.1.2
[INFO] [stderr]    Compiling form_urlencoded v1.2.1
[INFO] [stderr]    Compiling safemem v0.3.3
[INFO] [stderr]    Compiling anyhow v1.0.79
[INFO] [stderr]    Compiling ppv-lite86 v0.2.17
[INFO] [stderr]    Compiling log v0.4.21
[INFO] [stderr]    Compiling clap_lex v0.7.0
[INFO] [stderr]    Compiling buffer-redux v1.0.0
[INFO] [stderr]    Compiling quote v1.0.35
[INFO] [stderr]    Compiling unicode-normalization v0.1.23
[INFO] [stderr]    Compiling flate2 v1.0.28
[INFO] [stderr]    Compiling clap_builder v4.5.2
[INFO] [stderr]    Compiling linear-map v1.2.0
[INFO] [stderr]    Compiling bytecount v0.6.7
[INFO] [stderr]    Compiling byteorder v1.5.0
[INFO] [stderr]    Compiling syn v2.0.48
[INFO] [stderr]    Compiling syn v1.0.109
[INFO] [stderr]    Compiling custom_derive v0.1.7
[INFO] [stderr]    Compiling humantime v2.1.0
[INFO] [stderr]    Compiling ieee754 v0.2.6
[INFO] [stderr]    Compiling idna v0.5.0
[INFO] [stderr]    Compiling url v2.5.0
[INFO] [stderr]    Compiling jobserver v0.1.27
[INFO] [stderr]    Compiling getrandom v0.2.11
[INFO] [stderr]    Compiling regex-automata v0.4.6
[INFO] [stderr]    Compiling rand_core v0.6.4
[INFO] [stderr]    Compiling cc v1.0.83
[INFO] [stderr]    Compiling rand_chacha v0.3.1
[INFO] [stderr]    Compiling rand_pcg v0.3.1
[INFO] [stderr]    Compiling rand v0.8.5
[INFO] [stderr]    Compiling cmake v0.1.50
[INFO] [stderr]    Compiling derive-new v0.5.9
[INFO] [stderr]    Compiling bzip2-sys v0.1.11+1.0.8
[INFO] [stderr]    Compiling lzma-sys v0.1.20
[INFO] [stderr]    Compiling zstd-sys v2.0.9+zstd.1.5.5
[INFO] [stderr]    Compiling hts-sys v2.1.1
[INFO] [stderr]    Compiling libz-sys v1.1.16
[INFO] [stderr]    Compiling bzip2 v0.4.4
[INFO] [stderr]    Compiling thiserror-impl v1.0.56
[INFO] [stderr]    Compiling strum_macros v0.25.3
[INFO] [stderr]    Compiling clap_derive v4.5.4
[INFO] [stderr]    Compiling regex v1.10.4
[INFO] [stderr]    Compiling xz2 v0.1.7
[INFO] [stderr]    Compiling env_filter v0.1.0
[INFO] [stderr]    Compiling needletail v0.5.1
[INFO] [stderr]    Compiling bgzip v0.2.2
[INFO] [stderr]    Compiling env_logger v0.11.3
[INFO] [stderr]    Compiling bio-types v1.0.1
[INFO] [stderr]    Compiling clap v4.5.4
[INFO] [stderr]    Compiling rust-htslib v0.46.0
[INFO] [stderr]    Compiling zstd v0.12.4
[INFO] [stderr]    Compiling niffler v2.5.0
[INFO] [stderr]    Compiling rasusa v2.1.0 (/opt/rustwide/workdir)
[INFO] [stderr]     Finished `dev` profile [unoptimized + debuginfo] target(s) in 46.08s
[INFO] running `Command { std: "docker" "inspect" "a8af072f980b106d9874cac238393844abdabb30dd707739930e285a6f1638a3", kill_on_drop: false }`
[INFO] running `Command { std: "docker" "rm" "-f" "a8af072f980b106d9874cac238393844abdabb30dd707739930e285a6f1638a3", kill_on_drop: false }`
[INFO] [stdout] a8af072f980b106d9874cac238393844abdabb30dd707739930e285a6f1638a3
[INFO] running `Command { std: "docker" "create" "-v" "/var/lib/crater-agent-workspace/builds/worker-2-tc1/target:/opt/rustwide/target:rw,Z" "-v" "/var/lib/crater-agent-workspace/builds/worker-2-tc1/source:/opt/rustwide/workdir:ro,Z" "-v" "/var/lib/crater-agent-workspace/cargo-home:/opt/rustwide/cargo-home:ro,Z" "-v" "/var/lib/crater-agent-workspace/rustup-home:/opt/rustwide/rustup-home:ro,Z" "-e" "SOURCE_DIR=/opt/rustwide/workdir" "-e" "CARGO_TARGET_DIR=/opt/rustwide/target" "-e" "CARGO_INCREMENTAL=0" "-e" "RUST_BACKTRACE=full" "-e" "RUSTFLAGS=--cap-lints=warn" "-e" "RUSTDOCFLAGS=--cap-lints=warn" "-e" "CARGO_HOME=/opt/rustwide/cargo-home" "-e" "RUSTUP_HOME=/opt/rustwide/rustup-home" "-w" "/opt/rustwide/workdir" "-m" "1610612736" "--user" "0:0" "--network" "none" "ghcr.io/rust-lang/crates-build-env/linux@sha256:f3a9d4ad9d972b27faf3965f35b62e55ba32bbce8f20bc8fe909558a86702fde" "/opt/rustwide/cargo-home/bin/cargo" "+1.83.0" "test" "--frozen" "--no-run" "--message-format=json", kill_on_drop: false }`
[INFO] [stdout] cc9aadbcdf380decf091851edf3e443766b2710b3630e3dc03c28664e3ec22e0
[INFO] running `Command { std: "docker" "start" "-a" "cc9aadbcdf380decf091851edf3e443766b2710b3630e3dc03c28664e3ec22e0", kill_on_drop: false }`
[INFO] [stderr]    Compiling num-traits v0.2.17
[INFO] [stderr]    Compiling doc-comment v0.3.3
[INFO] [stderr]    Compiling rustix v0.38.32
[INFO] [stderr]    Compiling linux-raw-sys v0.4.12
[INFO] [stderr]    Compiling bitflags v2.4.1
[INFO] [stderr]    Compiling difflib v0.4.0
[INFO] [stderr]    Compiling assert_cmd v2.0.14
[INFO] [stderr]    Compiling bstr v1.9.0
[INFO] [stderr]    Compiling wait-timeout v0.2.0
[INFO] [stderr]    Compiling fastrand v2.0.1
[INFO] [stderr]    Compiling float-cmp v0.9.0
[INFO] [stderr]    Compiling predicates v3.1.0
[INFO] [stderr]    Compiling tempfile v3.10.1
[INFO] [stderr]    Compiling rasusa v2.1.0 (/opt/rustwide/workdir)
[INFO] [stderr]     Finished `test` profile [unoptimized + debuginfo] target(s) in 11.21s
[INFO] running `Command { std: "docker" "inspect" "cc9aadbcdf380decf091851edf3e443766b2710b3630e3dc03c28664e3ec22e0", kill_on_drop: false }`
[INFO] running `Command { std: "docker" "rm" "-f" "cc9aadbcdf380decf091851edf3e443766b2710b3630e3dc03c28664e3ec22e0", kill_on_drop: false }`
[INFO] [stdout] cc9aadbcdf380decf091851edf3e443766b2710b3630e3dc03c28664e3ec22e0
[INFO] running `Command { std: "docker" "create" "-v" "/var/lib/crater-agent-workspace/builds/worker-2-tc1/target:/opt/rustwide/target:rw,Z" "-v" "/var/lib/crater-agent-workspace/builds/worker-2-tc1/source:/opt/rustwide/workdir:ro,Z" "-v" "/var/lib/crater-agent-workspace/cargo-home:/opt/rustwide/cargo-home:ro,Z" "-v" "/var/lib/crater-agent-workspace/rustup-home:/opt/rustwide/rustup-home:ro,Z" "-e" "SOURCE_DIR=/opt/rustwide/workdir" "-e" "CARGO_TARGET_DIR=/opt/rustwide/target" "-e" "CARGO_INCREMENTAL=0" "-e" "RUST_BACKTRACE=full" "-e" "RUSTFLAGS=--cap-lints=warn" "-e" "RUSTDOCFLAGS=--cap-lints=warn" "-e" "CARGO_HOME=/opt/rustwide/cargo-home" "-e" "RUSTUP_HOME=/opt/rustwide/rustup-home" "-w" "/opt/rustwide/workdir" "-m" "1610612736" "--user" "0:0" "--network" "none" "ghcr.io/rust-lang/crates-build-env/linux@sha256:f3a9d4ad9d972b27faf3965f35b62e55ba32bbce8f20bc8fe909558a86702fde" "/opt/rustwide/cargo-home/bin/cargo" "+1.83.0" "test" "--frozen", kill_on_drop: false }`
[INFO] [stdout] c153ec20d36df6a9a8befe0b4805894dfcb5823bee102adec76ad04ccff2b70b
[INFO] running `Command { std: "docker" "start" "-a" "c153ec20d36df6a9a8befe0b4805894dfcb5823bee102adec76ad04ccff2b70b", kill_on_drop: false }`
[INFO] [stderr]     Finished `test` profile [unoptimized + debuginfo] target(s) in 0.15s
[INFO] [stderr]      Running unittests src/main.rs (/opt/rustwide/target/debug/deps/rasusa-4416649391f083d1)
[INFO] [stdout] 
[INFO] [stdout] running 117 tests
[INFO] [stdout] test alignment::tests::test_infer_format ... ok
[INFO] [stdout] test alignment::tests::test_infer_format_from_char ... ok
[INFO] [stdout] test alignment::tests::test_inequalities ... ok
[INFO] [stdout] test alignment::tests::test_make_program_id_unique_no_programs ... ok
[INFO] [stdout] test alignment::tests::test_make_program_id_unique_program_id_startswith_same_substring ... ok
[INFO] [stdout] test alignment::tests::test_make_program_id_unique_two_program_occurrences ... ok
[INFO] [stdout] test alignment::tests::test_make_program_id_unique_no_program ... ok
[INFO] [stdout] test cli::tests::base_suffix_from_string ... ok
[INFO] [stdout] test cli::tests::compression_format_from_str ... ok
[INFO] [stdout] test cli::tests::divide_u64_by_genome_size ... ok
[INFO] [stdout] test alignment::tests::test_random_behavior_for_equality ... ok
[INFO] [stdout] test cli::tests::empty_coverage_returns_err ... ok
[INFO] [stdout] test cli::tests::compression_format_from_path ... ok
[INFO] [stdout] test alignment::tests::test_make_program_id_unique_one_program_occurrence ... ok
[INFO] [stdout] test alignment::tests::zero_coverage_raises_error ... ok
[INFO] [stdout] test alignment::tests::no_coverage_given_raises_error ... ok
[INFO] [stdout] test cli::tests::empty_string_is_base_metric_suffix ... ok
[INFO] [stdout] test cli::tests::float_multiply_with_base_unit ... ok
[INFO] [stdout] test cli::tests::float_ending_in_x_coverage_returns_float ... ok
[INFO] [stdout] test cli::tests::genome_size_from_faidx ... ok
[INFO] [stdout] test cli::tests::genome_size_from_faidx_fastq_index ... ok
[INFO] [stdout] test cli::tests::giga_suffix_from_string ... ok
[INFO] [stdout] test cli::tests::float_only_returns_integer ... ok
[INFO] [stdout] test cli::tests::int_coverage_returns_float ... ok
[INFO] [stdout] test cli::tests::int_ending_in_x_coverage_returns_float ... ok
[INFO] [stdout] test cli::tests::kilo_suffix_from_string ... ok
[INFO] [stdout] test cli::tests::float_coverage_returns_float ... ok
[INFO] [stdout] test cli::tests::mega_suffix_from_string ... ok
[INFO] [stdout] test cli::tests::int_and_suffix_returns_multiplied_int ... ok
[INFO] [stdout] test cli::tests::empty_string_returns_error ... ok
[INFO] [stdout] test cli::tests::integer_only_returns_integer ... ok
[INFO] [stdout] test cli::tests::invalid_suffix_raises_error ... ok
[INFO] [stdout] test cli::tests::parse_fraction_check_lower_range ... ok
[INFO] [stdout] test cli::tests::parse_fraction_negative_fraction_returns_error ... ok
[INFO] [stdout] test cli::tests::non_number_coverage_returns_err ... ok
[INFO] [stdout] test cli::tests::float_and_suffix_returns_multiplied_float_as_int ... ok
[INFO] [stdout] test cli::tests::int_and_tera_suffix_returns_multiplied_int ... ok
[INFO] [stdout] test cli::tests::parse_fraction_check_upper_range ... ok
[INFO] [stdout] test cli::tests::parse_fraction_less_one_unchanged ... ok
[INFO] [stdout] test cli::tests::int_and_base_suffix_returns_int_without_scaling ... ok
[INFO] [stdout] test cli::tests::parse_fraction_one_asf32_is_one ... ok
[INFO] [stdout] test cli::tests::parse_fraction_one_is_one ... ok
[INFO] [stdout] test cli::tests::parse_fraction_over_one_converts ... ok
[INFO] [stdout] test cli::tests::genome_size_from_str_fastq_index ... ok
[INFO] [stdout] test cli::tests::parse_fraction_over_100_fails ... ok
[INFO] [stdout] test cli::tests::parse_fraction_over_one_as_fration_converts ... ok
[INFO] [stdout] test cli::tests::parse_fraction_non_fraction_fails ... ok
[INFO] [stdout] test cli::tests::parse_fraction_zero_is_zero ... ok
[INFO] [stdout] test cli::tests::tera_suffix_from_string ... ok
[INFO] [stdout] test fastx::tests::fastx_from_fasta ... ok
[INFO] [stdout] test cli::tests::zero_coverage_returns_zero ... ok
[INFO] [stdout] test cli::tests::invalid_suffix_returns_err ... ok
[INFO] [stdout] test fastx::tests::filter_fasta_reads_one_index_matches_only_read ... ok
[INFO] [stdout] test fastx::tests::filter_fastq_reads_one_index_matches_one_of_two_reads ... ok
[INFO] [stdout] test fastx::tests::filter_fasta_reads_one_index_out_of_range ... ok
[INFO] [stdout] test fastx::tests::create_valid_output_file_and_can_write_to_it ... ok
[INFO] [stdout] test fastx::tests::create_invalid_output_file_raises_error ... ok
[INFO] [stdout] test cli::tests::test_in_compress_range ... ok
[INFO] [stdout] test cli::tests::multiply_coverage_by_genome_size ... ok
[INFO] [stdout] test fastx::tests::get_read_lengths_for_empty_fasta_returns_empty_vector ... ok
[INFO] [stdout] test fastx::tests::get_read_lengths_for_fastq ... ok
[INFO] [stdout] test fastx::tests::filter_fastq_reads_one_index_out_of_range ... ok
[INFO] [stdout] test fastx::tests::filter_reads_empty_indices_no_output ... ok
[INFO] [stdout] test fastx::tests::filter_fastq_reads_two_indices_matches_first_and_last_reads ... ok
[INFO] [stdout] test fastx::tests::filter_fastq_reads_one_index_matches_only_read ... ok
[INFO] [stdout] test cli::tests::suffix_with_no_size_returns_error ... ok
[INFO] [stdout] test fastx::tests::get_read_lengths_for_fasta ... ok
[INFO] [stdout] test cli::tests::multiply_genome_size_by_coverage ... ok
[INFO] [stdout] test cli::tests::float_without_leading_int_and_suffix_returns_multiplied_float_as_int ... ok
[INFO] [stdout] test alignment::tests::bam_no_index_fails ... ok
[INFO] [stdout] test fastx::tests::create_valid_compressed_output_file_and_can_write_to_it ... ok
[INFO] [stdout] test reads::tests::no_args_given_raises_error ... ok
[INFO] [stdout] test reads::tests::invalid_genome_size_given_raises_error ... ok
[INFO] [stdout] test reads::tests::frac_and_coverage_and_genome_size_not_allowed ... ok
[INFO] [stdout] test reads::tests::invalid_coverage_given_raises_error ... ok
[INFO] [stdout] test reads::tests::invalid_seed_given_raises_error ... ok
[INFO] [stdout] test reads::tests::frac_and_num_not_allowed ... ok
[INFO] [stdout] test reads::tests::no_genome_size_given_raises_error ... ok
[INFO] [stdout] test reads::tests::faidx_given_as_genome_size ... ok
[INFO] [stdout] test reads::tests::bases_and_num_not_allowed ... ok
[INFO] [stdout] test reads::tests::all_valid_args_parsed_as_expected ... ok
[INFO] [stdout] test reads::tests::three_inputs_raises_error ... ok
[INFO] [stdout] test reads::tests::frac_and_bases_not_allowed ... ok
[INFO] [stdout] test reads::tests::no_coverage_given_raises_error ... ok
[INFO] [stdout] test reads::tests::no_genome_size_or_coverage_given_but_num_given ... ok
[INFO] [stdout] test reads::tests::no_genome_size_but_bases_and_coverage ... ok
[INFO] [stdout] test subsampler::tests::shuffled_indices_for_empty_vector_returns_empty ... ok
[INFO] [stdout] test subsampler::tests::shuffled_indices_for_vector_len_one_returns_zero ... ok
[INFO] [stdout] test subsampler::tests::shuffled_indices_for_vector_len_two_does_shuffle ... ok
[INFO] [stdout] test reads::tests::no_genome_size_or_coverage_given_but_bases_given ... ok
[INFO] [stdout] test subsampler::tests::shuffled_indices_with_seed_produces_same_ordering ... ok
[INFO] [stdout] test subsampler::tests::subsample_more_reads_than_available_takes_all ... ok
[INFO] [stdout] test subsampler::tests::subsample_num_reads_and_available_equal_takes_all ... ok
[INFO] [stdout] test subsampler::tests::subsample_num_reads_less_than_available_takes_subset ... ok
[INFO] [stdout] test subsampler::tests::subsample_one_length_greater_than_target_returns_zero ... ok
[INFO] [stdout] test subsampler::tests::subsample_one_length_less_than_target_returns_zero ... ok
[INFO] [stdout] test subsampler::tests::subsample_empty_lengths_returns_empty ... ok
[INFO] [stdout] test subsampler::tests::subsample_one_length_target_zero_returns_empty ... ok
[INFO] [stdout] test subsampler::tests::subsample_one_read_target_zero_returns_empty ... ok
[INFO] [stdout] test subsampler::tests::subsample_three_lengths_all_greater_than_target_returns_two ... ok
[INFO] [stdout] test subsampler::tests::subsample_three_lengths_sum_equal_target_returns_three ... ok
[INFO] [stdout] test subsampler::tests::subsample_three_lengths_sum_greater_than_target_returns_two ... ok
[INFO] [stdout] test subsampler::tests::subsample_three_lengths_sum_less_than_target_returns_three ... ok
[INFO] [stdout] test reads::tests::one_input_no_output_is_ok ... ok
[INFO] [stdout] test reads::tests::bases_and_coverage_and_genome_size_all_allowed ... ok
[INFO] [stdout] test reads::tests::no_genome_size_or_coverage_given_but_frac_given ... ok
[INFO] [stdout] test reads::tests::no_input_file_given_raises_error ... ok
[INFO] [stdout] test reads::tests::two_outputs_passed_with_one_option_flag ... ok
[INFO] [stdout] test reads::tests::num_and_coverage_and_genome_size_not_allowed ... ok
[INFO] [stdout] test reads::tests::three_outputs_raises_error ... ok
[INFO] [stdout] test reads::tests::one_input_two_outputs_raises_error ... ok
[INFO] [stdout] test reads::tests::two_input_two_outputs_is_ok_when_positional_args_at_end ... FAILED
[INFO] [stdout] test reads::tests::two_input_two_outputs_is_ok ... FAILED
[INFO] [stdout] test reads::tests::two_inputs_one_output_raises_error ... ok
[INFO] [stdout] test alignment::tests::bam_with_regions_of_zero_coverage_doesnt_endless_loop ... ok
[INFO] [stdout] test alignment::tests::excess_coverage_doesnt_endless_loop ... ok
[INFO] [stdout] test alignment::tests::bam_with_no_start_or_end_regions_and_missing_chromosomes ... ok
[INFO] [stdout] 
[INFO] [stdout] failures:
[INFO] [stdout] 
[INFO] [stdout] ---- reads::tests::two_input_two_outputs_is_ok_when_positional_args_at_end stdout ----
[INFO] [stdout] thread 'reads::tests::two_input_two_outputs_is_ok_when_positional_args_at_end' panicked at /rustc/90b35a6239c3d8bdabc530a6a0816f7ff89a0aaf/library/core/src/ops/function.rs:250:5:
[INFO] [stdout] Unexpected failure.
[INFO] [stdout] code=1
[INFO] [stdout] stderr=``````
[INFO] [stdout] [2024-12-14T18:06:59Z INFO ] Two input files given. Assuming paired Illumina...
[INFO] [stdout] Error: unable to create the first output file
[INFO] [stdout] 
[INFO] [stdout] Caused by:
[INFO] [stdout]     0: Output file could not be created
[INFO] [stdout]     1: Read-only file system (os error 30)
[INFO] [stdout] 
[INFO] [stdout] Stack backtrace:
[INFO] [stdout]    0: <E as anyhow::context::ext::StdError>::ext_context
[INFO] [stdout]              at /opt/rustwide/cargo-home/registry/src/index.crates.io-6f17d22bba15001f/anyhow-1.0.79/src/backtrace.rs:27:14
[INFO] [stdout]    1: anyhow::context::<impl anyhow::Context<T,E> for core::result::Result<T,E>>::context
[INFO] [stdout]              at /opt/rustwide/cargo-home/registry/src/index.crates.io-6f17d22bba15001f/anyhow-1.0.79/src/context.rs:54:31
[INFO] [stdout]    2: <rasusa::reads::Reads as rasusa::Runner>::run
[INFO] [stdout]              at ./src/reads.rs:165:17
[INFO] [stdout]    3: rasusa::main
[INFO] [stdout]              at ./src/main.rs:48:5
[INFO] [stdout]    4: core::ops::function::FnOnce::call_once
[INFO] [stdout]              at /rustc/90b35a6239c3d8bdabc530a6a0816f7ff89a0aaf/library/core/src/ops/function.rs:250:5
[INFO] [stdout]    5: std::sys::backtrace::__rust_begin_short_backtrace
[INFO] [stdout]              at /rustc/90b35a6239c3d8bdabc530a6a0816f7ff89a0aaf/library/std/src/sys/backtrace.rs:154:18
[INFO] [stdout]    6: std::rt::lang_start::{{closure}}
[INFO] [stdout]              at /rustc/90b35a6239c3d8bdabc530a6a0816f7ff89a0aaf/library/std/src/rt.rs:195:18
[INFO] [stdout]    7: core::ops::function::impls::<impl core::ops::function::FnOnce<A> for &F>::call_once
[INFO] [stdout]              at /rustc/90b35a6239c3d8bdabc530a6a0816f7ff89a0aaf/library/core/src/ops/function.rs:284:13
[INFO] [stdout]    8: std::panicking::try::do_call
[INFO] [stdout]              at /rustc/90b35a6239c3d8bdabc530a6a0816f7ff89a0aaf/library/std/src/panicking.rs:557:40
[INFO] [stdout]    9: std::panicking::try
[INFO] [stdout]              at /rustc/90b35a6239c3d8bdabc530a6a0816f7ff89a0aaf/library/std/src/panicking.rs:520:19
[INFO] [stdout]   10: std::panic::catch_unwind
[INFO] [stdout]              at /rustc/90b35a6239c3d8bdabc530a6a0816f7ff89a0aaf/library/std/src/panic.rs:358:14
[INFO] [stdout]   11: std::rt::lang_start_internal::{{closure}}
[INFO] [stdout]              at /rustc/90b35a6239c3d8bdabc530a6a0816f7ff89a0aaf/library/std/src/rt.rs:174:48
[INFO] [stdout]   12: std::panicking::try::do_call
[INFO] [stdout]              at /rustc/90b35a6239c3d8bdabc530a6a0816f7ff89a0aaf/library/std/src/panicking.rs:557:40
[INFO] [stdout]   13: std::panicking::try
[INFO] [stdout]              at /rustc/90b35a6239c3d8bdabc530a6a0816f7ff89a0aaf/library/std/src/panicking.rs:520:19
[INFO] [stdout]   14: std::panic::catch_unwind
[INFO] [stdout]              at /rustc/90b35a6239c3d8bdabc530a6a0816f7ff89a0aaf/library/std/src/panic.rs:358:14
[INFO] [stdout]   15: std::rt::lang_start_internal
[INFO] [stdout]              at /rustc/90b35a6239c3d8bdabc530a6a0816f7ff89a0aaf/library/std/src/rt.rs:174:20
[INFO] [stdout]   16: std::rt::lang_start
[INFO] [stdout]              at /rustc/90b35a6239c3d8bdabc530a6a0816f7ff89a0aaf/library/std/src/rt.rs:194:17
[INFO] [stdout]   17: main
[INFO] [stdout]   18: <unknown>
[INFO] [stdout]   19: __libc_start_main
[INFO] [stdout]   20: _start
[INFO] [stdout] ```
[INFO] [stdout] ```
[INFO] [stdout] command=`"/opt/rustwide/target/debug/rasusa" "reads" "-c" "5" "-g" "8mb" "-s" "88" "-o" "out.fq" "-o" "out.fq" "tests/cases/r1.fq.gz" "tests/cases/r1.fq.gz"`
[INFO] [stdout] code=1
[INFO] [stdout] stdout=""
[INFO] [stdout] stderr=```
[INFO] [stdout] [2024-12-14T18:06:59Z INFO ] Two input files given. Assuming paired Illumina...
[INFO] [stdout] Error: unable to create the first output file
[INFO] [stdout] 
[INFO] [stdout] Caused by:
[INFO] [stdout]     0: Output file could not be created
[INFO] [stdout]     1: Read-only file system (os error 30)
[INFO] [stdout] 
[INFO] [stdout] Stack backtrace:
[INFO] [stdout]    0: <E as anyhow::context::ext::StdError>::ext_context
[INFO] [stdout]              at /opt/rustwide/cargo-home/registry/src/index.crates.io-6f17d22bba15001f/anyhow-1.0.79/src/backtrace.rs:27:14
[INFO] [stdout]    1: anyhow::context::<impl anyhow::Context<T,E> for core::result::Result<T,E>>::context
[INFO] [stdout]              at /opt/rustwide/cargo-home/registry/src/index.crates.io-6f17d22bba15001f/anyhow-1.0.79/src/context.rs:54:31
[INFO] [stdout]    2: <rasusa::reads::Reads as rasusa::Runner>::run
[INFO] [stdout]              at ./src/reads.rs:165:17
[INFO] [stdout]    3: rasusa::main
[INFO] [stdout]              at ./src/main.rs:48:5
[INFO] [stdout]    4: core::ops::function::FnOnce::call_once
[INFO] [stdout]              at /rustc/90b35a6239c3d8bdabc530a6a0816f7ff89a0aaf/library/core/src/ops/function.rs:250:5
[INFO] [stdout]    5: std::sys::backtrace::__rust_begin_short_backtrace
[INFO] [stdout]              at /rustc/90b35a6239c3d8bdabc530a6a0816f7ff89a0aaf/library/std/src/sys/backtrace.rs:154:18
[INFO] [stdout]    6: std::rt::lang_start::{{closure}}
[INFO] [stdout]              at /rustc/90b35a6239c3d8bdabc530a6a0816f7ff89a0aaf/library/std/src/rt.rs:195:18
[INFO] [stdout]    7: core::ops::function::impls::<impl core::ops::function::FnOnce<A> for &F>::call_once
[INFO] [stdout]              at /rustc/90b35a6239c3d8bdabc530a6a0816f7ff89a0aaf/library/core/src/ops/function.rs:284:13
[INFO] [stdout]    8: std::panicking::try::do_call
[INFO] [stdout]              at /rustc/90b35a6239c3d8bdabc530a6a0816f7ff89a0aaf/library/std/src/panicking.rs:557:40
[INFO] [stdout]    9: std::panicking::try
[INFO] [stdout]              at /rustc/90b35a6239c3d8bdabc530a6a0816f7ff89a0aaf/library/std/src/panicking.rs:520:19
[INFO] [stdout]   10: std::panic::catch_unwind
[INFO] [stdout]              at /rustc/90b35a6239c3d8bdabc530a6a0816f7ff89a0aaf/library/std/src/panic.rs:358:14
[INFO] [stdout]   11: std::rt::lang_start_internal::{{closure}}
[INFO] [stdout]              at /rustc/90b35a6239c3d8bdabc530a6a0816f7ff89a0aaf/library/std/src/rt.rs:174:48
[INFO] [stdout]   12: std::panicking::try::do_call
[INFO] [stdout]              at /rustc/90b35a6239c3d8bdabc530a6a0816f7ff89a0aaf/library/std/src/panicking.rs:557:40
[INFO] [stdout]   13: std::panicking::try
[INFO] [stdout]              at /rustc/90b35a6239c3d8bdabc530a6a0816f7ff89a0aaf/library/std/src/panicking.rs:520:19
[INFO] [stdout]   14: std::panic::catch_unwind
[INFO] [stdout]              at /rustc/90b35a6239c3d8bdabc530a6a0816f7ff89a0aaf/library/std/src/panic.rs:358:14
[INFO] [stdout]   15: std::rt::lang_start_internal
[INFO] [stdout]              at /rustc/90b35a6239c3d8bdabc530a6a0816f7ff89a0aaf/library/std/src/rt.rs:174:20
[INFO] [stdout]   16: std::rt::lang_start
[INFO] [stdout]              at /rustc/90b35a6239c3d8bdabc530a6a0816f7ff89a0aaf/library/std/src/rt.rs:194:17
[INFO] [stdout]   17: main
[INFO] [stdout]   18: <unknown>
[INFO] [stdout]   19: __libc_start_main
[INFO] [stdout]   20: _start
[INFO] [stdout] ```
[INFO] [stdout] 
[INFO] [stdout] 
[INFO] [stdout] stack backtrace:
[INFO] [stdout]    0:     0x632271e32c2a - std::backtrace_rs::backtrace::libunwind::trace::h5a5b8284f2d0c266
[INFO] [stdout]                                at /rustc/90b35a6239c3d8bdabc530a6a0816f7ff89a0aaf/library/std/src/../../backtrace/src/backtrace/libunwind.rs:116:5
[INFO] [stdout]    1:     0x632271e32c2a - std::backtrace_rs::backtrace::trace_unsynchronized::h76d4f1c9b0b875e3
[INFO] [stdout]                                at /rustc/90b35a6239c3d8bdabc530a6a0816f7ff89a0aaf/library/std/src/../../backtrace/src/backtrace/mod.rs:66:5
[INFO] [stdout]    2:     0x632271e32c2a - std::sys::backtrace::_print_fmt::hc4546b8364a537c6
[INFO] [stdout]                                at /rustc/90b35a6239c3d8bdabc530a6a0816f7ff89a0aaf/library/std/src/sys/backtrace.rs:66:9
[INFO] [stdout]    3:     0x632271e32c2a - <std::sys::backtrace::BacktraceLock::print::DisplayBacktrace as core::fmt::Display>::fmt::h5b6bd5631a6d1f6b
[INFO] [stdout]                                at /rustc/90b35a6239c3d8bdabc530a6a0816f7ff89a0aaf/library/std/src/sys/backtrace.rs:39:26
[INFO] [stdout]    4:     0x632271e5c523 - core::fmt::rt::Argument::fmt::h270f6602a2b96f62
[INFO] [stdout]                                at /rustc/90b35a6239c3d8bdabc530a6a0816f7ff89a0aaf/library/core/src/fmt/rt.rs:177:76
[INFO] [stdout]    5:     0x632271e5c523 - core::fmt::write::h7550c97b06c86515
[INFO] [stdout]                                at /rustc/90b35a6239c3d8bdabc530a6a0816f7ff89a0aaf/library/core/src/fmt/mod.rs:1186:21
[INFO] [stdout]    6:     0x632271e2f463 - std::io::Write::write_fmt::h509ff860e5956e5e
[INFO] [stdout]                                at /rustc/90b35a6239c3d8bdabc530a6a0816f7ff89a0aaf/library/std/src/io/mod.rs:1839:15
[INFO] [stdout]    7:     0x632271e32a72 - std::sys::backtrace::BacktraceLock::print::h2395ccd2c84ba3aa
[INFO] [stdout]                                at /rustc/90b35a6239c3d8bdabc530a6a0816f7ff89a0aaf/library/std/src/sys/backtrace.rs:42:9
[INFO] [stdout]    8:     0x632271e3410a - std::panicking::default_hook::{{closure}}::he19d4c7230e07961
[INFO] [stdout]                                at /rustc/90b35a6239c3d8bdabc530a6a0816f7ff89a0aaf/library/std/src/panicking.rs:268:22
[INFO] [stdout]    9:     0x632271e33f14 - std::panicking::default_hook::hf614597d3c67bbdb
[INFO] [stdout]                                at /rustc/90b35a6239c3d8bdabc530a6a0816f7ff89a0aaf/library/std/src/panicking.rs:292:9
[INFO] [stdout]   10:     0x63227185e699 - <alloc::boxed::Box<F,A> as core::ops::function::Fn<Args>>::call::h39b51ce4599c23d1
[INFO] [stdout]                                at /rustc/90b35a6239c3d8bdabc530a6a0816f7ff89a0aaf/library/alloc/src/boxed.rs:2468:9
[INFO] [stdout]   11:     0x63227185e699 - test::test_main::{{closure}}::he977ae839a582784
[INFO] [stdout]                                at /rustc/90b35a6239c3d8bdabc530a6a0816f7ff89a0aaf/library/test/src/lib.rs:133:21
[INFO] [stdout]   12:     0x632271e347a8 - <alloc::boxed::Box<F,A> as core::ops::function::Fn<Args>>::call::h9455091b6b06f9fb
[INFO] [stdout]                                at /rustc/90b35a6239c3d8bdabc530a6a0816f7ff89a0aaf/library/alloc/src/boxed.rs:2468:9
[INFO] [stdout]   13:     0x632271e347a8 - std::panicking::rust_panic_with_hook::h8942133a8b252070
[INFO] [stdout]                                at /rustc/90b35a6239c3d8bdabc530a6a0816f7ff89a0aaf/library/std/src/panicking.rs:809:13
[INFO] [stdout]   14:     0x632271e3456a - std::panicking::begin_panic_handler::{{closure}}::hb5f5963570096b29
[INFO] [stdout]                                at /rustc/90b35a6239c3d8bdabc530a6a0816f7ff89a0aaf/library/std/src/panicking.rs:674:13
[INFO] [stdout]   15:     0x632271e33109 - std::sys::backtrace::__rust_end_short_backtrace::h6208cedc1922feda
[INFO] [stdout]                                at /rustc/90b35a6239c3d8bdabc530a6a0816f7ff89a0aaf/library/std/src/sys/backtrace.rs:170:18
[INFO] [stdout]   16:     0x632271e341fc - rust_begin_unwind
[INFO] [stdout]                                at /rustc/90b35a6239c3d8bdabc530a6a0816f7ff89a0aaf/library/std/src/panicking.rs:665:5
[INFO] [stdout]   17:     0x6322717d9370 - core::panicking::panic_fmt::h0c3082644d1bf418
[INFO] [stdout]                                at /rustc/90b35a6239c3d8bdabc530a6a0816f7ff89a0aaf/library/core/src/panicking.rs:74:14
[INFO] [stdout]   18:     0x632271ab2cd3 - core::panicking::panic_display::hf0e6afeac5c9dc8b
[INFO] [stdout]                                at /rustc/90b35a6239c3d8bdabc530a6a0816f7ff89a0aaf/library/core/src/panicking.rs:264:5
[INFO] [stdout]   19:     0x632271abdf4e - assert_cmd::assert::AssertError::panic::panic_cold_display::h6152aff1a2836d2c
[INFO] [stdout]                                at /rustc/90b35a6239c3d8bdabc530a6a0816f7ff89a0aaf/library/core/src/panic.rs:100:13
[INFO] [stdout]   20:     0x632271abceb7 - assert_cmd::assert::AssertError::panic::hdbc8ff1472c439a4
[INFO] [stdout]                                at /opt/rustwide/cargo-home/registry/src/index.crates.io-6f17d22bba15001f/assert_cmd-2.0.14/src/assert.rs:1033:9
[INFO] [stdout]   21:     0x632271ab1137 - core::ops::function::FnOnce::call_once::hb8ffe5e4c5e5950e
[INFO] [stdout]                                at /rustc/90b35a6239c3d8bdabc530a6a0816f7ff89a0aaf/library/core/src/ops/function.rs:250:5
[INFO] [stdout]   22:     0x632271abf040 - core::result::Result<T,E>::unwrap_or_else::h8d8244dce1e1550e
[INFO] [stdout]                                at /rustc/90b35a6239c3d8bdabc530a6a0816f7ff89a0aaf/library/core/src/result.rs:1458:23
[INFO] [stdout]   23:     0x632271abc606 - assert_cmd::assert::Assert::success::h631f9319e898649b
[INFO] [stdout]                                at /opt/rustwide/cargo-home/registry/src/index.crates.io-6f17d22bba15001f/assert_cmd-2.0.14/src/assert.rs:158:9
[INFO] [stdout]   24:     0x63227180cb27 - rasusa::reads::tests::two_input_two_outputs_is_ok_when_positional_args_at_end::h0e302169c49d7589
[INFO] [stdout]                                at /opt/rustwide/workdir/src/reads.rs:595:9
[INFO] [stdout]   25:     0x63227180c7c7 - rasusa::reads::tests::two_input_two_outputs_is_ok_when_positional_args_at_end::{{closure}}::h2819f5bbeafc5756
[INFO] [stdout]                                at /opt/rustwide/workdir/src/reads.rs:588:65
[INFO] [stdout]   26:     0x6322718105e6 - core::ops::function::FnOnce::call_once::he798fa32001bbd74
[INFO] [stdout]                                at /rustc/90b35a6239c3d8bdabc530a6a0816f7ff89a0aaf/library/core/src/ops/function.rs:250:5
[INFO] [stdout]   27:     0x63227186305b - core::ops::function::FnOnce::call_once::h109cf8051a59b34e
[INFO] [stdout]                                at /rustc/90b35a6239c3d8bdabc530a6a0816f7ff89a0aaf/library/core/src/ops/function.rs:250:5
[INFO] [stdout]   28:     0x63227186305b - test::__rust_begin_short_backtrace::hf4fff89d377446ba
[INFO] [stdout]                                at /rustc/90b35a6239c3d8bdabc530a6a0816f7ff89a0aaf/library/test/src/lib.rs:621:18
[INFO] [stdout]   29:     0x632271862897 - test::run_test_in_process::{{closure}}::h0e39181dd7ee5a43
[INFO] [stdout]                                at /rustc/90b35a6239c3d8bdabc530a6a0816f7ff89a0aaf/library/test/src/lib.rs:644:60
[INFO] [stdout]   30:     0x632271862897 - <core::panic::unwind_safe::AssertUnwindSafe<F> as core::ops::function::FnOnce<()>>::call_once::hc5a66a30f0bdfd1f
[INFO] [stdout]                                at /rustc/90b35a6239c3d8bdabc530a6a0816f7ff89a0aaf/library/core/src/panic/unwind_safe.rs:272:9
[INFO] [stdout]   31:     0x632271862897 - std::panicking::try::do_call::h873b7cf639554a5e
[INFO] [stdout]                                at /rustc/90b35a6239c3d8bdabc530a6a0816f7ff89a0aaf/library/std/src/panicking.rs:557:40
[INFO] [stdout]   32:     0x632271862897 - std::panicking::try::hdb19862fad9c8bd1
[INFO] [stdout]                                at /rustc/90b35a6239c3d8bdabc530a6a0816f7ff89a0aaf/library/std/src/panicking.rs:520:19
[INFO] [stdout]   33:     0x632271862897 - std::panic::catch_unwind::h281fe732d236d260
[INFO] [stdout]                                at /rustc/90b35a6239c3d8bdabc530a6a0816f7ff89a0aaf/library/std/src/panic.rs:358:14
[INFO] [stdout]   34:     0x632271862897 - test::run_test_in_process::h949b6df8457ed338
[INFO] [stdout]                                at /rustc/90b35a6239c3d8bdabc530a6a0816f7ff89a0aaf/library/test/src/lib.rs:644:27
[INFO] [stdout]   35:     0x632271862897 - test::run_test::{{closure}}::h52c556a6d4740e10
[INFO] [stdout]                                at /rustc/90b35a6239c3d8bdabc530a6a0816f7ff89a0aaf/library/test/src/lib.rs:565:43
[INFO] [stdout]   36:     0x632271827b74 - test::run_test::{{closure}}::h4237f6381c45ccb9
[INFO] [stdout]                                at /rustc/90b35a6239c3d8bdabc530a6a0816f7ff89a0aaf/library/test/src/lib.rs:595:41
[INFO] [stdout]   37:     0x632271827b74 - std::sys::backtrace::__rust_begin_short_backtrace::h505c97a579eca628
[INFO] [stdout]                                at /rustc/90b35a6239c3d8bdabc530a6a0816f7ff89a0aaf/library/std/src/sys/backtrace.rs:154:18
[INFO] [stdout]   38:     0x63227182b23e - std::thread::Builder::spawn_unchecked_::{{closure}}::{{closure}}::h9e86b2e2bc107ea3
[INFO] [stdout]                                at /rustc/90b35a6239c3d8bdabc530a6a0816f7ff89a0aaf/library/std/src/thread/mod.rs:538:17
[INFO] [stdout]   39:     0x63227182b23e - <core::panic::unwind_safe::AssertUnwindSafe<F> as core::ops::function::FnOnce<()>>::call_once::h8b06ddb275ff4a25
[INFO] [stdout]                                at /rustc/90b35a6239c3d8bdabc530a6a0816f7ff89a0aaf/library/core/src/panic/unwind_safe.rs:272:9
[INFO] [stdout]   40:     0x63227182b23e - std::panicking::try::do_call::hb26ecd7cd9a9355d
[INFO] [stdout]                                at /rustc/90b35a6239c3d8bdabc530a6a0816f7ff89a0aaf/library/std/src/panicking.rs:557:40
[INFO] [stdout]   41:     0x63227182b23e - std::panicking::try::h8ddeca9d705f9069
[INFO] [stdout]                                at /rustc/90b35a6239c3d8bdabc530a6a0816f7ff89a0aaf/library/std/src/panicking.rs:520:19
[INFO] [stdout]   42:     0x63227182b23e - std::panic::catch_unwind::h49e1c33078844c46
[INFO] [stdout]                                at /rustc/90b35a6239c3d8bdabc530a6a0816f7ff89a0aaf/library/std/src/panic.rs:358:14
[INFO] [stdout]   43:     0x63227182b23e - std::thread::Builder::spawn_unchecked_::{{closure}}::h6073db6ff56ad35d
[INFO] [stdout]                                at /rustc/90b35a6239c3d8bdabc530a6a0816f7ff89a0aaf/library/std/src/thread/mod.rs:537:30
[INFO] [stdout]   44:     0x63227182b23e - core::ops::function::FnOnce::call_once{{vtable.shim}}::h2c5a5f3779c774f1
[INFO] [stdout]                                at /rustc/90b35a6239c3d8bdabc530a6a0816f7ff89a0aaf/library/core/src/ops/function.rs:250:5
[INFO] [stdout]   45:     0x632271e391ab - <alloc::boxed::Box<F,A> as core::ops::function::FnOnce<Args>>::call_once::hf75717d9f28faebf
[INFO] [stdout]                                at /rustc/90b35a6239c3d8bdabc530a6a0816f7ff89a0aaf/library/alloc/src/boxed.rs:2454:9
[INFO] [stdout]   46:     0x632271e391ab - <alloc::boxed::Box<F,A> as core::ops::function::FnOnce<Args>>::call_once::h7bd883a5f3c5f3c1
[INFO] [stdout]                                at /rustc/90b35a6239c3d8bdabc530a6a0816f7ff89a0aaf/library/alloc/src/boxed.rs:2454:9
[INFO] [stdout]   47:     0x632271e391ab - std::sys::pal::unix::thread::Thread::new::thread_start::hcc78f3943333fa94
[INFO] [stdout]                                at /rustc/90b35a6239c3d8bdabc530a6a0816f7ff89a0aaf/library/std/src/sys/pal/unix/thread.rs:105:17
[INFO] [stdout]   48:     0x7deb88ca6ac3 - <unknown>
[INFO] [stdout]   49:     0x7deb88d37a04 - clone
[INFO] [stdout]   50:                0x0 - <unknown>
[INFO] [stdout] 
[INFO] [stdout] ---- reads::tests::two_input_two_outputs_is_ok stdout ----
[INFO] [stdout] thread 'reads::tests::two_input_two_outputs_is_ok' panicked at /rustc/90b35a6239c3d8bdabc530a6a0816f7ff89a0aaf/library/core/src/ops/function.rs:250:5:
[INFO] [stdout] Unexpected failure.
[INFO] [stdout] code=1
[INFO] [stdout] stderr=``````
[INFO] [stdout] [2024-12-14T18:06:59Z INFO ] Two input files given. Assuming paired Illumina...
[INFO] [stdout] Error: unable to create the first output file
[INFO] [stdout] 
[INFO] [stdout] Caused by:
[INFO] [stdout]     0: Output file could not be created
[INFO] [stdout]     1: Read-only file system (os error 30)
[INFO] [stdout] 
[INFO] [stdout] Stack backtrace:
[INFO] [stdout]    0: <E as anyhow::context::ext::StdError>::ext_context
[INFO] [stdout]              at /opt/rustwide/cargo-home/registry/src/index.crates.io-6f17d22bba15001f/anyhow-1.0.79/src/backtrace.rs:27:14
[INFO] [stdout]    1: anyhow::context::<impl anyhow::Context<T,E> for core::result::Result<T,E>>::context
[INFO] [stdout]              at /opt/rustwide/cargo-home/registry/src/index.crates.io-6f17d22bba15001f/anyhow-1.0.79/src/context.rs:54:31
[INFO] [stdout]    2: <rasusa::reads::Reads as rasusa::Runner>::run
[INFO] [stdout]              at ./src/reads.rs:165:17
[INFO] [stdout]    3: rasusa::main
[INFO] [stdout]              at ./src/main.rs:48:5
[INFO] [stdout]    4: core::ops::function::FnOnce::call_once
[INFO] [stdout]              at /rustc/90b35a6239c3d8bdabc530a6a0816f7ff89a0aaf/library/core/src/ops/function.rs:250:5
[INFO] [stdout]    5: std::sys::backtrace::__rust_begin_short_backtrace
[INFO] [stdout]              at /rustc/90b35a6239c3d8bdabc530a6a0816f7ff89a0aaf/library/std/src/sys/backtrace.rs:154:18
[INFO] [stdout]    6: std::rt::lang_start::{{closure}}
[INFO] [stdout]              at /rustc/90b35a6239c3d8bdabc530a6a0816f7ff89a0aaf/library/std/src/rt.rs:195:18
[INFO] [stdout]    7: core::ops::function::impls::<impl core::ops::function::FnOnce<A> for &F>::call_once
[INFO] [stdout]              at /rustc/90b35a6239c3d8bdabc530a6a0816f7ff89a0aaf/library/core/src/ops/function.rs:284:13
[INFO] [stdout]    8: std::panicking::try::do_call
[INFO] [stdout]              at /rustc/90b35a6239c3d8bdabc530a6a0816f7ff89a0aaf/library/std/src/panicking.rs:557:40
[INFO] [stdout]    9: std::panicking::try
[INFO] [stdout]              at /rustc/90b35a6239c3d8bdabc530a6a0816f7ff89a0aaf/library/std/src/panicking.rs:520:19
[INFO] [stdout]   10: std::panic::catch_unwind
[INFO] [stdout]              at /rustc/90b35a6239c3d8bdabc530a6a0816f7ff89a0aaf/library/std/src/panic.rs:358:14
[INFO] [stdout]   11: std::rt::lang_start_internal::{{closure}}
[INFO] [stdout]              at /rustc/90b35a6239c3d8bdabc530a6a0816f7ff89a0aaf/library/std/src/rt.rs:174:48
[INFO] [stdout]   12: std::panicking::try::do_call
[INFO] [stdout]              at /rustc/90b35a6239c3d8bdabc530a6a0816f7ff89a0aaf/library/std/src/panicking.rs:557:40
[INFO] [stdout]   13: std::panicking::try
[INFO] [stdout]              at /rustc/90b35a6239c3d8bdabc530a6a0816f7ff89a0aaf/library/std/src/panicking.rs:520:19
[INFO] [stdout]   14: std::panic::catch_unwind
[INFO] [stdout]              at /rustc/90b35a6239c3d8bdabc530a6a0816f7ff89a0aaf/library/std/src/panic.rs:358:14
[INFO] [stdout]   15: std::rt::lang_start_internal
[INFO] [stdout]              at /rustc/90b35a6239c3d8bdabc530a6a0816f7ff89a0aaf/library/std/src/rt.rs:174:20
[INFO] [stdout]   16: std::rt::lang_start
[INFO] [stdout]              at /rustc/90b35a6239c3d8bdabc530a6a0816f7ff89a0aaf/library/std/src/rt.rs:194:17
[INFO] [stdout]   17: main
[INFO] [stdout]   18: <unknown>
[INFO] [stdout]   19: __libc_start_main
[INFO] [stdout]   20: _start
[INFO] [stdout] ```
[INFO] [stdout] ```
[INFO] [stdout] command=`"/opt/rustwide/target/debug/rasusa" "reads" "tests/cases/r1.fq.gz" "tests/cases/r1.fq.gz" "-c" "5" "-g" "8mb" "-s" "88" "-o" "out.fq" "-o" "out.fq"`
[INFO] [stdout] code=1
[INFO] [stdout] stdout=""
[INFO] [stdout] stderr=```
[INFO] [stdout] [2024-12-14T18:06:59Z INFO ] Two input files given. Assuming paired Illumina...
[INFO] [stdout] Error: unable to create the first output file
[INFO] [stdout] 
[INFO] [stdout] Caused by:
[INFO] [stdout]     0: Output file could not be created
[INFO] [stdout]     1: Read-only file system (os error 30)
[INFO] [stdout] 
[INFO] [stdout] Stack backtrace:
[INFO] [stdout]    0: <E as anyhow::context::ext::StdError>::ext_context
[INFO] [stdout]              at /opt/rustwide/cargo-home/registry/src/index.crates.io-6f17d22bba15001f/anyhow-1.0.79/src/backtrace.rs:27:14
[INFO] [stdout]    1: anyhow::context::<impl anyhow::Context<T,E> for core::result::Result<T,E>>::context
[INFO] [stdout]              at /opt/rustwide/cargo-home/registry/src/index.crates.io-6f17d22bba15001f/anyhow-1.0.79/src/context.rs:54:31
[INFO] [stdout]    2: <rasusa::reads::Reads as rasusa::Runner>::run
[INFO] [stdout]              at ./src/reads.rs:165:17
[INFO] [stdout]    3: rasusa::main
[INFO] [stdout]              at ./src/main.rs:48:5
[INFO] [stdout]    4: core::ops::function::FnOnce::call_once
[INFO] [stdout]              at /rustc/90b35a6239c3d8bdabc530a6a0816f7ff89a0aaf/library/core/src/ops/function.rs:250:5
[INFO] [stdout]    5: std::sys::backtrace::__rust_begin_short_backtrace
[INFO] [stdout]              at /rustc/90b35a6239c3d8bdabc530a6a0816f7ff89a0aaf/library/std/src/sys/backtrace.rs:154:18
[INFO] [stdout]    6: std::rt::lang_start::{{closure}}
[INFO] [stdout]              at /rustc/90b35a6239c3d8bdabc530a6a0816f7ff89a0aaf/library/std/src/rt.rs:195:18
[INFO] [stdout]    7: core::ops::function::impls::<impl core::ops::function::FnOnce<A> for &F>::call_once
[INFO] [stdout]              at /rustc/90b35a6239c3d8bdabc530a6a0816f7ff89a0aaf/library/core/src/ops/function.rs:284:13
[INFO] [stdout]    8: std::panicking::try::do_call
[INFO] [stdout]              at /rustc/90b35a6239c3d8bdabc530a6a0816f7ff89a0aaf/library/std/src/panicking.rs:557:40
[INFO] [stdout]    9: std::panicking::try
[INFO] [stdout]              at /rustc/90b35a6239c3d8bdabc530a6a0816f7ff89a0aaf/library/std/src/panicking.rs:520:19
[INFO] [stdout]   10: std::panic::catch_unwind
[INFO] [stdout]              at /rustc/90b35a6239c3d8bdabc530a6a0816f7ff89a0aaf/library/std/src/panic.rs:358:14
[INFO] [stdout]   11: std::rt::lang_start_internal::{{closure}}
[INFO] [stdout]              at /rustc/90b35a6239c3d8bdabc530a6a0816f7ff89a0aaf/library/std/src/rt.rs:174:48
[INFO] [stdout]   12: std::panicking::try::do_call
[INFO] [stdout]              at /rustc/90b35a6239c3d8bdabc530a6a0816f7ff89a0aaf/library/std/src/panicking.rs:557:40
[INFO] [stdout]   13: std::panicking::try
[INFO] [stdout]              at /rustc/90b35a6239c3d8bdabc530a6a0816f7ff89a0aaf/library/std/src/panicking.rs:520:19
[INFO] [stdout]   14: std::panic::catch_unwind
[INFO] [stdout]              at /rustc/90b35a6239c3d8bdabc530a6a0816f7ff89a0aaf/library/std/src/panic.rs:358:14
[INFO] [stdout]   15: std::rt::lang_start_internal
[INFO] [stdout]              at /rustc/90b35a6239c3d8bdabc530a6a0816f7ff89a0aaf/library/std/src/rt.rs:174:20
[INFO] [stdout]   16: std::rt::lang_start
[INFO] [stdout]              at /rustc/90b35a6239c3d8bdabc530a6a0816f7ff89a0aaf/library/std/src/rt.rs:194:17
[INFO] [stdout]   17: main
[INFO] [stdout]   18: <unknown>
[INFO] [stdout]   19: __libc_start_main
[INFO] [stdout]   20: _start
[INFO] [stdout] ```
[INFO] [stdout] 
[INFO] [stdout] 
[INFO] [stdout] stack backtrace:
[INFO] [stdout]    0:     0x632271e32c2a - std::backtrace_rs::backtrace::libunwind::trace::h5a5b8284f2d0c266
[INFO] [stdout]                                at /rustc/90b35a6239c3d8bdabc530a6a0816f7ff89a0aaf/library/std/src/../../backtrace/src/backtrace/libunwind.rs:116:5
[INFO] [stdout]    1:     0x632271e32c2a - std::backtrace_rs::backtrace::trace_unsynchronized::h76d4f1c9b0b875e3
[INFO] [stdout]                                at /rustc/90b35a6239c3d8bdabc530a6a0816f7ff89a0aaf/library/std/src/../../backtrace/src/backtrace/mod.rs:66:5
[INFO] [stdout]    2:     0x632271e32c2a - std::sys::backtrace::_print_fmt::hc4546b8364a537c6
[INFO] [stdout]                                at /rustc/90b35a6239c3d8bdabc530a6a0816f7ff89a0aaf/library/std/src/sys/backtrace.rs:66:9
[INFO] [stdout]    3:     0x632271e32c2a - <std::sys::backtrace::BacktraceLock::print::DisplayBacktrace as core::fmt::Display>::fmt::h5b6bd5631a6d1f6b
[INFO] [stdout]                                at /rustc/90b35a6239c3d8bdabc530a6a0816f7ff89a0aaf/library/std/src/sys/backtrace.rs:39:26
[INFO] [stdout]    4:     0x632271e5c523 - core::fmt::rt::Argument::fmt::h270f6602a2b96f62
[INFO] [stdout]                                at /rustc/90b35a6239c3d8bdabc530a6a0816f7ff89a0aaf/library/core/src/fmt/rt.rs:177:76
[INFO] [stdout]    5:     0x632271e5c523 - core::fmt::write::h7550c97b06c86515
[INFO] [stdout]                                at /rustc/90b35a6239c3d8bdabc530a6a0816f7ff89a0aaf/library/core/src/fmt/mod.rs:1186:21
[INFO] [stdout]    6:     0x632271e2f463 - std::io::Write::write_fmt::h509ff860e5956e5e
[INFO] [stdout]                                at /rustc/90b35a6239c3d8bdabc530a6a0816f7ff89a0aaf/library/std/src/io/mod.rs:1839:15
[INFO] [stdout]    7:     0x632271e32a72 - std::sys::backtrace::BacktraceLock::print::h2395ccd2c84ba3aa
[INFO] [stdout]                                at /rustc/90b35a6239c3d8bdabc530a6a0816f7ff89a0aaf/library/std/src/sys/backtrace.rs:42:9
[INFO] [stdout]    8:     0x632271e3410a - std::panicking::default_hook::{{closure}}::he19d4c7230e07961
[INFO] [stdout]                                at /rustc/90b35a6239c3d8bdabc530a6a0816f7ff89a0aaf/library/std/src/panicking.rs:268:22
[INFO] [stdout]    9:     0x632271e33f14 - std::panicking::default_hook::hf614597d3c67bbdb
[INFO] [stdout]                                at /rustc/90b35a6239c3d8bdabc530a6a0816f7ff89a0aaf/library/std/src/panicking.rs:292:9
[INFO] [stdout]   10:     0x63227185e699 - <alloc::boxed::Box<F,A> as core::ops::function::Fn<Args>>::call::h39b51ce4599c23d1
[INFO] [stdout]                                at /rustc/90b35a6239c3d8bdabc530a6a0816f7ff89a0aaf/library/alloc/src/boxed.rs:2468:9
[INFO] [stdout]   11:     0x63227185e699 - test::test_main::{{closure}}::he977ae839a582784
[INFO] [stdout]                                at /rustc/90b35a6239c3d8bdabc530a6a0816f7ff89a0aaf/library/test/src/lib.rs:133:21
[INFO] [stdout]   12:     0x632271e347a8 - <alloc::boxed::Box<F,A> as core::ops::function::Fn<Args>>::call::h9455091b6b06f9fb
[INFO] [stdout]                                at /rustc/90b35a6239c3d8bdabc530a6a0816f7ff89a0aaf/library/alloc/src/boxed.rs:2468:9
[INFO] [stdout]   13:     0x632271e347a8 - std::panicking::rust_panic_with_hook::h8942133a8b252070
[INFO] [stdout]                                at /rustc/90b35a6239c3d8bdabc530a6a0816f7ff89a0aaf/library/std/src/panicking.rs:809:13
[INFO] [stdout]   14:     0x632271e3456a - std::panicking::begin_panic_handler::{{closure}}::hb5f5963570096b29
[INFO] [stdout]                                at /rustc/90b35a6239c3d8bdabc530a6a0816f7ff89a0aaf/library/std/src/panicking.rs:674:13
[INFO] [stdout]   15:     0x632271e33109 - std::sys::backtrace::__rust_end_short_backtrace::h6208cedc1922feda
[INFO] [stdout]                                at /rustc/90b35a6239c3d8bdabc530a6a0816f7ff89a0aaf/library/std/src/sys/backtrace.rs:170:18
[INFO] [stdout]   16:     0x632271e341fc - rust_begin_unwind
[INFO] [stdout]                                at /rustc/90b35a6239c3d8bdabc530a6a0816f7ff89a0aaf/library/std/src/panicking.rs:665:5
[INFO] [stdout]   17:     0x6322717d9370 - core::panicking::panic_fmt::h0c3082644d1bf418
[INFO] [stdout]                                at /rustc/90b35a6239c3d8bdabc530a6a0816f7ff89a0aaf/library/core/src/panicking.rs:74:14
[INFO] [stdout]   18:     0x632271ab2cd3 - core::panicking::panic_display::hf0e6afeac5c9dc8b
[INFO] [stdout]                                at /rustc/90b35a6239c3d8bdabc530a6a0816f7ff89a0aaf/library/core/src/panicking.rs:264:5
[INFO] [stdout]   19:     0x632271abdf4e - assert_cmd::assert::AssertError::panic::panic_cold_display::h6152aff1a2836d2c
[INFO] [stdout]                                at /rustc/90b35a6239c3d8bdabc530a6a0816f7ff89a0aaf/library/core/src/panic.rs:100:13
[INFO] [stdout]   20:     0x632271abceb7 - assert_cmd::assert::AssertError::panic::hdbc8ff1472c439a4
[INFO] [stdout]                                at /opt/rustwide/cargo-home/registry/src/index.crates.io-6f17d22bba15001f/assert_cmd-2.0.14/src/assert.rs:1033:9
[INFO] [stdout]   21:     0x632271ab1137 - core::ops::function::FnOnce::call_once::hb8ffe5e4c5e5950e
[INFO] [stdout]                                at /rustc/90b35a6239c3d8bdabc530a6a0816f7ff89a0aaf/library/core/src/ops/function.rs:250:5
[INFO] [stdout]   22:     0x632271abf040 - core::result::Result<T,E>::unwrap_or_else::h8d8244dce1e1550e
[INFO] [stdout]                                at /rustc/90b35a6239c3d8bdabc530a6a0816f7ff89a0aaf/library/core/src/result.rs:1458:23
[INFO] [stdout]   23:     0x632271abc606 - assert_cmd::assert::Assert::success::h631f9319e898649b
[INFO] [stdout]                                at /opt/rustwide/cargo-home/registry/src/index.crates.io-6f17d22bba15001f/assert_cmd-2.0.14/src/assert.rs:158:9
[INFO] [stdout]   24:     0x63227180c757 - rasusa::reads::tests::two_input_two_outputs_is_ok::h7ac2494ebbcaccb3
[INFO] [stdout]                                at /opt/rustwide/workdir/src/reads.rs:584:9
[INFO] [stdout]   25:     0x63227180c3f7 - rasusa::reads::tests::two_input_two_outputs_is_ok::{{closure}}::hdcf4bb8c897278db
[INFO] [stdout]                                at /opt/rustwide/workdir/src/reads.rs:577:37
[INFO] [stdout]   26:     0x6322718107a6 - core::ops::function::FnOnce::call_once::hf5d03799610c64c2
[INFO] [stdout]                                at /rustc/90b35a6239c3d8bdabc530a6a0816f7ff89a0aaf/library/core/src/ops/function.rs:250:5
[INFO] [stdout]   27:     0x63227186305b - core::ops::function::FnOnce::call_once::h109cf8051a59b34e
[INFO] [stdout]                                at /rustc/90b35a6239c3d8bdabc530a6a0816f7ff89a0aaf/library/core/src/ops/function.rs:250:5
[INFO] [stdout]   28:     0x63227186305b - test::__rust_begin_short_backtrace::hf4fff89d377446ba
[INFO] [stdout]                                at /rustc/90b35a6239c3d8bdabc530a6a0816f7ff89a0aaf/library/test/src/lib.rs:621:18
[INFO] [stdout]   29:     0x632271862897 - test::run_test_in_process::{{closure}}::h0e39181dd7ee5a43
[INFO] [stdout]                                at /rustc/90b35a6239c3d8bdabc530a6a0816f7ff89a0aaf/library/test/src/lib.rs:644:60
[INFO] [stdout]   30:     0x632271862897 - <core::panic::unwind_safe::AssertUnwindSafe<F> as core::ops::function::FnOnce<()>>::call_once::hc5a66a30f0bdfd1f
[INFO] [stdout]                                at /rustc/90b35a6239c3d8bdabc530a6a0816f7ff89a0aaf/library/core/src/panic/unwind_safe.rs:272:9
[INFO] [stdout]   31:     0x632271862897 - std::panicking::try::do_call::h873b7cf639554a5e
[INFO] [stdout]                                at /rustc/90b35a6239c3d8bdabc530a6a0816f7ff89a0aaf/library/std/src/panicking.rs:557:40
[INFO] [stdout]   32:     0x632271862897 - std::panicking::try::hdb19862fad9c8bd1
[INFO] [stdout]                                at /rustc/90b35a6239c3d8bdabc530a6a0816f7ff89a0aaf/library/std/src/panicking.rs:520:19
[INFO] [stdout]   33:     0x632271862897 - std::panic::catch_unwind::h281fe732d236d260
[INFO] [stdout]                                at /rustc/90b35a6239c3d8bdabc530a6a0816f7ff89a0aaf/library/std/src/panic.rs:358:14
[INFO] [stdout]   34:     0x632271862897 - test::run_test_in_process::h949b6df8457ed338
[INFO] [stdout]                                at /rustc/90b35a6239c3d8bdabc530a6a0816f7ff89a0aaf/library/test/src/lib.rs:644:27
[INFO] [stdout]   35:     0x632271862897 - test::run_test::{{closure}}::h52c556a6d4740e10
[INFO] [stdout]                                at /rustc/90b35a6239c3d8bdabc530a6a0816f7ff89a0aaf/library/test/src/lib.rs:565:43
[INFO] [stdout]   36:     0x632271827b74 - test::run_test::{{closure}}::h4237f6381c45ccb9
[INFO] [stdout]                                at /rustc/90b35a6239c3d8bdabc530a6a0816f7ff89a0aaf/library/test/src/lib.rs:595:41
[INFO] [stdout]   37:     0x632271827b74 - std::sys::backtrace::__rust_begin_short_backtrace::h505c97a579eca628
[INFO] [stdout]                                at /rustc/90b35a6239c3d8bdabc530a6a0816f7ff89a0aaf/library/std/src/sys/backtrace.rs:154:18
[INFO] [stdout]   38:     0x63227182b23e - std::thread::Builder::spawn_unchecked_::{{closure}}::{{closure}}::h9e86b2e2bc107ea3
[INFO] [stdout]                                at /rustc/90b35a6239c3d8bdabc530a6a0816f7ff89a0aaf/library/std/src/thread/mod.rs:538:17
[INFO] [stdout]   39:     0x63227182b23e - <core::panic::unwind_safe::AssertUnwindSafe<F> as core::ops::function::FnOnce<()>>::call_once::h8b06ddb275ff4a25
[INFO] [stdout]                                at /rustc/90b35a6239c3d8bdabc530a6a0816f7ff89a0aaf/library/core/src/panic/unwind_safe.rs:272:9
[INFO] [stdout]   40:     0x63227182b23e - std::panicking::try::do_call::hb26ecd7cd9a9355d
[INFO] [stdout]                                at /rustc/90b35a6239c3d8bdabc530a6a0816f7ff89a0aaf/library/std/src/panicking.rs:557:40
[INFO] [stdout]   41:     0x63227182b23e - std::panicking::try::h8ddeca9d705f9069
[INFO] [stdout]                                at /rustc/90b35a6239c3d8bdabc530a6a0816f7ff89a0aaf/library/std/src/panicking.rs:520:19
[INFO] [stdout]   42:     0x63227182b23e - std::panic::catch_unwind::h49e1c33078844c46
[INFO] [stdout]                                at /rustc/90b35a6239c3d8bdabc530a6a0816f7ff89a0aaf/library/std/src/panic.rs:358:14
[INFO] [stdout]   43:     0x63227182b23e - std::thread::Builder::spawn_unchecked_::{{closure}}::h6073db6ff56ad35d
[INFO] [stdout]                                at /rustc/90b35a6239c3d8bdabc530a6a0816f7ff89a0aaf/library/std/src/thread/mod.rs:537:30
[INFO] [stdout]   44:     0x63227182b23e - core::ops::function::FnOnce::call_once{{vtable.shim}}::h2c5a5f3779c774f1
[INFO] [stdout]                                at /rustc/90b35a6239c3d8bdabc530a6a0816f7ff89a0aaf/library/core/src/ops/function.rs:250:5
[INFO] [stdout]   45:     0x632271e391ab - <alloc::boxed::Box<F,A> as core::ops::function::FnOnce<Args>>::call_once::hf75717d9f28faebf
[INFO] [stdout]                                at /rustc/90b35a6239c3d8bdabc530a6a0816f7ff89a0aaf/library/alloc/src/boxed.rs:2454:9
[INFO] [stdout]   46:     0x632271e391ab - <alloc::boxed::Box<F,A> as core::ops::function::FnOnce<Args>>::call_once::h7bd883a5f3c5f3c1
[INFO] [stdout]                                at /rustc/90b35a6239c3d8bdabc530a6a0816f7ff89a0aaf/library/alloc/src/boxed.rs:2454:9
[INFO] [stdout]   47:     0x632271e391ab - std::sys::pal::unix::thread::Thread::new::thread_start::hcc78f3943333fa94
[INFO] [stdout]                                at /rustc/90b35a6239c3d8bdabc530a6a0816f7ff89a0aaf/library/std/src/sys/pal/unix/thread.rs:105:17
[INFO] [stdout]   48:     0x7deb88ca6ac3 - <unknown>
[INFO] [stdout]   49:     0x7deb88d37a04 - clone
[INFO] [stdout]   50:                0x0 - <unknown>
[INFO] [stdout] 
[INFO] [stdout] 
[INFO] [stdout] failures:
[INFO] [stdout]     reads::tests::two_input_two_outputs_is_ok
[INFO] [stdout]     reads::tests::two_input_two_outputs_is_ok_when_positional_args_at_end
[INFO] [stdout] 
[INFO] [stdout] test result: FAILED. 115 passed; 2 failed; 0 ignored; 0 measured; 0 filtered out; finished in 18.98s
[INFO] [stdout] 
[INFO] [stderr] error: test failed, to rerun pass `--bin rasusa`
[INFO] running `Command { std: "docker" "inspect" "c153ec20d36df6a9a8befe0b4805894dfcb5823bee102adec76ad04ccff2b70b", kill_on_drop: false }`
[INFO] running `Command { std: "docker" "rm" "-f" "c153ec20d36df6a9a8befe0b4805894dfcb5823bee102adec76ad04ccff2b70b", kill_on_drop: false }`
[INFO] [stdout] c153ec20d36df6a9a8befe0b4805894dfcb5823bee102adec76ad04ccff2b70b
