[INFO] cloning repository https://github.com/maximebedard/mcrouteur
[INFO] running `Command { std: "git" "-c" "credential.helper=" "-c" "credential.helper=/workspace/cargo-home/bin/git-credential-null" "clone" "--bare" "https://github.com/maximebedard/mcrouteur" "/workspace/cache/git-repos/https%3A%2F%2Fgithub.com%2Fmaximebedard%2Fmcrouteur", kill_on_drop: false }`
[INFO] [stderr] Cloning into bare repository '/workspace/cache/git-repos/https%3A%2F%2Fgithub.com%2Fmaximebedard%2Fmcrouteur'...
[INFO] running `Command { std: "git" "rev-parse" "HEAD", kill_on_drop: false }`
[INFO] [stdout] afbe18e6b150a45b76721e4cdaed3500b75aa1f8
[INFO] testing maximebedard/mcrouteur against 1.83.0 for beta-1.84.0-4-retry
[INFO] running `Command { std: "git" "clone" "/workspace/cache/git-repos/https%3A%2F%2Fgithub.com%2Fmaximebedard%2Fmcrouteur" "/workspace/builds/worker-4-tc1/source", kill_on_drop: false }`
[INFO] [stderr] Cloning into '/workspace/builds/worker-4-tc1/source'...
[INFO] [stderr] done.
[INFO] validating manifest of git repo https://github.com/maximebedard/mcrouteur on toolchain 1.83.0
[INFO] running `Command { std: CARGO_HOME="/workspace/cargo-home" RUSTUP_HOME="/workspace/rustup-home" "/workspace/cargo-home/bin/cargo" "+1.83.0" "metadata" "--manifest-path" "Cargo.toml" "--no-deps", kill_on_drop: false }`
[INFO] started tweaking git repo https://github.com/maximebedard/mcrouteur
[INFO] finished tweaking git repo https://github.com/maximebedard/mcrouteur
[INFO] tweaked toml for git repo https://github.com/maximebedard/mcrouteur written to /workspace/builds/worker-4-tc1/source/Cargo.toml
[INFO] crate git repo https://github.com/maximebedard/mcrouteur already has a lockfile, it will not be regenerated
[INFO] running `Command { std: CARGO_HOME="/workspace/cargo-home" RUSTUP_HOME="/workspace/rustup-home" "/workspace/cargo-home/bin/cargo" "+1.83.0" "fetch" "--manifest-path" "Cargo.toml", kill_on_drop: false }`
[INFO] [stderr]  Downloading crates ...
[INFO] [stderr]   Downloaded clap v4.2.5
[INFO] [stderr]   Downloaded clap_builder v4.2.5
[INFO] [stderr]   Downloaded rustix v0.37.18
[INFO] [stderr]   Downloaded linux-raw-sys v0.3.6
[INFO] running `Command { std: "docker" "create" "-v" "/var/lib/crater-agent-workspace/builds/worker-4-tc1/target:/opt/rustwide/target:rw,Z" "-v" "/var/lib/crater-agent-workspace/builds/worker-4-tc1/source:/opt/rustwide/workdir:ro,Z" "-v" "/var/lib/crater-agent-workspace/cargo-home:/opt/rustwide/cargo-home:ro,Z" "-v" "/var/lib/crater-agent-workspace/rustup-home:/opt/rustwide/rustup-home:ro,Z" "-e" "SOURCE_DIR=/opt/rustwide/workdir" "-e" "CARGO_TARGET_DIR=/opt/rustwide/target" "-e" "CARGO_HOME=/opt/rustwide/cargo-home" "-e" "RUSTUP_HOME=/opt/rustwide/rustup-home" "-w" "/opt/rustwide/workdir" "-m" "1610612736" "--user" "0:0" "--network" "none" "ghcr.io/rust-lang/crates-build-env/linux@sha256:f3a9d4ad9d972b27faf3965f35b62e55ba32bbce8f20bc8fe909558a86702fde" "/opt/rustwide/cargo-home/bin/cargo" "+1.83.0" "metadata" "--no-deps" "--format-version=1", kill_on_drop: false }`
[INFO] [stdout] 11fad6e1e132aa03fbf3c22fb0466e11e271fce5a364cc8e62af3046a395c1dd
[INFO] running `Command { std: "docker" "start" "-a" "11fad6e1e132aa03fbf3c22fb0466e11e271fce5a364cc8e62af3046a395c1dd", kill_on_drop: false }`
[INFO] running `Command { std: "docker" "inspect" "11fad6e1e132aa03fbf3c22fb0466e11e271fce5a364cc8e62af3046a395c1dd", kill_on_drop: false }`
[INFO] running `Command { std: "docker" "rm" "-f" "11fad6e1e132aa03fbf3c22fb0466e11e271fce5a364cc8e62af3046a395c1dd", kill_on_drop: false }`
[INFO] [stdout] 11fad6e1e132aa03fbf3c22fb0466e11e271fce5a364cc8e62af3046a395c1dd
[INFO] running `Command { std: "docker" "create" "-v" "/var/lib/crater-agent-workspace/builds/worker-4-tc1/target:/opt/rustwide/target:rw,Z" "-v" "/var/lib/crater-agent-workspace/builds/worker-4-tc1/source:/opt/rustwide/workdir:ro,Z" "-v" "/var/lib/crater-agent-workspace/cargo-home:/opt/rustwide/cargo-home:ro,Z" "-v" "/var/lib/crater-agent-workspace/rustup-home:/opt/rustwide/rustup-home:ro,Z" "-e" "SOURCE_DIR=/opt/rustwide/workdir" "-e" "CARGO_TARGET_DIR=/opt/rustwide/target" "-e" "CARGO_INCREMENTAL=0" "-e" "RUST_BACKTRACE=full" "-e" "RUSTFLAGS=--cap-lints=warn" "-e" "RUSTDOCFLAGS=--cap-lints=warn" "-e" "CARGO_HOME=/opt/rustwide/cargo-home" "-e" "RUSTUP_HOME=/opt/rustwide/rustup-home" "-w" "/opt/rustwide/workdir" "-m" "1610612736" "--user" "0:0" "--network" "none" "ghcr.io/rust-lang/crates-build-env/linux@sha256:f3a9d4ad9d972b27faf3965f35b62e55ba32bbce8f20bc8fe909558a86702fde" "/opt/rustwide/cargo-home/bin/cargo" "+1.83.0" "build" "--frozen" "--message-format=json", kill_on_drop: false }`
[INFO] [stdout] d5797c470bd7022a00ffd407c6ca062bae89fad3e7fba156e4021fb88025b729
[INFO] running `Command { std: "docker" "start" "-a" "d5797c470bd7022a00ffd407c6ca062bae89fad3e7fba156e4021fb88025b729", kill_on_drop: false }`
[INFO] [stderr]    Compiling libc v0.2.142
[INFO] [stderr]    Compiling proc-macro2 v1.0.56
[INFO] [stderr]    Compiling quote v1.0.26
[INFO] [stderr]    Compiling unicode-ident v1.0.8
[INFO] [stderr]    Compiling io-lifetimes v1.0.10
[INFO] [stderr]    Compiling rustix v0.37.18
[INFO] [stderr]    Compiling linux-raw-sys v0.3.6
[INFO] [stderr]    Compiling log v0.4.17
[INFO] [stderr]    Compiling parking_lot_core v0.9.7
[INFO] [stderr]    Compiling serde v1.0.163
[INFO] [stderr]    Compiling utf8parse v0.2.1
[INFO] [stderr]    Compiling tinyvec_macros v0.1.1
[INFO] [stderr]    Compiling anstyle-query v1.0.0
[INFO] [stderr]    Compiling lock_api v0.4.9
[INFO] [stderr]    Compiling scopeguard v1.1.0
[INFO] [stderr]    Compiling anstyle v1.0.0
[INFO] [stderr]    Compiling tinyvec v1.6.0
[INFO] [stderr]    Compiling smallvec v1.10.0
[INFO] [stderr]    Compiling colorchoice v1.0.0
[INFO] [stderr]    Compiling anstyle-parse v0.2.0
[INFO] [stderr]    Compiling tokio v1.28.0
[INFO] [stderr]    Compiling strsim v0.10.0
[INFO] [stderr]    Compiling clap_lex v0.4.1
[INFO] [stderr]    Compiling ppv-lite86 v0.2.17
[INFO] [stderr]    Compiling unicode-bidi v0.3.13
[INFO] [stderr]    Compiling serde_json v1.0.96
[INFO] [stderr]    Compiling itoa v1.0.6
[INFO] [stderr]    Compiling ryu v1.0.13
[INFO] [stderr]    Compiling pin-project-lite v0.2.9
[INFO] [stderr]    Compiling bytes v1.4.0
[INFO] [stderr]    Compiling crc-catalog v2.2.0
[INFO] [stderr]    Compiling crc v3.0.1
[INFO] [stderr]    Compiling unicode-normalization v0.1.22
[INFO] [stderr]    Compiling syn v2.0.15
[INFO] [stderr]    Compiling getrandom v0.2.9
[INFO] [stderr]    Compiling num_cpus v1.15.0
[INFO] [stderr]    Compiling socket2 v0.4.9
[INFO] [stderr]    Compiling signal-hook-registry v1.4.1
[INFO] [stderr]    Compiling mio v0.8.6
[INFO] [stderr]    Compiling rand_core v0.6.4
[INFO] [stderr]    Compiling idna v0.3.0
[INFO] [stderr]    Compiling rand_chacha v0.3.1
[INFO] [stderr]    Compiling parking_lot v0.12.1
[INFO] [stderr]    Compiling rand v0.8.5
[INFO] [stderr]    Compiling is-terminal v0.4.7
[INFO] [stderr]    Compiling anstream v0.3.2
[INFO] [stderr]    Compiling clap_builder v4.2.5
[INFO] [stderr]    Compiling serde_derive v1.0.163
[INFO] [stderr]    Compiling tokio-macros v2.1.0
[INFO] [stderr]    Compiling clap v4.2.5
[INFO] [stderr]    Compiling url v2.3.1
[INFO] [stderr]    Compiling mcrouteur v0.1.0 (/opt/rustwide/workdir)
[INFO] [stdout] warning: unused variable: `receiver`
[INFO] [stdout]    --> src/proxy.rs:618:20
[INFO] [stdout]     |
[INFO] [stdout] 618 |       let (sender, receiver) = oneshot::channel();
[INFO] [stdout]     |                    ^^^^^^^^ help: if this is intentional, prefix it with an underscore: `_receiver`
[INFO] [stdout]     |
[INFO] [stdout]     = note: `#[warn(unused_variables)]` on by default
[INFO] [stdout] 
[INFO] [stdout] 
[INFO] [stderr]     Finished `dev` profile [unoptimized + debuginfo] target(s) in 39.28s
[INFO] running `Command { std: "docker" "inspect" "d5797c470bd7022a00ffd407c6ca062bae89fad3e7fba156e4021fb88025b729", kill_on_drop: false }`
[INFO] running `Command { std: "docker" "rm" "-f" "d5797c470bd7022a00ffd407c6ca062bae89fad3e7fba156e4021fb88025b729", kill_on_drop: false }`
[INFO] [stdout] d5797c470bd7022a00ffd407c6ca062bae89fad3e7fba156e4021fb88025b729
[INFO] running `Command { std: "docker" "create" "-v" "/var/lib/crater-agent-workspace/builds/worker-4-tc1/target:/opt/rustwide/target:rw,Z" "-v" "/var/lib/crater-agent-workspace/builds/worker-4-tc1/source:/opt/rustwide/workdir:ro,Z" "-v" "/var/lib/crater-agent-workspace/cargo-home:/opt/rustwide/cargo-home:ro,Z" "-v" "/var/lib/crater-agent-workspace/rustup-home:/opt/rustwide/rustup-home:ro,Z" "-e" "SOURCE_DIR=/opt/rustwide/workdir" "-e" "CARGO_TARGET_DIR=/opt/rustwide/target" "-e" "CARGO_INCREMENTAL=0" "-e" "RUST_BACKTRACE=full" "-e" "RUSTFLAGS=--cap-lints=warn" "-e" "RUSTDOCFLAGS=--cap-lints=warn" "-e" "CARGO_HOME=/opt/rustwide/cargo-home" "-e" "RUSTUP_HOME=/opt/rustwide/rustup-home" "-w" "/opt/rustwide/workdir" "-m" "1610612736" "--user" "0:0" "--network" "none" "ghcr.io/rust-lang/crates-build-env/linux@sha256:f3a9d4ad9d972b27faf3965f35b62e55ba32bbce8f20bc8fe909558a86702fde" "/opt/rustwide/cargo-home/bin/cargo" "+1.83.0" "test" "--frozen" "--no-run" "--message-format=json", kill_on_drop: false }`
[INFO] [stdout] c82d36555d37d3ecaf64b42e55055abefb6c1dc0db270deae3b6ed1103f8a22f
[INFO] running `Command { std: "docker" "start" "-a" "c82d36555d37d3ecaf64b42e55055abefb6c1dc0db270deae3b6ed1103f8a22f", kill_on_drop: false }`
[INFO] [stderr]    Compiling serde v1.0.163
[INFO] [stderr]    Compiling crossbeam-utils v0.8.15
[INFO] [stderr]    Compiling memoffset v0.8.0
[INFO] [stderr]    Compiling crossbeam-epoch v0.9.14
[INFO] [stderr]    Compiling indexmap v1.9.3
[INFO] [stderr]    Compiling num-traits v0.2.15
[INFO] [stderr]    Compiling rayon-core v1.11.0
[INFO] [stderr]    Compiling either v1.8.1
[INFO] [stderr]    Compiling half v1.8.2
[INFO] [stderr]    Compiling plotters-backend v0.3.4
[INFO] [stderr]    Compiling ciborium-io v0.2.1
[INFO] [stderr]    Compiling os_str_bytes v6.5.0
[INFO] [stderr]    Compiling hashbrown v0.12.3
[INFO] [stderr]    Compiling cast v0.3.0
[INFO] [stderr]    Compiling textwrap v0.16.0
[INFO] [stderr]    Compiling regex-syntax v0.7.2
[INFO] [stderr]    Compiling same-file v1.0.6
[INFO] [stderr]    Compiling walkdir v2.3.3
[INFO] [stderr]    Compiling itertools v0.10.5
[INFO] [stderr]    Compiling atty v0.2.14
[INFO] [stderr]    Compiling anes v0.1.6
[INFO] [stderr]    Compiling clap_lex v0.2.4
[INFO] [stderr]    Compiling ciborium-ll v0.2.1
[INFO] [stderr]    Compiling plotters-svg v0.3.3
[INFO] [stderr]    Compiling oorandom v11.1.3
[INFO] [stderr]    Compiling crossbeam-channel v0.5.8
[INFO] [stderr]    Compiling crossbeam-deque v0.8.3
[INFO] [stderr]    Compiling clap v3.2.25
[INFO] [stderr]    Compiling regex v1.8.3
[INFO] [stderr]    Compiling plotters v0.3.4
[INFO] [stderr]    Compiling criterion-plot v0.5.0
[INFO] [stderr]    Compiling rayon v1.7.0
[INFO] [stderr]    Compiling serde_json v1.0.96
[INFO] [stderr]    Compiling url v2.3.1
[INFO] [stderr]    Compiling ciborium v0.2.1
[INFO] [stderr]    Compiling tinytemplate v1.2.1
[INFO] [stderr]    Compiling mcrouteur v0.1.0 (/opt/rustwide/workdir)
[INFO] [stderr]    Compiling criterion v0.4.0
[INFO] [stdout] warning: unused variable: `receiver`
[INFO] [stdout]    --> src/proxy.rs:618:20
[INFO] [stdout]     |
[INFO] [stdout] 618 |       let (sender, receiver) = oneshot::channel();
[INFO] [stdout]     |                    ^^^^^^^^ help: if this is intentional, prefix it with an underscore: `_receiver`
[INFO] [stdout]     |
[INFO] [stdout]     = note: `#[warn(unused_variables)]` on by default
[INFO] [stdout] 
[INFO] [stdout] 
[INFO] [stdout] warning: unused variable: `receiver`
[INFO] [stdout]    --> src/proxy.rs:618:20
[INFO] [stdout]     |
[INFO] [stdout] 618 |       let (sender, receiver) = oneshot::channel();
[INFO] [stdout]     |                    ^^^^^^^^ help: if this is intentional, prefix it with an underscore: `_receiver`
[INFO] [stdout]     |
[INFO] [stdout]     = note: `#[warn(unused_variables)]` on by default
[INFO] [stdout] 
[INFO] [stdout] 
[INFO] [stderr]     Finished `test` profile [unoptimized + debuginfo] target(s) in 38.08s
[INFO] running `Command { std: "docker" "inspect" "c82d36555d37d3ecaf64b42e55055abefb6c1dc0db270deae3b6ed1103f8a22f", kill_on_drop: false }`
[INFO] running `Command { std: "docker" "rm" "-f" "c82d36555d37d3ecaf64b42e55055abefb6c1dc0db270deae3b6ed1103f8a22f", kill_on_drop: false }`
[INFO] [stdout] c82d36555d37d3ecaf64b42e55055abefb6c1dc0db270deae3b6ed1103f8a22f
[INFO] running `Command { std: "docker" "create" "-v" "/var/lib/crater-agent-workspace/builds/worker-4-tc1/target:/opt/rustwide/target:rw,Z" "-v" "/var/lib/crater-agent-workspace/builds/worker-4-tc1/source:/opt/rustwide/workdir:ro,Z" "-v" "/var/lib/crater-agent-workspace/cargo-home:/opt/rustwide/cargo-home:ro,Z" "-v" "/var/lib/crater-agent-workspace/rustup-home:/opt/rustwide/rustup-home:ro,Z" "-e" "SOURCE_DIR=/opt/rustwide/workdir" "-e" "CARGO_TARGET_DIR=/opt/rustwide/target" "-e" "CARGO_INCREMENTAL=0" "-e" "RUST_BACKTRACE=full" "-e" "RUSTFLAGS=--cap-lints=warn" "-e" "RUSTDOCFLAGS=--cap-lints=warn" "-e" "CARGO_HOME=/opt/rustwide/cargo-home" "-e" "RUSTUP_HOME=/opt/rustwide/rustup-home" "-w" "/opt/rustwide/workdir" "-m" "1610612736" "--user" "0:0" "--network" "none" "ghcr.io/rust-lang/crates-build-env/linux@sha256:f3a9d4ad9d972b27faf3965f35b62e55ba32bbce8f20bc8fe909558a86702fde" "/opt/rustwide/cargo-home/bin/cargo" "+1.83.0" "test" "--frozen", kill_on_drop: false }`
[INFO] [stdout] 3f4bfe6a4da6c44540c7822ffbe365297f9afdf72cf991973cdae0f4ff9225fe
[INFO] running `Command { std: "docker" "start" "-a" "3f4bfe6a4da6c44540c7822ffbe365297f9afdf72cf991973cdae0f4ff9225fe", kill_on_drop: false }`
[INFO] [stderr] warning: unused variable: `receiver`
[INFO] [stderr]    --> src/proxy.rs:618:20
[INFO] [stderr]     |
[INFO] [stderr] 618 |       let (sender, receiver) = oneshot::channel();
[INFO] [stderr]     |                    ^^^^^^^^ help: if this is intentional, prefix it with an underscore: `_receiver`
[INFO] [stderr]     |
[INFO] [stderr]     = note: `#[warn(unused_variables)]` on by default
[INFO] [stderr] 
[INFO] [stderr] warning: `mcrouteur` (lib) generated 1 warning
[INFO] [stderr] warning: `mcrouteur` (lib test) generated 1 warning (1 duplicate)
[INFO] [stderr]     Finished `test` profile [unoptimized + debuginfo] target(s) in 0.29s
[INFO] [stderr]      Running unittests src/lib.rs (/opt/rustwide/target/debug/deps/mcrouteur-d8d3bff9e032fdbc)
[INFO] [stdout] 
[INFO] [stdout] running 5 tests
[INFO] [stdout] test codec::tests::test_read_command ... ok
[INFO] [stdout] test codec::tests::test_binary_command_roundtrip ... ok
[INFO] [stdout] test codec::tests::test_decode_text_command ... ok
[INFO] [stdout] test codec::tests::test_text_command_roundtrip ... ok
[INFO] [stdout] test trie::tests::test_trie ... ok
[INFO] [stdout] 
[INFO] [stdout] test result: ok. 5 passed; 0 failed; 0 ignored; 0 measured; 0 filtered out; finished in 0.01s
[INFO] [stdout] 
[INFO] [stderr]      Running unittests src/bin/mcrouteur.rs (/opt/rustwide/target/debug/deps/mcrouteur-06a6f61a1a836a90)
[INFO] [stdout] 
[INFO] [stdout] running 0 tests
[INFO] [stdout] 
[INFO] [stdout] test result: ok. 0 passed; 0 failed; 0 ignored; 0 measured; 0 filtered out; finished in 0.00s
[INFO] [stdout] 
[INFO] [stderr]      Running tests/integration_test.rs (/opt/rustwide/target/debug/deps/integration_test-0e3fa368ce499f22)
[INFO] [stdout] 
[INFO] [stdout] running 4 tests
[INFO] [stderr] Starting with configuration:
[INFO] [stderr] {
[INFO] [stderr]   "upstreams": {
[INFO] [stderr]     "primary": "tcp://[::]:11211?pool_size=3"
[INFO] [stderr]   },
[INFO] [stderr]   "routes": {},
[INFO] [stderr]   "wildcard_route": {
[INFO] [stderr]     "type": "proxy",
[INFO] [stderr]     "upstream": "primary"
[INFO] [stderr]   }
[INFO] [stderr] }
[INFO] [stderr] Listening on tcp://localhost:11210...
[INFO] [stderr] Starting with configuration:
[INFO] [stderr] {
[INFO] [stderr]   "upstreams": {
[INFO] [stderr]     "a": "tcp://[::]:11211",
[INFO] [stderr]     "b": "tcp://[::]:11212",
[INFO] [stderr]     "c": "tcp://[::]:11213"
[INFO] [stderr]   },
[INFO] [stderr]   "routes": {
[INFO] [stderr]     "a:": {
[INFO] [stderr]       "type": "proxy",
[INFO] [stderr]       "upstream": "a"
[INFO] [stderr]     },
[INFO] [stderr]     "b:": {
[INFO] [stderr]       "type": "proxy",
[INFO] [stderr]       "upstream": "b"
[INFO] [stderr]     },
[INFO] [stderr]     "c:": {
[INFO] [stderr]       "type": "proxy",
[INFO] [stderr]       "upstream": "c"
[INFO] [stderr]     }
[INFO] [stderr]   },
[INFO] [stderr]   "wildcard_route": null
[INFO] [stderr] }
[INFO] [stderr] Listening on tcp://localhost:11210...
[INFO] [stdout] test test_binary_protocol ... FAILED
[INFO] [stdout] test test_mcrouteur_proxy_configuration ... FAILED
[INFO] [stdout] test test_text_protocol ... FAILED
[INFO] [stdout] test test_mcrouter_prefix_routes ... FAILED
[INFO] [stdout] 
[INFO] [stdout] failures:
[INFO] [stdout] 
[INFO] [stdout] ---- test_binary_protocol stdout ----
[INFO] [stdout] thread 'test_binary_protocol' panicked at tests/integration_test.rs:15:6:
[INFO] [stdout] called `Result::unwrap()` on an `Err` value: Io(Os { code: 111, kind: ConnectionRefused, message: "Connection refused" })
[INFO] [stdout] stack backtrace:
[INFO] [stdout]    0:     0x6489fa72f5ca - std::backtrace_rs::backtrace::libunwind::trace::h5a5b8284f2d0c266
[INFO] [stdout]                                at /rustc/90b35a6239c3d8bdabc530a6a0816f7ff89a0aaf/library/std/src/../../backtrace/src/backtrace/libunwind.rs:116:5
[INFO] [stdout]    1:     0x6489fa72f5ca - std::backtrace_rs::backtrace::trace_unsynchronized::h76d4f1c9b0b875e3
[INFO] [stdout]                                at /rustc/90b35a6239c3d8bdabc530a6a0816f7ff89a0aaf/library/std/src/../../backtrace/src/backtrace/mod.rs:66:5
[INFO] [stdout]    2:     0x6489fa72f5ca - std::sys::backtrace::_print_fmt::hc4546b8364a537c6
[INFO] [stdout]                                at /rustc/90b35a6239c3d8bdabc530a6a0816f7ff89a0aaf/library/std/src/sys/backtrace.rs:66:9
[INFO] [stdout]    3:     0x6489fa72f5ca - <std::sys::backtrace::BacktraceLock::print::DisplayBacktrace as core::fmt::Display>::fmt::h5b6bd5631a6d1f6b
[INFO] [stdout]                                at /rustc/90b35a6239c3d8bdabc530a6a0816f7ff89a0aaf/library/std/src/sys/backtrace.rs:39:26
[INFO] [stdout]    4:     0x6489fa756223 - core::fmt::rt::Argument::fmt::h270f6602a2b96f62
[INFO] [stdout]                                at /rustc/90b35a6239c3d8bdabc530a6a0816f7ff89a0aaf/library/core/src/fmt/rt.rs:177:76
[INFO] [stdout]    5:     0x6489fa756223 - core::fmt::write::h7550c97b06c86515
[INFO] [stdout]                                at /rustc/90b35a6239c3d8bdabc530a6a0816f7ff89a0aaf/library/core/src/fmt/mod.rs:1186:21
[INFO] [stdout]    6:     0x6489fa72be43 - std::io::Write::write_fmt::h509ff860e5956e5e
[INFO] [stdout]                                at /rustc/90b35a6239c3d8bdabc530a6a0816f7ff89a0aaf/library/std/src/io/mod.rs:1839:15
[INFO] [stdout]    7:     0x6489fa72f412 - std::sys::backtrace::BacktraceLock::print::h2395ccd2c84ba3aa
[INFO] [stdout]                                at /rustc/90b35a6239c3d8bdabc530a6a0816f7ff89a0aaf/library/std/src/sys/backtrace.rs:42:9
[INFO] [stdout]    8:     0x6489fa730a2a - std::panicking::default_hook::{{closure}}::he19d4c7230e07961
[INFO] [stdout]                                at /rustc/90b35a6239c3d8bdabc530a6a0816f7ff89a0aaf/library/std/src/panicking.rs:268:22
[INFO] [stdout]    9:     0x6489fa730834 - std::panicking::default_hook::hf614597d3c67bbdb
[INFO] [stdout]                                at /rustc/90b35a6239c3d8bdabc530a6a0816f7ff89a0aaf/library/std/src/panicking.rs:292:9
[INFO] [stdout]   10:     0x6489fa5df829 - <alloc::boxed::Box<F,A> as core::ops::function::Fn<Args>>::call::h39b51ce4599c23d1
[INFO] [stdout]                                at /rustc/90b35a6239c3d8bdabc530a6a0816f7ff89a0aaf/library/alloc/src/boxed.rs:2468:9
[INFO] [stdout]   11:     0x6489fa5df829 - test::test_main::{{closure}}::he977ae839a582784
[INFO] [stdout]                                at /rustc/90b35a6239c3d8bdabc530a6a0816f7ff89a0aaf/library/test/src/lib.rs:133:21
[INFO] [stdout]   12:     0x6489fa7310c8 - <alloc::boxed::Box<F,A> as core::ops::function::Fn<Args>>::call::h9455091b6b06f9fb
[INFO] [stdout]                                at /rustc/90b35a6239c3d8bdabc530a6a0816f7ff89a0aaf/library/alloc/src/boxed.rs:2468:9
[INFO] [stdout]   13:     0x6489fa7310c8 - std::panicking::rust_panic_with_hook::h8942133a8b252070
[INFO] [stdout]                                at /rustc/90b35a6239c3d8bdabc530a6a0816f7ff89a0aaf/library/std/src/panicking.rs:809:13
[INFO] [stdout]   14:     0x6489fa730e8a - std::panicking::begin_panic_handler::{{closure}}::hb5f5963570096b29
[INFO] [stdout]                                at /rustc/90b35a6239c3d8bdabc530a6a0816f7ff89a0aaf/library/std/src/panicking.rs:674:13
[INFO] [stdout]   15:     0x6489fa72faa9 - std::sys::backtrace::__rust_end_short_backtrace::h6208cedc1922feda
[INFO] [stdout]                                at /rustc/90b35a6239c3d8bdabc530a6a0816f7ff89a0aaf/library/std/src/sys/backtrace.rs:170:18
[INFO] [stdout]   16:     0x6489fa730b1c - rust_begin_unwind
[INFO] [stdout]                                at /rustc/90b35a6239c3d8bdabc530a6a0816f7ff89a0aaf/library/std/src/panicking.rs:665:5
[INFO] [stdout]   17:     0x6489fa57ac80 - core::panicking::panic_fmt::h0c3082644d1bf418
[INFO] [stdout]                                at /rustc/90b35a6239c3d8bdabc530a6a0816f7ff89a0aaf/library/core/src/panicking.rs:74:14
[INFO] [stdout]   18:     0x6489fa57b0c6 - core::result::unwrap_failed::hd20b4aa073bda1e2
[INFO] [stdout]                                at /rustc/90b35a6239c3d8bdabc530a6a0816f7ff89a0aaf/library/core/src/result.rs:1700:5
[INFO] [stdout]   19:     0x6489fa58ae25 - core::result::Result<T,E>::unwrap::hb798bce6ddaf14fc
[INFO] [stdout]                                at /rustc/90b35a6239c3d8bdabc530a6a0816f7ff89a0aaf/library/core/src/result.rs:1104:23
[INFO] [stdout]   20:     0x6489fa58ae25 - integration_test::test_binary_protocol::{{closure}}::h794098c6b3295896
[INFO] [stdout]                                at /opt/rustwide/workdir/tests/integration_test.rs:13:18
[INFO] [stdout]   21:     0x6489fa5a7052 - <core::pin::Pin<P> as core::future::future::Future>::poll::hd3f3819726958722
[INFO] [stdout]                                at /rustc/90b35a6239c3d8bdabc530a6a0816f7ff89a0aaf/library/core/src/future/future.rs:123:9
[INFO] [stdout]   22:     0x6489fa5a700d - <core::pin::Pin<P> as core::future::future::Future>::poll::h21e1d17d625007f6
[INFO] [stdout]                                at /rustc/90b35a6239c3d8bdabc530a6a0816f7ff89a0aaf/library/core/src/future/future.rs:123:9
[INFO] [stdout]   23:     0x6489fa59bc6f - tokio::runtime::scheduler::current_thread::CoreGuard::block_on::{{closure}}::{{closure}}::{{closure}}::hb65afa71ac206923
[INFO] [stdout]                                at /opt/rustwide/cargo-home/registry/src/index.crates.io-6f17d22bba15001f/tokio-1.28.0/src/runtime/scheduler/current_thread.rs:541:57
[INFO] [stdout]   24:     0x6489fa59bb75 - tokio::runtime::coop::with_budget::he3837d2fb87aa64f
[INFO] [stdout]                                at /opt/rustwide/cargo-home/registry/src/index.crates.io-6f17d22bba15001f/tokio-1.28.0/src/runtime/coop.rs:107:5
[INFO] [stdout]   25:     0x6489fa59bb75 - tokio::runtime::coop::budget::h8ab0c6025239a8c8
[INFO] [stdout]                                at /opt/rustwide/cargo-home/registry/src/index.crates.io-6f17d22bba15001f/tokio-1.28.0/src/runtime/coop.rs:73:5
[INFO] [stdout]   26:     0x6489fa59bb75 - tokio::runtime::scheduler::current_thread::CoreGuard::block_on::{{closure}}::{{closure}}::h817bfd438f326eb8
[INFO] [stdout]                                at /opt/rustwide/cargo-home/registry/src/index.crates.io-6f17d22bba15001f/tokio-1.28.0/src/runtime/scheduler/current_thread.rs:541:25
[INFO] [stdout]   27:     0x6489fa59a7d0 - tokio::runtime::scheduler::current_thread::Context::enter::h86a118bdc4c3a035
[INFO] [stdout]                                at /opt/rustwide/cargo-home/registry/src/index.crates.io-6f17d22bba15001f/tokio-1.28.0/src/runtime/scheduler/current_thread.rs:350:19
[INFO] [stdout]   28:     0x6489fa59b21a - tokio::runtime::scheduler::current_thread::CoreGuard::block_on::{{closure}}::h4fb787db2c0738ec
[INFO] [stdout]                                at /opt/rustwide/cargo-home/registry/src/index.crates.io-6f17d22bba15001f/tokio-1.28.0/src/runtime/scheduler/current_thread.rs:540:36
[INFO] [stdout]   29:     0x6489fa59af94 - tokio::runtime::scheduler::current_thread::CoreGuard::enter::{{closure}}::h2d21b3bcfd8641bb
[INFO] [stdout]                                at /opt/rustwide/cargo-home/registry/src/index.crates.io-6f17d22bba15001f/tokio-1.28.0/src/runtime/scheduler/current_thread.rs:615:57
[INFO] [stdout]   30:     0x6489fa5996f8 - tokio::macros::scoped_tls::ScopedKey<T>::set::h50c481a0a177adc2
[INFO] [stdout]                                at /opt/rustwide/cargo-home/registry/src/index.crates.io-6f17d22bba15001f/tokio-1.28.0/src/macros/scoped_tls.rs:61:9
[INFO] [stdout]   31:     0x6489fa59ad3f - tokio::runtime::scheduler::current_thread::CoreGuard::enter::h3b01d9d0a34bbaa1
[INFO] [stdout]                                at /opt/rustwide/cargo-home/registry/src/index.crates.io-6f17d22bba15001f/tokio-1.28.0/src/runtime/scheduler/current_thread.rs:615:27
[INFO] [stdout]   32:     0x6489fa59afb3 - tokio::runtime::scheduler::current_thread::CoreGuard::block_on::haa623ec042608470
[INFO] [stdout]                                at /opt/rustwide/cargo-home/registry/src/index.crates.io-6f17d22bba15001f/tokio-1.28.0/src/runtime/scheduler/current_thread.rs:530:19
[INFO] [stdout]   33:     0x6489fa599ff1 - tokio::runtime::scheduler::current_thread::CurrentThread::block_on::h47e2d8412f57d468
[INFO] [stdout]                                at /opt/rustwide/cargo-home/registry/src/index.crates.io-6f17d22bba15001f/tokio-1.28.0/src/runtime/scheduler/current_thread.rs:154:24
[INFO] [stdout]   34:     0x6489fa599dfd - tokio::runtime::runtime::Runtime::block_on::h73eff832a7ff4414
[INFO] [stdout]                                at /opt/rustwide/cargo-home/registry/src/index.crates.io-6f17d22bba15001f/tokio-1.28.0/src/runtime/runtime.rs:302:47
[INFO] [stdout]   35:     0x6489fa58a951 - integration_test::test_binary_protocol::heafc5d1457c0163b
[INFO] [stdout]                                at /opt/rustwide/workdir/tests/integration_test.rs:19:3
[INFO] [stdout]   36:     0x6489fa58a7f7 - integration_test::test_binary_protocol::{{closure}}::h0440d3107c72729a
[INFO] [stdout]                                at /opt/rustwide/workdir/tests/integration_test.rs:12:32
[INFO] [stdout]   37:     0x6489fa593b06 - core::ops::function::FnOnce::call_once::hb2997be7edc52b01
[INFO] [stdout]                                at /rustc/90b35a6239c3d8bdabc530a6a0816f7ff89a0aaf/library/core/src/ops/function.rs:250:5
[INFO] [stdout]   38:     0x6489fa5e41eb - core::ops::function::FnOnce::call_once::h109cf8051a59b34e
[INFO] [stdout]                                at /rustc/90b35a6239c3d8bdabc530a6a0816f7ff89a0aaf/library/core/src/ops/function.rs:250:5
[INFO] [stdout]   39:     0x6489fa5e41eb - test::__rust_begin_short_backtrace::hf4fff89d377446ba
[INFO] [stdout]                                at /rustc/90b35a6239c3d8bdabc530a6a0816f7ff89a0aaf/library/test/src/lib.rs:621:18
[INFO] [stdout]   40:     0x6489fa5e3a27 - test::run_test_in_process::{{closure}}::h0e39181dd7ee5a43
[INFO] [stdout]                                at /rustc/90b35a6239c3d8bdabc530a6a0816f7ff89a0aaf/library/test/src/lib.rs:644:60
[INFO] [stdout]   41:     0x6489fa5e3a27 - <core::panic::unwind_safe::AssertUnwindSafe<F> as core::ops::function::FnOnce<()>>::call_once::hc5a66a30f0bdfd1f
[INFO] [stdout]                                at /rustc/90b35a6239c3d8bdabc530a6a0816f7ff89a0aaf/library/core/src/panic/unwind_safe.rs:272:9
[INFO] [stdout]   42:     0x6489fa5e3a27 - std::panicking::try::do_call::h873b7cf639554a5e
[INFO] [stdout]                                at /rustc/90b35a6239c3d8bdabc530a6a0816f7ff89a0aaf/library/std/src/panicking.rs:557:40
[INFO] [stdout]   43:     0x6489fa5e3a27 - std::panicking::try::hdb19862fad9c8bd1
[INFO] [stdout]                                at /rustc/90b35a6239c3d8bdabc530a6a0816f7ff89a0aaf/library/std/src/panicking.rs:520:19
[INFO] [stdout]   44:     0x6489fa5e3a27 - std::panic::catch_unwind::h281fe732d236d260
[INFO] [stdout]                                at /rustc/90b35a6239c3d8bdabc530a6a0816f7ff89a0aaf/library/std/src/panic.rs:358:14
[INFO] [stdout]   45:     0x6489fa5e3a27 - test::run_test_in_process::h949b6df8457ed338
[INFO] [stdout]                                at /rustc/90b35a6239c3d8bdabc530a6a0816f7ff89a0aaf/library/test/src/lib.rs:644:27
[INFO] [stdout]   46:     0x6489fa5e3a27 - test::run_test::{{closure}}::h52c556a6d4740e10
[INFO] [stdout]                                at /rustc/90b35a6239c3d8bdabc530a6a0816f7ff89a0aaf/library/test/src/lib.rs:565:43
[INFO] [stdout]   47:     0x6489fa5a8d04 - test::run_test::{{closure}}::h4237f6381c45ccb9
[INFO] [stdout]                                at /rustc/90b35a6239c3d8bdabc530a6a0816f7ff89a0aaf/library/test/src/lib.rs:595:41
[INFO] [stdout]   48:     0x6489fa5a8d04 - std::sys::backtrace::__rust_begin_short_backtrace::h505c97a579eca628
[INFO] [stdout]                                at /rustc/90b35a6239c3d8bdabc530a6a0816f7ff89a0aaf/library/std/src/sys/backtrace.rs:154:18
[INFO] [stdout]   49:     0x6489fa5ac3ce - std::thread::Builder::spawn_unchecked_::{{closure}}::{{closure}}::h9e86b2e2bc107ea3
[INFO] [stdout]                                at /rustc/90b35a6239c3d8bdabc530a6a0816f7ff89a0aaf/library/std/src/thread/mod.rs:538:17
[INFO] [stdout]   50:     0x6489fa5ac3ce - <core::panic::unwind_safe::AssertUnwindSafe<F> as core::ops::function::FnOnce<()>>::call_once::h8b06ddb275ff4a25
[INFO] [stdout]                                at /rustc/90b35a6239c3d8bdabc530a6a0816f7ff89a0aaf/library/core/src/panic/unwind_safe.rs:272:9
[INFO] [stdout]   51:     0x6489fa5ac3ce - std::panicking::try::do_call::hb26ecd7cd9a9355d
[INFO] [stdout]                                at /rustc/90b35a6239c3d8bdabc530a6a0816f7ff89a0aaf/library/std/src/panicking.rs:557:40
[INFO] [stdout]   52:     0x6489fa5ac3ce - std::panicking::try::h8ddeca9d705f9069
[INFO] [stdout]                                at /rustc/90b35a6239c3d8bdabc530a6a0816f7ff89a0aaf/library/std/src/panicking.rs:520:19
[INFO] [stdout]   53:     0x6489fa5ac3ce - std::panic::catch_unwind::h49e1c33078844c46
[INFO] [stdout]                                at /rustc/90b35a6239c3d8bdabc530a6a0816f7ff89a0aaf/library/std/src/panic.rs:358:14
[INFO] [stdout]   54:     0x6489fa5ac3ce - std::thread::Builder::spawn_unchecked_::{{closure}}::h6073db6ff56ad35d
[INFO] [stdout]                                at /rustc/90b35a6239c3d8bdabc530a6a0816f7ff89a0aaf/library/std/src/thread/mod.rs:537:30
[INFO] [stdout]   55:     0x6489fa5ac3ce - core::ops::function::FnOnce::call_once{{vtable.shim}}::h2c5a5f3779c774f1
[INFO] [stdout]                                at /rustc/90b35a6239c3d8bdabc530a6a0816f7ff89a0aaf/library/core/src/ops/function.rs:250:5
[INFO] [stdout]   56:     0x6489fa73518b - <alloc::boxed::Box<F,A> as core::ops::function::FnOnce<Args>>::call_once::hf75717d9f28faebf
[INFO] [stdout]                                at /rustc/90b35a6239c3d8bdabc530a6a0816f7ff89a0aaf/library/alloc/src/boxed.rs:2454:9
[INFO] [stdout]   57:     0x6489fa73518b - <alloc::boxed::Box<F,A> as core::ops::function::FnOnce<Args>>::call_once::h7bd883a5f3c5f3c1
[INFO] [stdout]                                at /rustc/90b35a6239c3d8bdabc530a6a0816f7ff89a0aaf/library/alloc/src/boxed.rs:2454:9
[INFO] [stdout]   58:     0x6489fa73518b - std::sys::pal::unix::thread::Thread::new::thread_start::hcc78f3943333fa94
[INFO] [stdout]                                at /rustc/90b35a6239c3d8bdabc530a6a0816f7ff89a0aaf/library/std/src/sys/pal/unix/thread.rs:105:17
[INFO] [stdout]   59:     0x7f6169a65ac3 - <unknown>
[INFO] [stdout]   60:     0x7f6169af6a04 - clone
[INFO] [stdout]   61:                0x0 - <unknown>
[INFO] [stdout] 
[INFO] [stdout] ---- test_mcrouteur_proxy_configuration stdout ----
[INFO] [stdout] thread 'test_mcrouteur_proxy_configuration' panicked at tests/integration_test.rs:55:6:
[INFO] [stdout] called `Result::unwrap()` on an `Err` value: Io(Os { code: 111, kind: ConnectionRefused, message: "Connection refused" })
[INFO] [stdout] stack backtrace:
[INFO] [stdout]    0:     0x6489fa72f5ca - std::backtrace_rs::backtrace::libunwind::trace::h5a5b8284f2d0c266
[INFO] [stdout]                                at /rustc/90b35a6239c3d8bdabc530a6a0816f7ff89a0aaf/library/std/src/../../backtrace/src/backtrace/libunwind.rs:116:5
[INFO] [stdout]    1:     0x6489fa72f5ca - std::backtrace_rs::backtrace::trace_unsynchronized::h76d4f1c9b0b875e3
[INFO] [stdout]                                at /rustc/90b35a6239c3d8bdabc530a6a0816f7ff89a0aaf/library/std/src/../../backtrace/src/backtrace/mod.rs:66:5
[INFO] [stdout]    2:     0x6489fa72f5ca - std::sys::backtrace::_print_fmt::hc4546b8364a537c6
[INFO] [stdout]                                at /rustc/90b35a6239c3d8bdabc530a6a0816f7ff89a0aaf/library/std/src/sys/backtrace.rs:66:9
[INFO] [stdout]    3:     0x6489fa72f5ca - <std::sys::backtrace::BacktraceLock::print::DisplayBacktrace as core::fmt::Display>::fmt::h5b6bd5631a6d1f6b
[INFO] [stdout]                                at /rustc/90b35a6239c3d8bdabc530a6a0816f7ff89a0aaf/library/std/src/sys/backtrace.rs:39:26
[INFO] [stdout]    4:     0x6489fa756223 - core::fmt::rt::Argument::fmt::h270f6602a2b96f62
[INFO] [stdout]                                at /rustc/90b35a6239c3d8bdabc530a6a0816f7ff89a0aaf/library/core/src/fmt/rt.rs:177:76
[INFO] [stdout]    5:     0x6489fa756223 - core::fmt::write::h7550c97b06c86515
[INFO] [stdout]                                at /rustc/90b35a6239c3d8bdabc530a6a0816f7ff89a0aaf/library/core/src/fmt/mod.rs:1186:21
[INFO] [stdout]    6:     0x6489fa72be43 - std::io::Write::write_fmt::h509ff860e5956e5e
[INFO] [stdout]                                at /rustc/90b35a6239c3d8bdabc530a6a0816f7ff89a0aaf/library/std/src/io/mod.rs:1839:15
[INFO] [stdout]    7:     0x6489fa72f412 - std::sys::backtrace::BacktraceLock::print::h2395ccd2c84ba3aa
[INFO] [stdout]                                at /rustc/90b35a6239c3d8bdabc530a6a0816f7ff89a0aaf/library/std/src/sys/backtrace.rs:42:9
[INFO] [stdout]    8:     0x6489fa730a2a - std::panicking::default_hook::{{closure}}::he19d4c7230e07961
[INFO] [stdout]                                at /rustc/90b35a6239c3d8bdabc530a6a0816f7ff89a0aaf/library/std/src/panicking.rs:268:22
[INFO] [stdout]    9:     0x6489fa730834 - std::panicking::default_hook::hf614597d3c67bbdb
[INFO] [stdout]                                at /rustc/90b35a6239c3d8bdabc530a6a0816f7ff89a0aaf/library/std/src/panicking.rs:292:9
[INFO] [stdout]   10:     0x6489fa5df829 - <alloc::boxed::Box<F,A> as core::ops::function::Fn<Args>>::call::h39b51ce4599c23d1
[INFO] [stdout]                                at /rustc/90b35a6239c3d8bdabc530a6a0816f7ff89a0aaf/library/alloc/src/boxed.rs:2468:9
[INFO] [stdout]   11:     0x6489fa5df829 - test::test_main::{{closure}}::he977ae839a582784
[INFO] [stdout]                                at /rustc/90b35a6239c3d8bdabc530a6a0816f7ff89a0aaf/library/test/src/lib.rs:133:21
[INFO] [stdout]   12:     0x6489fa7310c8 - <alloc::boxed::Box<F,A> as core::ops::function::Fn<Args>>::call::h9455091b6b06f9fb
[INFO] [stdout]                                at /rustc/90b35a6239c3d8bdabc530a6a0816f7ff89a0aaf/library/alloc/src/boxed.rs:2468:9
[INFO] [stdout]   13:     0x6489fa7310c8 - std::panicking::rust_panic_with_hook::h8942133a8b252070
[INFO] [stdout]                                at /rustc/90b35a6239c3d8bdabc530a6a0816f7ff89a0aaf/library/std/src/panicking.rs:809:13
[INFO] [stdout]   14:     0x6489fa730e8a - std::panicking::begin_panic_handler::{{closure}}::hb5f5963570096b29
[INFO] [stdout]                                at /rustc/90b35a6239c3d8bdabc530a6a0816f7ff89a0aaf/library/std/src/panicking.rs:674:13
[INFO] [stdout]   15:     0x6489fa72faa9 - std::sys::backtrace::__rust_end_short_backtrace::h6208cedc1922feda
[INFO] [stdout]                                at /rustc/90b35a6239c3d8bdabc530a6a0816f7ff89a0aaf/library/std/src/sys/backtrace.rs:170:18
[INFO] [stdout]   16:     0x6489fa730b1c - rust_begin_unwind
[INFO] [stdout]                                at /rustc/90b35a6239c3d8bdabc530a6a0816f7ff89a0aaf/library/std/src/panicking.rs:665:5
[INFO] [stdout]   17:     0x6489fa57ac80 - core::panicking::panic_fmt::h0c3082644d1bf418
[INFO] [stdout]                                at /rustc/90b35a6239c3d8bdabc530a6a0816f7ff89a0aaf/library/core/src/panicking.rs:74:14
[INFO] [stdout]   18:     0x6489fa57b0c6 - core::result::unwrap_failed::hd20b4aa073bda1e2
[INFO] [stdout]                                at /rustc/90b35a6239c3d8bdabc530a6a0816f7ff89a0aaf/library/core/src/result.rs:1700:5
[INFO] [stdout]   19:     0x6489fa58cc9f - core::result::Result<T,E>::unwrap::hb798bce6ddaf14fc
[INFO] [stdout]                                at /rustc/90b35a6239c3d8bdabc530a6a0816f7ff89a0aaf/library/core/src/result.rs:1104:23
[INFO] [stdout]   20:     0x6489fa58cc9f - integration_test::test_mcrouteur_proxy_configuration::{{closure}}::h2892558ce5ea9c62
[INFO] [stdout]                                at /opt/rustwide/workdir/tests/integration_test.rs:53:27
[INFO] [stdout]   21:     0x6489fa5a7052 - <core::pin::Pin<P> as core::future::future::Future>::poll::hd3f3819726958722
[INFO] [stdout]                                at /rustc/90b35a6239c3d8bdabc530a6a0816f7ff89a0aaf/library/core/src/future/future.rs:123:9
[INFO] [stdout]   22:     0x6489fa5a700d - <core::pin::Pin<P> as core::future::future::Future>::poll::h21e1d17d625007f6
[INFO] [stdout]                                at /rustc/90b35a6239c3d8bdabc530a6a0816f7ff89a0aaf/library/core/src/future/future.rs:123:9
[INFO] [stdout]   23:     0x6489fa59bc6f - tokio::runtime::scheduler::current_thread::CoreGuard::block_on::{{closure}}::{{closure}}::{{closure}}::hb65afa71ac206923
[INFO] [stdout]                                at /opt/rustwide/cargo-home/registry/src/index.crates.io-6f17d22bba15001f/tokio-1.28.0/src/runtime/scheduler/current_thread.rs:541:57
[INFO] [stdout]   24:     0x6489fa59bb75 - tokio::runtime::coop::with_budget::he3837d2fb87aa64f
[INFO] [stdout]                                at /opt/rustwide/cargo-home/registry/src/index.crates.io-6f17d22bba15001f/tokio-1.28.0/src/runtime/coop.rs:107:5
[INFO] [stdout]   25:     0x6489fa59bb75 - tokio::runtime::coop::budget::h8ab0c6025239a8c8
[INFO] [stdout]                                at /opt/rustwide/cargo-home/registry/src/index.crates.io-6f17d22bba15001f/tokio-1.28.0/src/runtime/coop.rs:73:5
[INFO] [stdout]   26:     0x6489fa59bb75 - tokio::runtime::scheduler::current_thread::CoreGuard::block_on::{{closure}}::{{closure}}::h817bfd438f326eb8
[INFO] [stdout]                                at /opt/rustwide/cargo-home/registry/src/index.crates.io-6f17d22bba15001f/tokio-1.28.0/src/runtime/scheduler/current_thread.rs:541:25
[INFO] [stdout]   27:     0x6489fa59a7d0 - tokio::runtime::scheduler::current_thread::Context::enter::h86a118bdc4c3a035
[INFO] [stdout]                                at /opt/rustwide/cargo-home/registry/src/index.crates.io-6f17d22bba15001f/tokio-1.28.0/src/runtime/scheduler/current_thread.rs:350:19
[INFO] [stdout]   28:     0x6489fa59b21a - tokio::runtime::scheduler::current_thread::CoreGuard::block_on::{{closure}}::h4fb787db2c0738ec
[INFO] [stdout]                                at /opt/rustwide/cargo-home/registry/src/index.crates.io-6f17d22bba15001f/tokio-1.28.0/src/runtime/scheduler/current_thread.rs:540:36
[INFO] [stdout]   29:     0x6489fa59af94 - tokio::runtime::scheduler::current_thread::CoreGuard::enter::{{closure}}::h2d21b3bcfd8641bb
[INFO] [stdout]                                at /opt/rustwide/cargo-home/registry/src/index.crates.io-6f17d22bba15001f/tokio-1.28.0/src/runtime/scheduler/current_thread.rs:615:57
[INFO] [stdout]   30:     0x6489fa5996f8 - tokio::macros::scoped_tls::ScopedKey<T>::set::h50c481a0a177adc2
[INFO] [stdout]                                at /opt/rustwide/cargo-home/registry/src/index.crates.io-6f17d22bba15001f/tokio-1.28.0/src/macros/scoped_tls.rs:61:9
[INFO] [stdout]   31:     0x6489fa59ad3f - tokio::runtime::scheduler::current_thread::CoreGuard::enter::h3b01d9d0a34bbaa1
[INFO] [stdout]                                at /opt/rustwide/cargo-home/registry/src/index.crates.io-6f17d22bba15001f/tokio-1.28.0/src/runtime/scheduler/current_thread.rs:615:27
[INFO] [stdout]   32:     0x6489fa59afb3 - tokio::runtime::scheduler::current_thread::CoreGuard::block_on::haa623ec042608470
[INFO] [stdout]                                at /opt/rustwide/cargo-home/registry/src/index.crates.io-6f17d22bba15001f/tokio-1.28.0/src/runtime/scheduler/current_thread.rs:530:19
[INFO] [stdout]   33:     0x6489fa599ff1 - tokio::runtime::scheduler::current_thread::CurrentThread::block_on::h47e2d8412f57d468
[INFO] [stdout]                                at /opt/rustwide/cargo-home/registry/src/index.crates.io-6f17d22bba15001f/tokio-1.28.0/src/runtime/scheduler/current_thread.rs:154:24
[INFO] [stdout]   34:     0x6489fa599dfd - tokio::runtime::runtime::Runtime::block_on::h73eff832a7ff4414
[INFO] [stdout]                                at /opt/rustwide/cargo-home/registry/src/index.crates.io-6f17d22bba15001f/tokio-1.28.0/src/runtime/runtime.rs:302:47
[INFO] [stdout]   35:     0x6489fa58c4a1 - integration_test::test_mcrouteur_proxy_configuration::h8b89d44221f8cd6e
[INFO] [stdout]                                at /opt/rustwide/workdir/tests/integration_test.rs:76:3
[INFO] [stdout]   36:     0x6489fa58c347 - integration_test::test_mcrouteur_proxy_configuration::{{closure}}::h4a54d0efafa76dcf
[INFO] [stdout]                                at /opt/rustwide/workdir/tests/integration_test.rs:33:46
[INFO] [stdout]   37:     0x6489fa5939c6 - core::ops::function::FnOnce::call_once::h18883a3cbf653e6c
[INFO] [stdout]                                at /rustc/90b35a6239c3d8bdabc530a6a0816f7ff89a0aaf/library/core/src/ops/function.rs:250:5
[INFO] [stdout]   38:     0x6489fa5e41eb - core::ops::function::FnOnce::call_once::h109cf8051a59b34e
[INFO] [stdout]                                at /rustc/90b35a6239c3d8bdabc530a6a0816f7ff89a0aaf/library/core/src/ops/function.rs:250:5
[INFO] [stdout]   39:     0x6489fa5e41eb - test::__rust_begin_short_backtrace::hf4fff89d377446ba
[INFO] [stdout]                                at /rustc/90b35a6239c3d8bdabc530a6a0816f7ff89a0aaf/library/test/src/lib.rs:621:18
[INFO] [stdout]   40:     0x6489fa5e3a27 - test::run_test_in_process::{{closure}}::h0e39181dd7ee5a43
[INFO] [stdout]                                at /rustc/90b35a6239c3d8bdabc530a6a0816f7ff89a0aaf/library/test/src/lib.rs:644:60
[INFO] [stdout]   41:     0x6489fa5e3a27 - <core::panic::unwind_safe::AssertUnwindSafe<F> as core::ops::function::FnOnce<()>>::call_once::hc5a66a30f0bdfd1f
[INFO] [stdout]                                at /rustc/90b35a6239c3d8bdabc530a6a0816f7ff89a0aaf/library/core/src/panic/unwind_safe.rs:272:9
[INFO] [stdout]   42:     0x6489fa5e3a27 - std::panicking::try::do_call::h873b7cf639554a5e
[INFO] [stdout]                                at /rustc/90b35a6239c3d8bdabc530a6a0816f7ff89a0aaf/library/std/src/panicking.rs:557:40
[INFO] [stdout]   43:     0x6489fa5e3a27 - std::panicking::try::hdb19862fad9c8bd1
[INFO] [stdout]                                at /rustc/90b35a6239c3d8bdabc530a6a0816f7ff89a0aaf/library/std/src/panicking.rs:520:19
[INFO] [stdout]   44:     0x6489fa5e3a27 - std::panic::catch_unwind::h281fe732d236d260
[INFO] [stdout]                                at /rustc/90b35a6239c3d8bdabc530a6a0816f7ff89a0aaf/library/std/src/panic.rs:358:14
[INFO] [stdout]   45:     0x6489fa5e3a27 - test::run_test_in_process::h949b6df8457ed338
[INFO] [stdout]                                at /rustc/90b35a6239c3d8bdabc530a6a0816f7ff89a0aaf/library/test/src/lib.rs:644:27
[INFO] [stdout]   46:     0x6489fa5e3a27 - test::run_test::{{closure}}::h52c556a6d4740e10
[INFO] [stdout]                                at /rustc/90b35a6239c3d8bdabc530a6a0816f7ff89a0aaf/library/test/src/lib.rs:565:43
[INFO] [stdout]   47:     0x6489fa5a8d04 - test::run_test::{{closure}}::h4237f6381c45ccb9
[INFO] [stdout]                                at /rustc/90b35a6239c3d8bdabc530a6a0816f7ff89a0aaf/library/test/src/lib.rs:595:41
[INFO] [stdout]   48:     0x6489fa5a8d04 - std::sys::backtrace::__rust_begin_short_backtrace::h505c97a579eca628
[INFO] [stdout]                                at /rustc/90b35a6239c3d8bdabc530a6a0816f7ff89a0aaf/library/std/src/sys/backtrace.rs:154:18
[INFO] [stdout]   49:     0x6489fa5ac3ce - std::thread::Builder::spawn_unchecked_::{{closure}}::{{closure}}::h9e86b2e2bc107ea3
[INFO] [stdout]                                at /rustc/90b35a6239c3d8bdabc530a6a0816f7ff89a0aaf/library/std/src/thread/mod.rs:538:17
[INFO] [stdout]   50:     0x6489fa5ac3ce - <core::panic::unwind_safe::AssertUnwindSafe<F> as core::ops::function::FnOnce<()>>::call_once::h8b06ddb275ff4a25
[INFO] [stdout]                                at /rustc/90b35a6239c3d8bdabc530a6a0816f7ff89a0aaf/library/core/src/panic/unwind_safe.rs:272:9
[INFO] [stdout]   51:     0x6489fa5ac3ce - std::panicking::try::do_call::hb26ecd7cd9a9355d
[INFO] [stdout]                                at /rustc/90b35a6239c3d8bdabc530a6a0816f7ff89a0aaf/library/std/src/panicking.rs:557:40
[INFO] [stdout]   52:     0x6489fa5ac3ce - std::panicking::try::h8ddeca9d705f9069
[INFO] [stdout]                                at /rustc/90b35a6239c3d8bdabc530a6a0816f7ff89a0aaf/library/std/src/panicking.rs:520:19
[INFO] [stdout]   53:     0x6489fa5ac3ce - std::panic::catch_unwind::h49e1c33078844c46
[INFO] [stdout]                                at /rustc/90b35a6239c3d8bdabc530a6a0816f7ff89a0aaf/library/std/src/panic.rs:358:14
[INFO] [stdout]   54:     0x6489fa5ac3ce - std::thread::Builder::spawn_unchecked_::{{closure}}::h6073db6ff56ad35d
[INFO] [stdout]                                at /rustc/90b35a6239c3d8bdabc530a6a0816f7ff89a0aaf/library/std/src/thread/mod.rs:537:30
[INFO] [stdout]   55:     0x6489fa5ac3ce - core::ops::function::FnOnce::call_once{{vtable.shim}}::h2c5a5f3779c774f1
[INFO] [stdout]                                at /rustc/90b35a6239c3d8bdabc530a6a0816f7ff89a0aaf/library/core/src/ops/function.rs:250:5
[INFO] [stdout]   56:     0x6489fa73518b - <alloc::boxed::Box<F,A> as core::ops::function::FnOnce<Args>>::call_once::hf75717d9f28faebf
[INFO] [stdout]                                at /rustc/90b35a6239c3d8bdabc530a6a0816f7ff89a0aaf/library/alloc/src/boxed.rs:2454:9
[INFO] [stdout]   57:     0x6489fa73518b - <alloc::boxed::Box<F,A> as core::ops::function::FnOnce<Args>>::call_once::h7bd883a5f3c5f3c1
[INFO] [stdout]                                at /rustc/90b35a6239c3d8bdabc530a6a0816f7ff89a0aaf/library/alloc/src/boxed.rs:2454:9
[INFO] [stdout]   58:     0x6489fa73518b - std::sys::pal::unix::thread::Thread::new::thread_start::hcc78f3943333fa94
[INFO] [stdout]                                at /rustc/90b35a6239c3d8bdabc530a6a0816f7ff89a0aaf/library/std/src/sys/pal/unix/thread.rs:105:17
[INFO] [stdout]   59:     0x7f6169a65ac3 - <unknown>
[INFO] [stdout]   60:     0x7f6169af6a04 - clone
[INFO] [stdout]   61:                0x0 - <unknown>
[INFO] [stdout] 
[INFO] [stdout] ---- test_text_protocol stdout ----
[INFO] [stdout] thread 'test_text_protocol' panicked at tests/integration_test.rs:24:79:
[INFO] [stdout] called `Result::unwrap()` on an `Err` value: Os { code: 111, kind: ConnectionRefused, message: "Connection refused" }
[INFO] [stdout] stack backtrace:
[INFO] [stdout]    0:     0x6489fa72f5ca - std::backtrace_rs::backtrace::libunwind::trace::h5a5b8284f2d0c266
[INFO] [stdout]                                at /rustc/90b35a6239c3d8bdabc530a6a0816f7ff89a0aaf/library/std/src/../../backtrace/src/backtrace/libunwind.rs:116:5
[INFO] [stdout]    1:     0x6489fa72f5ca - std::backtrace_rs::backtrace::trace_unsynchronized::h76d4f1c9b0b875e3
[INFO] [stdout]                                at /rustc/90b35a6239c3d8bdabc530a6a0816f7ff89a0aaf/library/std/src/../../backtrace/src/backtrace/mod.rs:66:5
[INFO] [stdout]    2:     0x6489fa72f5ca - std::sys::backtrace::_print_fmt::hc4546b8364a537c6
[INFO] [stdout]                                at /rustc/90b35a6239c3d8bdabc530a6a0816f7ff89a0aaf/library/std/src/sys/backtrace.rs:66:9
[INFO] [stdout]    3:     0x6489fa72f5ca - <std::sys::backtrace::BacktraceLock::print::DisplayBacktrace as core::fmt::Display>::fmt::h5b6bd5631a6d1f6b
[INFO] [stdout]                                at /rustc/90b35a6239c3d8bdabc530a6a0816f7ff89a0aaf/library/std/src/sys/backtrace.rs:39:26
[INFO] [stdout]    4:     0x6489fa756223 - core::fmt::rt::Argument::fmt::h270f6602a2b96f62
[INFO] [stdout]                                at /rustc/90b35a6239c3d8bdabc530a6a0816f7ff89a0aaf/library/core/src/fmt/rt.rs:177:76
[INFO] [stdout]    5:     0x6489fa756223 - core::fmt::write::h7550c97b06c86515
[INFO] [stdout]                                at /rustc/90b35a6239c3d8bdabc530a6a0816f7ff89a0aaf/library/core/src/fmt/mod.rs:1186:21
[INFO] [stdout]    6:     0x6489fa72be43 - std::io::Write::write_fmt::h509ff860e5956e5e
[INFO] [stdout]                                at /rustc/90b35a6239c3d8bdabc530a6a0816f7ff89a0aaf/library/std/src/io/mod.rs:1839:15
[INFO] [stdout]    7:     0x6489fa72f412 - std::sys::backtrace::BacktraceLock::print::h2395ccd2c84ba3aa
[INFO] [stdout]                                at /rustc/90b35a6239c3d8bdabc530a6a0816f7ff89a0aaf/library/std/src/sys/backtrace.rs:42:9
[INFO] [stdout]    8:     0x6489fa730a2a - std::panicking::default_hook::{{closure}}::he19d4c7230e07961
[INFO] [stdout]                                at /rustc/90b35a6239c3d8bdabc530a6a0816f7ff89a0aaf/library/std/src/panicking.rs:268:22
[INFO] [stdout]    9:     0x6489fa730834 - std::panicking::default_hook::hf614597d3c67bbdb
[INFO] [stdout]                                at /rustc/90b35a6239c3d8bdabc530a6a0816f7ff89a0aaf/library/std/src/panicking.rs:292:9
[INFO] [stdout]   10:     0x6489fa5df829 - <alloc::boxed::Box<F,A> as core::ops::function::Fn<Args>>::call::h39b51ce4599c23d1
[INFO] [stdout]                                at /rustc/90b35a6239c3d8bdabc530a6a0816f7ff89a0aaf/library/alloc/src/boxed.rs:2468:9
[INFO] [stdout]   11:     0x6489fa5df829 - test::test_main::{{closure}}::he977ae839a582784
[INFO] [stdout]                                at /rustc/90b35a6239c3d8bdabc530a6a0816f7ff89a0aaf/library/test/src/lib.rs:133:21
[INFO] [stdout]   12:     0x6489fa7310c8 - <alloc::boxed::Box<F,A> as core::ops::function::Fn<Args>>::call::h9455091b6b06f9fb
[INFO] [stdout]                                at /rustc/90b35a6239c3d8bdabc530a6a0816f7ff89a0aaf/library/alloc/src/boxed.rs:2468:9
[INFO] [stdout]   13:     0x6489fa7310c8 - std::panicking::rust_panic_with_hook::h8942133a8b252070
[INFO] [stdout]                                at /rustc/90b35a6239c3d8bdabc530a6a0816f7ff89a0aaf/library/std/src/panicking.rs:809:13
[INFO] [stdout]   14:     0x6489fa730e8a - std::panicking::begin_panic_handler::{{closure}}::hb5f5963570096b29
[INFO] [stdout]                                at /rustc/90b35a6239c3d8bdabc530a6a0816f7ff89a0aaf/library/std/src/panicking.rs:674:13
[INFO] [stdout]   15:     0x6489fa72faa9 - std::sys::backtrace::__rust_end_short_backtrace::h6208cedc1922feda
[INFO] [stdout]                                at /rustc/90b35a6239c3d8bdabc530a6a0816f7ff89a0aaf/library/std/src/sys/backtrace.rs:170:18
[INFO] [stdout]   16:     0x6489fa730b1c - rust_begin_unwind
[INFO] [stdout]                                at /rustc/90b35a6239c3d8bdabc530a6a0816f7ff89a0aaf/library/std/src/panicking.rs:665:5
[INFO] [stdout]   17:     0x6489fa57ac80 - core::panicking::panic_fmt::h0c3082644d1bf418
[INFO] [stdout]                                at /rustc/90b35a6239c3d8bdabc530a6a0816f7ff89a0aaf/library/core/src/panicking.rs:74:14
[INFO] [stdout]   18:     0x6489fa57b0c6 - core::result::unwrap_failed::hd20b4aa073bda1e2
[INFO] [stdout]                                at /rustc/90b35a6239c3d8bdabc530a6a0816f7ff89a0aaf/library/core/src/result.rs:1700:5
[INFO] [stdout]   19:     0x6489fa58bc58 - core::result::Result<T,E>::unwrap::h9d743d95c9268726
[INFO] [stdout]                                at /rustc/90b35a6239c3d8bdabc530a6a0816f7ff89a0aaf/library/core/src/result.rs:1104:23
[INFO] [stdout]   20:     0x6489fa58bc58 - integration_test::test_text_protocol::{{closure}}::hef4f6c761ff4ac82
[INFO] [stdout]                                at /opt/rustwide/workdir/tests/integration_test.rs:24:20
[INFO] [stdout]   21:     0x6489fa5a7052 - <core::pin::Pin<P> as core::future::future::Future>::poll::hd3f3819726958722
[INFO] [stdout]                                at /rustc/90b35a6239c3d8bdabc530a6a0816f7ff89a0aaf/library/core/src/future/future.rs:123:9
[INFO] [stdout]   22:     0x6489fa5a700d - <core::pin::Pin<P> as core::future::future::Future>::poll::h21e1d17d625007f6
[INFO] [stdout]                                at /rustc/90b35a6239c3d8bdabc530a6a0816f7ff89a0aaf/library/core/src/future/future.rs:123:9
[INFO] [stdout]   23:     0x6489fa59bc6f - tokio::runtime::scheduler::current_thread::CoreGuard::block_on::{{closure}}::{{closure}}::{{closure}}::hb65afa71ac206923
[INFO] [stdout]                                at /opt/rustwide/cargo-home/registry/src/index.crates.io-6f17d22bba15001f/tokio-1.28.0/src/runtime/scheduler/current_thread.rs:541:57
[INFO] [stdout]   24:     0x6489fa59bb75 - tokio::runtime::coop::with_budget::he3837d2fb87aa64f
[INFO] [stdout]                                at /opt/rustwide/cargo-home/registry/src/index.crates.io-6f17d22bba15001f/tokio-1.28.0/src/runtime/coop.rs:107:5
[INFO] [stdout]   25:     0x6489fa59bb75 - tokio::runtime::coop::budget::h8ab0c6025239a8c8
[INFO] [stdout]                                at /opt/rustwide/cargo-home/registry/src/index.crates.io-6f17d22bba15001f/tokio-1.28.0/src/runtime/coop.rs:73:5
[INFO] [stdout]   26:     0x6489fa59bb75 - tokio::runtime::scheduler::current_thread::CoreGuard::block_on::{{closure}}::{{closure}}::h817bfd438f326eb8
[INFO] [stdout]                                at /opt/rustwide/cargo-home/registry/src/index.crates.io-6f17d22bba15001f/tokio-1.28.0/src/runtime/scheduler/current_thread.rs:541:25
[INFO] [stdout]   27:     0x6489fa59a7d0 - tokio::runtime::scheduler::current_thread::Context::enter::h86a118bdc4c3a035
[INFO] [stdout]                                at /opt/rustwide/cargo-home/registry/src/index.crates.io-6f17d22bba15001f/tokio-1.28.0/src/runtime/scheduler/current_thread.rs:350:19
[INFO] [stdout]   28:     0x6489fa59b21a - tokio::runtime::scheduler::current_thread::CoreGuard::block_on::{{closure}}::h4fb787db2c0738ec
[INFO] [stdout]                                at /opt/rustwide/cargo-home/registry/src/index.crates.io-6f17d22bba15001f/tokio-1.28.0/src/runtime/scheduler/current_thread.rs:540:36
[INFO] [stdout]   29:     0x6489fa59af94 - tokio::runtime::scheduler::current_thread::CoreGuard::enter::{{closure}}::h2d21b3bcfd8641bb
[INFO] [stdout]                                at /opt/rustwide/cargo-home/registry/src/index.crates.io-6f17d22bba15001f/tokio-1.28.0/src/runtime/scheduler/current_thread.rs:615:57
[INFO] [stdout]   30:     0x6489fa5996f8 - tokio::macros::scoped_tls::ScopedKey<T>::set::h50c481a0a177adc2
[INFO] [stdout]                                at /opt/rustwide/cargo-home/registry/src/index.crates.io-6f17d22bba15001f/tokio-1.28.0/src/macros/scoped_tls.rs:61:9
[INFO] [stdout]   31:     0x6489fa59ad3f - tokio::runtime::scheduler::current_thread::CoreGuard::enter::h3b01d9d0a34bbaa1
[INFO] [stdout]                                at /opt/rustwide/cargo-home/registry/src/index.crates.io-6f17d22bba15001f/tokio-1.28.0/src/runtime/scheduler/current_thread.rs:615:27
[INFO] [stdout]   32:     0x6489fa59afb3 - tokio::runtime::scheduler::current_thread::CoreGuard::block_on::haa623ec042608470
[INFO] [stdout]                                at /opt/rustwide/cargo-home/registry/src/index.crates.io-6f17d22bba15001f/tokio-1.28.0/src/runtime/scheduler/current_thread.rs:530:19
[INFO] [stdout]   33:     0x6489fa599ff1 - tokio::runtime::scheduler::current_thread::CurrentThread::block_on::h47e2d8412f57d468
[INFO] [stdout]                                at /opt/rustwide/cargo-home/registry/src/index.crates.io-6f17d22bba15001f/tokio-1.28.0/src/runtime/scheduler/current_thread.rs:154:24
[INFO] [stdout]   34:     0x6489fa599dfd - tokio::runtime::runtime::Runtime::block_on::h73eff832a7ff4414
[INFO] [stdout]                                at /opt/rustwide/cargo-home/registry/src/index.crates.io-6f17d22bba15001f/tokio-1.28.0/src/runtime/runtime.rs:302:47
[INFO] [stdout]   35:     0x6489fa58b8c1 - integration_test::test_text_protocol::hf2b7dea81f99c578
[INFO] [stdout]                                at /opt/rustwide/workdir/tests/integration_test.rs:28:3
[INFO] [stdout]   36:     0x6489fa58b767 - integration_test::test_text_protocol::{{closure}}::h5e4e65d9427e866c
[INFO] [stdout]                                at /opt/rustwide/workdir/tests/integration_test.rs:23:30
[INFO] [stdout]   37:     0x6489fa593a06 - core::ops::function::FnOnce::call_once::h2287d3603684ddb2
[INFO] [stdout]                                at /rustc/90b35a6239c3d8bdabc530a6a0816f7ff89a0aaf/library/core/src/ops/function.rs:250:5
[INFO] [stdout]   38:     0x6489fa5e41eb - core::ops::function::FnOnce::call_once::h109cf8051a59b34e
[INFO] [stdout]                                at /rustc/90b35a6239c3d8bdabc530a6a0816f7ff89a0aaf/library/core/src/ops/function.rs:250:5
[INFO] [stdout]   39:     0x6489fa5e41eb - test::__rust_begin_short_backtrace::hf4fff89d377446ba
[INFO] [stdout]                                at /rustc/90b35a6239c3d8bdabc530a6a0816f7ff89a0aaf/library/test/src/lib.rs:621:18
[INFO] [stdout]   40:     0x6489fa5e3a27 - test::run_test_in_process::{{closure}}::h0e39181dd7ee5a43
[INFO] [stdout]                                at /rustc/90b35a6239c3d8bdabc530a6a0816f7ff89a0aaf/library/test/src/lib.rs:644:60
[INFO] [stdout]   41:     0x6489fa5e3a27 - <core::panic::unwind_safe::AssertUnwindSafe<F> as core::ops::function::FnOnce<()>>::call_once::hc5a66a30f0bdfd1f
[INFO] [stdout]                                at /rustc/90b35a6239c3d8bdabc530a6a0816f7ff89a0aaf/library/core/src/panic/unwind_safe.rs:272:9
[INFO] [stdout]   42:     0x6489fa5e3a27 - std::panicking::try::do_call::h873b7cf639554a5e
[INFO] [stdout]                                at /rustc/90b35a6239c3d8bdabc530a6a0816f7ff89a0aaf/library/std/src/panicking.rs:557:40
[INFO] [stdout]   43:     0x6489fa5e3a27 - std::panicking::try::hdb19862fad9c8bd1
[INFO] [stdout]                                at /rustc/90b35a6239c3d8bdabc530a6a0816f7ff89a0aaf/library/std/src/panicking.rs:520:19
[INFO] [stdout]   44:     0x6489fa5e3a27 - std::panic::catch_unwind::h281fe732d236d260
[INFO] [stdout]                                at /rustc/90b35a6239c3d8bdabc530a6a0816f7ff89a0aaf/library/std/src/panic.rs:358:14
[INFO] [stdout]   45:     0x6489fa5e3a27 - test::run_test_in_process::h949b6df8457ed338
[INFO] [stdout]                                at /rustc/90b35a6239c3d8bdabc530a6a0816f7ff89a0aaf/library/test/src/lib.rs:644:27
[INFO] [stdout]   46:     0x6489fa5e3a27 - test::run_test::{{closure}}::h52c556a6d4740e10
[INFO] [stdout]                                at /rustc/90b35a6239c3d8bdabc530a6a0816f7ff89a0aaf/library/test/src/lib.rs:565:43
[INFO] [stdout]   47:     0x6489fa5a8d04 - test::run_test::{{closure}}::h4237f6381c45ccb9
[INFO] [stdout]                                at /rustc/90b35a6239c3d8bdabc530a6a0816f7ff89a0aaf/library/test/src/lib.rs:595:41
[INFO] [stdout]   48:     0x6489fa5a8d04 - std::sys::backtrace::__rust_begin_short_backtrace::h505c97a579eca628
[INFO] [stdout]                                at /rustc/90b35a6239c3d8bdabc530a6a0816f7ff89a0aaf/library/std/src/sys/backtrace.rs:154:18
[INFO] [stdout]   49:     0x6489fa5ac3ce - std::thread::Builder::spawn_unchecked_::{{closure}}::{{closure}}::h9e86b2e2bc107ea3
[INFO] [stdout]                                at /rustc/90b35a6239c3d8bdabc530a6a0816f7ff89a0aaf/library/std/src/thread/mod.rs:538:17
[INFO] [stdout]   50:     0x6489fa5ac3ce - <core::panic::unwind_safe::AssertUnwindSafe<F> as core::ops::function::FnOnce<()>>::call_once::h8b06ddb275ff4a25
[INFO] [stdout]                                at /rustc/90b35a6239c3d8bdabc530a6a0816f7ff89a0aaf/library/core/src/panic/unwind_safe.rs:272:9
[INFO] [stdout]   51:     0x6489fa5ac3ce - std::panicking::try::do_call::hb26ecd7cd9a9355d
[INFO] [stdout]                                at /rustc/90b35a6239c3d8bdabc530a6a0816f7ff89a0aaf/library/std/src/panicking.rs:557:40
[INFO] [stdout]   52:     0x6489fa5ac3ce - std::panicking::try::h8ddeca9d705f9069
[INFO] [stdout]                                at /rustc/90b35a6239c3d8bdabc530a6a0816f7ff89a0aaf/library/std/src/panicking.rs:520:19
[INFO] [stdout]   53:     0x6489fa5ac3ce - std::panic::catch_unwind::h49e1c33078844c46
[INFO] [stdout]                                at /rustc/90b35a6239c3d8bdabc530a6a0816f7ff89a0aaf/library/std/src/panic.rs:358:14
[INFO] [stdout]   54:     0x6489fa5ac3ce - std::thread::Builder::spawn_unchecked_::{{closure}}::h6073db6ff56ad35d
[INFO] [stdout]                                at /rustc/90b35a6239c3d8bdabc530a6a0816f7ff89a0aaf/library/std/src/thread/mod.rs:537:30
[INFO] [stdout]   55:     0x6489fa5ac3ce - core::ops::function::FnOnce::call_once{{vtable.shim}}::h2c5a5f3779c774f1
[INFO] [stdout]                                at /rustc/90b35a6239c3d8bdabc530a6a0816f7ff89a0aaf/library/core/src/ops/function.rs:250:5
[INFO] [stdout]   56:     0x6489fa73518b - <alloc::boxed::Box<F,A> as core::ops::function::FnOnce<Args>>::call_once::hf75717d9f28faebf
[INFO] [stdout]                                at /rustc/90b35a6239c3d8bdabc530a6a0816f7ff89a0aaf/library/alloc/src/boxed.rs:2454:9
[INFO] [stdout]   57:     0x6489fa73518b - <alloc::boxed::Box<F,A> as core::ops::function::FnOnce<Args>>::call_once::h7bd883a5f3c5f3c1
[INFO] [stdout]                                at /rustc/90b35a6239c3d8bdabc530a6a0816f7ff89a0aaf/library/alloc/src/boxed.rs:2454:9
[INFO] [stdout]   58:     0x6489fa73518b - std::sys::pal::unix::thread::Thread::new::thread_start::hcc78f3943333fa94
[INFO] [stdout]                                at /rustc/90b35a6239c3d8bdabc530a6a0816f7ff89a0aaf/library/std/src/sys/pal/unix/thread.rs:105:17
[INFO] [stdout]   59:     0x7f6169a65ac3 - <unknown>
[INFO] [stdout]   60:     0x7f6169af6a04 - clone
[INFO] [stdout]   61:                0x0 - <unknown>
[INFO] [stdout] 
[INFO] [stdout] ---- test_mcrouter_prefix_routes stdout ----
[INFO] [stdout] thread 'test_mcrouter_prefix_routes' panicked at tests/integration_test.rs:110:6:
[INFO] [stdout] called `Result::unwrap()` on an `Err` value: Io(Os { code: 111, kind: ConnectionRefused, message: "Connection refused" })
[INFO] [stdout] stack backtrace:
[INFO] [stdout]    0:     0x6489fa72f5ca - std::backtrace_rs::backtrace::libunwind::trace::h5a5b8284f2d0c266
[INFO] [stdout]                                at /rustc/90b35a6239c3d8bdabc530a6a0816f7ff89a0aaf/library/std/src/../../backtrace/src/backtrace/libunwind.rs:116:5
[INFO] [stdout]    1:     0x6489fa72f5ca - std::backtrace_rs::backtrace::trace_unsynchronized::h76d4f1c9b0b875e3
[INFO] [stdout]                                at /rustc/90b35a6239c3d8bdabc530a6a0816f7ff89a0aaf/library/std/src/../../backtrace/src/backtrace/mod.rs:66:5
[INFO] [stdout]    2:     0x6489fa72f5ca - std::sys::backtrace::_print_fmt::hc4546b8364a537c6
[INFO] [stdout]                                at /rustc/90b35a6239c3d8bdabc530a6a0816f7ff89a0aaf/library/std/src/sys/backtrace.rs:66:9
[INFO] [stdout]    3:     0x6489fa72f5ca - <std::sys::backtrace::BacktraceLock::print::DisplayBacktrace as core::fmt::Display>::fmt::h5b6bd5631a6d1f6b
[INFO] [stdout]                                at /rustc/90b35a6239c3d8bdabc530a6a0816f7ff89a0aaf/library/std/src/sys/backtrace.rs:39:26
[INFO] [stdout]    4:     0x6489fa756223 - core::fmt::rt::Argument::fmt::h270f6602a2b96f62
[INFO] [stdout]                                at /rustc/90b35a6239c3d8bdabc530a6a0816f7ff89a0aaf/library/core/src/fmt/rt.rs:177:76
[INFO] [stdout]    5:     0x6489fa756223 - core::fmt::write::h7550c97b06c86515
[INFO] [stdout]                                at /rustc/90b35a6239c3d8bdabc530a6a0816f7ff89a0aaf/library/core/src/fmt/mod.rs:1186:21
[INFO] [stdout]    6:     0x6489fa72be43 - std::io::Write::write_fmt::h509ff860e5956e5e
[INFO] [stdout]                                at /rustc/90b35a6239c3d8bdabc530a6a0816f7ff89a0aaf/library/std/src/io/mod.rs:1839:15
[INFO] [stdout]    7:     0x6489fa72f412 - std::sys::backtrace::BacktraceLock::print::h2395ccd2c84ba3aa
[INFO] [stdout]                                at /rustc/90b35a6239c3d8bdabc530a6a0816f7ff89a0aaf/library/std/src/sys/backtrace.rs:42:9
[INFO] [stdout]    8:     0x6489fa730a2a - std::panicking::default_hook::{{closure}}::he19d4c7230e07961
[INFO] [stdout]                                at /rustc/90b35a6239c3d8bdabc530a6a0816f7ff89a0aaf/library/std/src/panicking.rs:268:22
[INFO] [stdout]    9:     0x6489fa730834 - std::panicking::default_hook::hf614597d3c67bbdb
[INFO] [stdout]                                at /rustc/90b35a6239c3d8bdabc530a6a0816f7ff89a0aaf/library/std/src/panicking.rs:292:9
[INFO] [stdout]   10:     0x6489fa5df829 - <alloc::boxed::Box<F,A> as core::ops::function::Fn<Args>>::call::h39b51ce4599c23d1
[INFO] [stdout]                                at /rustc/90b35a6239c3d8bdabc530a6a0816f7ff89a0aaf/library/alloc/src/boxed.rs:2468:9
[INFO] [stdout]   11:     0x6489fa5df829 - test::test_main::{{closure}}::he977ae839a582784
[INFO] [stdout]                                at /rustc/90b35a6239c3d8bdabc530a6a0816f7ff89a0aaf/library/test/src/lib.rs:133:21
[INFO] [stdout]   12:     0x6489fa7310c8 - <alloc::boxed::Box<F,A> as core::ops::function::Fn<Args>>::call::h9455091b6b06f9fb
[INFO] [stdout]                                at /rustc/90b35a6239c3d8bdabc530a6a0816f7ff89a0aaf/library/alloc/src/boxed.rs:2468:9
[INFO] [stdout]   13:     0x6489fa7310c8 - std::panicking::rust_panic_with_hook::h8942133a8b252070
[INFO] [stdout]                                at /rustc/90b35a6239c3d8bdabc530a6a0816f7ff89a0aaf/library/std/src/panicking.rs:809:13
[INFO] [stdout]   14:     0x6489fa730e8a - std::panicking::begin_panic_handler::{{closure}}::hb5f5963570096b29
[INFO] [stdout]                                at /rustc/90b35a6239c3d8bdabc530a6a0816f7ff89a0aaf/library/std/src/panicking.rs:674:13
[INFO] [stdout]   15:     0x6489fa72faa9 - std::sys::backtrace::__rust_end_short_backtrace::h6208cedc1922feda
[INFO] [stdout]                                at /rustc/90b35a6239c3d8bdabc530a6a0816f7ff89a0aaf/library/std/src/sys/backtrace.rs:170:18
[INFO] [stdout]   16:     0x6489fa730b1c - rust_begin_unwind
[INFO] [stdout]                                at /rustc/90b35a6239c3d8bdabc530a6a0816f7ff89a0aaf/library/std/src/panicking.rs:665:5
[INFO] [stdout]   17:     0x6489fa57ac80 - core::panicking::panic_fmt::h0c3082644d1bf418
[INFO] [stdout]                                at /rustc/90b35a6239c3d8bdabc530a6a0816f7ff89a0aaf/library/core/src/panicking.rs:74:14
[INFO] [stdout]   18:     0x6489fa57b0c6 - core::result::unwrap_failed::hd20b4aa073bda1e2
[INFO] [stdout]                                at /rustc/90b35a6239c3d8bdabc530a6a0816f7ff89a0aaf/library/core/src/result.rs:1700:5
[INFO] [stdout]   19:     0x6489fa58f291 - core::result::Result<T,E>::unwrap::hb798bce6ddaf14fc
[INFO] [stdout]                                at /rustc/90b35a6239c3d8bdabc530a6a0816f7ff89a0aaf/library/core/src/result.rs:1104:23
[INFO] [stdout]   20:     0x6489fa58f291 - integration_test::test_mcrouter_prefix_routes::{{closure}}::hbf998d40f50a8408
[INFO] [stdout]                                at /opt/rustwide/workdir/tests/integration_test.rs:108:15
[INFO] [stdout]   21:     0x6489fa5a7052 - <core::pin::Pin<P> as core::future::future::Future>::poll::hd3f3819726958722
[INFO] [stdout]                                at /rustc/90b35a6239c3d8bdabc530a6a0816f7ff89a0aaf/library/core/src/future/future.rs:123:9
[INFO] [stdout]   22:     0x6489fa5a700d - <core::pin::Pin<P> as core::future::future::Future>::poll::h21e1d17d625007f6
[INFO] [stdout]                                at /rustc/90b35a6239c3d8bdabc530a6a0816f7ff89a0aaf/library/core/src/future/future.rs:123:9
[INFO] [stdout]   23:     0x6489fa59bc6f - tokio::runtime::scheduler::current_thread::CoreGuard::block_on::{{closure}}::{{closure}}::{{closure}}::hb65afa71ac206923
[INFO] [stdout]                                at /opt/rustwide/cargo-home/registry/src/index.crates.io-6f17d22bba15001f/tokio-1.28.0/src/runtime/scheduler/current_thread.rs:541:57
[INFO] [stdout]   24:     0x6489fa59bb75 - tokio::runtime::coop::with_budget::he3837d2fb87aa64f
[INFO] [stdout]                                at /opt/rustwide/cargo-home/registry/src/index.crates.io-6f17d22bba15001f/tokio-1.28.0/src/runtime/coop.rs:107:5
[INFO] [stdout]   25:     0x6489fa59bb75 - tokio::runtime::coop::budget::h8ab0c6025239a8c8
[INFO] [stdout]                                at /opt/rustwide/cargo-home/registry/src/index.crates.io-6f17d22bba15001f/tokio-1.28.0/src/runtime/coop.rs:73:5
[INFO] [stdout]   26:     0x6489fa59bb75 - tokio::runtime::scheduler::current_thread::CoreGuard::block_on::{{closure}}::{{closure}}::h817bfd438f326eb8
[INFO] [stdout]                                at /opt/rustwide/cargo-home/registry/src/index.crates.io-6f17d22bba15001f/tokio-1.28.0/src/runtime/scheduler/current_thread.rs:541:25
[INFO] [stdout]   27:     0x6489fa59a7d0 - tokio::runtime::scheduler::current_thread::Context::enter::h86a118bdc4c3a035
[INFO] [stdout]                                at /opt/rustwide/cargo-home/registry/src/index.crates.io-6f17d22bba15001f/tokio-1.28.0/src/runtime/scheduler/current_thread.rs:350:19
[INFO] [stdout]   28:     0x6489fa59b21a - tokio::runtime::scheduler::current_thread::CoreGuard::block_on::{{closure}}::h4fb787db2c0738ec
[INFO] [stdout]                                at /opt/rustwide/cargo-home/registry/src/index.crates.io-6f17d22bba15001f/tokio-1.28.0/src/runtime/scheduler/current_thread.rs:540:36
[INFO] [stdout]   29:     0x6489fa59af94 - tokio::runtime::scheduler::current_thread::CoreGuard::enter::{{closure}}::h2d21b3bcfd8641bb
[INFO] [stdout]                                at /opt/rustwide/cargo-home/registry/src/index.crates.io-6f17d22bba15001f/tokio-1.28.0/src/runtime/scheduler/current_thread.rs:615:57
[INFO] [stdout]   30:     0x6489fa5996f8 - tokio::macros::scoped_tls::ScopedKey<T>::set::h50c481a0a177adc2
[INFO] [stdout]                                at /opt/rustwide/cargo-home/registry/src/index.crates.io-6f17d22bba15001f/tokio-1.28.0/src/macros/scoped_tls.rs:61:9
[INFO] [stdout]   31:     0x6489fa59ad3f - tokio::runtime::scheduler::current_thread::CoreGuard::enter::h3b01d9d0a34bbaa1
[INFO] [stdout]                                at /opt/rustwide/cargo-home/registry/src/index.crates.io-6f17d22bba15001f/tokio-1.28.0/src/runtime/scheduler/current_thread.rs:615:27
[INFO] [stdout]   32:     0x6489fa59afb3 - tokio::runtime::scheduler::current_thread::CoreGuard::block_on::haa623ec042608470
[INFO] [stdout]                                at /opt/rustwide/cargo-home/registry/src/index.crates.io-6f17d22bba15001f/tokio-1.28.0/src/runtime/scheduler/current_thread.rs:530:19
[INFO] [stdout]   33:     0x6489fa599ff1 - tokio::runtime::scheduler::current_thread::CurrentThread::block_on::h47e2d8412f57d468
[INFO] [stdout]                                at /opt/rustwide/cargo-home/registry/src/index.crates.io-6f17d22bba15001f/tokio-1.28.0/src/runtime/scheduler/current_thread.rs:154:24
[INFO] [stdout]   34:     0x6489fa599dfd - tokio::runtime::runtime::Runtime::block_on::h73eff832a7ff4414
[INFO] [stdout]                                at /opt/rustwide/cargo-home/registry/src/index.crates.io-6f17d22bba15001f/tokio-1.28.0/src/runtime/runtime.rs:302:47
[INFO] [stdout]   35:     0x6489fa58e58d - integration_test::test_mcrouter_prefix_routes::he2dc56a1ed70d81f
[INFO] [stdout]                                at /opt/rustwide/workdir/tests/integration_test.rs:153:3
[INFO] [stdout]   36:     0x6489fa58e427 - integration_test::test_mcrouter_prefix_routes::{{closure}}::hbc104f008d3f745a
[INFO] [stdout]                                at /opt/rustwide/workdir/tests/integration_test.rs:80:39
[INFO] [stdout]   37:     0x6489fa593a86 - core::ops::function::FnOnce::call_once::h4762051a79dbab6b
[INFO] [stdout]                                at /rustc/90b35a6239c3d8bdabc530a6a0816f7ff89a0aaf/library/core/src/ops/function.rs:250:5
[INFO] [stdout]   38:     0x6489fa5e41eb - core::ops::function::FnOnce::call_once::h109cf8051a59b34e
[INFO] [stdout]                                at /rustc/90b35a6239c3d8bdabc530a6a0816f7ff89a0aaf/library/core/src/ops/function.rs:250:5
[INFO] [stdout]   39:     0x6489fa5e41eb - test::__rust_begin_short_backtrace::hf4fff89d377446ba
[INFO] [stdout]                                at /rustc/90b35a6239c3d8bdabc530a6a0816f7ff89a0aaf/library/test/src/lib.rs:621:18
[INFO] [stdout]   40:     0x6489fa5e3a27 - test::run_test_in_process::{{closure}}::h0e39181dd7ee5a43
[INFO] [stdout]                                at /rustc/90b35a6239c3d8bdabc530a6a0816f7ff89a0aaf/library/test/src/lib.rs:644:60
[INFO] [stdout]   41:     0x6489fa5e3a27 - <core::panic::unwind_safe::AssertUnwindSafe<F> as core::ops::function::FnOnce<()>>::call_once::hc5a66a30f0bdfd1f
[INFO] [stdout]                                at /rustc/90b35a6239c3d8bdabc530a6a0816f7ff89a0aaf/library/core/src/panic/unwind_safe.rs:272:9
[INFO] [stdout]   42:     0x6489fa5e3a27 - std::panicking::try::do_call::h873b7cf639554a5e
[INFO] [stdout]                                at /rustc/90b35a6239c3d8bdabc530a6a0816f7ff89a0aaf/library/std/src/panicking.rs:557:40
[INFO] [stdout]   43:     0x6489fa5e3a27 - std::panicking::try::hdb19862fad9c8bd1
[INFO] [stdout]                                at /rustc/90b35a6239c3d8bdabc530a6a0816f7ff89a0aaf/library/std/src/panicking.rs:520:19
[INFO] [stdout]   44:     0x6489fa5e3a27 - std::panic::catch_unwind::h281fe732d236d260
[INFO] [stdout]                                at /rustc/90b35a6239c3d8bdabc530a6a0816f7ff89a0aaf/library/std/src/panic.rs:358:14
[INFO] [stdout]   45:     0x6489fa5e3a27 - test::run_test_in_process::h949b6df8457ed338
[INFO] [stdout]                                at /rustc/90b35a6239c3d8bdabc530a6a0816f7ff89a0aaf/library/test/src/lib.rs:644:27
[INFO] [stdout]   46:     0x6489fa5e3a27 - test::run_test::{{closure}}::h52c556a6d4740e10
[INFO] [stdout]                                at /rustc/90b35a6239c3d8bdabc530a6a0816f7ff89a0aaf/library/test/src/lib.rs:565:43
[INFO] [stdout]   47:     0x6489fa5a8d04 - test::run_test::{{closure}}::h4237f6381c45ccb9
[INFO] [stdout]                                at /rustc/90b35a6239c3d8bdabc530a6a0816f7ff89a0aaf/library/test/src/lib.rs:595:41
[INFO] [stdout]   48:     0x6489fa5a8d04 - std::sys::backtrace::__rust_begin_short_backtrace::h505c97a579eca628
[INFO] [stdout]                                at /rustc/90b35a6239c3d8bdabc530a6a0816f7ff89a0aaf/library/std/src/sys/backtrace.rs:154:18
[INFO] [stdout]   49:     0x6489fa5ac3ce - std::thread::Builder::spawn_unchecked_::{{closure}}::{{closure}}::h9e86b2e2bc107ea3
[INFO] [stdout]                                at /rustc/90b35a6239c3d8bdabc530a6a0816f7ff89a0aaf/library/std/src/thread/mod.rs:538:17
[INFO] [stdout]   50:     0x6489fa5ac3ce - <core::panic::unwind_safe::AssertUnwindSafe<F> as core::ops::function::FnOnce<()>>::call_once::h8b06ddb275ff4a25
[INFO] [stdout]                                at /rustc/90b35a6239c3d8bdabc530a6a0816f7ff89a0aaf/library/core/src/panic/unwind_safe.rs:272:9
[INFO] [stdout]   51:     0x6489fa5ac3ce - std::panicking::try::do_call::hb26ecd7cd9a9355d
[INFO] [stdout]                                at /rustc/90b35a6239c3d8bdabc530a6a0816f7ff89a0aaf/library/std/src/panicking.rs:557:40
[INFO] [stdout]   52:     0x6489fa5ac3ce - std::panicking::try::h8ddeca9d705f9069
[INFO] [stdout]                                at /rustc/90b35a6239c3d8bdabc530a6a0816f7ff89a0aaf/library/std/src/panicking.rs:520:19
[INFO] [stdout]   53:     0x6489fa5ac3ce - std::panic::catch_unwind::h49e1c33078844c46
[INFO] [stdout]                                at /rustc/90b35a6239c3d8bdabc530a6a0816f7ff89a0aaf/library/std/src/panic.rs:358:14
[INFO] [stdout]   54:     0x6489fa5ac3ce - std::thread::Builder::spawn_unchecked_::{{closure}}::h6073db6ff56ad35d
[INFO] [stdout]                                at /rustc/90b35a6239c3d8bdabc530a6a0816f7ff89a0aaf/library/std/src/thread/mod.rs:537:30
[INFO] [stdout]   55:     0x6489fa5ac3ce - core::ops::function::FnOnce::call_once{{vtable.shim}}::h2c5a5f3779c774f1
[INFO] [stdout]                                at /rustc/90b35a6239c3d8bdabc530a6a0816f7ff89a0aaf/library/core/src/ops/function.rs:250:5
[INFO] [stdout]   56:     0x6489fa73518b - <alloc::boxed::Box<F,A> as core::ops::function::FnOnce<Args>>::call_once::hf75717d9f28faebf
[INFO] [stdout]                                at /rustc/90b35a6239c3d8bdabc530a6a0816f7ff89a0aaf/library/alloc/src/boxed.rs:2454:9
[INFO] [stdout]   57:     0x6489fa73518b - <alloc::boxed::Box<F,A> as core::ops::function::FnOnce<Args>>::call_once::h7bd883a5f3c5f3c1
[INFO] [stdout]                                at /rustc/90b35a6239c3d8bdabc530a6a0816f7ff89a0aaf/library/alloc/src/boxed.rs:2454:9
[INFO] [stdout]   58:     0x6489fa73518b - std::sys::pal::unix::thread::Thread::new::thread_start::hcc78f3943333fa94
[INFO] [stdout]                                at /rustc/90b35a6239c3d8bdabc530a6a0816f7ff89a0aaf/library/std/src/sys/pal/unix/thread.rs:105:17
[INFO] [stdout]   59:     0x7f6169a65ac3 - <unknown>
[INFO] [stdout]   60:     0x7f6169af6a04 - clone
[INFO] [stdout]   61:                0x0 - <unknown>
[INFO] [stdout] 
[INFO] [stdout] 
[INFO] [stdout] failures:
[INFO] [stdout]     test_binary_protocol
[INFO] [stdout]     test_mcrouter_prefix_routes
[INFO] [stdout]     test_mcrouteur_proxy_configuration
[INFO] [stdout]     test_text_protocol
[INFO] [stdout] 
[INFO] [stdout] test result: FAILED. 0 passed; 4 failed; 0 ignored; 0 measured; 0 filtered out; finished in 0.12s
[INFO] [stdout] 
[INFO] [stderr] error: test failed, to rerun pass `--test integration_test`
[INFO] running `Command { std: "docker" "inspect" "3f4bfe6a4da6c44540c7822ffbe365297f9afdf72cf991973cdae0f4ff9225fe", kill_on_drop: false }`
[INFO] running `Command { std: "docker" "rm" "-f" "3f4bfe6a4da6c44540c7822ffbe365297f9afdf72cf991973cdae0f4ff9225fe", kill_on_drop: false }`
[INFO] [stdout] 3f4bfe6a4da6c44540c7822ffbe365297f9afdf72cf991973cdae0f4ff9225fe
