[INFO] cloning repository https://github.com/mathieupoirier/vhost-device-test
[INFO] running `Command { std: "git" "-c" "credential.helper=" "-c" "credential.helper=/workspace/cargo-home/bin/git-credential-null" "clone" "--bare" "https://github.com/mathieupoirier/vhost-device-test" "/workspace/cache/git-repos/https%3A%2F%2Fgithub.com%2Fmathieupoirier%2Fvhost-device-test", kill_on_drop: false }`
[INFO] [stderr] Cloning into bare repository '/workspace/cache/git-repos/https%3A%2F%2Fgithub.com%2Fmathieupoirier%2Fvhost-device-test'...
[INFO] running `Command { std: "git" "rev-parse" "HEAD", kill_on_drop: false }`
[INFO] [stdout] b9fdfa4ff6d2146c6c1785085942dbccd4c68955
[INFO] testing mathieupoirier/vhost-device-test against beta-2024-12-08 for beta-1.84.0-4-retry
[INFO] running `Command { std: "git" "clone" "/workspace/cache/git-repos/https%3A%2F%2Fgithub.com%2Fmathieupoirier%2Fvhost-device-test" "/workspace/builds/worker-2-tc2/source", kill_on_drop: false }`
[INFO] [stderr] Cloning into '/workspace/builds/worker-2-tc2/source'...
[INFO] [stderr] done.
[INFO] validating manifest of git repo https://github.com/mathieupoirier/vhost-device-test on toolchain beta-2024-12-08
[INFO] running `Command { std: CARGO_HOME="/workspace/cargo-home" RUSTUP_HOME="/workspace/rustup-home" "/workspace/cargo-home/bin/cargo" "+beta-2024-12-08" "metadata" "--manifest-path" "Cargo.toml" "--no-deps", kill_on_drop: false }`
[INFO] removed /workspace/builds/worker-2-tc2/source/.cargo/config
[INFO] started tweaking git repo https://github.com/mathieupoirier/vhost-device-test
[INFO] finished tweaking git repo https://github.com/mathieupoirier/vhost-device-test
[INFO] tweaked toml for git repo https://github.com/mathieupoirier/vhost-device-test written to /workspace/builds/worker-2-tc2/source/Cargo.toml
[INFO] crate git repo https://github.com/mathieupoirier/vhost-device-test already has a lockfile, it will not be regenerated
[INFO] running `Command { std: CARGO_HOME="/workspace/cargo-home" RUSTUP_HOME="/workspace/rustup-home" "/workspace/cargo-home/bin/cargo" "+beta-2024-12-08" "fetch" "--manifest-path" "Cargo.toml", kill_on_drop: false }`
[INFO] [stderr] warning: virtual workspace defaulting to `resolver = "1"` despite one or more workspace members being on edition 2021 which implies `resolver = "2"`
[INFO] [stderr] note: to keep the current resolver, specify `workspace.resolver = "1"` in the workspace root's manifest
[INFO] [stderr] note: to use the edition 2021 resolver, specify `workspace.resolver = "2"` in the workspace root's manifest
[INFO] [stderr] note: for more details see https://doc.rust-lang.org/cargo/reference/resolver.html#resolver-versions
[INFO] running `Command { std: "docker" "create" "-v" "/var/lib/crater-agent-workspace/builds/worker-2-tc2/target:/opt/rustwide/target:rw,Z" "-v" "/var/lib/crater-agent-workspace/builds/worker-2-tc2/source:/opt/rustwide/workdir:ro,Z" "-v" "/var/lib/crater-agent-workspace/cargo-home:/opt/rustwide/cargo-home:ro,Z" "-v" "/var/lib/crater-agent-workspace/rustup-home:/opt/rustwide/rustup-home:ro,Z" "-e" "SOURCE_DIR=/opt/rustwide/workdir" "-e" "CARGO_TARGET_DIR=/opt/rustwide/target" "-e" "CARGO_HOME=/opt/rustwide/cargo-home" "-e" "RUSTUP_HOME=/opt/rustwide/rustup-home" "-w" "/opt/rustwide/workdir" "-m" "1610612736" "--user" "0:0" "--network" "none" "ghcr.io/rust-lang/crates-build-env/linux@sha256:f3a9d4ad9d972b27faf3965f35b62e55ba32bbce8f20bc8fe909558a86702fde" "/opt/rustwide/cargo-home/bin/cargo" "+beta-2024-12-08" "metadata" "--no-deps" "--format-version=1", kill_on_drop: false }`
[INFO] [stdout] ba99adc0bb3b6c3b9fd8cf7c40643b3c47c0db4d1aca7dba75415818a3faba19
[INFO] running `Command { std: "docker" "start" "-a" "ba99adc0bb3b6c3b9fd8cf7c40643b3c47c0db4d1aca7dba75415818a3faba19", kill_on_drop: false }`
[INFO] running `Command { std: "docker" "inspect" "ba99adc0bb3b6c3b9fd8cf7c40643b3c47c0db4d1aca7dba75415818a3faba19", kill_on_drop: false }`
[INFO] running `Command { std: "docker" "rm" "-f" "ba99adc0bb3b6c3b9fd8cf7c40643b3c47c0db4d1aca7dba75415818a3faba19", kill_on_drop: false }`
[INFO] [stdout] ba99adc0bb3b6c3b9fd8cf7c40643b3c47c0db4d1aca7dba75415818a3faba19
[INFO] running `Command { std: "docker" "create" "-v" "/var/lib/crater-agent-workspace/builds/worker-2-tc2/target:/opt/rustwide/target:rw,Z" "-v" "/var/lib/crater-agent-workspace/builds/worker-2-tc2/source:/opt/rustwide/workdir:ro,Z" "-v" "/var/lib/crater-agent-workspace/cargo-home:/opt/rustwide/cargo-home:ro,Z" "-v" "/var/lib/crater-agent-workspace/rustup-home:/opt/rustwide/rustup-home:ro,Z" "-e" "SOURCE_DIR=/opt/rustwide/workdir" "-e" "CARGO_TARGET_DIR=/opt/rustwide/target" "-e" "CARGO_INCREMENTAL=0" "-e" "RUST_BACKTRACE=full" "-e" "RUSTFLAGS=--cap-lints=warn" "-e" "RUSTDOCFLAGS=--cap-lints=warn" "-e" "CARGO_HOME=/opt/rustwide/cargo-home" "-e" "RUSTUP_HOME=/opt/rustwide/rustup-home" "-w" "/opt/rustwide/workdir" "-m" "1610612736" "--user" "0:0" "--network" "none" "ghcr.io/rust-lang/crates-build-env/linux@sha256:f3a9d4ad9d972b27faf3965f35b62e55ba32bbce8f20bc8fe909558a86702fde" "/opt/rustwide/cargo-home/bin/cargo" "+beta-2024-12-08" "build" "--frozen" "--message-format=json", kill_on_drop: false }`
[INFO] [stdout] fddb12f8eed4adfe68441cfcf2a29e413a652b7eec2ac88dad462d17c8f527bc
[INFO] running `Command { std: "docker" "start" "-a" "fddb12f8eed4adfe68441cfcf2a29e413a652b7eec2ac88dad462d17c8f527bc", kill_on_drop: false }`
[INFO] [stderr] warning: virtual workspace defaulting to `resolver = "1"` despite one or more workspace members being on edition 2021 which implies `resolver = "2"`
[INFO] [stderr] note: to keep the current resolver, specify `workspace.resolver = "1"` in the workspace root's manifest
[INFO] [stderr] note: to use the edition 2021 resolver, specify `workspace.resolver = "2"` in the workspace root's manifest
[INFO] [stderr] note: for more details see https://doc.rust-lang.org/cargo/reference/resolver.html#resolver-versions
[INFO] [stderr]    Compiling libc v0.2.132
[INFO] [stderr]    Compiling proc-macro2 v1.0.43
[INFO] [stderr]    Compiling quote v1.0.21
[INFO] [stderr]    Compiling unicode-ident v1.0.3
[INFO] [stderr]    Compiling version_check v0.9.4
[INFO] [stderr]    Compiling syn v1.0.99
[INFO] [stderr]    Compiling log v0.4.17
[INFO] [stderr]    Compiling arc-swap v1.5.1
[INFO] [stderr]    Compiling regex-syntax v0.6.27
[INFO] [stderr]    Compiling os_str_bytes v6.3.0
[INFO] [stderr]    Compiling termcolor v1.1.3
[INFO] [stderr]    Compiling cc v1.0.73
[INFO] [stderr]    Compiling indexmap v1.9.1
[INFO] [stderr]    Compiling heck v0.4.0
[INFO] [stderr]    Compiling virtio-bindings v0.1.0
[INFO] [stderr]    Compiling aho-corasick v0.7.18
[INFO] [stderr]    Compiling textwrap v0.15.0
[INFO] [stderr]    Compiling strsim v0.10.0
[INFO] [stderr]    Compiling humantime v2.1.0
[INFO] [stderr]    Compiling clap_lex v0.2.4
[INFO] [stderr]    Compiling once_cell v1.13.1
[INFO] [stderr]    Compiling proc-macro-error-attr v1.0.4
[INFO] [stderr]    Compiling proc-macro-error v1.0.4
[INFO] [stderr]    Compiling ppv-lite86 v0.2.16
[INFO] [stderr]    Compiling remove_dir_all v0.5.3
[INFO] [stderr]    Compiling fastrand v1.8.0
[INFO] [stderr]    Compiling vmm-sys-util v0.10.0
[INFO] [stderr]    Compiling vm-memory v0.8.0
[INFO] [stderr]    Compiling atty v0.2.14
[INFO] [stderr]    Compiling getrandom v0.2.7
[INFO] [stderr]    Compiling tempfile v3.3.0
[INFO] [stderr]    Compiling epoll v4.3.1
[INFO] [stderr]    Compiling rand_core v0.6.3
[INFO] [stderr]    Compiling rand_chacha v0.3.1
[INFO] [stderr]    Compiling libgpiod-sys v0.1.0 (https://github.com/vireshk/libgpiod#9d8e18e2)
[INFO] [stderr]    Compiling rand v0.8.5
[INFO] [stderr]    Compiling vhost v0.4.0
[INFO] [stderr]    Compiling virtio-queue v0.5.0
[INFO] [stderr]    Compiling regex v1.6.0
[INFO] [stderr]    Compiling vhost-user-backend v0.6.0
[INFO] [stderr]    Compiling env_logger v0.9.0
[INFO] [stderr]    Compiling thiserror-impl v1.0.32
[INFO] [stderr]    Compiling clap_derive v3.2.17
[INFO] [stderr]    Compiling thiserror v1.0.32
[INFO] [stderr]    Compiling libgpiod v0.1.0 (https://github.com/vireshk/libgpiod#9d8e18e2)
[INFO] [stderr]    Compiling clap v3.2.17
[INFO] [stderr]    Compiling vhost-device-rng v0.1.0 (/opt/rustwide/workdir/rng)
[INFO] [stderr]    Compiling vhost-device-gpio v0.1.0 (/opt/rustwide/workdir/gpio)
[INFO] [stderr]    Compiling vhost-device-i2c v0.1.0 (/opt/rustwide/workdir/i2c)
[INFO] [stdout] warning: variable does not need to be mutable
[INFO] [stdout]    --> rng/src/vhu_rng.rs:129:17
[INFO] [stdout]     |
[INFO] [stdout] 129 |             let mut timer = &mut self.timer;
[INFO] [stdout]     |                 ----^^^^^
[INFO] [stdout]     |                 |
[INFO] [stdout]     |                 help: remove this `mut`
[INFO] [stdout]     |
[INFO] [stdout]     = note: `#[warn(unused_mut)]` on by default
[INFO] [stdout] 
[INFO] [stdout] 
[INFO] [stderr]     Finished `dev` profile [unoptimized + debuginfo] target(s) in 29.57s
[INFO] running `Command { std: "docker" "inspect" "fddb12f8eed4adfe68441cfcf2a29e413a652b7eec2ac88dad462d17c8f527bc", kill_on_drop: false }`
[INFO] running `Command { std: "docker" "rm" "-f" "fddb12f8eed4adfe68441cfcf2a29e413a652b7eec2ac88dad462d17c8f527bc", kill_on_drop: false }`
[INFO] [stdout] fddb12f8eed4adfe68441cfcf2a29e413a652b7eec2ac88dad462d17c8f527bc
[INFO] running `Command { std: "docker" "create" "-v" "/var/lib/crater-agent-workspace/builds/worker-2-tc2/target:/opt/rustwide/target:rw,Z" "-v" "/var/lib/crater-agent-workspace/builds/worker-2-tc2/source:/opt/rustwide/workdir:ro,Z" "-v" "/var/lib/crater-agent-workspace/cargo-home:/opt/rustwide/cargo-home:ro,Z" "-v" "/var/lib/crater-agent-workspace/rustup-home:/opt/rustwide/rustup-home:ro,Z" "-e" "SOURCE_DIR=/opt/rustwide/workdir" "-e" "CARGO_TARGET_DIR=/opt/rustwide/target" "-e" "CARGO_INCREMENTAL=0" "-e" "RUST_BACKTRACE=full" "-e" "RUSTFLAGS=--cap-lints=warn" "-e" "RUSTDOCFLAGS=--cap-lints=warn" "-e" "CARGO_HOME=/opt/rustwide/cargo-home" "-e" "RUSTUP_HOME=/opt/rustwide/rustup-home" "-w" "/opt/rustwide/workdir" "-m" "1610612736" "--user" "0:0" "--network" "none" "ghcr.io/rust-lang/crates-build-env/linux@sha256:f3a9d4ad9d972b27faf3965f35b62e55ba32bbce8f20bc8fe909558a86702fde" "/opt/rustwide/cargo-home/bin/cargo" "+beta-2024-12-08" "test" "--frozen" "--no-run" "--message-format=json", kill_on_drop: false }`
[INFO] [stdout] 3f8bce359a91dd98e94b70f491db55b6731146b86b525dbb66aff695c70bd8b2
[INFO] running `Command { std: "docker" "start" "-a" "3f8bce359a91dd98e94b70f491db55b6731146b86b525dbb66aff695c70bd8b2", kill_on_drop: false }`
[INFO] [stderr] warning: virtual workspace defaulting to `resolver = "1"` despite one or more workspace members being on edition 2021 which implies `resolver = "2"`
[INFO] [stderr] note: to keep the current resolver, specify `workspace.resolver = "1"` in the workspace root's manifest
[INFO] [stderr] note: to use the edition 2021 resolver, specify `workspace.resolver = "2"` in the workspace root's manifest
[INFO] [stderr] note: for more details see https://doc.rust-lang.org/cargo/reference/resolver.html#resolver-versions
[INFO] [stderr]    Compiling vhost-device-i2c v0.1.0 (/opt/rustwide/workdir/i2c)
[INFO] [stderr]    Compiling vhost-device-rng v0.1.0 (/opt/rustwide/workdir/rng)
[INFO] [stderr]    Compiling vhost-device-gpio v0.1.0 (/opt/rustwide/workdir/gpio)
[INFO] [stdout] warning: variable does not need to be mutable
[INFO] [stdout]    --> rng/src/vhu_rng.rs:129:17
[INFO] [stdout]     |
[INFO] [stdout] 129 |             let mut timer = &mut self.timer;
[INFO] [stdout]     |                 ----^^^^^
[INFO] [stdout]     |                 |
[INFO] [stdout]     |                 help: remove this `mut`
[INFO] [stdout]     |
[INFO] [stdout]     = note: `#[warn(unused_mut)]` on by default
[INFO] [stdout] 
[INFO] [stdout] 
[INFO] [stderr]     Finished `test` profile [unoptimized + debuginfo] target(s) in 5.08s
[INFO] running `Command { std: "docker" "inspect" "3f8bce359a91dd98e94b70f491db55b6731146b86b525dbb66aff695c70bd8b2", kill_on_drop: false }`
[INFO] running `Command { std: "docker" "rm" "-f" "3f8bce359a91dd98e94b70f491db55b6731146b86b525dbb66aff695c70bd8b2", kill_on_drop: false }`
[INFO] [stdout] 3f8bce359a91dd98e94b70f491db55b6731146b86b525dbb66aff695c70bd8b2
[INFO] running `Command { std: "docker" "create" "-v" "/var/lib/crater-agent-workspace/builds/worker-2-tc2/target:/opt/rustwide/target:rw,Z" "-v" "/var/lib/crater-agent-workspace/builds/worker-2-tc2/source:/opt/rustwide/workdir:ro,Z" "-v" "/var/lib/crater-agent-workspace/cargo-home:/opt/rustwide/cargo-home:ro,Z" "-v" "/var/lib/crater-agent-workspace/rustup-home:/opt/rustwide/rustup-home:ro,Z" "-e" "SOURCE_DIR=/opt/rustwide/workdir" "-e" "CARGO_TARGET_DIR=/opt/rustwide/target" "-e" "CARGO_INCREMENTAL=0" "-e" "RUST_BACKTRACE=full" "-e" "RUSTFLAGS=--cap-lints=warn" "-e" "RUSTDOCFLAGS=--cap-lints=warn" "-e" "CARGO_HOME=/opt/rustwide/cargo-home" "-e" "RUSTUP_HOME=/opt/rustwide/rustup-home" "-w" "/opt/rustwide/workdir" "-m" "1610612736" "--user" "0:0" "--network" "none" "ghcr.io/rust-lang/crates-build-env/linux@sha256:f3a9d4ad9d972b27faf3965f35b62e55ba32bbce8f20bc8fe909558a86702fde" "/opt/rustwide/cargo-home/bin/cargo" "+beta-2024-12-08" "test" "--frozen", kill_on_drop: false }`
[INFO] [stdout] 64cfce6d2722348586baca6c18f73258439b623c7b5f3f4efaaa32073d0b9bdf
[INFO] running `Command { std: "docker" "start" "-a" "64cfce6d2722348586baca6c18f73258439b623c7b5f3f4efaaa32073d0b9bdf", kill_on_drop: false }`
[INFO] [stderr] warning: virtual workspace defaulting to `resolver = "1"` despite one or more workspace members being on edition 2021 which implies `resolver = "2"`
[INFO] [stderr] note: to keep the current resolver, specify `workspace.resolver = "1"` in the workspace root's manifest
[INFO] [stderr] note: to use the edition 2021 resolver, specify `workspace.resolver = "2"` in the workspace root's manifest
[INFO] [stderr] note: for more details see https://doc.rust-lang.org/cargo/reference/resolver.html#resolver-versions
[INFO] [stderr] warning: variable does not need to be mutable
[INFO] [stderr]    --> rng/src/vhu_rng.rs:129:17
[INFO] [stderr]     |
[INFO] [stderr] 129 |             let mut timer = &mut self.timer;
[INFO] [stderr]     |                 ----^^^^^
[INFO] [stderr]     |                 |
[INFO] [stderr]     |                 help: remove this `mut`
[INFO] [stderr]     |
[INFO] [stderr]     = note: `#[warn(unused_mut)]` on by default
[INFO] [stderr] 
[INFO] [stderr] warning: `vhost-device-rng` (bin "vhost-device-rng" test) generated 1 warning (run `cargo fix --bin "vhost-device-rng" --tests` to apply 1 suggestion)
[INFO] [stderr]     Finished `test` profile [unoptimized + debuginfo] target(s) in 0.08s
[INFO] [stderr]      Running unittests src/main.rs (/opt/rustwide/target/debug/deps/vhost_device_gpio-ee96ea765338d8d6)
[INFO] [stdout] 
[INFO] [stdout] running 18 tests
[INFO] [stdout] test gpio::tests::test_gpio_controller_new_failure ... ok
[INFO] [stdout] test backend::tests::test_gpio_parse_failure ... ok
[INFO] [stdout] test gpio::tests::test_gpio_operation_failure ... ok
[INFO] [stdout] test gpio::tests::test_gpio_wait_for_interrupt_failure ... ok
[INFO] [stdout] test gpio::tests::test_verify_gpio_controller ... ok
[INFO] [stdout] test vhu_gpio::tests::test_gpio_process_events_success ... ok
[INFO] [stdout] test backend::tests::test_gpio_parse_successful ... ok
[INFO] [stdout] test gpio::tests::test_gpio_set_value_failure ... ok
[INFO] [stdout] test gpio::tests::test_verify_gpio_operation ... ok
[INFO] [stdout] test gpio::tests::test_gpio_set_irq_type_failure ... ok
[INFO] [stdout] test vhu_gpio::tests::test_gpio_process_requests_success ... ok
[INFO] [stdout] test backend::tests::test_gpio_device_config ... ok
[INFO] [stdout] test vhu_gpio::tests::test_gpio_process_requests_failure ... ok
[INFO] [stdout] test vhu_gpio::tests::test_gpio_process_events_multi_success ... ok
[INFO] [stdout] test gpio::tests::test_gpio_set_direction_failure ... ok
[INFO] [stdout] test vhu_gpio::tests::test_gpio_verify_backend ... ok
[INFO] [stdout] test vhu_gpio::tests::test_gpio_process_events_failure ... ok
[INFO] [stdout] test backend::tests::test_gpio_fail_listener ... ok
[INFO] [stdout] 
[INFO] [stdout] test result: ok. 18 passed; 0 failed; 0 ignored; 0 measured; 0 filtered out; finished in 0.11s
[INFO] [stdout] 
[INFO] [stderr]      Running unittests src/main.rs (/opt/rustwide/target/debug/deps/vhost_device_i2c-c37ffb5d57c5a195)
[INFO] [stdout] 
[INFO] [stdout] running 17 tests
[INFO] [stdout] test i2c::tests::test_i2c_map ... ok
[INFO] [stdout] test i2c::tests::test_funcs ... ok
[INFO] [stdout] test tests::test_device_config ... ok
[INFO] [stdout] test i2c::tests::test_verify_smbus_data ... ok
[INFO] [stdout] test tests::test_duplicated_adapter_no ... ok
[INFO] [stdout] test i2c::tests::test_phys_device_failure ... ok
[INFO] [stdout] test i2c::tests::test_smbus_transfer ... ok
[INFO] [stdout] test i2c::tests::test_i2c_transfer ... ok
[INFO] [stdout] test i2c::tests::test_transfer_failure ... ok
[INFO] [stdout] test tests::test_parse_failure ... ok
[INFO] [stdout] test tests::test_i2c_map_duplicate_device4 ... ok
[INFO] [stdout] test vhu_i2c::tests::verify_backend ... ok
[INFO] [stdout] test vhu_i2c::tests::process_requests_success ... ok
[INFO] [stdout] test i2c::tests::test_smbus_transfer_failure ... ok
[INFO] [stdout] test vhu_i2c::tests::process_requests_failure ... ok
[INFO] [stdout] test tests::test_parse_successful ... FAILED
[INFO] [stdout] test tests::test_fail_listener ... ok
[INFO] [stdout] 
[INFO] [stdout] failures:
[INFO] [stdout] 
[INFO] [stdout] ---- tests::test_parse_successful stdout ----
[INFO] [stdout] thread 'tests::test_parse_successful' panicked at i2c/src/main.rs:330:49:
[INFO] [stdout] called `Result::unwrap()` on an `Err` value: SocketError(Os { code: 30, kind: ReadOnlyFilesystem, message: "Read-only file system" })
[INFO] [stdout] stack backtrace:
[INFO] [stdout]    0:     0x6221c9dca17a - std::backtrace_rs::backtrace::libunwind::trace::h8810477743020387
[INFO] [stdout]                                at /rustc/202008a1b8de96d2e5b6bc02d379db03a877d34d/library/std/src/../../backtrace/src/backtrace/libunwind.rs:116:5
[INFO] [stdout]    1:     0x6221c9dca17a - std::backtrace_rs::backtrace::trace_unsynchronized::h3aa55355dd6c54a6
[INFO] [stdout]                                at /rustc/202008a1b8de96d2e5b6bc02d379db03a877d34d/library/std/src/../../backtrace/src/backtrace/mod.rs:66:5
[INFO] [stdout]    2:     0x6221c9dca17a - std::sys::backtrace::_print_fmt::h8588b0f62410823f
[INFO] [stdout]                                at /rustc/202008a1b8de96d2e5b6bc02d379db03a877d34d/library/std/src/sys/backtrace.rs:66:9
[INFO] [stdout]    3:     0x6221c9dca17a - <std::sys::backtrace::BacktraceLock::print::DisplayBacktrace as core::fmt::Display>::fmt::h98c26ac25ffe89bb
[INFO] [stdout]                                at /rustc/202008a1b8de96d2e5b6bc02d379db03a877d34d/library/std/src/sys/backtrace.rs:39:26
[INFO] [stdout]    4:     0x6221c9df03b3 - core::fmt::rt::Argument::fmt::hf95377f4aebd453b
[INFO] [stdout]                                at /rustc/202008a1b8de96d2e5b6bc02d379db03a877d34d/library/core/src/fmt/rt.rs:177:76
[INFO] [stdout]    5:     0x6221c9df03b3 - core::fmt::write::h0dd5f6e2238c7982
[INFO] [stdout]                                at /rustc/202008a1b8de96d2e5b6bc02d379db03a877d34d/library/core/src/fmt/mod.rs:1189:21
[INFO] [stdout]    6:     0x6221c9dc70a3 - std::io::Write::write_fmt::h03bb0ca26e6faf8c
[INFO] [stdout]                                at /rustc/202008a1b8de96d2e5b6bc02d379db03a877d34d/library/std/src/io/mod.rs:1884:15
[INFO] [stdout]    7:     0x6221c9dc9fc2 - std::sys::backtrace::BacktraceLock::print::h5c19c1c038ee186d
[INFO] [stdout]                                at /rustc/202008a1b8de96d2e5b6bc02d379db03a877d34d/library/std/src/sys/backtrace.rs:42:9
[INFO] [stdout]    8:     0x6221c9dcb5fd - std::panicking::default_hook::{{closure}}::h77172f079a1fcb13
[INFO] [stdout]                                at /rustc/202008a1b8de96d2e5b6bc02d379db03a877d34d/library/std/src/panicking.rs:268:22
[INFO] [stdout]    9:     0x6221c9dcb407 - std::panicking::default_hook::he5f8e3b203ccddba
[INFO] [stdout]                                at /rustc/202008a1b8de96d2e5b6bc02d379db03a877d34d/library/std/src/panicking.rs:292:9
[INFO] [stdout]   10:     0x6221c9d71997 - <alloc::boxed::Box<F,A> as core::ops::function::Fn<Args>>::call::h7a3c7b4a1ae77f2f
[INFO] [stdout]                                at /rustc/202008a1b8de96d2e5b6bc02d379db03a877d34d/library/alloc/src/boxed.rs:1986:9
[INFO] [stdout]   11:     0x6221c9d71997 - test::test_main::{{closure}}::hf0d3b69ae9b353d1
[INFO] [stdout]                                at /rustc/202008a1b8de96d2e5b6bc02d379db03a877d34d/library/test/src/lib.rs:134:21
[INFO] [stdout]   12:     0x6221c9dcbca8 - <alloc::boxed::Box<F,A> as core::ops::function::Fn<Args>>::call::h6332e82e7b189abd
[INFO] [stdout]                                at /rustc/202008a1b8de96d2e5b6bc02d379db03a877d34d/library/alloc/src/boxed.rs:1986:9
[INFO] [stdout]   13:     0x6221c9dcbca8 - std::panicking::rust_panic_with_hook::h53863d4e9018df39
[INFO] [stdout]                                at /rustc/202008a1b8de96d2e5b6bc02d379db03a877d34d/library/std/src/panicking.rs:809:13
[INFO] [stdout]   14:     0x6221c9dcba6a - std::panicking::begin_panic_handler::{{closure}}::h67280e6fa0757873
[INFO] [stdout]                                at /rustc/202008a1b8de96d2e5b6bc02d379db03a877d34d/library/std/src/panicking.rs:674:13
[INFO] [stdout]   15:     0x6221c9dca659 - std::sys::backtrace::__rust_end_short_backtrace::h1dac3f54d6fbbeb2
[INFO] [stdout]                                at /rustc/202008a1b8de96d2e5b6bc02d379db03a877d34d/library/std/src/sys/backtrace.rs:170:18
[INFO] [stdout]   16:     0x6221c9dcb6fc - rust_begin_unwind
[INFO] [stdout]                                at /rustc/202008a1b8de96d2e5b6bc02d379db03a877d34d/library/std/src/panicking.rs:665:5
[INFO] [stdout]   17:     0x6221c9cc0cc0 - core::panicking::panic_fmt::h6792bd1b2bf01041
[INFO] [stdout]                                at /rustc/202008a1b8de96d2e5b6bc02d379db03a877d34d/library/core/src/panicking.rs:76:14
[INFO] [stdout]   18:     0x6221c9cc1106 - core::result::unwrap_failed::h05e0602ed34287c5
[INFO] [stdout]                                at /rustc/202008a1b8de96d2e5b6bc02d379db03a877d34d/library/core/src/result.rs:1699:5
[INFO] [stdout]   19:     0x6221c9d0298b - core::result::Result<T,E>::unwrap::h4e1b53caa3707d66
[INFO] [stdout]                                at /rustc/202008a1b8de96d2e5b6bc02d379db03a877d34d/library/core/src/result.rs:1104:23
[INFO] [stdout]   20:     0x6221c9d0298b - vhost_device_i2c::tests::test_parse_successful::h3a33ecd03a522d83
[INFO] [stdout]                                at /opt/rustwide/workdir/i2c/src/main.rs:330:9
[INFO] [stdout]   21:     0x6221c9d02737 - vhost_device_i2c::tests::test_parse_successful::{{closure}}::hffb6d410656fceb1
[INFO] [stdout]                                at /opt/rustwide/workdir/i2c/src/main.rs:324:31
[INFO] [stdout]   22:     0x6221c9cd0036 - core::ops::function::FnOnce::call_once::h8bbafd0ab0a6ec7f
[INFO] [stdout]                                at /rustc/202008a1b8de96d2e5b6bc02d379db03a877d34d/library/core/src/ops/function.rs:250:5
[INFO] [stdout]   23:     0x6221c9d764bb - core::ops::function::FnOnce::call_once::h871bf86719ec9aa4
[INFO] [stdout]                                at /rustc/202008a1b8de96d2e5b6bc02d379db03a877d34d/library/core/src/ops/function.rs:250:5
[INFO] [stdout]   24:     0x6221c9d764bb - test::__rust_begin_short_backtrace::h2167df1e2b7d76fd
[INFO] [stdout]                                at /rustc/202008a1b8de96d2e5b6bc02d379db03a877d34d/library/test/src/lib.rs:632:18
[INFO] [stdout]   25:     0x6221c9d75ea8 - test::run_test_in_process::{{closure}}::h15d92f75a3adfb79
[INFO] [stdout]                                at /rustc/202008a1b8de96d2e5b6bc02d379db03a877d34d/library/test/src/lib.rs:655:60
[INFO] [stdout]   26:     0x6221c9d75ea8 - <core::panic::unwind_safe::AssertUnwindSafe<F> as core::ops::function::FnOnce<()>>::call_once::hb6c8955835a8dbbb
[INFO] [stdout]                                at /rustc/202008a1b8de96d2e5b6bc02d379db03a877d34d/library/core/src/panic/unwind_safe.rs:272:9
[INFO] [stdout]   27:     0x6221c9d75ea8 - std::panicking::try::do_call::hc79d0fc888a0bd30
[INFO] [stdout]                                at /rustc/202008a1b8de96d2e5b6bc02d379db03a877d34d/library/std/src/panicking.rs:557:40
[INFO] [stdout]   28:     0x6221c9d75ea8 - std::panicking::try::hb8a7878e3a8589d6
[INFO] [stdout]                                at /rustc/202008a1b8de96d2e5b6bc02d379db03a877d34d/library/std/src/panicking.rs:520:19
[INFO] [stdout]   29:     0x6221c9d75ea8 - std::panic::catch_unwind::hb8e4600ff0ff5cfa
[INFO] [stdout]                                at /rustc/202008a1b8de96d2e5b6bc02d379db03a877d34d/library/std/src/panic.rs:358:14
[INFO] [stdout]   30:     0x6221c9d75ea8 - test::run_test_in_process::hc2900b0b18688dd6
[INFO] [stdout]                                at /rustc/202008a1b8de96d2e5b6bc02d379db03a877d34d/library/test/src/lib.rs:655:27
[INFO] [stdout]   31:     0x6221c9d75ea8 - test::run_test::{{closure}}::hac2a9cb07be3d48d
[INFO] [stdout]                                at /rustc/202008a1b8de96d2e5b6bc02d379db03a877d34d/library/test/src/lib.rs:576:43
[INFO] [stdout]   32:     0x6221c9d3994a - test::run_test::{{closure}}::h4a5b729e66a38cd8
[INFO] [stdout]                                at /rustc/202008a1b8de96d2e5b6bc02d379db03a877d34d/library/test/src/lib.rs:606:41
[INFO] [stdout]   33:     0x6221c9d3994a - std::sys::backtrace::__rust_begin_short_backtrace::h0496fb742492f573
[INFO] [stdout]                                at /rustc/202008a1b8de96d2e5b6bc02d379db03a877d34d/library/std/src/sys/backtrace.rs:154:18
[INFO] [stdout]   34:     0x6221c9d3d2c4 - std::thread::Builder::spawn_unchecked_::{{closure}}::{{closure}}::hbb6d257c550a54bd
[INFO] [stdout]                                at /rustc/202008a1b8de96d2e5b6bc02d379db03a877d34d/library/std/src/thread/mod.rs:561:17
[INFO] [stdout]   35:     0x6221c9d3d2c4 - <core::panic::unwind_safe::AssertUnwindSafe<F> as core::ops::function::FnOnce<()>>::call_once::h46696fe4a6832328
[INFO] [stdout]                                at /rustc/202008a1b8de96d2e5b6bc02d379db03a877d34d/library/core/src/panic/unwind_safe.rs:272:9
[INFO] [stdout]   36:     0x6221c9d3d2c4 - std::panicking::try::do_call::h2625a51b667bfb64
[INFO] [stdout]                                at /rustc/202008a1b8de96d2e5b6bc02d379db03a877d34d/library/std/src/panicking.rs:557:40
[INFO] [stdout]   37:     0x6221c9d3d2c4 - std::panicking::try::hb956a59a1973aa4c
[INFO] [stdout]                                at /rustc/202008a1b8de96d2e5b6bc02d379db03a877d34d/library/std/src/panicking.rs:520:19
[INFO] [stdout]   38:     0x6221c9d3d2c4 - std::panic::catch_unwind::h64f3b9d1067ef6a0
[INFO] [stdout]                                at /rustc/202008a1b8de96d2e5b6bc02d379db03a877d34d/library/std/src/panic.rs:358:14
[INFO] [stdout]   39:     0x6221c9d3d2c4 - std::thread::Builder::spawn_unchecked_::{{closure}}::h42b2841295b6c0b2
[INFO] [stdout]                                at /rustc/202008a1b8de96d2e5b6bc02d379db03a877d34d/library/std/src/thread/mod.rs:559:30
[INFO] [stdout]   40:     0x6221c9d3d2c4 - core::ops::function::FnOnce::call_once{{vtable.shim}}::h6127de71b8124639
[INFO] [stdout]                                at /rustc/202008a1b8de96d2e5b6bc02d379db03a877d34d/library/core/src/ops/function.rs:250:5
[INFO] [stdout]   41:     0x6221c9dd02ab - <alloc::boxed::Box<F,A> as core::ops::function::FnOnce<Args>>::call_once::h42f0ba71002a1b2c
[INFO] [stdout]                                at /rustc/202008a1b8de96d2e5b6bc02d379db03a877d34d/library/alloc/src/boxed.rs:1972:9
[INFO] [stdout]   42:     0x6221c9dd02ab - <alloc::boxed::Box<F,A> as core::ops::function::FnOnce<Args>>::call_once::had9e47d7a3dcecb8
[INFO] [stdout]                                at /rustc/202008a1b8de96d2e5b6bc02d379db03a877d34d/library/alloc/src/boxed.rs:1972:9
[INFO] [stdout]   43:     0x6221c9dd02ab - std::sys::pal::unix::thread::Thread::new::thread_start::h48cf765408f6f5f2
[INFO] [stdout]                                at /rustc/202008a1b8de96d2e5b6bc02d379db03a877d34d/library/std/src/sys/pal/unix/thread.rs:105:17
[INFO] [stdout]   44:     0x7f52ba7a8ac3 - <unknown>
[INFO] [stdout]   45:     0x7f52ba839a04 - clone
[INFO] [stdout]   46:                0x0 - <unknown>
[INFO] [stdout] 
[INFO] [stdout] 
[INFO] [stdout] failures:
[INFO] [stdout]     tests::test_parse_successful
[INFO] [stdout] 
[INFO] [stdout] test result: FAILED. 16 passed; 1 failed; 0 ignored; 0 measured; 0 filtered out; finished in 0.10s
[INFO] [stdout] 
[INFO] [stderr] error: test failed, to rerun pass `-p vhost-device-i2c --bin vhost-device-i2c`
[INFO] running `Command { std: "docker" "inspect" "64cfce6d2722348586baca6c18f73258439b623c7b5f3f4efaaa32073d0b9bdf", kill_on_drop: false }`
[INFO] running `Command { std: "docker" "rm" "-f" "64cfce6d2722348586baca6c18f73258439b623c7b5f3f4efaaa32073d0b9bdf", kill_on_drop: false }`
[INFO] [stdout] 64cfce6d2722348586baca6c18f73258439b623c7b5f3f4efaaa32073d0b9bdf
