[INFO] cloning repository https://github.com/matheus23/rust-bloomfilter-tests
[INFO] running `Command { std: "git" "-c" "credential.helper=" "-c" "credential.helper=/workspace/cargo-home/bin/git-credential-null" "clone" "--bare" "https://github.com/matheus23/rust-bloomfilter-tests" "/workspace/cache/git-repos/https%3A%2F%2Fgithub.com%2Fmatheus23%2Frust-bloomfilter-tests", kill_on_drop: false }`
[INFO] [stderr] Cloning into bare repository '/workspace/cache/git-repos/https%3A%2F%2Fgithub.com%2Fmatheus23%2Frust-bloomfilter-tests'...
[INFO] running `Command { std: "git" "rev-parse" "HEAD", kill_on_drop: false }`
[INFO] [stdout] 79e9fee5c90a3efc01ad3fc380e914bd56c36644
[INFO] testing matheus23/rust-bloomfilter-tests against 1.83.0 for beta-1.84.0-4-retry
[INFO] running `Command { std: "git" "clone" "/workspace/cache/git-repos/https%3A%2F%2Fgithub.com%2Fmatheus23%2Frust-bloomfilter-tests" "/workspace/builds/worker-5-tc1/source", kill_on_drop: false }`
[INFO] [stderr] Cloning into '/workspace/builds/worker-5-tc1/source'...
[INFO] [stderr] done.
[INFO] validating manifest of git repo https://github.com/matheus23/rust-bloomfilter-tests on toolchain 1.83.0
[INFO] running `Command { std: CARGO_HOME="/workspace/cargo-home" RUSTUP_HOME="/workspace/rustup-home" "/workspace/cargo-home/bin/cargo" "+1.83.0" "metadata" "--manifest-path" "Cargo.toml" "--no-deps", kill_on_drop: false }`
[INFO] started tweaking git repo https://github.com/matheus23/rust-bloomfilter-tests
[INFO] finished tweaking git repo https://github.com/matheus23/rust-bloomfilter-tests
[INFO] tweaked toml for git repo https://github.com/matheus23/rust-bloomfilter-tests written to /workspace/builds/worker-5-tc1/source/Cargo.toml
[INFO] crate git repo https://github.com/matheus23/rust-bloomfilter-tests already has a lockfile, it will not be regenerated
[INFO] running `Command { std: CARGO_HOME="/workspace/cargo-home" RUSTUP_HOME="/workspace/rustup-home" "/workspace/cargo-home/bin/cargo" "+1.83.0" "fetch" "--manifest-path" "Cargo.toml", kill_on_drop: false }`
[INFO] running `Command { std: "docker" "create" "-v" "/var/lib/crater-agent-workspace/builds/worker-5-tc1/target:/opt/rustwide/target:rw,Z" "-v" "/var/lib/crater-agent-workspace/builds/worker-5-tc1/source:/opt/rustwide/workdir:ro,Z" "-v" "/var/lib/crater-agent-workspace/cargo-home:/opt/rustwide/cargo-home:ro,Z" "-v" "/var/lib/crater-agent-workspace/rustup-home:/opt/rustwide/rustup-home:ro,Z" "-e" "SOURCE_DIR=/opt/rustwide/workdir" "-e" "CARGO_TARGET_DIR=/opt/rustwide/target" "-e" "CARGO_HOME=/opt/rustwide/cargo-home" "-e" "RUSTUP_HOME=/opt/rustwide/rustup-home" "-w" "/opt/rustwide/workdir" "-m" "1610612736" "--user" "0:0" "--network" "none" "ghcr.io/rust-lang/crates-build-env/linux@sha256:f3a9d4ad9d972b27faf3965f35b62e55ba32bbce8f20bc8fe909558a86702fde" "/opt/rustwide/cargo-home/bin/cargo" "+1.83.0" "metadata" "--no-deps" "--format-version=1", kill_on_drop: false }`
[INFO] [stdout] f9ef7913a4d7ff52cfcda22b99a9e3c7f073bcaf17142f32866234ee2e9489d2
[INFO] running `Command { std: "docker" "start" "-a" "f9ef7913a4d7ff52cfcda22b99a9e3c7f073bcaf17142f32866234ee2e9489d2", kill_on_drop: false }`
[INFO] running `Command { std: "docker" "inspect" "f9ef7913a4d7ff52cfcda22b99a9e3c7f073bcaf17142f32866234ee2e9489d2", kill_on_drop: false }`
[INFO] running `Command { std: "docker" "rm" "-f" "f9ef7913a4d7ff52cfcda22b99a9e3c7f073bcaf17142f32866234ee2e9489d2", kill_on_drop: false }`
[INFO] [stdout] f9ef7913a4d7ff52cfcda22b99a9e3c7f073bcaf17142f32866234ee2e9489d2
[INFO] running `Command { std: "docker" "create" "-v" "/var/lib/crater-agent-workspace/builds/worker-5-tc1/target:/opt/rustwide/target:rw,Z" "-v" "/var/lib/crater-agent-workspace/builds/worker-5-tc1/source:/opt/rustwide/workdir:ro,Z" "-v" "/var/lib/crater-agent-workspace/cargo-home:/opt/rustwide/cargo-home:ro,Z" "-v" "/var/lib/crater-agent-workspace/rustup-home:/opt/rustwide/rustup-home:ro,Z" "-e" "SOURCE_DIR=/opt/rustwide/workdir" "-e" "CARGO_TARGET_DIR=/opt/rustwide/target" "-e" "CARGO_INCREMENTAL=0" "-e" "RUST_BACKTRACE=full" "-e" "RUSTFLAGS=--cap-lints=warn" "-e" "RUSTDOCFLAGS=--cap-lints=warn" "-e" "CARGO_HOME=/opt/rustwide/cargo-home" "-e" "RUSTUP_HOME=/opt/rustwide/rustup-home" "-w" "/opt/rustwide/workdir" "-m" "1610612736" "--user" "0:0" "--network" "none" "ghcr.io/rust-lang/crates-build-env/linux@sha256:f3a9d4ad9d972b27faf3965f35b62e55ba32bbce8f20bc8fe909558a86702fde" "/opt/rustwide/cargo-home/bin/cargo" "+1.83.0" "build" "--frozen" "--message-format=json", kill_on_drop: false }`
[INFO] [stdout] 1ffbd4dc670b06a49600eeedb761db7eb999914a28b3a366e59abb2cf4ecb596
[INFO] running `Command { std: "docker" "start" "-a" "1ffbd4dc670b06a49600eeedb761db7eb999914a28b3a366e59abb2cf4ecb596", kill_on_drop: false }`
[INFO] [stderr]    Compiling typenum v1.15.0
[INFO] [stderr]    Compiling version_check v0.9.4
[INFO] [stderr]    Compiling libc v0.2.126
[INFO] [stderr]    Compiling cfg-if v1.0.0
[INFO] [stderr]    Compiling cc v1.0.73
[INFO] [stderr]    Compiling subtle v2.4.1
[INFO] [stderr]    Compiling ppv-lite86 v0.2.16
[INFO] [stderr]    Compiling keccak v0.1.2
[INFO] [stderr]    Compiling arrayref v0.3.6
[INFO] [stderr]    Compiling arrayvec v0.7.2
[INFO] [stderr]    Compiling constant_time_eq v0.1.5
[INFO] [stderr]    Compiling xxhash-rust v0.8.5
[INFO] [stderr]    Compiling hex v0.4.3
[INFO] [stderr]    Compiling generic-array v0.14.5
[INFO] [stderr]    Compiling blake3 v1.3.1
[INFO] [stderr]    Compiling getrandom v0.2.7
[INFO] [stderr]    Compiling rand_core v0.6.3
[INFO] [stderr]    Compiling rand_chacha v0.3.1
[INFO] [stderr]    Compiling rand v0.8.5
[INFO] [stderr]    Compiling block-buffer v0.10.2
[INFO] [stderr]    Compiling crypto-common v0.1.3
[INFO] [stderr]    Compiling digest v0.10.3
[INFO] [stderr]    Compiling sha3 v0.10.1
[INFO] [stderr]    Compiling rust-bloomfilters v0.1.0 (/opt/rustwide/workdir)
[INFO] [stdout] warning: unused import: `xxhash_rust::xxh3`
[INFO] [stdout]  --> src/main.rs:9:5
[INFO] [stdout]   |
[INFO] [stdout] 9 | use xxhash_rust::xxh3;
[INFO] [stdout]   |     ^^^^^^^^^^^^^^^^^
[INFO] [stdout]   |
[INFO] [stdout]   = note: `#[warn(unused_imports)]` on by default
[INFO] [stdout] 
[INFO] [stdout] 
[INFO] [stdout] warning: struct `Bloom` is never constructed
[INFO] [stdout]   --> src/main.rs:13:8
[INFO] [stdout]    |
[INFO] [stdout] 13 | struct Bloom<const M: usize, const K: usize> {
[INFO] [stdout]    |        ^^^^^
[INFO] [stdout]    |
[INFO] [stdout]    = note: `#[warn(dead_code)]` on by default
[INFO] [stdout] 
[INFO] [stdout] 
[INFO] [stdout] warning: multiple associated items are never used
[INFO] [stdout]   --> src/main.rs:18:12
[INFO] [stdout]    |
[INFO] [stdout] 17 | impl<const M: usize, const K: usize> Bloom<M, K> {
[INFO] [stdout]    | ------------------------------------------------ associated items in this implementation
[INFO] [stdout] 18 |     pub fn new() -> Self {
[INFO] [stdout]    |            ^^^
[INFO] [stdout] ...
[INFO] [stdout] 22 |     pub fn add(&mut self, element: &[u8]) {
[INFO] [stdout]    |            ^^^
[INFO] [stdout] ...
[INFO] [stdout] 28 |     pub fn has(&self, element: &[u8]) -> bool {
[INFO] [stdout]    |            ^^^
[INFO] [stdout] ...
[INFO] [stdout] 37 |     pub fn count_ones(&self) -> u32 {
[INFO] [stdout]    |            ^^^^^^^^^^
[INFO] [stdout] ...
[INFO] [stdout] 45 |     pub fn saturate(&mut self) {
[INFO] [stdout]    |            ^^^^^^^^
[INFO] [stdout] ...
[INFO] [stdout] 63 |     fn set_bit(&mut self, index: usize) {
[INFO] [stdout]    |        ^^^^^^^
[INFO] [stdout] ...
[INFO] [stdout] 69 |     fn test_bit(&self, index: usize) -> bool {
[INFO] [stdout]    |        ^^^^^^^^
[INFO] [stdout] 
[INFO] [stdout] 
[INFO] [stdout] warning: function `bloom_indices_for_element` is never used
[INFO] [stdout]   --> src/main.rs:76:4
[INFO] [stdout]    |
[INFO] [stdout] 76 | fn bloom_indices_for_element(
[INFO] [stdout]    |    ^^^^^^^^^^^^^^^^^^^^^^^^^
[INFO] [stdout] 
[INFO] [stdout] 
[INFO] [stdout] warning: function `fill_deterministic` is never used
[INFO] [stdout]   --> src/main.rs:98:4
[INFO] [stdout]    |
[INFO] [stdout] 98 | fn fill_deterministic<const M: usize, const K: usize>(
[INFO] [stdout]    |    ^^^^^^^^^^^^^^^^^^
[INFO] [stdout] 
[INFO] [stdout] 
[INFO] [stdout] warning: function `fill_random` is never used
[INFO] [stdout]    --> src/main.rs:115:4
[INFO] [stdout]     |
[INFO] [stdout] 115 | fn fill_random<const M: usize, const K: usize>(elements: u32, bloom: &mut Bloom<M, K>) {
[INFO] [stdout]     |    ^^^^^^^^^^^
[INFO] [stdout] 
[INFO] [stdout] 
[INFO] [stdout] warning: function `print_test_progress` is never used
[INFO] [stdout]    --> src/main.rs:123:4
[INFO] [stdout]     |
[INFO] [stdout] 123 | fn print_test_progress(i: u64, tests: u64) {
[INFO] [stdout]     |    ^^^^^^^^^^^^^^^^^^^
[INFO] [stdout] 
[INFO] [stdout] 
[INFO] [stdout] warning: function `test_avg_bits` is never used
[INFO] [stdout]    --> src/main.rs:130:4
[INFO] [stdout]     |
[INFO] [stdout] 130 | fn test_avg_bits(prefill: u32, tests: u64) {
[INFO] [stdout]     |    ^^^^^^^^^^^^^
[INFO] [stdout] 
[INFO] [stdout] 
[INFO] [stdout] warning: constant `TESTS` is never used
[INFO] [stdout]    --> src/main.rs:143:7
[INFO] [stdout]     |
[INFO] [stdout] 143 | const TESTS: usize = 100_000;
[INFO] [stdout]     |       ^^^^^
[INFO] [stdout] 
[INFO] [stdout] 
[INFO] [stdout] warning: function `test_avg_saturation_bits` is never used
[INFO] [stdout]    --> src/main.rs:144:4
[INFO] [stdout]     |
[INFO] [stdout] 144 | fn test_avg_saturation_bits() {
[INFO] [stdout]     |    ^^^^^^^^^^^^^^^^^^^^^^^^
[INFO] [stdout] 
[INFO] [stdout] 
[INFO] [stdout] warning: function `test_false_positive_rate` is never used
[INFO] [stdout]    --> src/main.rs:171:4
[INFO] [stdout]     |
[INFO] [stdout] 171 | fn test_false_positive_rate(prefill: u32, tests: u64) {
[INFO] [stdout]     |    ^^^^^^^^^^^^^^^^^^^^^^^^
[INFO] [stdout] 
[INFO] [stdout] 
[INFO] [stdout] warning: function `test_indices_for` is never used
[INFO] [stdout]    --> src/main.rs:323:4
[INFO] [stdout]     |
[INFO] [stdout] 323 | fn test_indices_for(s: &str, m: usize, k: usize) {
[INFO] [stdout]     |    ^^^^^^^^^^^^^^^^
[INFO] [stdout] 
[INFO] [stdout] 
[INFO] [stdout] warning: method `test_bit` is never used
[INFO] [stdout]   --> src/folded.rs:89:8
[INFO] [stdout]    |
[INFO] [stdout] 58 | impl SparseArray {
[INFO] [stdout]    | ---------------- method in this implementation
[INFO] [stdout] ...
[INFO] [stdout] 89 |     fn test_bit(&self, index: usize) -> bool {
[INFO] [stdout]    |        ^^^^^^^^
[INFO] [stdout] 
[INFO] [stdout] 
[INFO] [stdout] warning: associated function `accept_smaller` is never used
[INFO] [stdout]   --> src/iterators.rs:21:12
[INFO] [stdout]    |
[INFO] [stdout] 20 | impl<I: Iterator<Item = O>, O: Ord> RejectionSampling<I, O> {
[INFO] [stdout]    | ----------------------------------------------------------- associated function in this implementation
[INFO] [stdout] 21 |     pub fn accept_smaller(iter: I, max: O) -> Self {
[INFO] [stdout]    |            ^^^^^^^^^^^^^^
[INFO] [stdout] 
[INFO] [stdout] 
[INFO] [stdout] warning: associated function `distinct` is never used
[INFO] [stdout]   --> src/iterators.rs:48:12
[INFO] [stdout]    |
[INFO] [stdout] 47 | impl<I: Iterator<Item = V>, V: Eq + Copy> DistinctSampling<I, V> {
[INFO] [stdout]    | ---------------------------------------------------------------- associated function in this implementation
[INFO] [stdout] 48 |     pub fn distinct(iter: I) -> Self {
[INFO] [stdout]    |            ^^^^^^^^
[INFO] [stdout] 
[INFO] [stdout] 
[INFO] [stdout] warning: associated function `yield_bits` is never used
[INFO] [stdout]   --> src/iterators.rs:78:12
[INFO] [stdout]    |
[INFO] [stdout] 77 | impl<I: Iterator<Item = usize>> YieldBits<I> {
[INFO] [stdout]    | -------------------------------------------- associated function in this implementation
[INFO] [stdout] 78 |     pub fn yield_bits(iter: I, bits_at_a_time: usize) -> Self {
[INFO] [stdout]    |            ^^^^^^^^^^
[INFO] [stdout] 
[INFO] [stdout] 
[INFO] [stderr]     Finished `dev` profile [unoptimized + debuginfo] target(s) in 11.33s
[INFO] running `Command { std: "docker" "inspect" "1ffbd4dc670b06a49600eeedb761db7eb999914a28b3a366e59abb2cf4ecb596", kill_on_drop: false }`
[INFO] running `Command { std: "docker" "rm" "-f" "1ffbd4dc670b06a49600eeedb761db7eb999914a28b3a366e59abb2cf4ecb596", kill_on_drop: false }`
[INFO] [stdout] 1ffbd4dc670b06a49600eeedb761db7eb999914a28b3a366e59abb2cf4ecb596
[INFO] running `Command { std: "docker" "create" "-v" "/var/lib/crater-agent-workspace/builds/worker-5-tc1/target:/opt/rustwide/target:rw,Z" "-v" "/var/lib/crater-agent-workspace/builds/worker-5-tc1/source:/opt/rustwide/workdir:ro,Z" "-v" "/var/lib/crater-agent-workspace/cargo-home:/opt/rustwide/cargo-home:ro,Z" "-v" "/var/lib/crater-agent-workspace/rustup-home:/opt/rustwide/rustup-home:ro,Z" "-e" "SOURCE_DIR=/opt/rustwide/workdir" "-e" "CARGO_TARGET_DIR=/opt/rustwide/target" "-e" "CARGO_INCREMENTAL=0" "-e" "RUST_BACKTRACE=full" "-e" "RUSTFLAGS=--cap-lints=warn" "-e" "RUSTDOCFLAGS=--cap-lints=warn" "-e" "CARGO_HOME=/opt/rustwide/cargo-home" "-e" "RUSTUP_HOME=/opt/rustwide/rustup-home" "-w" "/opt/rustwide/workdir" "-m" "1610612736" "--user" "0:0" "--network" "none" "ghcr.io/rust-lang/crates-build-env/linux@sha256:f3a9d4ad9d972b27faf3965f35b62e55ba32bbce8f20bc8fe909558a86702fde" "/opt/rustwide/cargo-home/bin/cargo" "+1.83.0" "test" "--frozen" "--no-run" "--message-format=json", kill_on_drop: false }`
[INFO] [stdout] f398d5ecf33b08099abfd3587aadbec9c84d2abda955250e1119e16124428424
[INFO] running `Command { std: "docker" "start" "-a" "f398d5ecf33b08099abfd3587aadbec9c84d2abda955250e1119e16124428424", kill_on_drop: false }`
[INFO] [stderr]    Compiling rust-bloomfilters v0.1.0 (/opt/rustwide/workdir)
[INFO] [stdout] warning: methods `has`, `saturate`, and `test_bit` are never used
[INFO] [stdout]   --> src/main.rs:28:12
[INFO] [stdout]    |
[INFO] [stdout] 17 | impl<const M: usize, const K: usize> Bloom<M, K> {
[INFO] [stdout]    | ------------------------------------------------ methods in this implementation
[INFO] [stdout] ...
[INFO] [stdout] 28 |     pub fn has(&self, element: &[u8]) -> bool {
[INFO] [stdout]    |            ^^^
[INFO] [stdout] ...
[INFO] [stdout] 45 |     pub fn saturate(&mut self) {
[INFO] [stdout]    |            ^^^^^^^^
[INFO] [stdout] ...
[INFO] [stdout] 69 |     fn test_bit(&self, index: usize) -> bool {
[INFO] [stdout]    |        ^^^^^^^^
[INFO] [stdout]    |
[INFO] [stdout]    = note: `#[warn(dead_code)]` on by default
[INFO] [stdout] 
[INFO] [stdout] 
[INFO] [stdout] warning: function `fill_deterministic` is never used
[INFO] [stdout]   --> src/main.rs:98:4
[INFO] [stdout]    |
[INFO] [stdout] 98 | fn fill_deterministic<const M: usize, const K: usize>(
[INFO] [stdout]    |    ^^^^^^^^^^^^^^^^^^
[INFO] [stdout] 
[INFO] [stdout] 
[INFO] [stdout] warning: constant `TESTS` is never used
[INFO] [stdout]    --> src/main.rs:143:7
[INFO] [stdout]     |
[INFO] [stdout] 143 | const TESTS: usize = 100_000;
[INFO] [stdout]     |       ^^^^^
[INFO] [stdout] 
[INFO] [stdout] 
[INFO] [stdout] warning: function `test_avg_saturation_bits` is never used
[INFO] [stdout]    --> src/main.rs:144:4
[INFO] [stdout]     |
[INFO] [stdout] 144 | fn test_avg_saturation_bits() {
[INFO] [stdout]     |    ^^^^^^^^^^^^^^^^^^^^^^^^
[INFO] [stdout] 
[INFO] [stdout] 
[INFO] [stdout] warning: function `test_false_positive_rate` is never used
[INFO] [stdout]    --> src/main.rs:171:4
[INFO] [stdout]     |
[INFO] [stdout] 171 | fn test_false_positive_rate(prefill: u32, tests: u64) {
[INFO] [stdout]     |    ^^^^^^^^^^^^^^^^^^^^^^^^
[INFO] [stdout] 
[INFO] [stdout] 
[INFO] [stdout] warning: method `test_bit` is never used
[INFO] [stdout]   --> src/folded.rs:89:8
[INFO] [stdout]    |
[INFO] [stdout] 58 | impl SparseArray {
[INFO] [stdout]    | ---------------- method in this implementation
[INFO] [stdout] ...
[INFO] [stdout] 89 |     fn test_bit(&self, index: usize) -> bool {
[INFO] [stdout]    |        ^^^^^^^^
[INFO] [stdout] 
[INFO] [stdout] 
[INFO] [stdout] warning: associated function `distinct` is never used
[INFO] [stdout]   --> src/iterators.rs:48:12
[INFO] [stdout]    |
[INFO] [stdout] 47 | impl<I: Iterator<Item = V>, V: Eq + Copy> DistinctSampling<I, V> {
[INFO] [stdout]    | ---------------------------------------------------------------- associated function in this implementation
[INFO] [stdout] 48 |     pub fn distinct(iter: I) -> Self {
[INFO] [stdout]    |            ^^^^^^^^
[INFO] [stdout] 
[INFO] [stdout] 
[INFO] [stderr]     Finished `test` profile [unoptimized + debuginfo] target(s) in 0.83s
[INFO] running `Command { std: "docker" "inspect" "f398d5ecf33b08099abfd3587aadbec9c84d2abda955250e1119e16124428424", kill_on_drop: false }`
[INFO] running `Command { std: "docker" "rm" "-f" "f398d5ecf33b08099abfd3587aadbec9c84d2abda955250e1119e16124428424", kill_on_drop: false }`
[INFO] [stdout] f398d5ecf33b08099abfd3587aadbec9c84d2abda955250e1119e16124428424
[INFO] running `Command { std: "docker" "create" "-v" "/var/lib/crater-agent-workspace/builds/worker-5-tc1/target:/opt/rustwide/target:rw,Z" "-v" "/var/lib/crater-agent-workspace/builds/worker-5-tc1/source:/opt/rustwide/workdir:ro,Z" "-v" "/var/lib/crater-agent-workspace/cargo-home:/opt/rustwide/cargo-home:ro,Z" "-v" "/var/lib/crater-agent-workspace/rustup-home:/opt/rustwide/rustup-home:ro,Z" "-e" "SOURCE_DIR=/opt/rustwide/workdir" "-e" "CARGO_TARGET_DIR=/opt/rustwide/target" "-e" "CARGO_INCREMENTAL=0" "-e" "RUST_BACKTRACE=full" "-e" "RUSTFLAGS=--cap-lints=warn" "-e" "RUSTDOCFLAGS=--cap-lints=warn" "-e" "CARGO_HOME=/opt/rustwide/cargo-home" "-e" "RUSTUP_HOME=/opt/rustwide/rustup-home" "-w" "/opt/rustwide/workdir" "-m" "1610612736" "--user" "0:0" "--network" "none" "ghcr.io/rust-lang/crates-build-env/linux@sha256:f3a9d4ad9d972b27faf3965f35b62e55ba32bbce8f20bc8fe909558a86702fde" "/opt/rustwide/cargo-home/bin/cargo" "+1.83.0" "test" "--frozen", kill_on_drop: false }`
[INFO] [stdout] de0d24793194938bffc3eda04e87521cd3d9e06e73000750fac8d98f67ca28ac
[INFO] running `Command { std: "docker" "start" "-a" "de0d24793194938bffc3eda04e87521cd3d9e06e73000750fac8d98f67ca28ac", kill_on_drop: false }`
[INFO] [stderr] warning: methods `has`, `saturate`, and `test_bit` are never used
[INFO] [stderr]   --> src/main.rs:28:12
[INFO] [stderr]    |
[INFO] [stderr] 17 | impl<const M: usize, const K: usize> Bloom<M, K> {
[INFO] [stderr]    | ------------------------------------------------ methods in this implementation
[INFO] [stderr] ...
[INFO] [stderr] 28 |     pub fn has(&self, element: &[u8]) -> bool {
[INFO] [stderr]    |            ^^^
[INFO] [stderr] ...
[INFO] [stderr] 45 |     pub fn saturate(&mut self) {
[INFO] [stderr]    |            ^^^^^^^^
[INFO] [stderr] ...
[INFO] [stderr] 69 |     fn test_bit(&self, index: usize) -> bool {
[INFO] [stderr]    |        ^^^^^^^^
[INFO] [stderr]    |
[INFO] [stderr]    = note: `#[warn(dead_code)]` on by default
[INFO] [stderr] 
[INFO] [stderr] warning: function `fill_deterministic` is never used
[INFO] [stderr]   --> src/main.rs:98:4
[INFO] [stderr]    |
[INFO] [stderr] 98 | fn fill_deterministic<const M: usize, const K: usize>(
[INFO] [stderr]    |    ^^^^^^^^^^^^^^^^^^
[INFO] [stderr] 
[INFO] [stderr] warning: constant `TESTS` is never used
[INFO] [stderr]    --> src/main.rs:143:7
[INFO] [stderr]     |
[INFO] [stderr] 143 | const TESTS: usize = 100_000;
[INFO] [stderr]     |       ^^^^^
[INFO] [stderr] 
[INFO] [stderr] warning: function `test_avg_saturation_bits` is never used
[INFO] [stderr]    --> src/main.rs:144:4
[INFO] [stderr]     |
[INFO] [stderr] 144 | fn test_avg_saturation_bits() {
[INFO] [stderr]     |    ^^^^^^^^^^^^^^^^^^^^^^^^
[INFO] [stderr] 
[INFO] [stderr] warning: function `test_false_positive_rate` is never used
[INFO] [stderr]    --> src/main.rs:171:4
[INFO] [stderr]     |
[INFO] [stderr] 171 | fn test_false_positive_rate(prefill: u32, tests: u64) {
[INFO] [stderr]     |    ^^^^^^^^^^^^^^^^^^^^^^^^
[INFO] [stderr] 
[INFO] [stderr] warning: method `test_bit` is never used
[INFO] [stderr]   --> src/folded.rs:89:8
[INFO] [stderr]    |
[INFO] [stderr] 58 | impl SparseArray {
[INFO] [stderr]    | ---------------- method in this implementation
[INFO] [stderr] ...
[INFO] [stderr] 89 |     fn test_bit(&self, index: usize) -> bool {
[INFO] [stderr]    |        ^^^^^^^^
[INFO] [stderr] 
[INFO] [stderr] warning: associated function `distinct` is never used
[INFO] [stderr]   --> src/iterators.rs:48:12
[INFO] [stderr]    |
[INFO] [stderr] 47 | impl<I: Iterator<Item = V>, V: Eq + Copy> DistinctSampling<I, V> {
[INFO] [stderr]    | ---------------------------------------------------------------- associated function in this implementation
[INFO] [stderr] 48 |     pub fn distinct(iter: I) -> Self {
[INFO] [stderr]    |            ^^^^^^^^
[INFO] [stderr] 
[INFO] [stderr] warning: `rust-bloomfilters` (bin "rust-bloomfilters" test) generated 7 warnings
[INFO] [stderr]     Finished `test` profile [unoptimized + debuginfo] target(s) in 0.04s
[INFO] [stderr]      Running unittests src/main.rs (/opt/rustwide/target/debug/deps/rust_bloomfilters-ec345137bd46ab07)
[INFO] [stdout] 
[INFO] [stdout] running 8 tests
[INFO] [stdout] test iterators::test_yield_bits ... ok
[INFO] [stdout] test folded::test_folded ... ok
[INFO] [stdout] test test_xof ... ok
[INFO] [stdout] test test_sth ... ok
[INFO] [stdout] test test_indices ... ok
[INFO] [stdout] test test_vectors ... FAILED
[INFO] [stdout] test test_xxh3_hashing_speed ... ok
[INFO] [stdout] test test_bitavg has been running for over 60 seconds
[INFO] [stdout] test test_bitavg ... ok
[INFO] [stdout] 
[INFO] [stdout] failures:
[INFO] [stdout] 
[INFO] [stdout] ---- test_vectors stdout ----
[INFO] [stdout] thread 'test_vectors' panicked at src/main.rs:299:5:
[INFO] [stdout] assertion `left == right` failed
[INFO] [stdout]   left: "0080000000000000000000000000000000000000000000000000000000000000000000a00000000000000000000000000000000001000000000000000000004000000000004000000000000000000000000000000000000000000000000000000000000000000000000000000000000020000000000000000000000400"
[INFO] [stdout]  right: "0000000000000000000000000000000000000000000000000000000000000000000000000000100000000000004000000000000001000000000000000000000000000400004000000000000000800000000000000000000000000000000000000000000000000000000000000000000020000000000000000000000400"
[INFO] [stdout] stack backtrace:
[INFO] [stdout]    0:     0x618f903dd2fa - std::backtrace_rs::backtrace::libunwind::trace::h5a5b8284f2d0c266
[INFO] [stdout]                                at /rustc/90b35a6239c3d8bdabc530a6a0816f7ff89a0aaf/library/std/src/../../backtrace/src/backtrace/libunwind.rs:116:5
[INFO] [stdout]    1:     0x618f903dd2fa - std::backtrace_rs::backtrace::trace_unsynchronized::h76d4f1c9b0b875e3
[INFO] [stdout]                                at /rustc/90b35a6239c3d8bdabc530a6a0816f7ff89a0aaf/library/std/src/../../backtrace/src/backtrace/mod.rs:66:5
[INFO] [stdout]    2:     0x618f903dd2fa - std::sys::backtrace::_print_fmt::hc4546b8364a537c6
[INFO] [stdout]                                at /rustc/90b35a6239c3d8bdabc530a6a0816f7ff89a0aaf/library/std/src/sys/backtrace.rs:66:9
[INFO] [stdout]    3:     0x618f903dd2fa - <std::sys::backtrace::BacktraceLock::print::DisplayBacktrace as core::fmt::Display>::fmt::h5b6bd5631a6d1f6b
[INFO] [stdout]                                at /rustc/90b35a6239c3d8bdabc530a6a0816f7ff89a0aaf/library/std/src/sys/backtrace.rs:39:26
[INFO] [stdout]    4:     0x618f90402c73 - core::fmt::rt::Argument::fmt::h270f6602a2b96f62
[INFO] [stdout]                                at /rustc/90b35a6239c3d8bdabc530a6a0816f7ff89a0aaf/library/core/src/fmt/rt.rs:177:76
[INFO] [stdout]    5:     0x618f90402c73 - core::fmt::write::h7550c97b06c86515
[INFO] [stdout]                                at /rustc/90b35a6239c3d8bdabc530a6a0816f7ff89a0aaf/library/core/src/fmt/mod.rs:1186:21
[INFO] [stdout]    6:     0x618f903da483 - std::io::Write::write_fmt::h509ff860e5956e5e
[INFO] [stdout]                                at /rustc/90b35a6239c3d8bdabc530a6a0816f7ff89a0aaf/library/std/src/io/mod.rs:1839:15
[INFO] [stdout]    7:     0x618f903dd142 - std::sys::backtrace::BacktraceLock::print::h2395ccd2c84ba3aa
[INFO] [stdout]                                at /rustc/90b35a6239c3d8bdabc530a6a0816f7ff89a0aaf/library/std/src/sys/backtrace.rs:42:9
[INFO] [stdout]    8:     0x618f903de75a - std::panicking::default_hook::{{closure}}::he19d4c7230e07961
[INFO] [stdout]                                at /rustc/90b35a6239c3d8bdabc530a6a0816f7ff89a0aaf/library/std/src/panicking.rs:268:22
[INFO] [stdout]    9:     0x618f903de564 - std::panicking::default_hook::hf614597d3c67bbdb
[INFO] [stdout]                                at /rustc/90b35a6239c3d8bdabc530a6a0816f7ff89a0aaf/library/std/src/panicking.rs:292:9
[INFO] [stdout]   10:     0x618f90369559 - <alloc::boxed::Box<F,A> as core::ops::function::Fn<Args>>::call::h39b51ce4599c23d1
[INFO] [stdout]                                at /rustc/90b35a6239c3d8bdabc530a6a0816f7ff89a0aaf/library/alloc/src/boxed.rs:2468:9
[INFO] [stdout]   11:     0x618f90369559 - test::test_main::{{closure}}::he977ae839a582784
[INFO] [stdout]                                at /rustc/90b35a6239c3d8bdabc530a6a0816f7ff89a0aaf/library/test/src/lib.rs:133:21
[INFO] [stdout]   12:     0x618f903dedf8 - <alloc::boxed::Box<F,A> as core::ops::function::Fn<Args>>::call::h9455091b6b06f9fb
[INFO] [stdout]                                at /rustc/90b35a6239c3d8bdabc530a6a0816f7ff89a0aaf/library/alloc/src/boxed.rs:2468:9
[INFO] [stdout]   13:     0x618f903dedf8 - std::panicking::rust_panic_with_hook::h8942133a8b252070
[INFO] [stdout]                                at /rustc/90b35a6239c3d8bdabc530a6a0816f7ff89a0aaf/library/std/src/panicking.rs:809:13
[INFO] [stdout]   14:     0x618f903debba - std::panicking::begin_panic_handler::{{closure}}::hb5f5963570096b29
[INFO] [stdout]                                at /rustc/90b35a6239c3d8bdabc530a6a0816f7ff89a0aaf/library/std/src/panicking.rs:674:13
[INFO] [stdout]   15:     0x618f903dd7d9 - std::sys::backtrace::__rust_end_short_backtrace::h6208cedc1922feda
[INFO] [stdout]                                at /rustc/90b35a6239c3d8bdabc530a6a0816f7ff89a0aaf/library/std/src/sys/backtrace.rs:170:18
[INFO] [stdout]   16:     0x618f903de84c - rust_begin_unwind
[INFO] [stdout]                                at /rustc/90b35a6239c3d8bdabc530a6a0816f7ff89a0aaf/library/std/src/panicking.rs:665:5
[INFO] [stdout]   17:     0x618f90319fe0 - core::panicking::panic_fmt::h0c3082644d1bf418
[INFO] [stdout]                                at /rustc/90b35a6239c3d8bdabc530a6a0816f7ff89a0aaf/library/core/src/panicking.rs:74:14
[INFO] [stdout]   18:     0x618f9031a3ab - core::panicking::assert_failed_inner::h2ddf1fcc067fa858
[INFO] [stdout]   19:     0x618f90321f2c - core::panicking::assert_failed::h0beacc2d42be7ca4
[INFO] [stdout]                                at /rustc/90b35a6239c3d8bdabc530a6a0816f7ff89a0aaf/library/core/src/panicking.rs:367:5
[INFO] [stdout]   20:     0x618f90326d13 - rust_bloomfilters::test_vectors::hcfb2856570d319ae
[INFO] [stdout]                                at /opt/rustwide/workdir/src/main.rs:299:5
[INFO] [stdout]   21:     0x618f90326b97 - rust_bloomfilters::test_vectors::{{closure}}::hf6cdc237f5b724b8
[INFO] [stdout]                                at /opt/rustwide/workdir/src/main.rs:294:18
[INFO] [stdout]   22:     0x618f9031c666 - core::ops::function::FnOnce::call_once::hde76a2e2561e1431
[INFO] [stdout]                                at /rustc/90b35a6239c3d8bdabc530a6a0816f7ff89a0aaf/library/core/src/ops/function.rs:250:5
[INFO] [stdout]   23:     0x618f9036df1b - core::ops::function::FnOnce::call_once::h109cf8051a59b34e
[INFO] [stdout]                                at /rustc/90b35a6239c3d8bdabc530a6a0816f7ff89a0aaf/library/core/src/ops/function.rs:250:5
[INFO] [stdout]   24:     0x618f9036df1b - test::__rust_begin_short_backtrace::hf4fff89d377446ba
[INFO] [stdout]                                at /rustc/90b35a6239c3d8bdabc530a6a0816f7ff89a0aaf/library/test/src/lib.rs:621:18
[INFO] [stdout]   25:     0x618f9036d757 - test::run_test_in_process::{{closure}}::h0e39181dd7ee5a43
[INFO] [stdout]                                at /rustc/90b35a6239c3d8bdabc530a6a0816f7ff89a0aaf/library/test/src/lib.rs:644:60
[INFO] [stdout]   26:     0x618f9036d757 - <core::panic::unwind_safe::AssertUnwindSafe<F> as core::ops::function::FnOnce<()>>::call_once::hc5a66a30f0bdfd1f
[INFO] [stdout]                                at /rustc/90b35a6239c3d8bdabc530a6a0816f7ff89a0aaf/library/core/src/panic/unwind_safe.rs:272:9
[INFO] [stdout]   27:     0x618f9036d757 - std::panicking::try::do_call::h873b7cf639554a5e
[INFO] [stdout]                                at /rustc/90b35a6239c3d8bdabc530a6a0816f7ff89a0aaf/library/std/src/panicking.rs:557:40
[INFO] [stdout]   28:     0x618f9036d757 - std::panicking::try::hdb19862fad9c8bd1
[INFO] [stdout]                                at /rustc/90b35a6239c3d8bdabc530a6a0816f7ff89a0aaf/library/std/src/panicking.rs:520:19
[INFO] [stdout]   29:     0x618f9036d757 - std::panic::catch_unwind::h281fe732d236d260
[INFO] [stdout]                                at /rustc/90b35a6239c3d8bdabc530a6a0816f7ff89a0aaf/library/std/src/panic.rs:358:14
[INFO] [stdout]   30:     0x618f9036d757 - test::run_test_in_process::h949b6df8457ed338
[INFO] [stdout]                                at /rustc/90b35a6239c3d8bdabc530a6a0816f7ff89a0aaf/library/test/src/lib.rs:644:27
[INFO] [stdout]   31:     0x618f9036d757 - test::run_test::{{closure}}::h52c556a6d4740e10
[INFO] [stdout]                                at /rustc/90b35a6239c3d8bdabc530a6a0816f7ff89a0aaf/library/test/src/lib.rs:565:43
[INFO] [stdout]   32:     0x618f90332a34 - test::run_test::{{closure}}::h4237f6381c45ccb9
[INFO] [stdout]                                at /rustc/90b35a6239c3d8bdabc530a6a0816f7ff89a0aaf/library/test/src/lib.rs:595:41
[INFO] [stdout]   33:     0x618f90332a34 - std::sys::backtrace::__rust_begin_short_backtrace::h505c97a579eca628
[INFO] [stdout]                                at /rustc/90b35a6239c3d8bdabc530a6a0816f7ff89a0aaf/library/std/src/sys/backtrace.rs:154:18
[INFO] [stdout]   34:     0x618f903360fe - std::thread::Builder::spawn_unchecked_::{{closure}}::{{closure}}::h9e86b2e2bc107ea3
[INFO] [stdout]                                at /rustc/90b35a6239c3d8bdabc530a6a0816f7ff89a0aaf/library/std/src/thread/mod.rs:538:17
[INFO] [stdout]   35:     0x618f903360fe - <core::panic::unwind_safe::AssertUnwindSafe<F> as core::ops::function::FnOnce<()>>::call_once::h8b06ddb275ff4a25
[INFO] [stdout]                                at /rustc/90b35a6239c3d8bdabc530a6a0816f7ff89a0aaf/library/core/src/panic/unwind_safe.rs:272:9
[INFO] [stdout]   36:     0x618f903360fe - std::panicking::try::do_call::hb26ecd7cd9a9355d
[INFO] [stdout]                                at /rustc/90b35a6239c3d8bdabc530a6a0816f7ff89a0aaf/library/std/src/panicking.rs:557:40
[INFO] [stdout]   37:     0x618f903360fe - std::panicking::try::h8ddeca9d705f9069
[INFO] [stdout]                                at /rustc/90b35a6239c3d8bdabc530a6a0816f7ff89a0aaf/library/std/src/panicking.rs:520:19
[INFO] [stdout]   38:     0x618f903360fe - std::panic::catch_unwind::h49e1c33078844c46
[INFO] [stdout]                                at /rustc/90b35a6239c3d8bdabc530a6a0816f7ff89a0aaf/library/std/src/panic.rs:358:14
[INFO] [stdout]   39:     0x618f903360fe - std::thread::Builder::spawn_unchecked_::{{closure}}::h6073db6ff56ad35d
[INFO] [stdout]                                at /rustc/90b35a6239c3d8bdabc530a6a0816f7ff89a0aaf/library/std/src/thread/mod.rs:537:30
[INFO] [stdout]   40:     0x618f903360fe - core::ops::function::FnOnce::call_once{{vtable.shim}}::h2c5a5f3779c774f1
[INFO] [stdout]                                at /rustc/90b35a6239c3d8bdabc530a6a0816f7ff89a0aaf/library/core/src/ops/function.rs:250:5
[INFO] [stdout]   41:     0x618f903e2b4b - <alloc::boxed::Box<F,A> as core::ops::function::FnOnce<Args>>::call_once::hf75717d9f28faebf
[INFO] [stdout]                                at /rustc/90b35a6239c3d8bdabc530a6a0816f7ff89a0aaf/library/alloc/src/boxed.rs:2454:9
[INFO] [stdout]   42:     0x618f903e2b4b - <alloc::boxed::Box<F,A> as core::ops::function::FnOnce<Args>>::call_once::h7bd883a5f3c5f3c1
[INFO] [stdout]                                at /rustc/90b35a6239c3d8bdabc530a6a0816f7ff89a0aaf/library/alloc/src/boxed.rs:2454:9
[INFO] [stdout]   43:     0x618f903e2b4b - std::sys::pal::unix::thread::Thread::new::thread_start::hcc78f3943333fa94
[INFO] [stdout]                                at /rustc/90b35a6239c3d8bdabc530a6a0816f7ff89a0aaf/library/std/src/sys/pal/unix/thread.rs:105:17
[INFO] [stdout]   44:     0x70b103ac6ac3 - <unknown>
[INFO] [stdout]   45:     0x70b103b57a04 - clone
[INFO] [stdout]   46:                0x0 - <unknown>
[INFO] [stdout] 
[INFO] [stdout] 
[INFO] [stdout] failures:
[INFO] [stdout]     test_vectors
[INFO] [stdout] 
[INFO] [stdout] test result: FAILED. 7 passed; 1 failed; 0 ignored; 0 measured; 0 filtered out; finished in 95.26s
[INFO] [stdout] 
[INFO] [stderr] error: test failed, to rerun pass `--bin rust-bloomfilters`
[INFO] running `Command { std: "docker" "inspect" "de0d24793194938bffc3eda04e87521cd3d9e06e73000750fac8d98f67ca28ac", kill_on_drop: false }`
[INFO] running `Command { std: "docker" "rm" "-f" "de0d24793194938bffc3eda04e87521cd3d9e06e73000750fac8d98f67ca28ac", kill_on_drop: false }`
[INFO] [stdout] de0d24793194938bffc3eda04e87521cd3d9e06e73000750fac8d98f67ca28ac
