[INFO] cloning repository https://github.com/matheus23/ecc-acc-bls-test
[INFO] running `Command { std: "git" "-c" "credential.helper=" "-c" "credential.helper=/workspace/cargo-home/bin/git-credential-null" "clone" "--bare" "https://github.com/matheus23/ecc-acc-bls-test" "/workspace/cache/git-repos/https%3A%2F%2Fgithub.com%2Fmatheus23%2Fecc-acc-bls-test", kill_on_drop: false }`
[INFO] [stderr] Cloning into bare repository '/workspace/cache/git-repos/https%3A%2F%2Fgithub.com%2Fmatheus23%2Fecc-acc-bls-test'...
[INFO] running `Command { std: "git" "rev-parse" "HEAD", kill_on_drop: false }`
[INFO] [stdout] cbba6f31f15d12e5bb186799d8c191e378b13470
[INFO] testing matheus23/ecc-acc-bls-test against 1.83.0 for beta-1.84.0-4-retry
[INFO] running `Command { std: "git" "clone" "/workspace/cache/git-repos/https%3A%2F%2Fgithub.com%2Fmatheus23%2Fecc-acc-bls-test" "/workspace/builds/worker-6-tc1/source", kill_on_drop: false }`
[INFO] [stderr] Cloning into '/workspace/builds/worker-6-tc1/source'...
[INFO] [stderr] done.
[INFO] validating manifest of git repo https://github.com/matheus23/ecc-acc-bls-test on toolchain 1.83.0
[INFO] running `Command { std: CARGO_HOME="/workspace/cargo-home" RUSTUP_HOME="/workspace/rustup-home" "/workspace/cargo-home/bin/cargo" "+1.83.0" "metadata" "--manifest-path" "Cargo.toml" "--no-deps", kill_on_drop: false }`
[INFO] started tweaking git repo https://github.com/matheus23/ecc-acc-bls-test
[INFO] finished tweaking git repo https://github.com/matheus23/ecc-acc-bls-test
[INFO] tweaked toml for git repo https://github.com/matheus23/ecc-acc-bls-test written to /workspace/builds/worker-6-tc1/source/Cargo.toml
[INFO] crate git repo https://github.com/matheus23/ecc-acc-bls-test already has a lockfile, it will not be regenerated
[INFO] running `Command { std: CARGO_HOME="/workspace/cargo-home" RUSTUP_HOME="/workspace/rustup-home" "/workspace/cargo-home/bin/cargo" "+1.83.0" "fetch" "--manifest-path" "Cargo.toml", kill_on_drop: false }`
[INFO] [stderr] warning: unused manifest key: package.lto
[INFO] [stderr] warning: unused manifest key: package.opt-level
[INFO] [stderr]     Updating crates.io index
[INFO] [stderr]  Downloading crates ...
[INFO] [stderr]   Downloaded num-bigint-dig v0.8.1
[INFO] [stderr]   Downloaded ciborium-io v0.2.0
[INFO] [stderr]   Downloaded pairing v0.22.0
[INFO] [stderr]   Downloaded ciborium-ll v0.2.0
[INFO] [stderr]   Downloaded ciborium v0.2.0
[INFO] [stderr]   Downloaded plotters-backend v0.3.4
[INFO] [stderr]   Downloaded test-strategy v0.3.0
[INFO] [stderr]   Downloaded serde v1.0.145
[INFO] [stderr]   Downloaded serde_derive v1.0.145
[INFO] [stderr]   Downloaded criterion v0.4.0
[INFO] [stderr]   Downloaded libm v0.2.5
[INFO] [stderr]   Downloaded plotters v0.3.4
[INFO] [stderr]   Downloaded serde_json v1.0.86
[INFO] [stderr]   Downloaded proptest v1.0.0
[INFO] [stderr]   Downloaded plotters-svg v0.3.3
[INFO] [stderr]   Downloaded structmeta-derive v0.1.5
[INFO] [stderr]   Downloaded structmeta v0.1.5
[INFO] [stderr]   Downloaded bls12_381 v0.7.0
[INFO] [stderr]   Downloaded libc v0.2.132
[INFO] running `Command { std: "docker" "create" "-v" "/var/lib/crater-agent-workspace/builds/worker-6-tc1/target:/opt/rustwide/target:rw,Z" "-v" "/var/lib/crater-agent-workspace/builds/worker-6-tc1/source:/opt/rustwide/workdir:ro,Z" "-v" "/var/lib/crater-agent-workspace/cargo-home:/opt/rustwide/cargo-home:ro,Z" "-v" "/var/lib/crater-agent-workspace/rustup-home:/opt/rustwide/rustup-home:ro,Z" "-e" "SOURCE_DIR=/opt/rustwide/workdir" "-e" "CARGO_TARGET_DIR=/opt/rustwide/target" "-e" "CARGO_HOME=/opt/rustwide/cargo-home" "-e" "RUSTUP_HOME=/opt/rustwide/rustup-home" "-w" "/opt/rustwide/workdir" "-m" "1610612736" "--user" "0:0" "--network" "none" "ghcr.io/rust-lang/crates-build-env/linux@sha256:f3a9d4ad9d972b27faf3965f35b62e55ba32bbce8f20bc8fe909558a86702fde" "/opt/rustwide/cargo-home/bin/cargo" "+1.83.0" "metadata" "--no-deps" "--format-version=1", kill_on_drop: false }`
[INFO] [stdout] 4b812de7d0ef402781d597f54e800d7e5235220b8b2daf083c39590904884353
[INFO] running `Command { std: "docker" "start" "-a" "4b812de7d0ef402781d597f54e800d7e5235220b8b2daf083c39590904884353", kill_on_drop: false }`
[INFO] running `Command { std: "docker" "inspect" "4b812de7d0ef402781d597f54e800d7e5235220b8b2daf083c39590904884353", kill_on_drop: false }`
[INFO] running `Command { std: "docker" "rm" "-f" "4b812de7d0ef402781d597f54e800d7e5235220b8b2daf083c39590904884353", kill_on_drop: false }`
[INFO] [stdout] 4b812de7d0ef402781d597f54e800d7e5235220b8b2daf083c39590904884353
[INFO] running `Command { std: "docker" "create" "-v" "/var/lib/crater-agent-workspace/builds/worker-6-tc1/target:/opt/rustwide/target:rw,Z" "-v" "/var/lib/crater-agent-workspace/builds/worker-6-tc1/source:/opt/rustwide/workdir:ro,Z" "-v" "/var/lib/crater-agent-workspace/cargo-home:/opt/rustwide/cargo-home:ro,Z" "-v" "/var/lib/crater-agent-workspace/rustup-home:/opt/rustwide/rustup-home:ro,Z" "-e" "SOURCE_DIR=/opt/rustwide/workdir" "-e" "CARGO_TARGET_DIR=/opt/rustwide/target" "-e" "CARGO_INCREMENTAL=0" "-e" "RUST_BACKTRACE=full" "-e" "RUSTFLAGS=--cap-lints=warn" "-e" "RUSTDOCFLAGS=--cap-lints=warn" "-e" "CARGO_HOME=/opt/rustwide/cargo-home" "-e" "RUSTUP_HOME=/opt/rustwide/rustup-home" "-w" "/opt/rustwide/workdir" "-m" "1610612736" "--user" "0:0" "--network" "none" "ghcr.io/rust-lang/crates-build-env/linux@sha256:f3a9d4ad9d972b27faf3965f35b62e55ba32bbce8f20bc8fe909558a86702fde" "/opt/rustwide/cargo-home/bin/cargo" "+1.83.0" "build" "--frozen" "--message-format=json", kill_on_drop: false }`
[INFO] [stdout] ec1d3a2c614d3e4be15001cdd2b188a3ec4ca2de1663a5e182abee7ee839069e
[INFO] running `Command { std: "docker" "start" "-a" "ec1d3a2c614d3e4be15001cdd2b188a3ec4ca2de1663a5e182abee7ee839069e", kill_on_drop: false }`
[INFO] [stderr] warning: unused manifest key: package.lto
[INFO] [stderr] warning: unused manifest key: package.opt-level
[INFO] [stderr]    Compiling libc v0.2.132
[INFO] [stderr]    Compiling typenum v1.15.0
[INFO] [stderr]    Compiling radium v0.7.0
[INFO] [stderr]    Compiling proc-macro2 v1.0.51
[INFO] [stderr]    Compiling tap v1.0.1
[INFO] [stderr]    Compiling quote v1.0.23
[INFO] [stderr]    Compiling unicode-ident v1.0.5
[INFO] [stderr]    Compiling byteorder v1.4.3
[INFO] [stderr]    Compiling funty v2.0.0
[INFO] [stderr]    Compiling syn v1.0.109
[INFO] [stderr]    Compiling subtle v2.4.1
[INFO] [stderr]    Compiling fastrand v1.8.0
[INFO] [stderr]    Compiling generic-array v0.14.6
[INFO] [stderr]    Compiling num-traits v0.2.15
[INFO] [stderr]    Compiling num-integer v0.1.45
[INFO] [stderr]    Compiling num-iter v0.1.43
[INFO] [stderr]    Compiling wyz v0.5.0
[INFO] [stderr]    Compiling serde v1.0.145
[INFO] [stderr]    Compiling libm v0.2.5
[INFO] [stderr]    Compiling remove_dir_all v0.5.3
[INFO] [stderr]    Compiling lazy_static v1.4.0
[INFO] [stderr]    Compiling bit-vec v0.6.3
[INFO] [stderr]    Compiling quick-error v1.2.3
[INFO] [stderr]    Compiling num-bigint-dig v0.8.1
[INFO] [stderr]    Compiling cpufeatures v0.2.5
[INFO] [stderr]    Compiling keccak v0.1.3
[INFO] [stderr]    Compiling smallvec v1.10.0
[INFO] [stderr]    Compiling quick-error v2.0.1
[INFO] [stderr]    Compiling hex v0.4.3
[INFO] [stderr]    Compiling bit-set v0.5.3
[INFO] [stderr]    Compiling bitvec v1.0.1
[INFO] [stderr]    Compiling getrandom v0.2.7
[INFO] [stderr]    Compiling tempfile v3.3.0
[INFO] [stderr]    Compiling wait-timeout v0.2.0
[INFO] [stderr]    Compiling rusty-fork v0.3.0
[INFO] [stderr]    Compiling rand_core v0.6.3
[INFO] [stderr]    Compiling rand_chacha v0.3.1
[INFO] [stderr]    Compiling rand_xorshift v0.3.0
[INFO] [stderr]    Compiling rand v0.8.5
[INFO] [stderr]    Compiling block-buffer v0.10.3
[INFO] [stderr]    Compiling crypto-common v0.1.6
[INFO] [stderr]    Compiling digest v0.9.0
[INFO] [stderr]    Compiling digest v0.10.6
[INFO] [stderr]    Compiling sha3 v0.10.6
[INFO] [stderr]    Compiling sha2 v0.10.6
[INFO] [stderr]    Compiling proptest v1.0.0
[INFO] [stderr]    Compiling ff v0.12.0
[INFO] [stderr]    Compiling group v0.12.0
[INFO] [stderr]    Compiling pairing v0.22.0
[INFO] [stderr]    Compiling bls12_381 v0.7.0
[INFO] [stderr]    Compiling structmeta-derive v0.1.5
[INFO] [stderr]    Compiling structmeta v0.1.5
[INFO] [stderr]    Compiling test-strategy v0.3.0
[INFO] [stderr]    Compiling ecc-acc-bls-test v0.1.0 (/opt/rustwide/workdir)
[INFO] [stdout] warning: unused import: `std::ops::Mul`
[INFO] [stdout]  --> src/bls.rs:1:5
[INFO] [stdout]   |
[INFO] [stdout] 1 | use std::ops::Mul;
[INFO] [stdout]   |     ^^^^^^^^^^^^^
[INFO] [stdout]   |
[INFO] [stdout]   = note: `#[warn(unused_imports)]` on by default
[INFO] [stdout] 
[INFO] [stdout] 
[INFO] [stdout] warning: unused import: `PrimeField`
[INFO] [stdout]  --> src/bls.rs:4:17
[INFO] [stdout]   |
[INFO] [stdout] 4 | use ff::{Field, PrimeField};
[INFO] [stdout]   |                 ^^^^^^^^^^
[INFO] [stdout] 
[INFO] [stdout] 
[INFO] [stdout] warning: unused imports: `Curve` and `GroupEncoding`
[INFO] [stdout]  --> src/bls.rs:5:13
[INFO] [stdout]   |
[INFO] [stdout] 5 | use group::{Curve, Group, GroupEncoding};
[INFO] [stdout]   |             ^^^^^         ^^^^^^^^^^^^^
[INFO] [stdout] 
[INFO] [stdout] 
[INFO] [stdout] warning: unused imports: `RngAlgorithm` and `TestRng`
[INFO] [stdout]  --> src/bls.rs:6:29
[INFO] [stdout]   |
[INFO] [stdout] 6 | use proptest::test_runner::{RngAlgorithm, TestRng};
[INFO] [stdout]   |                             ^^^^^^^^^^^^  ^^^^^^^
[INFO] [stdout] 
[INFO] [stdout] 
[INFO] [stdout] warning: unused import: `SeedableRng`
[INFO] [stdout]  --> src/bls.rs:7:21
[INFO] [stdout]   |
[INFO] [stdout] 7 | use rand::{RngCore, SeedableRng};
[INFO] [stdout]   |                     ^^^^^^^^^^^
[INFO] [stdout] 
[INFO] [stdout] 
[INFO] [stdout] warning: unused imports: `ChaCha12Core` and `ChaCha12Rng`
[INFO] [stdout]  --> src/bls.rs:8:19
[INFO] [stdout]   |
[INFO] [stdout] 8 | use rand_chacha::{ChaCha12Core, ChaCha12Rng};
[INFO] [stdout]   |                   ^^^^^^^^^^^^  ^^^^^^^^^^^
[INFO] [stdout] 
[INFO] [stdout] 
[INFO] [stdout] warning: unused import: `Signed`
[INFO] [stdout]  --> src/rsa_accumulator.rs:5:23
[INFO] [stdout]   |
[INFO] [stdout] 5 | use num_traits::{One, Signed, Zero};
[INFO] [stdout]   |                       ^^^^^^
[INFO] [stdout] 
[INFO] [stdout] 
[INFO] [stdout] warning: unused import: `prop_assert`
[INFO] [stdout]  --> src/rsa_accumulator.rs:6:33
[INFO] [stdout]   |
[INFO] [stdout] 6 | use proptest::{collection::vec, prop_assert};
[INFO] [stdout]   |                                 ^^^^^^^^^^^
[INFO] [stdout] 
[INFO] [stdout] 
[INFO] [stdout] warning: unused import: `prop_assert_eq`
[INFO] [stdout]  --> src/rsa_accumulator.rs:7:30
[INFO] [stdout]   |
[INFO] [stdout] 7 | use proptest::{prelude::any, prop_assert_eq, strategy::Strategy};
[INFO] [stdout]   |                              ^^^^^^^^^^^^^^
[INFO] [stdout] 
[INFO] [stdout] 
[INFO] [stdout] warning: field `pk` is never read
[INFO] [stdout]   --> src/bls.rs:22:5
[INFO] [stdout]    |
[INFO] [stdout] 18 | pub struct TrustlessSetup {
[INFO] [stdout]    |            -------------- field in this struct
[INFO] [stdout] ...
[INFO] [stdout] 22 |     pk: G2Projective,
[INFO] [stdout]    |     ^^
[INFO] [stdout]    |
[INFO] [stdout]    = note: `#[warn(dead_code)]` on by default
[INFO] [stdout] 
[INFO] [stdout] 
[INFO] [stdout] warning: function `accum_add` is never used
[INFO] [stdout]    --> src/bls.rs:115:4
[INFO] [stdout]     |
[INFO] [stdout] 115 | fn accum_add(accumulator: G1Projective, value: Scalar, sk: Scalar) -> G1Projective {
[INFO] [stdout]     |    ^^^^^^^^^
[INFO] [stdout] 
[INFO] [stdout] 
[INFO] [stdout] warning: function `accum_remove` is never used
[INFO] [stdout]    --> src/bls.rs:119:4
[INFO] [stdout]     |
[INFO] [stdout] 119 | fn accum_remove(accumulator: G1Projective, value: Scalar, sk: Scalar) -> G1Projective {
[INFO] [stdout]     |    ^^^^^^^^^^^^
[INFO] [stdout] 
[INFO] [stdout] 
[INFO] [stdout] warning: function `accum_witness` is never used
[INFO] [stdout]    --> src/bls.rs:125:4
[INFO] [stdout]     |
[INFO] [stdout] 125 | fn accum_witness(accumulator: G1Projective, value: Scalar, sk: Scalar) -> G1Projective {
[INFO] [stdout]     |    ^^^^^^^^^^^^^
[INFO] [stdout] 
[INFO] [stdout] 
[INFO] [stdout] warning: fields `big_q_product` and `parts` are never read
[INFO] [stdout]    --> src/rsa_accumulator.rs:105:5
[INFO] [stdout]     |
[INFO] [stdout] 104 | pub struct PokeStars {
[INFO] [stdout]     |            --------- fields in this struct
[INFO] [stdout] 105 |     big_q_product: BigUint,
[INFO] [stdout]     |     ^^^^^^^^^^^^^
[INFO] [stdout] 106 |     parts: Vec<PokeStarsPart>,
[INFO] [stdout]     |     ^^^^^
[INFO] [stdout]     |
[INFO] [stdout]     = note: `PokeStars` has a derived impl for the trait `Debug`, but this is intentionally ignored during dead code analysis
[INFO] [stdout] 
[INFO] [stdout] 
[INFO] [stdout] warning: fields `l_nonce` and `r` are never read
[INFO] [stdout]    --> src/rsa_accumulator.rs:111:5
[INFO] [stdout]     |
[INFO] [stdout] 110 | pub struct PokeStarsPart {
[INFO] [stdout]     |            ------------- fields in this struct
[INFO] [stdout] 111 |     l_nonce: u32,
[INFO] [stdout]     |     ^^^^^^^
[INFO] [stdout] 112 |     r: BigUint,
[INFO] [stdout]     |     ^
[INFO] [stdout]     |
[INFO] [stdout]     = note: `PokeStarsPart` has derived impls for the traits `Clone` and `Debug`, but these are intentionally ignored during dead code analysis
[INFO] [stdout] 
[INFO] [stdout] 
[INFO] [stdout] warning: associated items `new` and `verify` are never used
[INFO] [stdout]    --> src/rsa_accumulator.rs:116:8
[INFO] [stdout]     |
[INFO] [stdout] 115 | impl PokeStars {
[INFO] [stdout]     | -------------- associated items in this implementation
[INFO] [stdout] 116 |     fn new(pokes: &[PokeStar], modulus: &BigUint) -> PokeStars {
[INFO] [stdout]     |        ^^^
[INFO] [stdout] ...
[INFO] [stdout] 131 |     fn verify(&self, base: &BigUint, commitments: &[BigUint], modulus: &BigUint) -> bool {
[INFO] [stdout]     |        ^^^^^^
[INFO] [stdout] 
[INFO] [stdout] 
[INFO] [stdout] warning: fields `x1`, `x2`, and `l` are never read
[INFO] [stdout]    --> src/rsa_accumulator.rs:257:45
[INFO] [stdout]     |
[INFO] [stdout] 255 | #[proptest(cases = 1000)]
[INFO] [stdout]     | ------------------------- fields in this struct
[INFO] [stdout] 256 | fn test_div_mod_of_product_2(
[INFO] [stdout] 257 |     #[strategy(biguint((0..100000000u64)))] x1: BigUint,
[INFO] [stdout]     |                                             ^^
[INFO] [stdout] 258 |     #[strategy(biguint((0..100000000u64)))] x2: BigUint,
[INFO] [stdout]     |                                             ^^
[INFO] [stdout] 259 |     #[strategy(biguint((1..100000000u64)))] l: BigUint,
[INFO] [stdout]     |                                             ^
[INFO] [stdout]     |
[INFO] [stdout]     = note: `_TestDivModOfProduct2Args` has a derived impl for the trait `Debug`, but this is intentionally ignored during dead code analysis
[INFO] [stdout] 
[INFO] [stdout] 
[INFO] [stdout] warning: fields `factors` and `l` are never read
[INFO] [stdout]    --> src/rsa_accumulator.rs:272:53
[INFO] [stdout]     |
[INFO] [stdout] 270 | #[proptest(cases = 1000)]
[INFO] [stdout]     | ------------------------- fields in this struct
[INFO] [stdout] 271 | fn test_div_mod_of_product(
[INFO] [stdout] 272 |     #[strategy(vec(biguint(any::<u64>()), 0..100))] factors: Vec<BigUint>,
[INFO] [stdout]     |                                                     ^^^^^^^
[INFO] [stdout] 273 |     #[strategy(biguint(1..100000000000u64))] l: BigUint,
[INFO] [stdout]     |                                              ^
[INFO] [stdout]     |
[INFO] [stdout]     = note: `_TestDivModOfProductArgs` has a derived impl for the trait `Debug`, but this is intentionally ignored during dead code analysis
[INFO] [stdout] 
[INFO] [stdout] 
[INFO] [stdout] warning: field `bytes` is never read
[INFO] [stdout]    --> src/rsa_accumulator.rs:389:60
[INFO] [stdout]     |
[INFO] [stdout] 388 | #[proptest(cases = 1000)]
[INFO] [stdout]     | ------------------------- field in this struct
[INFO] [stdout] 389 | fn test_prime_digest(#[strategy(vec(any::<u8>(), 0..100))] bytes: Vec<u8>) {
[INFO] [stdout]     |                                                            ^^^^^
[INFO] [stdout]     |
[INFO] [stdout]     = note: `_TestPrimeDigestArgs` has a derived impl for the trait `Debug`, but this is intentionally ignored during dead code analysis
[INFO] [stdout] 
[INFO] [stdout] 
[INFO] [stdout] warning: fields `bases_and_exponents` and `modulus` are never read
[INFO] [stdout]    --> src/rsa_accumulator.rs:408:48
[INFO] [stdout]     |
[INFO] [stdout] 406 | #[proptest(cases = 100)]
[INFO] [stdout]     | ------------------------ fields in this struct
[INFO] [stdout] 407 | fn test_multi_exp(
[INFO] [stdout] 408 |     #[strategy(vec((1u64.., 1u64..), 0..100))] bases_and_exponents: Vec<(u64, u64)>,
[INFO] [stdout]     |                                                ^^^^^^^^^^^^^^^^^^^
[INFO] [stdout] 409 |     #[strategy(rand_modulus(4usize..64))] modulus: BigUint,
[INFO] [stdout]     |                                           ^^^^^^^
[INFO] [stdout]     |
[INFO] [stdout]     = note: `_TestMultiExpArgs` has a derived impl for the trait `Debug`, but this is intentionally ignored during dead code analysis
[INFO] [stdout] 
[INFO] [stdout] 
[INFO] [stdout] warning: function `multi_exp_naive` is never used
[INFO] [stdout]    --> src/rsa_accumulator.rs:421:4
[INFO] [stdout]     |
[INFO] [stdout] 421 | fn multi_exp_naive(bases_and_exponents: &[(BigUint, BigUint)], modulus: &BigUint) -> BigUint {
[INFO] [stdout]     |    ^^^^^^^^^^^^^^^
[INFO] [stdout] 
[INFO] [stdout] 
[INFO] [stderr]     Finished `dev` profile [unoptimized + debuginfo] target(s) in 27.85s
[INFO] running `Command { std: "docker" "inspect" "ec1d3a2c614d3e4be15001cdd2b188a3ec4ca2de1663a5e182abee7ee839069e", kill_on_drop: false }`
[INFO] running `Command { std: "docker" "rm" "-f" "ec1d3a2c614d3e4be15001cdd2b188a3ec4ca2de1663a5e182abee7ee839069e", kill_on_drop: false }`
[INFO] [stdout] ec1d3a2c614d3e4be15001cdd2b188a3ec4ca2de1663a5e182abee7ee839069e
[INFO] running `Command { std: "docker" "create" "-v" "/var/lib/crater-agent-workspace/builds/worker-6-tc1/target:/opt/rustwide/target:rw,Z" "-v" "/var/lib/crater-agent-workspace/builds/worker-6-tc1/source:/opt/rustwide/workdir:ro,Z" "-v" "/var/lib/crater-agent-workspace/cargo-home:/opt/rustwide/cargo-home:ro,Z" "-v" "/var/lib/crater-agent-workspace/rustup-home:/opt/rustwide/rustup-home:ro,Z" "-e" "SOURCE_DIR=/opt/rustwide/workdir" "-e" "CARGO_TARGET_DIR=/opt/rustwide/target" "-e" "CARGO_INCREMENTAL=0" "-e" "RUST_BACKTRACE=full" "-e" "RUSTFLAGS=--cap-lints=warn" "-e" "RUSTDOCFLAGS=--cap-lints=warn" "-e" "CARGO_HOME=/opt/rustwide/cargo-home" "-e" "RUSTUP_HOME=/opt/rustwide/rustup-home" "-w" "/opt/rustwide/workdir" "-m" "1610612736" "--user" "0:0" "--network" "none" "ghcr.io/rust-lang/crates-build-env/linux@sha256:f3a9d4ad9d972b27faf3965f35b62e55ba32bbce8f20bc8fe909558a86702fde" "/opt/rustwide/cargo-home/bin/cargo" "+1.83.0" "test" "--frozen" "--no-run" "--message-format=json", kill_on_drop: false }`
[INFO] [stdout] 1db48e58714687cb9f9860bc63c27b3aaf8e606c6b3ae08181727747cb4166d9
[INFO] running `Command { std: "docker" "start" "-a" "1db48e58714687cb9f9860bc63c27b3aaf8e606c6b3ae08181727747cb4166d9", kill_on_drop: false }`
[INFO] [stderr] warning: unused manifest key: package.lto
[INFO] [stderr] warning: unused manifest key: package.opt-level
[INFO] [stderr]    Compiling serde_derive v1.0.145
[INFO] [stderr]    Compiling crossbeam-utils v0.8.12
[INFO] [stderr]    Compiling serde v1.0.145
[INFO] [stderr]    Compiling memoffset v0.6.5
[INFO] [stderr]    Compiling crossbeam-epoch v0.9.11
[INFO] [stderr]    Compiling rayon-core v1.9.3
[INFO] [stderr]    Compiling indexmap v1.9.1
[INFO] [stderr]    Compiling either v1.8.0
[INFO] [stderr]    Compiling serde_json v1.0.86
[INFO] [stderr]    Compiling num_cpus v1.13.1
[INFO] [stderr]    Compiling rayon v1.5.3
[INFO] [stderr]    Compiling half v1.8.2
[INFO] [stderr]    Compiling ciborium-io v0.2.0
[INFO] [stderr]    Compiling os_str_bytes v6.3.0
[INFO] [stderr]    Compiling plotters-backend v0.3.4
[INFO] [stderr]    Compiling itoa v1.0.4
[INFO] [stderr]    Compiling cast v0.3.0
[INFO] [stderr]    Compiling textwrap v0.15.1
[INFO] [stderr]    Compiling itertools v0.10.5
[INFO] [stderr]    Compiling ciborium-ll v0.2.0
[INFO] [stderr]    Compiling plotters-svg v0.3.3
[INFO] [stderr]    Compiling clap_lex v0.2.4
[INFO] [stderr]    Compiling walkdir v2.3.2
[INFO] [stderr]    Compiling regex v1.6.0
[INFO] [stderr]    Compiling atty v0.2.14
[INFO] [stderr]    Compiling anes v0.1.6
[INFO] [stderr]    Compiling plotters v0.3.4
[INFO] [stderr]    Compiling oorandom v11.1.3
[INFO] [stderr]    Compiling crossbeam-channel v0.5.6
[INFO] [stderr]    Compiling clap v3.2.22
[INFO] [stderr]    Compiling crossbeam-deque v0.8.2
[INFO] [stderr]    Compiling criterion-plot v0.5.0
[INFO] [stderr]    Compiling ciborium v0.2.0
[INFO] [stderr]    Compiling num-bigint-dig v0.8.1
[INFO] [stderr]    Compiling tinytemplate v1.2.1
[INFO] [stderr]    Compiling criterion v0.4.0
[INFO] [stderr]    Compiling ecc-acc-bls-test v0.1.0 (/opt/rustwide/workdir)
[INFO] [stdout] warning: unused import: `std::ops::Mul`
[INFO] [stdout]  --> src/bls.rs:1:5
[INFO] [stdout]   |
[INFO] [stdout] 1 | use std::ops::Mul;
[INFO] [stdout]   |     ^^^^^^^^^^^^^
[INFO] [stdout]   |
[INFO] [stdout]   = note: `#[warn(unused_imports)]` on by default
[INFO] [stdout] 
[INFO] [stdout] 
[INFO] [stdout] warning: unused import: `PrimeField`
[INFO] [stdout]  --> src/bls.rs:4:17
[INFO] [stdout]   |
[INFO] [stdout] 4 | use ff::{Field, PrimeField};
[INFO] [stdout]   |                 ^^^^^^^^^^
[INFO] [stdout] 
[INFO] [stdout] 
[INFO] [stdout] warning: unused imports: `Curve` and `GroupEncoding`
[INFO] [stdout]  --> src/bls.rs:5:13
[INFO] [stdout]   |
[INFO] [stdout] 5 | use group::{Curve, Group, GroupEncoding};
[INFO] [stdout]   |             ^^^^^         ^^^^^^^^^^^^^
[INFO] [stdout] 
[INFO] [stdout] 
[INFO] [stdout] warning: unused imports: `RngAlgorithm` and `TestRng`
[INFO] [stdout]  --> src/bls.rs:6:29
[INFO] [stdout]   |
[INFO] [stdout] 6 | use proptest::test_runner::{RngAlgorithm, TestRng};
[INFO] [stdout]   |                             ^^^^^^^^^^^^  ^^^^^^^
[INFO] [stdout] 
[INFO] [stdout] 
[INFO] [stdout] warning: unused import: `SeedableRng`
[INFO] [stdout]  --> src/bls.rs:7:21
[INFO] [stdout]   |
[INFO] [stdout] 7 | use rand::{RngCore, SeedableRng};
[INFO] [stdout]   |                     ^^^^^^^^^^^
[INFO] [stdout] 
[INFO] [stdout] 
[INFO] [stdout] warning: unused imports: `ChaCha12Core` and `ChaCha12Rng`
[INFO] [stdout]  --> src/bls.rs:8:19
[INFO] [stdout]   |
[INFO] [stdout] 8 | use rand_chacha::{ChaCha12Core, ChaCha12Rng};
[INFO] [stdout]   |                   ^^^^^^^^^^^^  ^^^^^^^^^^^
[INFO] [stdout] 
[INFO] [stdout] 
[INFO] [stdout] warning: unused import: `Signed`
[INFO] [stdout]  --> src/rsa_accumulator.rs:5:23
[INFO] [stdout]   |
[INFO] [stdout] 5 | use num_traits::{One, Signed, Zero};
[INFO] [stdout]   |                       ^^^^^^
[INFO] [stdout] 
[INFO] [stdout] 
[INFO] [stdout] warning: unused import: `prop_assert`
[INFO] [stdout]  --> src/rsa_accumulator.rs:6:33
[INFO] [stdout]   |
[INFO] [stdout] 6 | use proptest::{collection::vec, prop_assert};
[INFO] [stdout]   |                                 ^^^^^^^^^^^
[INFO] [stdout] 
[INFO] [stdout] 
[INFO] [stdout] warning: unused import: `prop_assert_eq`
[INFO] [stdout]  --> src/rsa_accumulator.rs:7:30
[INFO] [stdout]   |
[INFO] [stdout] 7 | use proptest::{prelude::any, prop_assert_eq, strategy::Strategy};
[INFO] [stdout]   |                              ^^^^^^^^^^^^^^
[INFO] [stdout] 
[INFO] [stdout] 
[INFO] [stdout] warning: field `pk` is never read
[INFO] [stdout]   --> src/bls.rs:22:5
[INFO] [stdout]    |
[INFO] [stdout] 18 | pub struct TrustlessSetup {
[INFO] [stdout]    |            -------------- field in this struct
[INFO] [stdout] ...
[INFO] [stdout] 22 |     pk: G2Projective,
[INFO] [stdout]    |     ^^
[INFO] [stdout]    |
[INFO] [stdout]    = note: `#[warn(dead_code)]` on by default
[INFO] [stdout] 
[INFO] [stdout] 
[INFO] [stdout] warning: function `accum_add` is never used
[INFO] [stdout]    --> src/bls.rs:115:4
[INFO] [stdout]     |
[INFO] [stdout] 115 | fn accum_add(accumulator: G1Projective, value: Scalar, sk: Scalar) -> G1Projective {
[INFO] [stdout]     |    ^^^^^^^^^
[INFO] [stdout] 
[INFO] [stdout] 
[INFO] [stdout] warning: function `accum_remove` is never used
[INFO] [stdout]    --> src/bls.rs:119:4
[INFO] [stdout]     |
[INFO] [stdout] 119 | fn accum_remove(accumulator: G1Projective, value: Scalar, sk: Scalar) -> G1Projective {
[INFO] [stdout]     |    ^^^^^^^^^^^^
[INFO] [stdout] 
[INFO] [stdout] 
[INFO] [stdout] warning: function `accum_witness` is never used
[INFO] [stdout]    --> src/bls.rs:125:4
[INFO] [stdout]     |
[INFO] [stdout] 125 | fn accum_witness(accumulator: G1Projective, value: Scalar, sk: Scalar) -> G1Projective {
[INFO] [stdout]     |    ^^^^^^^^^^^^^
[INFO] [stdout] 
[INFO] [stdout] 
[INFO] [stdout] warning: fields `big_q_product` and `parts` are never read
[INFO] [stdout]    --> src/rsa_accumulator.rs:105:5
[INFO] [stdout]     |
[INFO] [stdout] 104 | pub struct PokeStars {
[INFO] [stdout]     |            --------- fields in this struct
[INFO] [stdout] 105 |     big_q_product: BigUint,
[INFO] [stdout]     |     ^^^^^^^^^^^^^
[INFO] [stdout] 106 |     parts: Vec<PokeStarsPart>,
[INFO] [stdout]     |     ^^^^^
[INFO] [stdout]     |
[INFO] [stdout]     = note: `PokeStars` has a derived impl for the trait `Debug`, but this is intentionally ignored during dead code analysis
[INFO] [stdout] 
[INFO] [stdout] 
[INFO] [stdout] warning: fields `l_nonce` and `r` are never read
[INFO] [stdout]    --> src/rsa_accumulator.rs:111:5
[INFO] [stdout]     |
[INFO] [stdout] 110 | pub struct PokeStarsPart {
[INFO] [stdout]     |            ------------- fields in this struct
[INFO] [stdout] 111 |     l_nonce: u32,
[INFO] [stdout]     |     ^^^^^^^
[INFO] [stdout] 112 |     r: BigUint,
[INFO] [stdout]     |     ^
[INFO] [stdout]     |
[INFO] [stdout]     = note: `PokeStarsPart` has derived impls for the traits `Clone` and `Debug`, but these are intentionally ignored during dead code analysis
[INFO] [stdout] 
[INFO] [stdout] 
[INFO] [stdout] warning: associated items `new` and `verify` are never used
[INFO] [stdout]    --> src/rsa_accumulator.rs:116:8
[INFO] [stdout]     |
[INFO] [stdout] 115 | impl PokeStars {
[INFO] [stdout]     | -------------- associated items in this implementation
[INFO] [stdout] 116 |     fn new(pokes: &[PokeStar], modulus: &BigUint) -> PokeStars {
[INFO] [stdout]     |        ^^^
[INFO] [stdout] ...
[INFO] [stdout] 131 |     fn verify(&self, base: &BigUint, commitments: &[BigUint], modulus: &BigUint) -> bool {
[INFO] [stdout]     |        ^^^^^^
[INFO] [stdout] 
[INFO] [stdout] 
[INFO] [stdout] warning: fields `x1`, `x2`, and `l` are never read
[INFO] [stdout]    --> src/rsa_accumulator.rs:257:45
[INFO] [stdout]     |
[INFO] [stdout] 255 | #[proptest(cases = 1000)]
[INFO] [stdout]     | ------------------------- fields in this struct
[INFO] [stdout] 256 | fn test_div_mod_of_product_2(
[INFO] [stdout] 257 |     #[strategy(biguint((0..100000000u64)))] x1: BigUint,
[INFO] [stdout]     |                                             ^^
[INFO] [stdout] 258 |     #[strategy(biguint((0..100000000u64)))] x2: BigUint,
[INFO] [stdout]     |                                             ^^
[INFO] [stdout] 259 |     #[strategy(biguint((1..100000000u64)))] l: BigUint,
[INFO] [stdout]     |                                             ^
[INFO] [stdout]     |
[INFO] [stdout]     = note: `_TestDivModOfProduct2Args` has a derived impl for the trait `Debug`, but this is intentionally ignored during dead code analysis
[INFO] [stdout] 
[INFO] [stdout] 
[INFO] [stdout] warning: fields `factors` and `l` are never read
[INFO] [stdout]    --> src/rsa_accumulator.rs:272:53
[INFO] [stdout]     |
[INFO] [stdout] 270 | #[proptest(cases = 1000)]
[INFO] [stdout]     | ------------------------- fields in this struct
[INFO] [stdout] 271 | fn test_div_mod_of_product(
[INFO] [stdout] 272 |     #[strategy(vec(biguint(any::<u64>()), 0..100))] factors: Vec<BigUint>,
[INFO] [stdout]     |                                                     ^^^^^^^
[INFO] [stdout] 273 |     #[strategy(biguint(1..100000000000u64))] l: BigUint,
[INFO] [stdout]     |                                              ^
[INFO] [stdout]     |
[INFO] [stdout]     = note: `_TestDivModOfProductArgs` has a derived impl for the trait `Debug`, but this is intentionally ignored during dead code analysis
[INFO] [stdout] 
[INFO] [stdout] 
[INFO] [stdout] warning: field `bytes` is never read
[INFO] [stdout]    --> src/rsa_accumulator.rs:389:60
[INFO] [stdout]     |
[INFO] [stdout] 388 | #[proptest(cases = 1000)]
[INFO] [stdout]     | ------------------------- field in this struct
[INFO] [stdout] 389 | fn test_prime_digest(#[strategy(vec(any::<u8>(), 0..100))] bytes: Vec<u8>) {
[INFO] [stdout]     |                                                            ^^^^^
[INFO] [stdout]     |
[INFO] [stdout]     = note: `_TestPrimeDigestArgs` has a derived impl for the trait `Debug`, but this is intentionally ignored during dead code analysis
[INFO] [stdout] 
[INFO] [stdout] 
[INFO] [stdout] warning: fields `bases_and_exponents` and `modulus` are never read
[INFO] [stdout]    --> src/rsa_accumulator.rs:408:48
[INFO] [stdout]     |
[INFO] [stdout] 406 | #[proptest(cases = 100)]
[INFO] [stdout]     | ------------------------ fields in this struct
[INFO] [stdout] 407 | fn test_multi_exp(
[INFO] [stdout] 408 |     #[strategy(vec((1u64.., 1u64..), 0..100))] bases_and_exponents: Vec<(u64, u64)>,
[INFO] [stdout]     |                                                ^^^^^^^^^^^^^^^^^^^
[INFO] [stdout] 409 |     #[strategy(rand_modulus(4usize..64))] modulus: BigUint,
[INFO] [stdout]     |                                           ^^^^^^^
[INFO] [stdout]     |
[INFO] [stdout]     = note: `_TestMultiExpArgs` has a derived impl for the trait `Debug`, but this is intentionally ignored during dead code analysis
[INFO] [stdout] 
[INFO] [stdout] 
[INFO] [stdout] warning: function `multi_exp_naive` is never used
[INFO] [stdout]    --> src/rsa_accumulator.rs:421:4
[INFO] [stdout]     |
[INFO] [stdout] 421 | fn multi_exp_naive(bases_and_exponents: &[(BigUint, BigUint)], modulus: &BigUint) -> BigUint {
[INFO] [stdout]     |    ^^^^^^^^^^^^^^^
[INFO] [stdout] 
[INFO] [stdout] 
[INFO] [stdout] warning: unused import: `std::ops::Mul`
[INFO] [stdout]  --> src/bls.rs:1:5
[INFO] [stdout]   |
[INFO] [stdout] 1 | use std::ops::Mul;
[INFO] [stdout]   |     ^^^^^^^^^^^^^
[INFO] [stdout]   |
[INFO] [stdout]   = note: `#[warn(unused_imports)]` on by default
[INFO] [stdout] 
[INFO] [stdout] 
[INFO] [stdout] warning: unused import: `ChaCha12Core`
[INFO] [stdout]  --> src/bls.rs:8:19
[INFO] [stdout]   |
[INFO] [stdout] 8 | use rand_chacha::{ChaCha12Core, ChaCha12Rng};
[INFO] [stdout]   |                   ^^^^^^^^^^^^
[INFO] [stdout] 
[INFO] [stdout] 
[INFO] [stdout] warning: unused import: `Signed`
[INFO] [stdout]  --> src/rsa_accumulator.rs:5:23
[INFO] [stdout]   |
[INFO] [stdout] 5 | use num_traits::{One, Signed, Zero};
[INFO] [stdout]   |                       ^^^^^^
[INFO] [stdout] 
[INFO] [stdout] 
[INFO] [stderr]     Finished `test` profile [unoptimized + debuginfo] target(s) in 31.35s
[INFO] running `Command { std: "docker" "inspect" "1db48e58714687cb9f9860bc63c27b3aaf8e606c6b3ae08181727747cb4166d9", kill_on_drop: false }`
[INFO] running `Command { std: "docker" "rm" "-f" "1db48e58714687cb9f9860bc63c27b3aaf8e606c6b3ae08181727747cb4166d9", kill_on_drop: false }`
[INFO] [stdout] 1db48e58714687cb9f9860bc63c27b3aaf8e606c6b3ae08181727747cb4166d9
[INFO] running `Command { std: "docker" "create" "-v" "/var/lib/crater-agent-workspace/builds/worker-6-tc1/target:/opt/rustwide/target:rw,Z" "-v" "/var/lib/crater-agent-workspace/builds/worker-6-tc1/source:/opt/rustwide/workdir:ro,Z" "-v" "/var/lib/crater-agent-workspace/cargo-home:/opt/rustwide/cargo-home:ro,Z" "-v" "/var/lib/crater-agent-workspace/rustup-home:/opt/rustwide/rustup-home:ro,Z" "-e" "SOURCE_DIR=/opt/rustwide/workdir" "-e" "CARGO_TARGET_DIR=/opt/rustwide/target" "-e" "CARGO_INCREMENTAL=0" "-e" "RUST_BACKTRACE=full" "-e" "RUSTFLAGS=--cap-lints=warn" "-e" "RUSTDOCFLAGS=--cap-lints=warn" "-e" "CARGO_HOME=/opt/rustwide/cargo-home" "-e" "RUSTUP_HOME=/opt/rustwide/rustup-home" "-w" "/opt/rustwide/workdir" "-m" "1610612736" "--user" "0:0" "--network" "none" "ghcr.io/rust-lang/crates-build-env/linux@sha256:f3a9d4ad9d972b27faf3965f35b62e55ba32bbce8f20bc8fe909558a86702fde" "/opt/rustwide/cargo-home/bin/cargo" "+1.83.0" "test" "--frozen", kill_on_drop: false }`
[INFO] [stdout] 459b4ae1414917a5374b67c1e9c4aa806b878fc75c59bd4e8c72be5b52ce9e5c
[INFO] running `Command { std: "docker" "start" "-a" "459b4ae1414917a5374b67c1e9c4aa806b878fc75c59bd4e8c72be5b52ce9e5c", kill_on_drop: false }`
[INFO] [stderr] warning: unused manifest key: package.lto
[INFO] [stderr] warning: unused manifest key: package.opt-level
[INFO] [stderr] warning: unused import: `std::ops::Mul`
[INFO] [stderr]  --> src/bls.rs:1:5
[INFO] [stderr]   |
[INFO] [stderr] 1 | use std::ops::Mul;
[INFO] [stderr]   |     ^^^^^^^^^^^^^
[INFO] [stderr]   |
[INFO] [stderr]   = note: `#[warn(unused_imports)]` on by default
[INFO] [stderr] 
[INFO] [stderr] warning: unused import: `PrimeField`
[INFO] [stderr]  --> src/bls.rs:4:17
[INFO] [stderr]   |
[INFO] [stderr] 4 | use ff::{Field, PrimeField};
[INFO] [stderr]   |                 ^^^^^^^^^^
[INFO] [stderr] 
[INFO] [stderr] warning: unused imports: `Curve` and `GroupEncoding`
[INFO] [stderr]  --> src/bls.rs:5:13
[INFO] [stderr]   |
[INFO] [stderr] 5 | use group::{Curve, Group, GroupEncoding};
[INFO] [stderr]   |             ^^^^^         ^^^^^^^^^^^^^
[INFO] [stderr] 
[INFO] [stderr] warning: unused imports: `RngAlgorithm` and `TestRng`
[INFO] [stderr]  --> src/bls.rs:6:29
[INFO] [stderr]   |
[INFO] [stderr] 6 | use proptest::test_runner::{RngAlgorithm, TestRng};
[INFO] [stderr]   |                             ^^^^^^^^^^^^  ^^^^^^^
[INFO] [stderr] 
[INFO] [stderr] warning: unused import: `SeedableRng`
[INFO] [stderr]  --> src/bls.rs:7:21
[INFO] [stderr]   |
[INFO] [stderr] 7 | use rand::{RngCore, SeedableRng};
[INFO] [stderr]   |                     ^^^^^^^^^^^
[INFO] [stderr] 
[INFO] [stderr] warning: unused imports: `ChaCha12Core` and `ChaCha12Rng`
[INFO] [stderr]  --> src/bls.rs:8:19
[INFO] [stderr]   |
[INFO] [stderr] 8 | use rand_chacha::{ChaCha12Core, ChaCha12Rng};
[INFO] [stderr]   |                   ^^^^^^^^^^^^  ^^^^^^^^^^^
[INFO] [stderr] 
[INFO] [stderr] warning: unused import: `Signed`
[INFO] [stderr]  --> src/rsa_accumulator.rs:5:23
[INFO] [stderr]   |
[INFO] [stderr] 5 | use num_traits::{One, Signed, Zero};
[INFO] [stderr]   |                       ^^^^^^
[INFO] [stderr] 
[INFO] [stderr] warning: unused import: `prop_assert`
[INFO] [stderr]  --> src/rsa_accumulator.rs:6:33
[INFO] [stderr]   |
[INFO] [stderr] 6 | use proptest::{collection::vec, prop_assert};
[INFO] [stderr]   |                                 ^^^^^^^^^^^
[INFO] [stderr] 
[INFO] [stderr] warning: unused import: `prop_assert_eq`
[INFO] [stderr]  --> src/rsa_accumulator.rs:7:30
[INFO] [stderr]   |
[INFO] [stderr] 7 | use proptest::{prelude::any, prop_assert_eq, strategy::Strategy};
[INFO] [stderr]   |                              ^^^^^^^^^^^^^^
[INFO] [stderr] 
[INFO] [stderr] warning: field `pk` is never read
[INFO] [stderr]   --> src/bls.rs:22:5
[INFO] [stderr]    |
[INFO] [stderr] 18 | pub struct TrustlessSetup {
[INFO] [stderr]    |            -------------- field in this struct
[INFO] [stderr] ...
[INFO] [stderr] 22 |     pk: G2Projective,
[INFO] [stderr]    |     ^^
[INFO] [stderr]    |
[INFO] [stderr]    = note: `#[warn(dead_code)]` on by default
[INFO] [stderr] 
[INFO] [stderr] warning: function `accum_add` is never used
[INFO] [stderr]    --> src/bls.rs:115:4
[INFO] [stderr]     |
[INFO] [stderr] 115 | fn accum_add(accumulator: G1Projective, value: Scalar, sk: Scalar) -> G1Projective {
[INFO] [stderr]     |    ^^^^^^^^^
[INFO] [stderr] 
[INFO] [stderr] warning: function `accum_remove` is never used
[INFO] [stderr]    --> src/bls.rs:119:4
[INFO] [stderr]     |
[INFO] [stderr] 119 | fn accum_remove(accumulator: G1Projective, value: Scalar, sk: Scalar) -> G1Projective {
[INFO] [stderr]     |    ^^^^^^^^^^^^
[INFO] [stderr] 
[INFO] [stderr] warning: function `accum_witness` is never used
[INFO] [stderr]    --> src/bls.rs:125:4
[INFO] [stderr]     |
[INFO] [stderr] 125 | fn accum_witness(accumulator: G1Projective, value: Scalar, sk: Scalar) -> G1Projective {
[INFO] [stderr]     |    ^^^^^^^^^^^^^
[INFO] [stderr] 
[INFO] [stderr] warning: fields `big_q_product` and `parts` are never read
[INFO] [stderr]    --> src/rsa_accumulator.rs:105:5
[INFO] [stderr]     |
[INFO] [stderr] 104 | pub struct PokeStars {
[INFO] [stderr]     |            --------- fields in this struct
[INFO] [stderr] 105 |     big_q_product: BigUint,
[INFO] [stderr]     |     ^^^^^^^^^^^^^
[INFO] [stderr] 106 |     parts: Vec<PokeStarsPart>,
[INFO] [stderr]     |     ^^^^^
[INFO] [stderr]     |
[INFO] [stderr]     = note: `PokeStars` has a derived impl for the trait `Debug`, but this is intentionally ignored during dead code analysis
[INFO] [stderr] 
[INFO] [stderr] warning: fields `l_nonce` and `r` are never read
[INFO] [stderr]    --> src/rsa_accumulator.rs:111:5
[INFO] [stderr]     |
[INFO] [stderr] 110 | pub struct PokeStarsPart {
[INFO] [stderr]     |            ------------- fields in this struct
[INFO] [stderr] 111 |     l_nonce: u32,
[INFO] [stderr]     |     ^^^^^^^
[INFO] [stderr] 112 |     r: BigUint,
[INFO] [stderr]     |     ^
[INFO] [stderr]     |
[INFO] [stderr]     = note: `PokeStarsPart` has derived impls for the traits `Clone` and `Debug`, but these are intentionally ignored during dead code analysis
[INFO] [stderr] 
[INFO] [stderr] warning: associated items `new` and `verify` are never used
[INFO] [stderr]    --> src/rsa_accumulator.rs:116:8
[INFO] [stderr]     |
[INFO] [stderr] 115 | impl PokeStars {
[INFO] [stderr]     | -------------- associated items in this implementation
[INFO] [stderr] 116 |     fn new(pokes: &[PokeStar], modulus: &BigUint) -> PokeStars {
[INFO] [stderr]     |        ^^^
[INFO] [stderr] ...
[INFO] [stderr] 131 |     fn verify(&self, base: &BigUint, commitments: &[BigUint], modulus: &BigUint) -> bool {
[INFO] [stderr]     |        ^^^^^^
[INFO] [stderr] 
[INFO] [stderr] warning: fields `x1`, `x2`, and `l` are never read
[INFO] [stderr]    --> src/rsa_accumulator.rs:257:45
[INFO] [stderr]     |
[INFO] [stderr] 255 | #[proptest(cases = 1000)]
[INFO] [stderr]     | ------------------------- fields in this struct
[INFO] [stderr] 256 | fn test_div_mod_of_product_2(
[INFO] [stderr] 257 |     #[strategy(biguint((0..100000000u64)))] x1: BigUint,
[INFO] [stderr]     |                                             ^^
[INFO] [stderr] 258 |     #[strategy(biguint((0..100000000u64)))] x2: BigUint,
[INFO] [stderr]     |                                             ^^
[INFO] [stderr] 259 |     #[strategy(biguint((1..100000000u64)))] l: BigUint,
[INFO] [stderr]     |                                             ^
[INFO] [stderr]     |
[INFO] [stderr]     = note: `_TestDivModOfProduct2Args` has a derived impl for the trait `Debug`, but this is intentionally ignored during dead code analysis
[INFO] [stderr] 
[INFO] [stderr] warning: fields `factors` and `l` are never read
[INFO] [stderr]    --> src/rsa_accumulator.rs:272:53
[INFO] [stderr]     |
[INFO] [stderr] 270 | #[proptest(cases = 1000)]
[INFO] [stderr]     | ------------------------- fields in this struct
[INFO] [stderr] 271 | fn test_div_mod_of_product(
[INFO] [stderr] 272 |     #[strategy(vec(biguint(any::<u64>()), 0..100))] factors: Vec<BigUint>,
[INFO] [stderr]     |                                                     ^^^^^^^
[INFO] [stderr] 273 |     #[strategy(biguint(1..100000000000u64))] l: BigUint,
[INFO] [stderr]     |                                              ^
[INFO] [stderr]     |
[INFO] [stderr]     = note: `_TestDivModOfProductArgs` has a derived impl for the trait `Debug`, but this is intentionally ignored during dead code analysis
[INFO] [stderr] 
[INFO] [stderr] warning: field `bytes` is never read
[INFO] [stderr]    --> src/rsa_accumulator.rs:389:60
[INFO] [stderr]     |
[INFO] [stderr] 388 | #[proptest(cases = 1000)]
[INFO] [stderr]     | ------------------------- field in this struct
[INFO] [stderr] 389 | fn test_prime_digest(#[strategy(vec(any::<u8>(), 0..100))] bytes: Vec<u8>) {
[INFO] [stderr]     |                                                            ^^^^^
[INFO] [stderr]     |
[INFO] [stderr]     = note: `_TestPrimeDigestArgs` has a derived impl for the trait `Debug`, but this is intentionally ignored during dead code analysis
[INFO] [stderr] 
[INFO] [stderr] warning: fields `bases_and_exponents` and `modulus` are never read
[INFO] [stderr]    --> src/rsa_accumulator.rs:408:48
[INFO] [stderr]     |
[INFO] [stderr] 406 | #[proptest(cases = 100)]
[INFO] [stderr]     | ------------------------ fields in this struct
[INFO] [stderr] 407 | fn test_multi_exp(
[INFO] [stderr] 408 |     #[strategy(vec((1u64.., 1u64..), 0..100))] bases_and_exponents: Vec<(u64, u64)>,
[INFO] [stderr]     |                                                ^^^^^^^^^^^^^^^^^^^
[INFO] [stderr] 409 |     #[strategy(rand_modulus(4usize..64))] modulus: BigUint,
[INFO] [stderr]     |                                           ^^^^^^^
[INFO] [stderr]     |
[INFO] [stderr]     = note: `_TestMultiExpArgs` has a derived impl for the trait `Debug`, but this is intentionally ignored during dead code analysis
[INFO] [stderr] 
[INFO] [stderr] warning: function `multi_exp_naive` is never used
[INFO] [stderr]    --> src/rsa_accumulator.rs:421:4
[INFO] [stderr]     |
[INFO] [stderr] 421 | fn multi_exp_naive(bases_and_exponents: &[(BigUint, BigUint)], modulus: &BigUint) -> BigUint {
[INFO] [stderr]     |    ^^^^^^^^^^^^^^^
[INFO] [stderr] 
[INFO] [stderr] warning: `ecc-acc-bls-test` (lib) generated 21 warnings (run `cargo fix --lib -p ecc-acc-bls-test` to apply 9 suggestions)
[INFO] [stderr] warning: unused import: `ChaCha12Core`
[INFO] [stderr]  --> src/bls.rs:8:19
[INFO] [stderr]   |
[INFO] [stderr] 8 | use rand_chacha::{ChaCha12Core, ChaCha12Rng};
[INFO] [stderr]   |                   ^^^^^^^^^^^^
[INFO] [stderr] 
[INFO] [stderr] warning: `ecc-acc-bls-test` (lib test) generated 3 warnings (2 duplicates) (run `cargo fix --lib -p ecc-acc-bls-test --tests` to apply 1 suggestion)
[INFO] [stderr]     Finished `test` profile [unoptimized + debuginfo] target(s) in 0.16s
[INFO] [stderr]      Running unittests src/lib.rs (/opt/rustwide/target/debug/deps/ecc_acc_bls_test-3bfedaa478f83377)
[INFO] [stdout] 
[INFO] [stdout] running 11 tests
[INFO] [stdout] test bls::test_add_and_remove_is_identity ... ok
[INFO] [stdout] test rsa_accumulator::test_div_mod_of_product_2 ... ok
[INFO] [stdout] test bls::test_bls_acc_example ... ok
[INFO] [stdout] test rsa_accumulator::test_div_mod_of_product ... ok
[INFO] [stdout] test rsa_accumulator::test_golden_poke ... FAILED
[INFO] [stdout] test rsa_accumulator::test_poke_aggregation ... ok
[INFO] [stdout] test rsa_accumulator::test_add ... ok
[INFO] [stdout] test bls::test_basic_example ... ok
[INFO] [stdout] test rsa_accumulator::test_add_poke ... ok
[INFO] [stdout] test rsa_accumulator::test_multi_exp ... ok
[INFO] [stdout] test rsa_accumulator::test_prime_digest ... ok
[INFO] [stdout] 
[INFO] [stdout] failures:
[INFO] [stdout] 
[INFO] [stdout] ---- rsa_accumulator::test_golden_poke stdout ----
[INFO] [stdout] l_nonce: 60
[INFO] [stdout] big_q: 4452837031289504127834867982774059550083440944982704969078438349957178879155944480876220591532567929023530378433367380377411561318205906713003258971297431937866946124356394735766699941702907106216397879266791505101857840860206322452895136682388332924507766936979828407533460065879081536994722548143998321032921882668960624862490342355288832660981402509816222553331835994927459252582512902827284923278448696210550241790160926763927874750427639525754678532681638358400778353998416281974120016218110154983319857341777713820951336859962688351397125328187567764121760276095128006319355210573339029372365837070177917716563
[INFO] [stdout] r: 18951371807106303723748767803478343065
[INFO] [stdout] thread 'rsa_accumulator::test_golden_poke' panicked at src/rsa_accumulator.rs:220:5:
[INFO] [stdout] assertion `left == right` failed
[INFO] [stdout]   left: "60"
[INFO] [stdout]  right: "1282"
[INFO] [stdout] stack backtrace:
[INFO] [stdout]    0:     0x5a4cb746536a - std::backtrace_rs::backtrace::libunwind::trace::h5a5b8284f2d0c266
[INFO] [stdout]                                at /rustc/90b35a6239c3d8bdabc530a6a0816f7ff89a0aaf/library/std/src/../../backtrace/src/backtrace/libunwind.rs:116:5
[INFO] [stdout]    1:     0x5a4cb746536a - std::backtrace_rs::backtrace::trace_unsynchronized::h76d4f1c9b0b875e3
[INFO] [stdout]                                at /rustc/90b35a6239c3d8bdabc530a6a0816f7ff89a0aaf/library/std/src/../../backtrace/src/backtrace/mod.rs:66:5
[INFO] [stdout]    2:     0x5a4cb746536a - std::sys::backtrace::_print_fmt::hc4546b8364a537c6
[INFO] [stdout]                                at /rustc/90b35a6239c3d8bdabc530a6a0816f7ff89a0aaf/library/std/src/sys/backtrace.rs:66:9
[INFO] [stdout]    3:     0x5a4cb746536a - <std::sys::backtrace::BacktraceLock::print::DisplayBacktrace as core::fmt::Display>::fmt::h5b6bd5631a6d1f6b
[INFO] [stdout]                                at /rustc/90b35a6239c3d8bdabc530a6a0816f7ff89a0aaf/library/std/src/sys/backtrace.rs:39:26
[INFO] [stdout]    4:     0x5a4cb748b8f3 - core::fmt::rt::Argument::fmt::h270f6602a2b96f62
[INFO] [stdout]                                at /rustc/90b35a6239c3d8bdabc530a6a0816f7ff89a0aaf/library/core/src/fmt/rt.rs:177:76
[INFO] [stdout]    5:     0x5a4cb748b8f3 - core::fmt::write::h7550c97b06c86515
[INFO] [stdout]                                at /rustc/90b35a6239c3d8bdabc530a6a0816f7ff89a0aaf/library/core/src/fmt/mod.rs:1186:21
[INFO] [stdout]    6:     0x5a4cb7461fe3 - std::io::Write::write_fmt::h509ff860e5956e5e
[INFO] [stdout]                                at /rustc/90b35a6239c3d8bdabc530a6a0816f7ff89a0aaf/library/std/src/io/mod.rs:1839:15
[INFO] [stdout]    7:     0x5a4cb74651b2 - std::sys::backtrace::BacktraceLock::print::h2395ccd2c84ba3aa
[INFO] [stdout]                                at /rustc/90b35a6239c3d8bdabc530a6a0816f7ff89a0aaf/library/std/src/sys/backtrace.rs:42:9
[INFO] [stdout]    8:     0x5a4cb74667ca - std::panicking::default_hook::{{closure}}::he19d4c7230e07961
[INFO] [stdout]                                at /rustc/90b35a6239c3d8bdabc530a6a0816f7ff89a0aaf/library/std/src/panicking.rs:268:22
[INFO] [stdout]    9:     0x5a4cb74665d4 - std::panicking::default_hook::hf614597d3c67bbdb
[INFO] [stdout]                                at /rustc/90b35a6239c3d8bdabc530a6a0816f7ff89a0aaf/library/std/src/panicking.rs:292:9
[INFO] [stdout]   10:     0x5a4cb7337689 - <alloc::boxed::Box<F,A> as core::ops::function::Fn<Args>>::call::h39b51ce4599c23d1
[INFO] [stdout]                                at /rustc/90b35a6239c3d8bdabc530a6a0816f7ff89a0aaf/library/alloc/src/boxed.rs:2468:9
[INFO] [stdout]   11:     0x5a4cb7337689 - test::test_main::{{closure}}::he977ae839a582784
[INFO] [stdout]                                at /rustc/90b35a6239c3d8bdabc530a6a0816f7ff89a0aaf/library/test/src/lib.rs:133:21
[INFO] [stdout]   12:     0x5a4cb7466e68 - <alloc::boxed::Box<F,A> as core::ops::function::Fn<Args>>::call::h9455091b6b06f9fb
[INFO] [stdout]                                at /rustc/90b35a6239c3d8bdabc530a6a0816f7ff89a0aaf/library/alloc/src/boxed.rs:2468:9
[INFO] [stdout]   13:     0x5a4cb7466e68 - std::panicking::rust_panic_with_hook::h8942133a8b252070
[INFO] [stdout]                                at /rustc/90b35a6239c3d8bdabc530a6a0816f7ff89a0aaf/library/std/src/panicking.rs:809:13
[INFO] [stdout]   14:     0x5a4cb7466c2a - std::panicking::begin_panic_handler::{{closure}}::hb5f5963570096b29
[INFO] [stdout]                                at /rustc/90b35a6239c3d8bdabc530a6a0816f7ff89a0aaf/library/std/src/panicking.rs:674:13
[INFO] [stdout]   15:     0x5a4cb7465849 - std::sys::backtrace::__rust_end_short_backtrace::h6208cedc1922feda
[INFO] [stdout]                                at /rustc/90b35a6239c3d8bdabc530a6a0816f7ff89a0aaf/library/std/src/sys/backtrace.rs:170:18
[INFO] [stdout]   16:     0x5a4cb74668bc - rust_begin_unwind
[INFO] [stdout]                                at /rustc/90b35a6239c3d8bdabc530a6a0816f7ff89a0aaf/library/std/src/panicking.rs:665:5
[INFO] [stdout]   17:     0x5a4cb7290120 - core::panicking::panic_fmt::h0c3082644d1bf418
[INFO] [stdout]                                at /rustc/90b35a6239c3d8bdabc530a6a0816f7ff89a0aaf/library/core/src/panicking.rs:74:14
[INFO] [stdout]   18:     0x5a4cb729054c - core::panicking::assert_failed_inner::h2ddf1fcc067fa858
[INFO] [stdout]   19:     0x5a4cb72ce118 - core::panicking::assert_failed::h7b414809b73089c7
[INFO] [stdout]                                at /rustc/90b35a6239c3d8bdabc530a6a0816f7ff89a0aaf/library/core/src/panicking.rs:367:5
[INFO] [stdout]   20:     0x5a4cb72edf16 - ecc_acc_bls_test::rsa_accumulator::test_golden_poke::h991f7de82e0324e9
[INFO] [stdout]                                at /opt/rustwide/workdir/src/rsa_accumulator.rs:220:5
[INFO] [stdout]   21:     0x5a4cb72ed867 - ecc_acc_bls_test::rsa_accumulator::test_golden_poke::{{closure}}::h1bc3fc7d05441cc9
[INFO] [stdout]                                at /opt/rustwide/workdir/src/rsa_accumulator.rs:204:22
[INFO] [stdout]   22:     0x5a4cb72de406 - core::ops::function::FnOnce::call_once::h9dc8d42bf0d6c03f
[INFO] [stdout]                                at /rustc/90b35a6239c3d8bdabc530a6a0816f7ff89a0aaf/library/core/src/ops/function.rs:250:5
[INFO] [stdout]   23:     0x5a4cb733c04b - core::ops::function::FnOnce::call_once::h109cf8051a59b34e
[INFO] [stdout]                                at /rustc/90b35a6239c3d8bdabc530a6a0816f7ff89a0aaf/library/core/src/ops/function.rs:250:5
[INFO] [stdout]   24:     0x5a4cb733c04b - test::__rust_begin_short_backtrace::hf4fff89d377446ba
[INFO] [stdout]                                at /rustc/90b35a6239c3d8bdabc530a6a0816f7ff89a0aaf/library/test/src/lib.rs:621:18
[INFO] [stdout]   25:     0x5a4cb733b887 - test::run_test_in_process::{{closure}}::h0e39181dd7ee5a43
[INFO] [stdout]                                at /rustc/90b35a6239c3d8bdabc530a6a0816f7ff89a0aaf/library/test/src/lib.rs:644:60
[INFO] [stdout]   26:     0x5a4cb733b887 - <core::panic::unwind_safe::AssertUnwindSafe<F> as core::ops::function::FnOnce<()>>::call_once::hc5a66a30f0bdfd1f
[INFO] [stdout]                                at /rustc/90b35a6239c3d8bdabc530a6a0816f7ff89a0aaf/library/core/src/panic/unwind_safe.rs:272:9
[INFO] [stdout]   27:     0x5a4cb733b887 - std::panicking::try::do_call::h873b7cf639554a5e
[INFO] [stdout]                                at /rustc/90b35a6239c3d8bdabc530a6a0816f7ff89a0aaf/library/std/src/panicking.rs:557:40
[INFO] [stdout]   28:     0x5a4cb733b887 - std::panicking::try::hdb19862fad9c8bd1
[INFO] [stdout]                                at /rustc/90b35a6239c3d8bdabc530a6a0816f7ff89a0aaf/library/std/src/panicking.rs:520:19
[INFO] [stdout]   29:     0x5a4cb733b887 - std::panic::catch_unwind::h281fe732d236d260
[INFO] [stdout]                                at /rustc/90b35a6239c3d8bdabc530a6a0816f7ff89a0aaf/library/std/src/panic.rs:358:14
[INFO] [stdout]   30:     0x5a4cb733b887 - test::run_test_in_process::h949b6df8457ed338
[INFO] [stdout]                                at /rustc/90b35a6239c3d8bdabc530a6a0816f7ff89a0aaf/library/test/src/lib.rs:644:27
[INFO] [stdout]   31:     0x5a4cb733b887 - test::run_test::{{closure}}::h52c556a6d4740e10
[INFO] [stdout]                                at /rustc/90b35a6239c3d8bdabc530a6a0816f7ff89a0aaf/library/test/src/lib.rs:565:43
[INFO] [stdout]   32:     0x5a4cb7300b64 - test::run_test::{{closure}}::h4237f6381c45ccb9
[INFO] [stdout]                                at /rustc/90b35a6239c3d8bdabc530a6a0816f7ff89a0aaf/library/test/src/lib.rs:595:41
[INFO] [stdout]   33:     0x5a4cb7300b64 - std::sys::backtrace::__rust_begin_short_backtrace::h505c97a579eca628
[INFO] [stdout]                                at /rustc/90b35a6239c3d8bdabc530a6a0816f7ff89a0aaf/library/std/src/sys/backtrace.rs:154:18
[INFO] [stdout]   34:     0x5a4cb730422e - std::thread::Builder::spawn_unchecked_::{{closure}}::{{closure}}::h9e86b2e2bc107ea3
[INFO] [stdout]                                at /rustc/90b35a6239c3d8bdabc530a6a0816f7ff89a0aaf/library/std/src/thread/mod.rs:538:17
[INFO] [stdout]   35:     0x5a4cb730422e - <core::panic::unwind_safe::AssertUnwindSafe<F> as core::ops::function::FnOnce<()>>::call_once::h8b06ddb275ff4a25
[INFO] [stdout]                                at /rustc/90b35a6239c3d8bdabc530a6a0816f7ff89a0aaf/library/core/src/panic/unwind_safe.rs:272:9
[INFO] [stdout]   36:     0x5a4cb730422e - std::panicking::try::do_call::hb26ecd7cd9a9355d
[INFO] [stdout]                                at /rustc/90b35a6239c3d8bdabc530a6a0816f7ff89a0aaf/library/std/src/panicking.rs:557:40
[INFO] [stdout]   37:     0x5a4cb730422e - std::panicking::try::h8ddeca9d705f9069
[INFO] [stdout]                                at /rustc/90b35a6239c3d8bdabc530a6a0816f7ff89a0aaf/library/std/src/panicking.rs:520:19
[INFO] [stdout]   38:     0x5a4cb730422e - std::panic::catch_unwind::h49e1c33078844c46
[INFO] [stdout]                                at /rustc/90b35a6239c3d8bdabc530a6a0816f7ff89a0aaf/library/std/src/panic.rs:358:14
[INFO] [stdout]   39:     0x5a4cb730422e - std::thread::Builder::spawn_unchecked_::{{closure}}::h6073db6ff56ad35d
[INFO] [stdout]                                at /rustc/90b35a6239c3d8bdabc530a6a0816f7ff89a0aaf/library/std/src/thread/mod.rs:537:30
[INFO] [stdout]   40:     0x5a4cb730422e - core::ops::function::FnOnce::call_once{{vtable.shim}}::h2c5a5f3779c774f1
[INFO] [stdout]                                at /rustc/90b35a6239c3d8bdabc530a6a0816f7ff89a0aaf/library/core/src/ops/function.rs:250:5
[INFO] [stdout]   41:     0x5a4cb746afab - <alloc::boxed::Box<F,A> as core::ops::function::FnOnce<Args>>::call_once::hf75717d9f28faebf
[INFO] [stdout]                                at /rustc/90b35a6239c3d8bdabc530a6a0816f7ff89a0aaf/library/alloc/src/boxed.rs:2454:9
[INFO] [stdout]   42:     0x5a4cb746afab - <alloc::boxed::Box<F,A> as core::ops::function::FnOnce<Args>>::call_once::h7bd883a5f3c5f3c1
[INFO] [stdout]                                at /rustc/90b35a6239c3d8bdabc530a6a0816f7ff89a0aaf/library/alloc/src/boxed.rs:2454:9
[INFO] [stdout]   43:     0x5a4cb746afab - std::sys::pal::unix::thread::Thread::new::thread_start::hcc78f3943333fa94
[INFO] [stdout]                                at /rustc/90b35a6239c3d8bdabc530a6a0816f7ff89a0aaf/library/std/src/sys/pal/unix/thread.rs:105:17
[INFO] [stdout]   44:     0x7528df9ccac3 - <unknown>
[INFO] [stdout]   45:     0x7528dfa5da04 - clone
[INFO] [stdout]   46:                0x0 - <unknown>
[INFO] [stdout] 
[INFO] [stdout] 
[INFO] [stdout] failures:
[INFO] [stdout]     rsa_accumulator::test_golden_poke
[INFO] [stdout] 
[INFO] [stdout] test result: FAILED. 10 passed; 1 failed; 0 ignored; 0 measured; 0 filtered out; finished in 47.05s
[INFO] [stdout] 
[INFO] [stderr] error: test failed, to rerun pass `--lib`
[INFO] running `Command { std: "docker" "inspect" "459b4ae1414917a5374b67c1e9c4aa806b878fc75c59bd4e8c72be5b52ce9e5c", kill_on_drop: false }`
[INFO] running `Command { std: "docker" "rm" "-f" "459b4ae1414917a5374b67c1e9c4aa806b878fc75c59bd4e8c72be5b52ce9e5c", kill_on_drop: false }`
[INFO] [stdout] 459b4ae1414917a5374b67c1e9c4aa806b878fc75c59bd4e8c72be5b52ce9e5c
