[INFO] cloning repository https://github.com/mateuszgrzyb/hoff
[INFO] running `Command { std: "git" "-c" "credential.helper=" "-c" "credential.helper=/workspace/cargo-home/bin/git-credential-null" "clone" "--bare" "https://github.com/mateuszgrzyb/hoff" "/workspace/cache/git-repos/https%3A%2F%2Fgithub.com%2Fmateuszgrzyb%2Fhoff", kill_on_drop: false }`
[INFO] [stderr] Cloning into bare repository '/workspace/cache/git-repos/https%3A%2F%2Fgithub.com%2Fmateuszgrzyb%2Fhoff'...
[INFO] running `Command { std: "git" "rev-parse" "HEAD", kill_on_drop: false }`
[INFO] [stdout] 115e71f2efe2a5c6733a6e032c9106b9d9eb0258
[INFO] testing mateuszgrzyb/hoff against 1.83.0 for beta-1.84.0-4-retry
[INFO] running `Command { std: "git" "clone" "/workspace/cache/git-repos/https%3A%2F%2Fgithub.com%2Fmateuszgrzyb%2Fhoff" "/workspace/builds/worker-6-tc1/source", kill_on_drop: false }`
[INFO] [stderr] Cloning into '/workspace/builds/worker-6-tc1/source'...
[INFO] [stderr] done.
[INFO] validating manifest of git repo https://github.com/mateuszgrzyb/hoff on toolchain 1.83.0
[INFO] running `Command { std: CARGO_HOME="/workspace/cargo-home" RUSTUP_HOME="/workspace/rustup-home" "/workspace/cargo-home/bin/cargo" "+1.83.0" "metadata" "--manifest-path" "Cargo.toml" "--no-deps", kill_on_drop: false }`
[INFO] started tweaking git repo https://github.com/mateuszgrzyb/hoff
[INFO] finished tweaking git repo https://github.com/mateuszgrzyb/hoff
[INFO] tweaked toml for git repo https://github.com/mateuszgrzyb/hoff written to /workspace/builds/worker-6-tc1/source/Cargo.toml
[INFO] crate git repo https://github.com/mateuszgrzyb/hoff already has a lockfile, it will not be regenerated
[INFO] running `Command { std: CARGO_HOME="/workspace/cargo-home" RUSTUP_HOME="/workspace/rustup-home" "/workspace/cargo-home/bin/cargo" "+1.83.0" "fetch" "--manifest-path" "Cargo.toml", kill_on_drop: false }`
[INFO] [stderr]     Updating crates.io index
[INFO] [stderr]  Downloading crates ...
[INFO] [stderr]   Downloaded inkwell_internals v0.9.0
[INFO] [stderr]   Downloaded llvm-sys v120.3.2
[INFO] [stderr]   Downloaded inkwell v0.4.0
[INFO] running `Command { std: "docker" "create" "-v" "/var/lib/crater-agent-workspace/builds/worker-6-tc1/target:/opt/rustwide/target:rw,Z" "-v" "/var/lib/crater-agent-workspace/builds/worker-6-tc1/source:/opt/rustwide/workdir:ro,Z" "-v" "/var/lib/crater-agent-workspace/cargo-home:/opt/rustwide/cargo-home:ro,Z" "-v" "/var/lib/crater-agent-workspace/rustup-home:/opt/rustwide/rustup-home:ro,Z" "-e" "SOURCE_DIR=/opt/rustwide/workdir" "-e" "CARGO_TARGET_DIR=/opt/rustwide/target" "-e" "CARGO_HOME=/opt/rustwide/cargo-home" "-e" "RUSTUP_HOME=/opt/rustwide/rustup-home" "-w" "/opt/rustwide/workdir" "-m" "1610612736" "--user" "0:0" "--network" "none" "ghcr.io/rust-lang/crates-build-env/linux@sha256:f3a9d4ad9d972b27faf3965f35b62e55ba32bbce8f20bc8fe909558a86702fde" "/opt/rustwide/cargo-home/bin/cargo" "+1.83.0" "metadata" "--no-deps" "--format-version=1", kill_on_drop: false }`
[INFO] [stdout] 2bb98a8cf1cd3442c07a0da2c0f598a39e72695fc18928369a356c6ecb62e27c
[INFO] running `Command { std: "docker" "start" "-a" "2bb98a8cf1cd3442c07a0da2c0f598a39e72695fc18928369a356c6ecb62e27c", kill_on_drop: false }`
[INFO] running `Command { std: "docker" "inspect" "2bb98a8cf1cd3442c07a0da2c0f598a39e72695fc18928369a356c6ecb62e27c", kill_on_drop: false }`
[INFO] running `Command { std: "docker" "rm" "-f" "2bb98a8cf1cd3442c07a0da2c0f598a39e72695fc18928369a356c6ecb62e27c", kill_on_drop: false }`
[INFO] [stdout] 2bb98a8cf1cd3442c07a0da2c0f598a39e72695fc18928369a356c6ecb62e27c
[INFO] running `Command { std: "docker" "create" "-v" "/var/lib/crater-agent-workspace/builds/worker-6-tc1/target:/opt/rustwide/target:rw,Z" "-v" "/var/lib/crater-agent-workspace/builds/worker-6-tc1/source:/opt/rustwide/workdir:ro,Z" "-v" "/var/lib/crater-agent-workspace/cargo-home:/opt/rustwide/cargo-home:ro,Z" "-v" "/var/lib/crater-agent-workspace/rustup-home:/opt/rustwide/rustup-home:ro,Z" "-e" "SOURCE_DIR=/opt/rustwide/workdir" "-e" "CARGO_TARGET_DIR=/opt/rustwide/target" "-e" "CARGO_INCREMENTAL=0" "-e" "RUST_BACKTRACE=full" "-e" "RUSTFLAGS=--cap-lints=warn" "-e" "RUSTDOCFLAGS=--cap-lints=warn" "-e" "CARGO_HOME=/opt/rustwide/cargo-home" "-e" "RUSTUP_HOME=/opt/rustwide/rustup-home" "-w" "/opt/rustwide/workdir" "-m" "1610612736" "--user" "0:0" "--network" "none" "ghcr.io/rust-lang/crates-build-env/linux@sha256:f3a9d4ad9d972b27faf3965f35b62e55ba32bbce8f20bc8fe909558a86702fde" "/opt/rustwide/cargo-home/bin/cargo" "+1.83.0" "build" "--frozen" "--message-format=json", kill_on_drop: false }`
[INFO] [stdout] 424c0ea810aa0c3a3ab929447e86e635f65334050a764b9b58f65d57a57bfc79
[INFO] running `Command { std: "docker" "start" "-a" "424c0ea810aa0c3a3ab929447e86e635f65334050a764b9b58f65d57a57bfc79", kill_on_drop: false }`
[INFO] [stderr]    Compiling proc-macro2 v1.0.78
[INFO] [stderr]    Compiling unicode-ident v1.0.12
[INFO] [stderr]    Compiling memchr v2.7.1
[INFO] [stderr]    Compiling thiserror v1.0.57
[INFO] [stderr]    Compiling regex-syntax v0.8.2
[INFO] [stderr]    Compiling ucd-trie v0.1.6
[INFO] [stderr]    Compiling crossbeam-utils v0.8.19
[INFO] [stderr]    Compiling cc v1.0.88
[INFO] [stderr]    Compiling lazy_static v1.4.0
[INFO] [stderr]    Compiling utf8parse v0.2.1
[INFO] [stderr]    Compiling libc v0.2.153
[INFO] [stderr]    Compiling anstyle-parse v0.2.3
[INFO] [stderr]    Compiling anstyle-query v1.0.2
[INFO] [stderr]    Compiling anstyle v1.0.6
[INFO] [stderr]    Compiling either v1.10.0
[INFO] [stderr]    Compiling aho-corasick v1.1.2
[INFO] [stderr]    Compiling quote v1.0.35
[INFO] [stderr]    Compiling rayon-core v1.12.1
[INFO] [stderr]    Compiling crossbeam-epoch v0.9.18
[INFO] [stderr]    Compiling colorchoice v1.0.0
[INFO] [stderr]    Compiling syn v2.0.52
[INFO] [stderr]    Compiling syn v1.0.109
[INFO] [stderr]    Compiling crossbeam-deque v0.8.5
[INFO] [stderr]    Compiling anstream v0.6.13
[INFO] [stderr]    Compiling current_platform v0.2.0
[INFO] [stderr]    Compiling strsim v0.11.0
[INFO] [stderr]    Compiling peg-runtime v0.8.2
[INFO] [stderr]    Compiling clap_lex v0.7.0
[INFO] [stderr]    Compiling heck v0.4.1
[INFO] [stderr]    Compiling inkwell v0.4.0
[INFO] [stderr]    Compiling peg-macros v0.8.2
[INFO] [stderr]    Compiling clap_builder v4.5.1
[INFO] [stderr]    Compiling regex-automata v0.4.5
[INFO] [stderr]    Compiling once_cell v1.19.0
[INFO] [stderr]    Compiling convert_case v0.4.0
[INFO] [stderr]    Compiling peg v0.8.2
[INFO] [stderr]    Compiling rayon v1.9.0
[INFO] [stderr]    Compiling itertools v0.12.1
[INFO] [stderr]    Compiling derive_more v0.99.17
[INFO] [stderr]    Compiling thiserror-impl v1.0.57
[INFO] [stderr]    Compiling regex v1.10.3
[INFO] [stderr]    Compiling clap_derive v4.5.0
[INFO] [stderr]    Compiling inkwell_internals v0.9.0
[INFO] [stderr]    Compiling pest v2.7.8
[INFO] [stderr]    Compiling macros v0.1.0 (/opt/rustwide/workdir/macros)
[INFO] [stderr]    Compiling clap v4.5.1
[INFO] [stderr]    Compiling semver-parser v0.10.2
[INFO] [stderr]    Compiling semver v0.11.0
[INFO] [stderr]    Compiling llvm-sys v120.3.2
[INFO] [stderr]    Compiling hoff v0.1.0 (/opt/rustwide/workdir)
[INFO] [stdout] warning: field `0` is never read
[INFO] [stdout]   --> src/compile/mod.rs:27:13
[INFO] [stdout]    |
[INFO] [stdout] 27 |   InputFile(InputFileError),
[INFO] [stdout]    |   --------- ^^^^^^^^^^^^^^
[INFO] [stdout]    |   |
[INFO] [stdout]    |   field in this variant
[INFO] [stdout]    |
[INFO] [stdout]    = note: `CompileError` has derived impls for the traits `Clone` and `Debug`, but these are intentionally ignored during dead code analysis
[INFO] [stdout]    = note: `#[warn(dead_code)]` on by default
[INFO] [stdout] help: consider changing the field to be of unit type to suppress this warning while preserving the field numbering, or remove the field
[INFO] [stdout]    |
[INFO] [stdout] 27 |   InputFile(()),
[INFO] [stdout]    |             ~~
[INFO] [stdout] 
[INFO] [stdout] 
[INFO] [stdout] warning: field `0` is never read
[INFO] [stdout]   --> src/compile/mod.rs:28:9
[INFO] [stdout]    |
[INFO] [stdout] 28 |   Parse(ParseError<LineCol>),
[INFO] [stdout]    |   ----- ^^^^^^^^^^^^^^^^^^^
[INFO] [stdout]    |   |
[INFO] [stdout]    |   field in this variant
[INFO] [stdout]    |
[INFO] [stdout]    = note: `CompileError` has derived impls for the traits `Clone` and `Debug`, but these are intentionally ignored during dead code analysis
[INFO] [stdout] help: consider changing the field to be of unit type to suppress this warning while preserving the field numbering, or remove the field
[INFO] [stdout]    |
[INFO] [stdout] 28 |   Parse(()),
[INFO] [stdout]    |         ~~
[INFO] [stdout] 
[INFO] [stdout] 
[INFO] [stdout] warning: field `0` is never read
[INFO] [stdout]   --> src/compile/mod.rs:30:19
[INFO] [stdout]    |
[INFO] [stdout] 30 |   ImportQualifier(ImportQualifierError),
[INFO] [stdout]    |   --------------- ^^^^^^^^^^^^^^^^^^^^
[INFO] [stdout]    |   |
[INFO] [stdout]    |   field in this variant
[INFO] [stdout]    |
[INFO] [stdout]    = note: `CompileError` has derived impls for the traits `Clone` and `Debug`, but these are intentionally ignored during dead code analysis
[INFO] [stdout] help: consider changing the field to be of unit type to suppress this warning while preserving the field numbering, or remove the field
[INFO] [stdout]    |
[INFO] [stdout] 30 |   ImportQualifier(()),
[INFO] [stdout]    |                   ~~
[INFO] [stdout] 
[INFO] [stdout] 
[INFO] [stdout] warning: field `0` is never read
[INFO] [stdout]   --> src/compile/mod.rs:31:7
[INFO] [stdout]    |
[INFO] [stdout] 31 |   Gdt(GdtError),
[INFO] [stdout]    |   --- ^^^^^^^^
[INFO] [stdout]    |   |
[INFO] [stdout]    |   field in this variant
[INFO] [stdout]    |
[INFO] [stdout]    = note: `CompileError` has derived impls for the traits `Clone` and `Debug`, but these are intentionally ignored during dead code analysis
[INFO] [stdout] help: consider changing the field to be of unit type to suppress this warning while preserving the field numbering, or remove the field
[INFO] [stdout]    |
[INFO] [stdout] 31 |   Gdt(()),
[INFO] [stdout]    |       ~~
[INFO] [stdout] 
[INFO] [stdout] 
[INFO] [stdout] warning: field `0` is never read
[INFO] [stdout]   --> src/compile/mod.rs:32:13
[INFO] [stdout]    |
[INFO] [stdout] 32 |   Typecheck(TypecheckError),
[INFO] [stdout]    |   --------- ^^^^^^^^^^^^^^
[INFO] [stdout]    |   |
[INFO] [stdout]    |   field in this variant
[INFO] [stdout]    |
[INFO] [stdout]    = note: `CompileError` has derived impls for the traits `Clone` and `Debug`, but these are intentionally ignored during dead code analysis
[INFO] [stdout] help: consider changing the field to be of unit type to suppress this warning while preserving the field numbering, or remove the field
[INFO] [stdout]    |
[INFO] [stdout] 32 |   Typecheck(()),
[INFO] [stdout]    |             ~~
[INFO] [stdout] 
[INFO] [stdout] 
[INFO] [stdout] warning: field `0` is never read
[INFO] [stdout]   --> src/compile/mod.rs:34:22
[INFO] [stdout]    |
[INFO] [stdout] 34 |   ModuleVerification(String),
[INFO] [stdout]    |   ------------------ ^^^^^^
[INFO] [stdout]    |   |
[INFO] [stdout]    |   field in this variant
[INFO] [stdout]    |
[INFO] [stdout]    = note: `CompileError` has derived impls for the traits `Clone` and `Debug`, but these are intentionally ignored during dead code analysis
[INFO] [stdout] help: consider changing the field to be of unit type to suppress this warning while preserving the field numbering, or remove the field
[INFO] [stdout]    |
[INFO] [stdout] 34 |   ModuleVerification(()),
[INFO] [stdout]    |                      ~~
[INFO] [stdout] 
[INFO] [stdout] 
[INFO] [stdout] warning: field `0` is never read
[INFO] [stdout]   --> src/compile/mod.rs:36:17
[INFO] [stdout]    |
[INFO] [stdout] 36 |   ModuleLinkage(String),
[INFO] [stdout]    |   ------------- ^^^^^^
[INFO] [stdout]    |   |
[INFO] [stdout]    |   field in this variant
[INFO] [stdout]    |
[INFO] [stdout]    = note: `CompileError` has derived impls for the traits `Clone` and `Debug`, but these are intentionally ignored during dead code analysis
[INFO] [stdout] help: consider changing the field to be of unit type to suppress this warning while preserving the field numbering, or remove the field
[INFO] [stdout]    |
[INFO] [stdout] 36 |   ModuleLinkage(()),
[INFO] [stdout]    |                 ~~
[INFO] [stdout] 
[INFO] [stdout] 
[INFO] [stdout] warning: field `0` is never read
[INFO] [stdout]   --> src/compile/mod.rs:39:12
[INFO] [stdout]    |
[INFO] [stdout] 39 |   Compiler(CompilerError),
[INFO] [stdout]    |   -------- ^^^^^^^^^^^^^
[INFO] [stdout]    |   |
[INFO] [stdout]    |   field in this variant
[INFO] [stdout]    |
[INFO] [stdout]    = note: `CompileError` has derived impls for the traits `Clone` and `Debug`, but these are intentionally ignored during dead code analysis
[INFO] [stdout] help: consider changing the field to be of unit type to suppress this warning while preserving the field numbering, or remove the field
[INFO] [stdout]    |
[INFO] [stdout] 39 |   Compiler(()),
[INFO] [stdout]    |            ~~
[INFO] [stdout] 
[INFO] [stdout] 
[INFO] [stdout] warning: field `0` is never read
[INFO] [stdout]   --> src/compile/utils.rs:61:11
[INFO] [stdout]    |
[INFO] [stdout] 61 |   IOError(std::io::Error),
[INFO] [stdout]    |   ------- ^^^^^^^^^^^^^^
[INFO] [stdout]    |   |
[INFO] [stdout]    |   field in this variant
[INFO] [stdout]    |
[INFO] [stdout]    = note: `InputFileError` has a derived impl for the trait `Debug`, but this is intentionally ignored during dead code analysis
[INFO] [stdout] help: consider changing the field to be of unit type to suppress this warning while preserving the field numbering, or remove the field
[INFO] [stdout]    |
[INFO] [stdout] 61 |   IOError(()),
[INFO] [stdout]    |           ~~
[INFO] [stdout] 
[INFO] [stdout] 
[INFO] [stdout] warning: field `0` is never read
[INFO] [stdout]   --> src/compile/utils.rs:62:11
[INFO] [stdout]    |
[INFO] [stdout] 62 |   OSError(std::ffi::OsString),
[INFO] [stdout]    |   ------- ^^^^^^^^^^^^^^^^^^
[INFO] [stdout]    |   |
[INFO] [stdout]    |   field in this variant
[INFO] [stdout]    |
[INFO] [stdout]    = note: `InputFileError` has a derived impl for the trait `Debug`, but this is intentionally ignored during dead code analysis
[INFO] [stdout] help: consider changing the field to be of unit type to suppress this warning while preserving the field numbering, or remove the field
[INFO] [stdout]    |
[INFO] [stdout] 62 |   OSError(()),
[INFO] [stdout]    |           ~~
[INFO] [stdout] 
[INFO] [stdout] 
[INFO] [stdout] warning: field `0` is never read
[INFO] [stdout]   --> src/library/backend/compiler.rs:47:17
[INFO] [stdout]    |
[INFO] [stdout] 47 |   UnknownTarget(&'static str),
[INFO] [stdout]    |   ------------- ^^^^^^^^^^^^
[INFO] [stdout]    |   |
[INFO] [stdout]    |   field in this variant
[INFO] [stdout]    |
[INFO] [stdout]    = note: `CompilerError` has derived impls for the traits `Clone` and `Debug`, but these are intentionally ignored during dead code analysis
[INFO] [stdout] help: consider changing the field to be of unit type to suppress this warning while preserving the field numbering, or remove the field
[INFO] [stdout]    |
[INFO] [stdout] 47 |   UnknownTarget(()),
[INFO] [stdout]    |                 ~~
[INFO] [stdout] 
[INFO] [stdout] 
[INFO] [stdout] warning: field `0` is never read
[INFO] [stdout]   --> src/library/backend/compiler.rs:49:16
[INFO] [stdout]    |
[INFO] [stdout] 49 |   TargetTriple(String),
[INFO] [stdout]    |   ------------ ^^^^^^
[INFO] [stdout]    |   |
[INFO] [stdout]    |   field in this variant
[INFO] [stdout]    |
[INFO] [stdout]    = note: `CompilerError` has derived impls for the traits `Clone` and `Debug`, but these are intentionally ignored during dead code analysis
[INFO] [stdout] help: consider changing the field to be of unit type to suppress this warning while preserving the field numbering, or remove the field
[INFO] [stdout]    |
[INFO] [stdout] 49 |   TargetTriple(()),
[INFO] [stdout]    |                ~~
[INFO] [stdout] 
[INFO] [stdout] 
[INFO] [stdout] warning: field `0` is never read
[INFO] [stdout]   --> src/library/backend/compiler.rs:52:28
[INFO] [stdout]    |
[INFO] [stdout] 52 |   WriteTargetMachineToFile(String),
[INFO] [stdout]    |   ------------------------ ^^^^^^
[INFO] [stdout]    |   |
[INFO] [stdout]    |   field in this variant
[INFO] [stdout]    |
[INFO] [stdout]    = note: `CompilerError` has derived impls for the traits `Clone` and `Debug`, but these are intentionally ignored during dead code analysis
[INFO] [stdout] help: consider changing the field to be of unit type to suppress this warning while preserving the field numbering, or remove the field
[INFO] [stdout]    |
[INFO] [stdout] 52 |   WriteTargetMachineToFile(()),
[INFO] [stdout]    |                            ~~
[INFO] [stdout] 
[INFO] [stdout] 
[INFO] [stdout] warning: field `0` is never read
[INFO] [stdout]   --> src/library/backend/compiler.rs:53:6
[INFO] [stdout]    |
[INFO] [stdout] 53 |   IO(Arc<std::io::Error>),
[INFO] [stdout]    |   -- ^^^^^^^^^^^^^^^^^^^
[INFO] [stdout]    |   |
[INFO] [stdout]    |   field in this variant
[INFO] [stdout]    |
[INFO] [stdout]    = note: `CompilerError` has derived impls for the traits `Clone` and `Debug`, but these are intentionally ignored during dead code analysis
[INFO] [stdout] help: consider changing the field to be of unit type to suppress this warning while preserving the field numbering, or remove the field
[INFO] [stdout]    |
[INFO] [stdout] 53 |   IO(()),
[INFO] [stdout]    |      ~~
[INFO] [stdout] 
[INFO] [stdout] 
[INFO] [stdout] warning: field `0` is never read
[INFO] [stdout]   --> src/library/backend/compiler.rs:54:8
[INFO] [stdout]    |
[INFO] [stdout] 54 |   Utf8(FromUtf8Error),
[INFO] [stdout]    |   ---- ^^^^^^^^^^^^^
[INFO] [stdout]    |   |
[INFO] [stdout]    |   field in this variant
[INFO] [stdout]    |
[INFO] [stdout]    = note: `CompilerError` has derived impls for the traits `Clone` and `Debug`, but these are intentionally ignored during dead code analysis
[INFO] [stdout] help: consider changing the field to be of unit type to suppress this warning while preserving the field numbering, or remove the field
[INFO] [stdout]    |
[INFO] [stdout] 54 |   Utf8(()),
[INFO] [stdout]    |        ~~
[INFO] [stdout] 
[INFO] [stdout] 
[INFO] [stdout] warning: field `0` is never read
[INFO] [stdout]   --> src/library/backend/compiler.rs:56:11
[INFO] [stdout]    |
[INFO] [stdout] 56 |   Command(String),
[INFO] [stdout]    |   ------- ^^^^^^
[INFO] [stdout]    |   |
[INFO] [stdout]    |   field in this variant
[INFO] [stdout]    |
[INFO] [stdout]    = note: `CompilerError` has derived impls for the traits `Clone` and `Debug`, but these are intentionally ignored during dead code analysis
[INFO] [stdout] help: consider changing the field to be of unit type to suppress this warning while preserving the field numbering, or remove the field
[INFO] [stdout]    |
[INFO] [stdout] 56 |   Command(()),
[INFO] [stdout]    |           ~~
[INFO] [stdout] 
[INFO] [stdout] 
[INFO] [stdout] warning: field `0` is never read
[INFO] [stdout]   --> src/library/backend/interpreter.rs:19:13
[INFO] [stdout]    |
[INFO] [stdout] 19 |   Typecheck(TypecheckError),
[INFO] [stdout]    |   --------- ^^^^^^^^^^^^^^
[INFO] [stdout]    |   |
[INFO] [stdout]    |   field in this variant
[INFO] [stdout]    |
[INFO] [stdout]    = note: `InterpreterError` has a derived impl for the trait `Debug`, but this is intentionally ignored during dead code analysis
[INFO] [stdout] help: consider changing the field to be of unit type to suppress this warning while preserving the field numbering, or remove the field
[INFO] [stdout]    |
[INFO] [stdout] 19 |   Typecheck(()),
[INFO] [stdout]    |             ~~
[INFO] [stdout] 
[INFO] [stdout] 
[INFO] [stdout] warning: field `0` is never read
[INFO] [stdout]   --> src/library/backend/interpreter.rs:20:19
[INFO] [stdout]    |
[INFO] [stdout] 20 |   ImportQualifier(ImportQualifierError),
[INFO] [stdout]    |   --------------- ^^^^^^^^^^^^^^^^^^^^
[INFO] [stdout]    |   |
[INFO] [stdout]    |   field in this variant
[INFO] [stdout]    |
[INFO] [stdout]    = note: `InterpreterError` has a derived impl for the trait `Debug`, but this is intentionally ignored during dead code analysis
[INFO] [stdout] help: consider changing the field to be of unit type to suppress this warning while preserving the field numbering, or remove the field
[INFO] [stdout]    |
[INFO] [stdout] 20 |   ImportQualifier(()),
[INFO] [stdout]    |                   ~~
[INFO] [stdout] 
[INFO] [stdout] 
[INFO] [stdout] warning: field `0` is never read
[INFO] [stdout]   --> src/library/qualify/global_decl_typechecker/mod.rs:22:15
[INFO] [stdout]    |
[INFO] [stdout] 22 |   UnknownType(String),
[INFO] [stdout]    |   ----------- ^^^^^^
[INFO] [stdout]    |   |
[INFO] [stdout]    |   field in this variant
[INFO] [stdout]    |
[INFO] [stdout]    = note: `GdtError` has derived impls for the traits `Clone` and `Debug`, but these are intentionally ignored during dead code analysis
[INFO] [stdout] help: consider changing the field to be of unit type to suppress this warning while preserving the field numbering, or remove the field
[INFO] [stdout]    |
[INFO] [stdout] 22 |   UnknownType(()),
[INFO] [stdout]    |               ~~
[INFO] [stdout] 
[INFO] [stdout] 
[INFO] [stdout] warning: field `0` is never read
[INFO] [stdout]   --> src/library/qualify/import_qualifier.rs:12:16
[INFO] [stdout]    |
[INFO] [stdout] 12 |   CannotImport(String),
[INFO] [stdout]    |   ------------ ^^^^^^
[INFO] [stdout]    |   |
[INFO] [stdout]    |   field in this variant
[INFO] [stdout]    |
[INFO] [stdout]    = note: `ImportQualifierError` has derived impls for the traits `Clone` and `Debug`, but these are intentionally ignored during dead code analysis
[INFO] [stdout] help: consider changing the field to be of unit type to suppress this warning while preserving the field numbering, or remove the field
[INFO] [stdout]    |
[INFO] [stdout] 12 |   CannotImport(()),
[INFO] [stdout]    |                ~~
[INFO] [stdout] 
[INFO] [stdout] 
[INFO] [stdout] warning: fields `0` and `1` are never read
[INFO] [stdout]   --> src/library/typecheck/mod.rs:34:29
[INFO] [stdout]    |
[INFO] [stdout] 34 |   ReturnTypeAndBodyMismatch(typed::Type, typed::Type),
[INFO] [stdout]    |   ------------------------- ^^^^^^^^^^^  ^^^^^^^^^^^
[INFO] [stdout]    |   |
[INFO] [stdout]    |   fields in this variant
[INFO] [stdout]    |
[INFO] [stdout]    = note: `TypecheckError` has derived impls for the traits `Clone` and `Debug`, but these are intentionally ignored during dead code analysis
[INFO] [stdout] help: consider changing the fields to be of unit type to suppress this warning while preserving the field numbering, or remove the fields
[INFO] [stdout]    |
[INFO] [stdout] 34 |   ReturnTypeAndBodyMismatch((), ()),
[INFO] [stdout]    |                             ~~  ~~
[INFO] [stdout] 
[INFO] [stdout] 
[INFO] [stdout] warning: fields `0` and `1` are never read
[INFO] [stdout]   --> src/library/typecheck/mod.rs:35:30
[INFO] [stdout]    |
[INFO] [stdout] 35 |   DeclTypeAndValTypeMismatch(typed::Type, typed::Type),
[INFO] [stdout]    |   -------------------------- ^^^^^^^^^^^  ^^^^^^^^^^^
[INFO] [stdout]    |   |
[INFO] [stdout]    |   fields in this variant
[INFO] [stdout]    |
[INFO] [stdout]    = note: `TypecheckError` has derived impls for the traits `Clone` and `Debug`, but these are intentionally ignored during dead code analysis
[INFO] [stdout] help: consider changing the fields to be of unit type to suppress this warning while preserving the field numbering, or remove the fields
[INFO] [stdout]    |
[INFO] [stdout] 35 |   DeclTypeAndValTypeMismatch((), ()),
[INFO] [stdout]    |                              ~~  ~~
[INFO] [stdout] 
[INFO] [stdout] 
[INFO] [stdout] warning: field `0` is never read
[INFO] [stdout]   --> src/library/typecheck/mod.rs:36:19
[INFO] [stdout]    |
[INFO] [stdout] 36 |   NoClassWithName(String),
[INFO] [stdout]    |   --------------- ^^^^^^
[INFO] [stdout]    |   |
[INFO] [stdout]    |   field in this variant
[INFO] [stdout]    |
[INFO] [stdout]    = note: `TypecheckError` has derived impls for the traits `Clone` and `Debug`, but these are intentionally ignored during dead code analysis
[INFO] [stdout] help: consider changing the field to be of unit type to suppress this warning while preserving the field numbering, or remove the field
[INFO] [stdout]    |
[INFO] [stdout] 36 |   NoClassWithName(()),
[INFO] [stdout]    |                   ~~
[INFO] [stdout] 
[INFO] [stdout] 
[INFO] [stdout] warning: fields `0` and `1` are never read
[INFO] [stdout]   --> src/library/typecheck/mod.rs:37:24
[INFO] [stdout]    |
[INFO] [stdout] 37 |   WrongImplementations(Vec<typed::FunSig>, Vec<typed::FunSig>),
[INFO] [stdout]    |   -------------------- ^^^^^^^^^^^^^^^^^^  ^^^^^^^^^^^^^^^^^^
[INFO] [stdout]    |   |
[INFO] [stdout]    |   fields in this variant
[INFO] [stdout]    |
[INFO] [stdout]    = note: `TypecheckError` has derived impls for the traits `Clone` and `Debug`, but these are intentionally ignored during dead code analysis
[INFO] [stdout] help: consider changing the fields to be of unit type to suppress this warning while preserving the field numbering, or remove the fields
[INFO] [stdout]    |
[INFO] [stdout] 37 |   WrongImplementations((), ()),
[INFO] [stdout]    |                        ~~  ~~
[INFO] [stdout] 
[INFO] [stdout] 
[INFO] [stdout] warning: fields `0` and `1` are never read
[INFO] [stdout]   --> src/library/typecheck/mod.rs:38:21
[INFO] [stdout]    |
[INFO] [stdout] 38 |   UnequalBinopTypes(typed::Type, typed::Type),
[INFO] [stdout]    |   ----------------- ^^^^^^^^^^^  ^^^^^^^^^^^
[INFO] [stdout]    |   |
[INFO] [stdout]    |   fields in this variant
[INFO] [stdout]    |
[INFO] [stdout]    = note: `TypecheckError` has derived impls for the traits `Clone` and `Debug`, but these are intentionally ignored during dead code analysis
[INFO] [stdout] help: consider changing the fields to be of unit type to suppress this warning while preserving the field numbering, or remove the fields
[INFO] [stdout]    |
[INFO] [stdout] 38 |   UnequalBinopTypes((), ()),
[INFO] [stdout]    |                     ~~  ~~
[INFO] [stdout] 
[INFO] [stdout] 
[INFO] [stdout] warning: fields `0` and `1` are never read
[INFO] [stdout]   --> src/library/typecheck/mod.rs:39:24
[INFO] [stdout]    |
[INFO] [stdout] 39 |   CannotBinopFunctions(typed::Type, typed::Type),
[INFO] [stdout]    |   -------------------- ^^^^^^^^^^^  ^^^^^^^^^^^
[INFO] [stdout]    |   |
[INFO] [stdout]    |   fields in this variant
[INFO] [stdout]    |
[INFO] [stdout]    = note: `TypecheckError` has derived impls for the traits `Clone` and `Debug`, but these are intentionally ignored during dead code analysis
[INFO] [stdout] help: consider changing the fields to be of unit type to suppress this warning while preserving the field numbering, or remove the fields
[INFO] [stdout]    |
[INFO] [stdout] 39 |   CannotBinopFunctions((), ()),
[INFO] [stdout]    |                        ~~  ~~
[INFO] [stdout] 
[INFO] [stdout] 
[INFO] [stdout] warning: fields `0`, `1`, and `2` are never read
[INFO] [stdout]   --> src/library/typecheck/mod.rs:40:24
[INFO] [stdout]    |
[INFO] [stdout] 40 |   InvalidBinopOperands(typed::Type, typed::Op, typed::Type),
[INFO] [stdout]    |   -------------------- ^^^^^^^^^^^  ^^^^^^^^^  ^^^^^^^^^^^
[INFO] [stdout]    |   |
[INFO] [stdout]    |   fields in this variant
[INFO] [stdout]    |
[INFO] [stdout]    = note: `TypecheckError` has derived impls for the traits `Clone` and `Debug`, but these are intentionally ignored during dead code analysis
[INFO] [stdout] help: consider changing the fields to be of unit type to suppress this warning while preserving the field numbering, or remove the fields
[INFO] [stdout]    |
[INFO] [stdout] 40 |   InvalidBinopOperands((), (), ()),
[INFO] [stdout]    |                        ~~  ~~  ~~
[INFO] [stdout] 
[INFO] [stdout] 
[INFO] [stdout] warning: fields `0` and `1` are never read
[INFO] [stdout]   --> src/library/typecheck/mod.rs:41:22
[INFO] [stdout]    |
[INFO] [stdout] 41 |   InvalidNoOfFunArgs(usize, usize),
[INFO] [stdout]    |   ------------------ ^^^^^  ^^^^^
[INFO] [stdout]    |   |
[INFO] [stdout]    |   fields in this variant
[INFO] [stdout]    |
[INFO] [stdout]    = note: `TypecheckError` has derived impls for the traits `Clone` and `Debug`, but these are intentionally ignored during dead code analysis
[INFO] [stdout] help: consider changing the fields to be of unit type to suppress this warning while preserving the field numbering, or remove the fields
[INFO] [stdout]    |
[INFO] [stdout] 41 |   InvalidNoOfFunArgs((), ()),
[INFO] [stdout]    |                      ~~  ~~
[INFO] [stdout] 
[INFO] [stdout] 
[INFO] [stdout] warning: fields `0` and `1` are never read
[INFO] [stdout]   --> src/library/typecheck/mod.rs:42:21
[INFO] [stdout]    |
[INFO] [stdout] 42 |   InvalidFunArgType(typed::Type, typed::Type),
[INFO] [stdout]    |   ----------------- ^^^^^^^^^^^  ^^^^^^^^^^^
[INFO] [stdout]    |   |
[INFO] [stdout]    |   fields in this variant
[INFO] [stdout]    |
[INFO] [stdout]    = note: `TypecheckError` has derived impls for the traits `Clone` and `Debug`, but these are intentionally ignored during dead code analysis
[INFO] [stdout] help: consider changing the fields to be of unit type to suppress this warning while preserving the field numbering, or remove the fields
[INFO] [stdout]    |
[INFO] [stdout] 42 |   InvalidFunArgType((), ()),
[INFO] [stdout]    |                     ~~  ~~
[INFO] [stdout] 
[INFO] [stdout] 
[INFO] [stdout] warning: fields `0`, `1`, and `2` are never read
[INFO] [stdout]   --> src/library/typecheck/mod.rs:43:22
[INFO] [stdout]    |
[INFO] [stdout] 43 |   InvalidIfExprTypes(typed::Type, typed::Type, typed::Type),
[INFO] [stdout]    |   ------------------ ^^^^^^^^^^^  ^^^^^^^^^^^  ^^^^^^^^^^^
[INFO] [stdout]    |   |
[INFO] [stdout]    |   fields in this variant
[INFO] [stdout]    |
[INFO] [stdout]    = note: `TypecheckError` has derived impls for the traits `Clone` and `Debug`, but these are intentionally ignored during dead code analysis
[INFO] [stdout] help: consider changing the fields to be of unit type to suppress this warning while preserving the field numbering, or remove the fields
[INFO] [stdout]    |
[INFO] [stdout] 43 |   InvalidIfExprTypes((), (), ()),
[INFO] [stdout]    |                      ~~  ~~  ~~
[INFO] [stdout] 
[INFO] [stdout] 
[INFO] [stdout] warning: field `0` is never read
[INFO] [stdout]   --> src/library/typecheck/mod.rs:44:22
[INFO] [stdout]    |
[INFO] [stdout] 44 |   StructDoesNotExist(String),
[INFO] [stdout]    |   ------------------ ^^^^^^
[INFO] [stdout]    |   |
[INFO] [stdout]    |   field in this variant
[INFO] [stdout]    |
[INFO] [stdout]    = note: `TypecheckError` has derived impls for the traits `Clone` and `Debug`, but these are intentionally ignored during dead code analysis
[INFO] [stdout] help: consider changing the field to be of unit type to suppress this warning while preserving the field numbering, or remove the field
[INFO] [stdout]    |
[INFO] [stdout] 44 |   StructDoesNotExist(()),
[INFO] [stdout]    |                      ~~
[INFO] [stdout] 
[INFO] [stdout] 
[INFO] [stdout] warning: fields `0` and `1` are never read
[INFO] [stdout]   --> src/library/typecheck/mod.rs:45:26
[INFO] [stdout]    |
[INFO] [stdout] 45 |   StructAttrDoesNotExist(String, String),
[INFO] [stdout]    |   ---------------------- ^^^^^^  ^^^^^^
[INFO] [stdout]    |   |
[INFO] [stdout]    |   fields in this variant
[INFO] [stdout]    |
[INFO] [stdout]    = note: `TypecheckError` has derived impls for the traits `Clone` and `Debug`, but these are intentionally ignored during dead code analysis
[INFO] [stdout] help: consider changing the fields to be of unit type to suppress this warning while preserving the field numbering, or remove the fields
[INFO] [stdout]    |
[INFO] [stdout] 45 |   StructAttrDoesNotExist((), ()),
[INFO] [stdout]    |                          ~~  ~~
[INFO] [stdout] 
[INFO] [stdout] 
[INFO] [stdout] warning: fields `0` and `1` are never read
[INFO] [stdout]   --> src/library/typecheck/mod.rs:46:22
[INFO] [stdout]    |
[INFO] [stdout] 46 |   InvalidAssignTypes(typed::Type, typed::Type),
[INFO] [stdout]    |   ------------------ ^^^^^^^^^^^  ^^^^^^^^^^^
[INFO] [stdout]    |   |
[INFO] [stdout]    |   fields in this variant
[INFO] [stdout]    |
[INFO] [stdout]    = note: `TypecheckError` has derived impls for the traits `Clone` and `Debug`, but these are intentionally ignored during dead code analysis
[INFO] [stdout] help: consider changing the fields to be of unit type to suppress this warning while preserving the field numbering, or remove the fields
[INFO] [stdout]    |
[INFO] [stdout] 46 |   InvalidAssignTypes((), ()),
[INFO] [stdout]    |                      ~~  ~~
[INFO] [stdout] 
[INFO] [stdout] 
[INFO] [stdout] warning: field `0` is never read
[INFO] [stdout]   --> src/library/typecheck/mod.rs:47:23
[INFO] [stdout]    |
[INFO] [stdout] 47 |   NonSimpleMethodType(typed::Type),
[INFO] [stdout]    |   ------------------- ^^^^^^^^^^^
[INFO] [stdout]    |   |
[INFO] [stdout]    |   field in this variant
[INFO] [stdout]    |
[INFO] [stdout]    = note: `TypecheckError` has derived impls for the traits `Clone` and `Debug`, but these are intentionally ignored during dead code analysis
[INFO] [stdout] help: consider changing the field to be of unit type to suppress this warning while preserving the field numbering, or remove the field
[INFO] [stdout]    |
[INFO] [stdout] 47 |   NonSimpleMethodType(()),
[INFO] [stdout]    |                       ~~
[INFO] [stdout] 
[INFO] [stdout] 
[INFO] [stdout] warning: field `0` is never read
[INFO] [stdout]   --> src/library/typecheck/mod.rs:48:20
[INFO] [stdout]    |
[INFO] [stdout] 48 |   NoStructWithName(String),
[INFO] [stdout]    |   ---------------- ^^^^^^
[INFO] [stdout]    |   |
[INFO] [stdout]    |   field in this variant
[INFO] [stdout]    |
[INFO] [stdout]    = note: `TypecheckError` has derived impls for the traits `Clone` and `Debug`, but these are intentionally ignored during dead code analysis
[INFO] [stdout] help: consider changing the field to be of unit type to suppress this warning while preserving the field numbering, or remove the field
[INFO] [stdout]    |
[INFO] [stdout] 48 |   NoStructWithName(()),
[INFO] [stdout]    |                    ~~
[INFO] [stdout] 
[INFO] [stdout] 
[INFO] [stdout] warning: field `0` is never read
[INFO] [stdout]   --> src/library/typecheck/mod.rs:49:17
[INFO] [stdout]    |
[INFO] [stdout] 49 |   NoFunWithName(String),
[INFO] [stdout]    |   ------------- ^^^^^^
[INFO] [stdout]    |   |
[INFO] [stdout]    |   field in this variant
[INFO] [stdout]    |
[INFO] [stdout]    = note: `TypecheckError` has derived impls for the traits `Clone` and `Debug`, but these are intentionally ignored during dead code analysis
[INFO] [stdout] help: consider changing the field to be of unit type to suppress this warning while preserving the field numbering, or remove the field
[INFO] [stdout]    |
[INFO] [stdout] 49 |   NoFunWithName(()),
[INFO] [stdout]    |                 ~~
[INFO] [stdout] 
[INFO] [stdout] 
[INFO] [stdout] warning: field `0` is never read
[INFO] [stdout]   --> src/library/typecheck/mod.rs:50:17
[INFO] [stdout]    |
[INFO] [stdout] 50 |   NoValWithName(String),
[INFO] [stdout]    |   ------------- ^^^^^^
[INFO] [stdout]    |   |
[INFO] [stdout]    |   field in this variant
[INFO] [stdout]    |
[INFO] [stdout]    = note: `TypecheckError` has derived impls for the traits `Clone` and `Debug`, but these are intentionally ignored during dead code analysis
[INFO] [stdout] help: consider changing the field to be of unit type to suppress this warning while preserving the field numbering, or remove the field
[INFO] [stdout]    |
[INFO] [stdout] 50 |   NoValWithName(()),
[INFO] [stdout]    |                 ~~
[INFO] [stdout] 
[INFO] [stdout] 
[INFO] [stdout] warning: fields `0` and `1` are never read
[INFO] [stdout]   --> src/library/typecheck/mod.rs:51:19
[INFO] [stdout]    |
[INFO] [stdout] 51 |   NoMethodForType(String, typed::Type),
[INFO] [stdout]    |   --------------- ^^^^^^  ^^^^^^^^^^^
[INFO] [stdout]    |   |
[INFO] [stdout]    |   fields in this variant
[INFO] [stdout]    |
[INFO] [stdout]    = note: `TypecheckError` has derived impls for the traits `Clone` and `Debug`, but these are intentionally ignored during dead code analysis
[INFO] [stdout] help: consider changing the fields to be of unit type to suppress this warning while preserving the field numbering, or remove the fields
[INFO] [stdout]    |
[INFO] [stdout] 51 |   NoMethodForType((), ()),
[INFO] [stdout]    |                   ~~  ~~
[INFO] [stdout] 
[INFO] [stdout] 
[INFO] [stderr]     Finished `dev` profile [unoptimized + debuginfo] target(s) in 1m 28s
[INFO] running `Command { std: "docker" "inspect" "424c0ea810aa0c3a3ab929447e86e635f65334050a764b9b58f65d57a57bfc79", kill_on_drop: false }`
[INFO] running `Command { std: "docker" "rm" "-f" "424c0ea810aa0c3a3ab929447e86e635f65334050a764b9b58f65d57a57bfc79", kill_on_drop: false }`
[INFO] [stdout] 424c0ea810aa0c3a3ab929447e86e635f65334050a764b9b58f65d57a57bfc79
[INFO] running `Command { std: "docker" "create" "-v" "/var/lib/crater-agent-workspace/builds/worker-6-tc1/target:/opt/rustwide/target:rw,Z" "-v" "/var/lib/crater-agent-workspace/builds/worker-6-tc1/source:/opt/rustwide/workdir:ro,Z" "-v" "/var/lib/crater-agent-workspace/cargo-home:/opt/rustwide/cargo-home:ro,Z" "-v" "/var/lib/crater-agent-workspace/rustup-home:/opt/rustwide/rustup-home:ro,Z" "-e" "SOURCE_DIR=/opt/rustwide/workdir" "-e" "CARGO_TARGET_DIR=/opt/rustwide/target" "-e" "CARGO_INCREMENTAL=0" "-e" "RUST_BACKTRACE=full" "-e" "RUSTFLAGS=--cap-lints=warn" "-e" "RUSTDOCFLAGS=--cap-lints=warn" "-e" "CARGO_HOME=/opt/rustwide/cargo-home" "-e" "RUSTUP_HOME=/opt/rustwide/rustup-home" "-w" "/opt/rustwide/workdir" "-m" "1610612736" "--user" "0:0" "--network" "none" "ghcr.io/rust-lang/crates-build-env/linux@sha256:f3a9d4ad9d972b27faf3965f35b62e55ba32bbce8f20bc8fe909558a86702fde" "/opt/rustwide/cargo-home/bin/cargo" "+1.83.0" "test" "--frozen" "--no-run" "--message-format=json", kill_on_drop: false }`
[INFO] [stdout] ef1ea085945f8d5626ecca8077c76465a56a28742f8d9fae898d346a7d73fedb
[INFO] running `Command { std: "docker" "start" "-a" "ef1ea085945f8d5626ecca8077c76465a56a28742f8d9fae898d346a7d73fedb", kill_on_drop: false }`
[INFO] [stderr]    Compiling memchr v2.7.1
[INFO] [stderr]    Compiling autocfg v1.1.0
[INFO] [stderr]    Compiling lazy_static v1.4.0
[INFO] [stderr]    Compiling semver v1.0.22
[INFO] [stderr]    Compiling futures-sink v0.3.30
[INFO] [stderr]    Compiling syn v2.0.52
[INFO] [stderr]    Compiling futures-core v0.3.30
[INFO] [stderr]    Compiling pin-utils v0.1.0
[INFO] [stderr]    Compiling pin-project-lite v0.2.13
[INFO] [stderr]    Compiling futures-io v0.3.30
[INFO] [stderr]    Compiling futures-channel v0.3.30
[INFO] [stderr]    Compiling futures-task v0.3.30
[INFO] [stderr]    Compiling cfg-if v1.0.0
[INFO] [stderr]    Compiling relative-path v1.9.2
[INFO] [stderr]    Compiling glob v0.3.1
[INFO] [stderr]    Compiling futures-timer v3.0.3
[INFO] [stderr]    Compiling slab v0.4.9
[INFO] [stderr]    Compiling colored v2.1.0
[INFO] [stderr]    Compiling similar v2.4.0
[INFO] [stderr]    Compiling rustc_version v0.4.0
[INFO] [stderr]    Compiling indoc v2.0.4
[INFO] [stderr]    Compiling aho-corasick v1.1.2
[INFO] [stderr]    Compiling rstest_macros v0.18.2
[INFO] [stderr]    Compiling regex-automata v0.4.5
[INFO] [stderr]    Compiling regex v1.10.3
[INFO] [stderr]    Compiling thiserror-impl v1.0.57
[INFO] [stderr]    Compiling futures-macro v0.3.30
[INFO] [stderr]    Compiling clap_derive v4.5.0
[INFO] [stderr]    Compiling inkwell_internals v0.9.0
[INFO] [stderr]    Compiling macros v0.1.0 (/opt/rustwide/workdir/macros)
[INFO] [stderr]    Compiling futures-util v0.3.30
[INFO] [stderr]    Compiling thiserror v1.0.57
[INFO] [stderr]    Compiling pest v2.7.8
[INFO] [stderr]    Compiling semver-parser v0.10.2
[INFO] [stderr]    Compiling clap v4.5.1
[INFO] [stderr]    Compiling semver v0.11.0
[INFO] [stderr]    Compiling llvm-sys v120.3.2
[INFO] [stderr]    Compiling futures-executor v0.3.30
[INFO] [stderr]    Compiling futures v0.3.30
[INFO] [stderr]    Compiling rstest v0.18.2
[INFO] [stderr]    Compiling inkwell v0.4.0
[INFO] [stderr]    Compiling hoff v0.1.0 (/opt/rustwide/workdir)
[INFO] [stdout] warning: field `0` is never read
[INFO] [stdout]   --> src/compile/mod.rs:27:13
[INFO] [stdout]    |
[INFO] [stdout] 27 |   InputFile(InputFileError),
[INFO] [stdout]    |   --------- ^^^^^^^^^^^^^^
[INFO] [stdout]    |   |
[INFO] [stdout]    |   field in this variant
[INFO] [stdout]    |
[INFO] [stdout]    = note: `CompileError` has derived impls for the traits `Clone` and `Debug`, but these are intentionally ignored during dead code analysis
[INFO] [stdout]    = note: `#[warn(dead_code)]` on by default
[INFO] [stdout] help: consider changing the field to be of unit type to suppress this warning while preserving the field numbering, or remove the field
[INFO] [stdout]    |
[INFO] [stdout] 27 |   InputFile(()),
[INFO] [stdout]    |             ~~
[INFO] [stdout] 
[INFO] [stdout] 
[INFO] [stdout] warning: field `0` is never read
[INFO] [stdout]   --> src/compile/mod.rs:28:9
[INFO] [stdout]    |
[INFO] [stdout] 28 |   Parse(ParseError<LineCol>),
[INFO] [stdout]    |   ----- ^^^^^^^^^^^^^^^^^^^
[INFO] [stdout]    |   |
[INFO] [stdout]    |   field in this variant
[INFO] [stdout]    |
[INFO] [stdout]    = note: `CompileError` has derived impls for the traits `Clone` and `Debug`, but these are intentionally ignored during dead code analysis
[INFO] [stdout] help: consider changing the field to be of unit type to suppress this warning while preserving the field numbering, or remove the field
[INFO] [stdout]    |
[INFO] [stdout] 28 |   Parse(()),
[INFO] [stdout]    |         ~~
[INFO] [stdout] 
[INFO] [stdout] 
[INFO] [stdout] warning: field `0` is never read
[INFO] [stdout]   --> src/compile/mod.rs:30:19
[INFO] [stdout]    |
[INFO] [stdout] 30 |   ImportQualifier(ImportQualifierError),
[INFO] [stdout]    |   --------------- ^^^^^^^^^^^^^^^^^^^^
[INFO] [stdout]    |   |
[INFO] [stdout]    |   field in this variant
[INFO] [stdout]    |
[INFO] [stdout]    = note: `CompileError` has derived impls for the traits `Clone` and `Debug`, but these are intentionally ignored during dead code analysis
[INFO] [stdout] help: consider changing the field to be of unit type to suppress this warning while preserving the field numbering, or remove the field
[INFO] [stdout]    |
[INFO] [stdout] 30 |   ImportQualifier(()),
[INFO] [stdout]    |                   ~~
[INFO] [stdout] 
[INFO] [stdout] 
[INFO] [stdout] warning: field `0` is never read
[INFO] [stdout]   --> src/compile/mod.rs:31:7
[INFO] [stdout]    |
[INFO] [stdout] 31 |   Gdt(GdtError),
[INFO] [stdout]    |   --- ^^^^^^^^
[INFO] [stdout]    |   |
[INFO] [stdout]    |   field in this variant
[INFO] [stdout]    |
[INFO] [stdout]    = note: `CompileError` has derived impls for the traits `Clone` and `Debug`, but these are intentionally ignored during dead code analysis
[INFO] [stdout] help: consider changing the field to be of unit type to suppress this warning while preserving the field numbering, or remove the field
[INFO] [stdout]    |
[INFO] [stdout] 31 |   Gdt(()),
[INFO] [stdout]    |       ~~
[INFO] [stdout] 
[INFO] [stdout] 
[INFO] [stdout] warning: field `0` is never read
[INFO] [stdout]   --> src/compile/mod.rs:32:13
[INFO] [stdout]    |
[INFO] [stdout] 32 |   Typecheck(TypecheckError),
[INFO] [stdout]    |   --------- ^^^^^^^^^^^^^^
[INFO] [stdout]    |   |
[INFO] [stdout]    |   field in this variant
[INFO] [stdout]    |
[INFO] [stdout]    = note: `CompileError` has derived impls for the traits `Clone` and `Debug`, but these are intentionally ignored during dead code analysis
[INFO] [stdout] help: consider changing the field to be of unit type to suppress this warning while preserving the field numbering, or remove the field
[INFO] [stdout]    |
[INFO] [stdout] 32 |   Typecheck(()),
[INFO] [stdout]    |             ~~
[INFO] [stdout] 
[INFO] [stdout] 
[INFO] [stdout] warning: field `0` is never read
[INFO] [stdout]   --> src/compile/mod.rs:34:22
[INFO] [stdout]    |
[INFO] [stdout] 34 |   ModuleVerification(String),
[INFO] [stdout]    |   ------------------ ^^^^^^
[INFO] [stdout]    |   |
[INFO] [stdout]    |   field in this variant
[INFO] [stdout]    |
[INFO] [stdout]    = note: `CompileError` has derived impls for the traits `Clone` and `Debug`, but these are intentionally ignored during dead code analysis
[INFO] [stdout] help: consider changing the field to be of unit type to suppress this warning while preserving the field numbering, or remove the field
[INFO] [stdout]    |
[INFO] [stdout] 34 |   ModuleVerification(()),
[INFO] [stdout]    |                      ~~
[INFO] [stdout] 
[INFO] [stdout] 
[INFO] [stdout] warning: field `0` is never read
[INFO] [stdout]   --> src/compile/mod.rs:36:17
[INFO] [stdout]    |
[INFO] [stdout] 36 |   ModuleLinkage(String),
[INFO] [stdout]    |   ------------- ^^^^^^
[INFO] [stdout]    |   |
[INFO] [stdout]    |   field in this variant
[INFO] [stdout]    |
[INFO] [stdout]    = note: `CompileError` has derived impls for the traits `Clone` and `Debug`, but these are intentionally ignored during dead code analysis
[INFO] [stdout] help: consider changing the field to be of unit type to suppress this warning while preserving the field numbering, or remove the field
[INFO] [stdout]    |
[INFO] [stdout] 36 |   ModuleLinkage(()),
[INFO] [stdout]    |                 ~~
[INFO] [stdout] 
[INFO] [stdout] 
[INFO] [stdout] warning: field `0` is never read
[INFO] [stdout]   --> src/compile/mod.rs:39:12
[INFO] [stdout]    |
[INFO] [stdout] 39 |   Compiler(CompilerError),
[INFO] [stdout]    |   -------- ^^^^^^^^^^^^^
[INFO] [stdout]    |   |
[INFO] [stdout]    |   field in this variant
[INFO] [stdout]    |
[INFO] [stdout]    = note: `CompileError` has derived impls for the traits `Clone` and `Debug`, but these are intentionally ignored during dead code analysis
[INFO] [stdout] help: consider changing the field to be of unit type to suppress this warning while preserving the field numbering, or remove the field
[INFO] [stdout]    |
[INFO] [stdout] 39 |   Compiler(()),
[INFO] [stdout]    |            ~~
[INFO] [stdout] 
[INFO] [stdout] 
[INFO] [stdout] warning: field `0` is never read
[INFO] [stdout]   --> src/compile/utils.rs:61:11
[INFO] [stdout]    |
[INFO] [stdout] 61 |   IOError(std::io::Error),
[INFO] [stdout]    |   ------- ^^^^^^^^^^^^^^
[INFO] [stdout]    |   |
[INFO] [stdout]    |   field in this variant
[INFO] [stdout]    |
[INFO] [stdout]    = note: `InputFileError` has a derived impl for the trait `Debug`, but this is intentionally ignored during dead code analysis
[INFO] [stdout] help: consider changing the field to be of unit type to suppress this warning while preserving the field numbering, or remove the field
[INFO] [stdout]    |
[INFO] [stdout] 61 |   IOError(()),
[INFO] [stdout]    |           ~~
[INFO] [stdout] 
[INFO] [stdout] 
[INFO] [stdout] warning: field `0` is never read
[INFO] [stdout]   --> src/compile/utils.rs:62:11
[INFO] [stdout]    |
[INFO] [stdout] 62 |   OSError(std::ffi::OsString),
[INFO] [stdout]    |   ------- ^^^^^^^^^^^^^^^^^^
[INFO] [stdout]    |   |
[INFO] [stdout]    |   field in this variant
[INFO] [stdout]    |
[INFO] [stdout]    = note: `InputFileError` has a derived impl for the trait `Debug`, but this is intentionally ignored during dead code analysis
[INFO] [stdout] help: consider changing the field to be of unit type to suppress this warning while preserving the field numbering, or remove the field
[INFO] [stdout]    |
[INFO] [stdout] 62 |   OSError(()),
[INFO] [stdout]    |           ~~
[INFO] [stdout] 
[INFO] [stdout] 
[INFO] [stdout] warning: field `0` is never read
[INFO] [stdout]   --> src/library/backend/compiler.rs:47:17
[INFO] [stdout]    |
[INFO] [stdout] 47 |   UnknownTarget(&'static str),
[INFO] [stdout]    |   ------------- ^^^^^^^^^^^^
[INFO] [stdout]    |   |
[INFO] [stdout]    |   field in this variant
[INFO] [stdout]    |
[INFO] [stdout]    = note: `CompilerError` has derived impls for the traits `Clone` and `Debug`, but these are intentionally ignored during dead code analysis
[INFO] [stdout] help: consider changing the field to be of unit type to suppress this warning while preserving the field numbering, or remove the field
[INFO] [stdout]    |
[INFO] [stdout] 47 |   UnknownTarget(()),
[INFO] [stdout]    |                 ~~
[INFO] [stdout] 
[INFO] [stdout] 
[INFO] [stdout] warning: field `0` is never read
[INFO] [stdout]   --> src/library/backend/compiler.rs:49:16
[INFO] [stdout]    |
[INFO] [stdout] 49 |   TargetTriple(String),
[INFO] [stdout]    |   ------------ ^^^^^^
[INFO] [stdout]    |   |
[INFO] [stdout]    |   field in this variant
[INFO] [stdout]    |
[INFO] [stdout]    = note: `CompilerError` has derived impls for the traits `Clone` and `Debug`, but these are intentionally ignored during dead code analysis
[INFO] [stdout] help: consider changing the field to be of unit type to suppress this warning while preserving the field numbering, or remove the field
[INFO] [stdout]    |
[INFO] [stdout] 49 |   TargetTriple(()),
[INFO] [stdout]    |                ~~
[INFO] [stdout] 
[INFO] [stdout] 
[INFO] [stdout] warning: field `0` is never read
[INFO] [stdout]   --> src/library/backend/compiler.rs:52:28
[INFO] [stdout]    |
[INFO] [stdout] 52 |   WriteTargetMachineToFile(String),
[INFO] [stdout]    |   ------------------------ ^^^^^^
[INFO] [stdout]    |   |
[INFO] [stdout]    |   field in this variant
[INFO] [stdout]    |
[INFO] [stdout]    = note: `CompilerError` has derived impls for the traits `Clone` and `Debug`, but these are intentionally ignored during dead code analysis
[INFO] [stdout] help: consider changing the field to be of unit type to suppress this warning while preserving the field numbering, or remove the field
[INFO] [stdout]    |
[INFO] [stdout] 52 |   WriteTargetMachineToFile(()),
[INFO] [stdout]    |                            ~~
[INFO] [stdout] 
[INFO] [stdout] 
[INFO] [stdout] warning: field `0` is never read
[INFO] [stdout]   --> src/library/backend/compiler.rs:53:6
[INFO] [stdout]    |
[INFO] [stdout] 53 |   IO(Arc<std::io::Error>),
[INFO] [stdout]    |   -- ^^^^^^^^^^^^^^^^^^^
[INFO] [stdout]    |   |
[INFO] [stdout]    |   field in this variant
[INFO] [stdout]    |
[INFO] [stdout]    = note: `CompilerError` has derived impls for the traits `Clone` and `Debug`, but these are intentionally ignored during dead code analysis
[INFO] [stdout] help: consider changing the field to be of unit type to suppress this warning while preserving the field numbering, or remove the field
[INFO] [stdout]    |
[INFO] [stdout] 53 |   IO(()),
[INFO] [stdout]    |      ~~
[INFO] [stdout] 
[INFO] [stdout] 
[INFO] [stdout] warning: field `0` is never read
[INFO] [stdout]   --> src/library/backend/compiler.rs:54:8
[INFO] [stdout]    |
[INFO] [stdout] 54 |   Utf8(FromUtf8Error),
[INFO] [stdout]    |   ---- ^^^^^^^^^^^^^
[INFO] [stdout]    |   |
[INFO] [stdout]    |   field in this variant
[INFO] [stdout]    |
[INFO] [stdout]    = note: `CompilerError` has derived impls for the traits `Clone` and `Debug`, but these are intentionally ignored during dead code analysis
[INFO] [stdout] help: consider changing the field to be of unit type to suppress this warning while preserving the field numbering, or remove the field
[INFO] [stdout]    |
[INFO] [stdout] 54 |   Utf8(()),
[INFO] [stdout]    |        ~~
[INFO] [stdout] 
[INFO] [stdout] 
[INFO] [stdout] warning: field `0` is never read
[INFO] [stdout]   --> src/library/backend/compiler.rs:56:11
[INFO] [stdout]    |
[INFO] [stdout] 56 |   Command(String),
[INFO] [stdout]    |   ------- ^^^^^^
[INFO] [stdout]    |   |
[INFO] [stdout]    |   field in this variant
[INFO] [stdout]    |
[INFO] [stdout]    = note: `CompilerError` has derived impls for the traits `Clone` and `Debug`, but these are intentionally ignored during dead code analysis
[INFO] [stdout] help: consider changing the field to be of unit type to suppress this warning while preserving the field numbering, or remove the field
[INFO] [stdout]    |
[INFO] [stdout] 56 |   Command(()),
[INFO] [stdout]    |           ~~
[INFO] [stdout] 
[INFO] [stdout] 
[INFO] [stdout] warning: field `0` is never read
[INFO] [stdout]   --> src/library/backend/interpreter.rs:19:13
[INFO] [stdout]    |
[INFO] [stdout] 19 |   Typecheck(TypecheckError),
[INFO] [stdout]    |   --------- ^^^^^^^^^^^^^^
[INFO] [stdout]    |   |
[INFO] [stdout]    |   field in this variant
[INFO] [stdout]    |
[INFO] [stdout]    = note: `InterpreterError` has a derived impl for the trait `Debug`, but this is intentionally ignored during dead code analysis
[INFO] [stdout] help: consider changing the field to be of unit type to suppress this warning while preserving the field numbering, or remove the field
[INFO] [stdout]    |
[INFO] [stdout] 19 |   Typecheck(()),
[INFO] [stdout]    |             ~~
[INFO] [stdout] 
[INFO] [stdout] 
[INFO] [stdout] warning: field `0` is never read
[INFO] [stdout]   --> src/library/backend/interpreter.rs:20:19
[INFO] [stdout]    |
[INFO] [stdout] 20 |   ImportQualifier(ImportQualifierError),
[INFO] [stdout]    |   --------------- ^^^^^^^^^^^^^^^^^^^^
[INFO] [stdout]    |   |
[INFO] [stdout]    |   field in this variant
[INFO] [stdout]    |
[INFO] [stdout]    = note: `InterpreterError` has a derived impl for the trait `Debug`, but this is intentionally ignored during dead code analysis
[INFO] [stdout] help: consider changing the field to be of unit type to suppress this warning while preserving the field numbering, or remove the field
[INFO] [stdout]    |
[INFO] [stdout] 20 |   ImportQualifier(()),
[INFO] [stdout]    |                   ~~
[INFO] [stdout] 
[INFO] [stdout] 
[INFO] [stdout] warning: field `0` is never read
[INFO] [stdout]   --> src/library/qualify/global_decl_typechecker/mod.rs:22:15
[INFO] [stdout]    |
[INFO] [stdout] 22 |   UnknownType(String),
[INFO] [stdout]    |   ----------- ^^^^^^
[INFO] [stdout]    |   |
[INFO] [stdout]    |   field in this variant
[INFO] [stdout]    |
[INFO] [stdout]    = note: `GdtError` has derived impls for the traits `Clone` and `Debug`, but these are intentionally ignored during dead code analysis
[INFO] [stdout] help: consider changing the field to be of unit type to suppress this warning while preserving the field numbering, or remove the field
[INFO] [stdout]    |
[INFO] [stdout] 22 |   UnknownType(()),
[INFO] [stdout]    |               ~~
[INFO] [stdout] 
[INFO] [stdout] 
[INFO] [stdout] warning: field `0` is never read
[INFO] [stdout]   --> src/library/qualify/import_qualifier.rs:12:16
[INFO] [stdout]    |
[INFO] [stdout] 12 |   CannotImport(String),
[INFO] [stdout]    |   ------------ ^^^^^^
[INFO] [stdout]    |   |
[INFO] [stdout]    |   field in this variant
[INFO] [stdout]    |
[INFO] [stdout]    = note: `ImportQualifierError` has derived impls for the traits `Clone` and `Debug`, but these are intentionally ignored during dead code analysis
[INFO] [stdout] help: consider changing the field to be of unit type to suppress this warning while preserving the field numbering, or remove the field
[INFO] [stdout]    |
[INFO] [stdout] 12 |   CannotImport(()),
[INFO] [stdout]    |                ~~
[INFO] [stdout] 
[INFO] [stdout] 
[INFO] [stdout] warning: fields `0` and `1` are never read
[INFO] [stdout]   --> src/library/typecheck/mod.rs:34:29
[INFO] [stdout]    |
[INFO] [stdout] 34 |   ReturnTypeAndBodyMismatch(typed::Type, typed::Type),
[INFO] [stdout]    |   ------------------------- ^^^^^^^^^^^  ^^^^^^^^^^^
[INFO] [stdout]    |   |
[INFO] [stdout]    |   fields in this variant
[INFO] [stdout]    |
[INFO] [stdout]    = note: `TypecheckError` has derived impls for the traits `Clone` and `Debug`, but these are intentionally ignored during dead code analysis
[INFO] [stdout] help: consider changing the fields to be of unit type to suppress this warning while preserving the field numbering, or remove the fields
[INFO] [stdout]    |
[INFO] [stdout] 34 |   ReturnTypeAndBodyMismatch((), ()),
[INFO] [stdout]    |                             ~~  ~~
[INFO] [stdout] 
[INFO] [stdout] 
[INFO] [stdout] warning: fields `0` and `1` are never read
[INFO] [stdout]   --> src/library/typecheck/mod.rs:35:30
[INFO] [stdout]    |
[INFO] [stdout] 35 |   DeclTypeAndValTypeMismatch(typed::Type, typed::Type),
[INFO] [stdout]    |   -------------------------- ^^^^^^^^^^^  ^^^^^^^^^^^
[INFO] [stdout]    |   |
[INFO] [stdout]    |   fields in this variant
[INFO] [stdout]    |
[INFO] [stdout]    = note: `TypecheckError` has derived impls for the traits `Clone` and `Debug`, but these are intentionally ignored during dead code analysis
[INFO] [stdout] help: consider changing the fields to be of unit type to suppress this warning while preserving the field numbering, or remove the fields
[INFO] [stdout]    |
[INFO] [stdout] 35 |   DeclTypeAndValTypeMismatch((), ()),
[INFO] [stdout]    |                              ~~  ~~
[INFO] [stdout] 
[INFO] [stdout] 
[INFO] [stdout] warning: field `0` is never read
[INFO] [stdout]   --> src/library/typecheck/mod.rs:36:19
[INFO] [stdout]    |
[INFO] [stdout] 36 |   NoClassWithName(String),
[INFO] [stdout]    |   --------------- ^^^^^^
[INFO] [stdout]    |   |
[INFO] [stdout]    |   field in this variant
[INFO] [stdout]    |
[INFO] [stdout]    = note: `TypecheckError` has derived impls for the traits `Clone` and `Debug`, but these are intentionally ignored during dead code analysis
[INFO] [stdout] help: consider changing the field to be of unit type to suppress this warning while preserving the field numbering, or remove the field
[INFO] [stdout]    |
[INFO] [stdout] 36 |   NoClassWithName(()),
[INFO] [stdout]    |                   ~~
[INFO] [stdout] 
[INFO] [stdout] 
[INFO] [stdout] warning: fields `0` and `1` are never read
[INFO] [stdout]   --> src/library/typecheck/mod.rs:37:24
[INFO] [stdout]    |
[INFO] [stdout] 37 |   WrongImplementations(Vec<typed::FunSig>, Vec<typed::FunSig>),
[INFO] [stdout]    |   -------------------- ^^^^^^^^^^^^^^^^^^  ^^^^^^^^^^^^^^^^^^
[INFO] [stdout]    |   |
[INFO] [stdout]    |   fields in this variant
[INFO] [stdout]    |
[INFO] [stdout]    = note: `TypecheckError` has derived impls for the traits `Clone` and `Debug`, but these are intentionally ignored during dead code analysis
[INFO] [stdout] help: consider changing the fields to be of unit type to suppress this warning while preserving the field numbering, or remove the fields
[INFO] [stdout]    |
[INFO] [stdout] 37 |   WrongImplementations((), ()),
[INFO] [stdout]    |                        ~~  ~~
[INFO] [stdout] 
[INFO] [stdout] 
[INFO] [stdout] warning: fields `0` and `1` are never read
[INFO] [stdout]   --> src/library/typecheck/mod.rs:38:21
[INFO] [stdout]    |
[INFO] [stdout] 38 |   UnequalBinopTypes(typed::Type, typed::Type),
[INFO] [stdout]    |   ----------------- ^^^^^^^^^^^  ^^^^^^^^^^^
[INFO] [stdout]    |   |
[INFO] [stdout]    |   fields in this variant
[INFO] [stdout]    |
[INFO] [stdout]    = note: `TypecheckError` has derived impls for the traits `Clone` and `Debug`, but these are intentionally ignored during dead code analysis
[INFO] [stdout] help: consider changing the fields to be of unit type to suppress this warning while preserving the field numbering, or remove the fields
[INFO] [stdout]    |
[INFO] [stdout] 38 |   UnequalBinopTypes((), ()),
[INFO] [stdout]    |                     ~~  ~~
[INFO] [stdout] 
[INFO] [stdout] 
[INFO] [stdout] warning: fields `0` and `1` are never read
[INFO] [stdout]   --> src/library/typecheck/mod.rs:39:24
[INFO] [stdout]    |
[INFO] [stdout] 39 |   CannotBinopFunctions(typed::Type, typed::Type),
[INFO] [stdout]    |   -------------------- ^^^^^^^^^^^  ^^^^^^^^^^^
[INFO] [stdout]    |   |
[INFO] [stdout]    |   fields in this variant
[INFO] [stdout]    |
[INFO] [stdout]    = note: `TypecheckError` has derived impls for the traits `Clone` and `Debug`, but these are intentionally ignored during dead code analysis
[INFO] [stdout] help: consider changing the fields to be of unit type to suppress this warning while preserving the field numbering, or remove the fields
[INFO] [stdout]    |
[INFO] [stdout] 39 |   CannotBinopFunctions((), ()),
[INFO] [stdout]    |                        ~~  ~~
[INFO] [stdout] 
[INFO] [stdout] 
[INFO] [stdout] warning: fields `0`, `1`, and `2` are never read
[INFO] [stdout]   --> src/library/typecheck/mod.rs:40:24
[INFO] [stdout]    |
[INFO] [stdout] 40 |   InvalidBinopOperands(typed::Type, typed::Op, typed::Type),
[INFO] [stdout]    |   -------------------- ^^^^^^^^^^^  ^^^^^^^^^  ^^^^^^^^^^^
[INFO] [stdout]    |   |
[INFO] [stdout]    |   fields in this variant
[INFO] [stdout]    |
[INFO] [stdout]    = note: `TypecheckError` has derived impls for the traits `Clone` and `Debug`, but these are intentionally ignored during dead code analysis
[INFO] [stdout] help: consider changing the fields to be of unit type to suppress this warning while preserving the field numbering, or remove the fields
[INFO] [stdout]    |
[INFO] [stdout] 40 |   InvalidBinopOperands((), (), ()),
[INFO] [stdout]    |                        ~~  ~~  ~~
[INFO] [stdout] 
[INFO] [stdout] 
[INFO] [stdout] warning: fields `0` and `1` are never read
[INFO] [stdout]   --> src/library/typecheck/mod.rs:41:22
[INFO] [stdout]    |
[INFO] [stdout] 41 |   InvalidNoOfFunArgs(usize, usize),
[INFO] [stdout]    |   ------------------ ^^^^^  ^^^^^
[INFO] [stdout]    |   |
[INFO] [stdout]    |   fields in this variant
[INFO] [stdout]    |
[INFO] [stdout]    = note: `TypecheckError` has derived impls for the traits `Clone` and `Debug`, but these are intentionally ignored during dead code analysis
[INFO] [stdout] help: consider changing the fields to be of unit type to suppress this warning while preserving the field numbering, or remove the fields
[INFO] [stdout]    |
[INFO] [stdout] 41 |   InvalidNoOfFunArgs((), ()),
[INFO] [stdout]    |                      ~~  ~~
[INFO] [stdout] 
[INFO] [stdout] 
[INFO] [stdout] warning: fields `0` and `1` are never read
[INFO] [stdout]   --> src/library/typecheck/mod.rs:42:21
[INFO] [stdout]    |
[INFO] [stdout] 42 |   InvalidFunArgType(typed::Type, typed::Type),
[INFO] [stdout]    |   ----------------- ^^^^^^^^^^^  ^^^^^^^^^^^
[INFO] [stdout]    |   |
[INFO] [stdout]    |   fields in this variant
[INFO] [stdout]    |
[INFO] [stdout]    = note: `TypecheckError` has derived impls for the traits `Clone` and `Debug`, but these are intentionally ignored during dead code analysis
[INFO] [stdout] help: consider changing the fields to be of unit type to suppress this warning while preserving the field numbering, or remove the fields
[INFO] [stdout]    |
[INFO] [stdout] 42 |   InvalidFunArgType((), ()),
[INFO] [stdout]    |                     ~~  ~~
[INFO] [stdout] 
[INFO] [stdout] 
[INFO] [stdout] warning: fields `0`, `1`, and `2` are never read
[INFO] [stdout]   --> src/library/typecheck/mod.rs:43:22
[INFO] [stdout]    |
[INFO] [stdout] 43 |   InvalidIfExprTypes(typed::Type, typed::Type, typed::Type),
[INFO] [stdout]    |   ------------------ ^^^^^^^^^^^  ^^^^^^^^^^^  ^^^^^^^^^^^
[INFO] [stdout]    |   |
[INFO] [stdout]    |   fields in this variant
[INFO] [stdout]    |
[INFO] [stdout]    = note: `TypecheckError` has derived impls for the traits `Clone` and `Debug`, but these are intentionally ignored during dead code analysis
[INFO] [stdout] help: consider changing the fields to be of unit type to suppress this warning while preserving the field numbering, or remove the fields
[INFO] [stdout]    |
[INFO] [stdout] 43 |   InvalidIfExprTypes((), (), ()),
[INFO] [stdout]    |                      ~~  ~~  ~~
[INFO] [stdout] 
[INFO] [stdout] 
[INFO] [stdout] warning: field `0` is never read
[INFO] [stdout]   --> src/library/typecheck/mod.rs:44:22
[INFO] [stdout]    |
[INFO] [stdout] 44 |   StructDoesNotExist(String),
[INFO] [stdout]    |   ------------------ ^^^^^^
[INFO] [stdout]    |   |
[INFO] [stdout]    |   field in this variant
[INFO] [stdout]    |
[INFO] [stdout]    = note: `TypecheckError` has derived impls for the traits `Clone` and `Debug`, but these are intentionally ignored during dead code analysis
[INFO] [stdout] help: consider changing the field to be of unit type to suppress this warning while preserving the field numbering, or remove the field
[INFO] [stdout]    |
[INFO] [stdout] 44 |   StructDoesNotExist(()),
[INFO] [stdout]    |                      ~~
[INFO] [stdout] 
[INFO] [stdout] 
[INFO] [stdout] warning: fields `0` and `1` are never read
[INFO] [stdout]   --> src/library/typecheck/mod.rs:45:26
[INFO] [stdout]    |
[INFO] [stdout] 45 |   StructAttrDoesNotExist(String, String),
[INFO] [stdout]    |   ---------------------- ^^^^^^  ^^^^^^
[INFO] [stdout]    |   |
[INFO] [stdout]    |   fields in this variant
[INFO] [stdout]    |
[INFO] [stdout]    = note: `TypecheckError` has derived impls for the traits `Clone` and `Debug`, but these are intentionally ignored during dead code analysis
[INFO] [stdout] help: consider changing the fields to be of unit type to suppress this warning while preserving the field numbering, or remove the fields
[INFO] [stdout]    |
[INFO] [stdout] 45 |   StructAttrDoesNotExist((), ()),
[INFO] [stdout]    |                          ~~  ~~
[INFO] [stdout] 
[INFO] [stdout] 
[INFO] [stdout] warning: fields `0` and `1` are never read
[INFO] [stdout]   --> src/library/typecheck/mod.rs:46:22
[INFO] [stdout]    |
[INFO] [stdout] 46 |   InvalidAssignTypes(typed::Type, typed::Type),
[INFO] [stdout]    |   ------------------ ^^^^^^^^^^^  ^^^^^^^^^^^
[INFO] [stdout]    |   |
[INFO] [stdout]    |   fields in this variant
[INFO] [stdout]    |
[INFO] [stdout]    = note: `TypecheckError` has derived impls for the traits `Clone` and `Debug`, but these are intentionally ignored during dead code analysis
[INFO] [stdout] help: consider changing the fields to be of unit type to suppress this warning while preserving the field numbering, or remove the fields
[INFO] [stdout]    |
[INFO] [stdout] 46 |   InvalidAssignTypes((), ()),
[INFO] [stdout]    |                      ~~  ~~
[INFO] [stdout] 
[INFO] [stdout] 
[INFO] [stdout] warning: field `0` is never read
[INFO] [stdout]   --> src/library/typecheck/mod.rs:47:23
[INFO] [stdout]    |
[INFO] [stdout] 47 |   NonSimpleMethodType(typed::Type),
[INFO] [stdout]    |   ------------------- ^^^^^^^^^^^
[INFO] [stdout]    |   |
[INFO] [stdout]    |   field in this variant
[INFO] [stdout]    |
[INFO] [stdout]    = note: `TypecheckError` has derived impls for the traits `Clone` and `Debug`, but these are intentionally ignored during dead code analysis
[INFO] [stdout] help: consider changing the field to be of unit type to suppress this warning while preserving the field numbering, or remove the field
[INFO] [stdout]    |
[INFO] [stdout] 47 |   NonSimpleMethodType(()),
[INFO] [stdout]    |                       ~~
[INFO] [stdout] 
[INFO] [stdout] 
[INFO] [stdout] warning: field `0` is never read
[INFO] [stdout]   --> src/library/typecheck/mod.rs:48:20
[INFO] [stdout]    |
[INFO] [stdout] 48 |   NoStructWithName(String),
[INFO] [stdout]    |   ---------------- ^^^^^^
[INFO] [stdout]    |   |
[INFO] [stdout]    |   field in this variant
[INFO] [stdout]    |
[INFO] [stdout]    = note: `TypecheckError` has derived impls for the traits `Clone` and `Debug`, but these are intentionally ignored during dead code analysis
[INFO] [stdout] help: consider changing the field to be of unit type to suppress this warning while preserving the field numbering, or remove the field
[INFO] [stdout]    |
[INFO] [stdout] 48 |   NoStructWithName(()),
[INFO] [stdout]    |                    ~~
[INFO] [stdout] 
[INFO] [stdout] 
[INFO] [stdout] warning: field `0` is never read
[INFO] [stdout]   --> src/library/typecheck/mod.rs:49:17
[INFO] [stdout]    |
[INFO] [stdout] 49 |   NoFunWithName(String),
[INFO] [stdout]    |   ------------- ^^^^^^
[INFO] [stdout]    |   |
[INFO] [stdout]    |   field in this variant
[INFO] [stdout]    |
[INFO] [stdout]    = note: `TypecheckError` has derived impls for the traits `Clone` and `Debug`, but these are intentionally ignored during dead code analysis
[INFO] [stdout] help: consider changing the field to be of unit type to suppress this warning while preserving the field numbering, or remove the field
[INFO] [stdout]    |
[INFO] [stdout] 49 |   NoFunWithName(()),
[INFO] [stdout]    |                 ~~
[INFO] [stdout] 
[INFO] [stdout] 
[INFO] [stdout] warning: field `0` is never read
[INFO] [stdout]   --> src/library/typecheck/mod.rs:50:17
[INFO] [stdout]    |
[INFO] [stdout] 50 |   NoValWithName(String),
[INFO] [stdout]    |   ------------- ^^^^^^
[INFO] [stdout]    |   |
[INFO] [stdout]    |   field in this variant
[INFO] [stdout]    |
[INFO] [stdout]    = note: `TypecheckError` has derived impls for the traits `Clone` and `Debug`, but these are intentionally ignored during dead code analysis
[INFO] [stdout] help: consider changing the field to be of unit type to suppress this warning while preserving the field numbering, or remove the field
[INFO] [stdout]    |
[INFO] [stdout] 50 |   NoValWithName(()),
[INFO] [stdout]    |                 ~~
[INFO] [stdout] 
[INFO] [stdout] 
[INFO] [stdout] warning: fields `0` and `1` are never read
[INFO] [stdout]   --> src/library/typecheck/mod.rs:51:19
[INFO] [stdout]    |
[INFO] [stdout] 51 |   NoMethodForType(String, typed::Type),
[INFO] [stdout]    |   --------------- ^^^^^^  ^^^^^^^^^^^
[INFO] [stdout]    |   |
[INFO] [stdout]    |   fields in this variant
[INFO] [stdout]    |
[INFO] [stdout]    = note: `TypecheckError` has derived impls for the traits `Clone` and `Debug`, but these are intentionally ignored during dead code analysis
[INFO] [stdout] help: consider changing the fields to be of unit type to suppress this warning while preserving the field numbering, or remove the fields
[INFO] [stdout]    |
[INFO] [stdout] 51 |   NoMethodForType((), ()),
[INFO] [stdout]    |                   ~~  ~~
[INFO] [stdout] 
[INFO] [stdout] 
[INFO] [stdout] warning: field `0` is never read
[INFO] [stdout]   --> src/compile/mod.rs:27:13
[INFO] [stdout]    |
[INFO] [stdout] 27 |   InputFile(InputFileError),
[INFO] [stdout]    |   --------- ^^^^^^^^^^^^^^
[INFO] [stdout]    |   |
[INFO] [stdout]    |   field in this variant
[INFO] [stdout]    |
[INFO] [stdout]    = note: `CompileError` has derived impls for the traits `Clone` and `Debug`, but these are intentionally ignored during dead code analysis
[INFO] [stdout]    = note: `#[warn(dead_code)]` on by default
[INFO] [stdout] help: consider changing the field to be of unit type to suppress this warning while preserving the field numbering, or remove the field
[INFO] [stdout]    |
[INFO] [stdout] 27 |   InputFile(()),
[INFO] [stdout]    |             ~~
[INFO] [stdout] 
[INFO] [stdout] 
[INFO] [stdout] warning: field `0` is never read
[INFO] [stdout]   --> src/compile/mod.rs:28:9
[INFO] [stdout]    |
[INFO] [stdout] 28 |   Parse(ParseError<LineCol>),
[INFO] [stdout]    |   ----- ^^^^^^^^^^^^^^^^^^^
[INFO] [stdout]    |   |
[INFO] [stdout]    |   field in this variant
[INFO] [stdout]    |
[INFO] [stdout]    = note: `CompileError` has derived impls for the traits `Clone` and `Debug`, but these are intentionally ignored during dead code analysis
[INFO] [stdout] help: consider changing the field to be of unit type to suppress this warning while preserving the field numbering, or remove the field
[INFO] [stdout]    |
[INFO] [stdout] 28 |   Parse(()),
[INFO] [stdout]    |         ~~
[INFO] [stdout] 
[INFO] [stdout] 
[INFO] [stdout] warning: field `0` is never read
[INFO] [stdout]   --> src/compile/mod.rs:30:19
[INFO] [stdout]    |
[INFO] [stdout] 30 |   ImportQualifier(ImportQualifierError),
[INFO] [stdout]    |   --------------- ^^^^^^^^^^^^^^^^^^^^
[INFO] [stdout]    |   |
[INFO] [stdout]    |   field in this variant
[INFO] [stdout]    |
[INFO] [stdout]    = note: `CompileError` has derived impls for the traits `Clone` and `Debug`, but these are intentionally ignored during dead code analysis
[INFO] [stdout] help: consider changing the field to be of unit type to suppress this warning while preserving the field numbering, or remove the field
[INFO] [stdout]    |
[INFO] [stdout] 30 |   ImportQualifier(()),
[INFO] [stdout]    |                   ~~
[INFO] [stdout] 
[INFO] [stdout] 
[INFO] [stdout] warning: field `0` is never read
[INFO] [stdout]   --> src/compile/mod.rs:31:7
[INFO] [stdout]    |
[INFO] [stdout] 31 |   Gdt(GdtError),
[INFO] [stdout]    |   --- ^^^^^^^^
[INFO] [stdout]    |   |
[INFO] [stdout]    |   field in this variant
[INFO] [stdout]    |
[INFO] [stdout]    = note: `CompileError` has derived impls for the traits `Clone` and `Debug`, but these are intentionally ignored during dead code analysis
[INFO] [stdout] help: consider changing the field to be of unit type to suppress this warning while preserving the field numbering, or remove the field
[INFO] [stdout]    |
[INFO] [stdout] 31 |   Gdt(()),
[INFO] [stdout]    |       ~~
[INFO] [stdout] 
[INFO] [stdout] 
[INFO] [stdout] warning: field `0` is never read
[INFO] [stdout]   --> src/compile/mod.rs:32:13
[INFO] [stdout]    |
[INFO] [stdout] 32 |   Typecheck(TypecheckError),
[INFO] [stdout]    |   --------- ^^^^^^^^^^^^^^
[INFO] [stdout]    |   |
[INFO] [stdout]    |   field in this variant
[INFO] [stdout]    |
[INFO] [stdout]    = note: `CompileError` has derived impls for the traits `Clone` and `Debug`, but these are intentionally ignored during dead code analysis
[INFO] [stdout] help: consider changing the field to be of unit type to suppress this warning while preserving the field numbering, or remove the field
[INFO] [stdout]    |
[INFO] [stdout] 32 |   Typecheck(()),
[INFO] [stdout]    |             ~~
[INFO] [stdout] 
[INFO] [stdout] 
[INFO] [stdout] warning: field `0` is never read
[INFO] [stdout]   --> src/compile/mod.rs:34:22
[INFO] [stdout]    |
[INFO] [stdout] 34 |   ModuleVerification(String),
[INFO] [stdout]    |   ------------------ ^^^^^^
[INFO] [stdout]    |   |
[INFO] [stdout]    |   field in this variant
[INFO] [stdout]    |
[INFO] [stdout]    = note: `CompileError` has derived impls for the traits `Clone` and `Debug`, but these are intentionally ignored during dead code analysis
[INFO] [stdout] help: consider changing the field to be of unit type to suppress this warning while preserving the field numbering, or remove the field
[INFO] [stdout]    |
[INFO] [stdout] 34 |   ModuleVerification(()),
[INFO] [stdout]    |                      ~~
[INFO] [stdout] 
[INFO] [stdout] 
[INFO] [stdout] warning: field `0` is never read
[INFO] [stdout]   --> src/compile/mod.rs:36:17
[INFO] [stdout]    |
[INFO] [stdout] 36 |   ModuleLinkage(String),
[INFO] [stdout]    |   ------------- ^^^^^^
[INFO] [stdout]    |   |
[INFO] [stdout]    |   field in this variant
[INFO] [stdout]    |
[INFO] [stdout]    = note: `CompileError` has derived impls for the traits `Clone` and `Debug`, but these are intentionally ignored during dead code analysis
[INFO] [stdout] help: consider changing the field to be of unit type to suppress this warning while preserving the field numbering, or remove the field
[INFO] [stdout]    |
[INFO] [stdout] 36 |   ModuleLinkage(()),
[INFO] [stdout]    |                 ~~
[INFO] [stdout] 
[INFO] [stdout] 
[INFO] [stdout] warning: field `0` is never read
[INFO] [stdout]   --> src/compile/mod.rs:39:12
[INFO] [stdout]    |
[INFO] [stdout] 39 |   Compiler(CompilerError),
[INFO] [stdout]    |   -------- ^^^^^^^^^^^^^
[INFO] [stdout]    |   |
[INFO] [stdout]    |   field in this variant
[INFO] [stdout]    |
[INFO] [stdout]    = note: `CompileError` has derived impls for the traits `Clone` and `Debug`, but these are intentionally ignored during dead code analysis
[INFO] [stdout] help: consider changing the field to be of unit type to suppress this warning while preserving the field numbering, or remove the field
[INFO] [stdout]    |
[INFO] [stdout] 39 |   Compiler(()),
[INFO] [stdout]    |            ~~
[INFO] [stdout] 
[INFO] [stdout] 
[INFO] [stdout] warning: field `0` is never read
[INFO] [stdout]   --> src/compile/utils.rs:61:11
[INFO] [stdout]    |
[INFO] [stdout] 61 |   IOError(std::io::Error),
[INFO] [stdout]    |   ------- ^^^^^^^^^^^^^^
[INFO] [stdout]    |   |
[INFO] [stdout]    |   field in this variant
[INFO] [stdout]    |
[INFO] [stdout]    = note: `InputFileError` has a derived impl for the trait `Debug`, but this is intentionally ignored during dead code analysis
[INFO] [stdout] help: consider changing the field to be of unit type to suppress this warning while preserving the field numbering, or remove the field
[INFO] [stdout]    |
[INFO] [stdout] 61 |   IOError(()),
[INFO] [stdout]    |           ~~
[INFO] [stdout] 
[INFO] [stdout] 
[INFO] [stdout] warning: field `0` is never read
[INFO] [stdout]   --> src/compile/utils.rs:62:11
[INFO] [stdout]    |
[INFO] [stdout] 62 |   OSError(std::ffi::OsString),
[INFO] [stdout]    |   ------- ^^^^^^^^^^^^^^^^^^
[INFO] [stdout]    |   |
[INFO] [stdout]    |   field in this variant
[INFO] [stdout]    |
[INFO] [stdout]    = note: `InputFileError` has a derived impl for the trait `Debug`, but this is intentionally ignored during dead code analysis
[INFO] [stdout] help: consider changing the field to be of unit type to suppress this warning while preserving the field numbering, or remove the field
[INFO] [stdout]    |
[INFO] [stdout] 62 |   OSError(()),
[INFO] [stdout]    |           ~~
[INFO] [stdout] 
[INFO] [stdout] 
[INFO] [stdout] warning: field `0` is never read
[INFO] [stdout]   --> src/library/backend/compiler.rs:47:17
[INFO] [stdout]    |
[INFO] [stdout] 47 |   UnknownTarget(&'static str),
[INFO] [stdout]    |   ------------- ^^^^^^^^^^^^
[INFO] [stdout]    |   |
[INFO] [stdout]    |   field in this variant
[INFO] [stdout]    |
[INFO] [stdout]    = note: `CompilerError` has derived impls for the traits `Clone` and `Debug`, but these are intentionally ignored during dead code analysis
[INFO] [stdout] help: consider changing the field to be of unit type to suppress this warning while preserving the field numbering, or remove the field
[INFO] [stdout]    |
[INFO] [stdout] 47 |   UnknownTarget(()),
[INFO] [stdout]    |                 ~~
[INFO] [stdout] 
[INFO] [stdout] 
[INFO] [stdout] warning: field `0` is never read
[INFO] [stdout]   --> src/library/backend/compiler.rs:49:16
[INFO] [stdout]    |
[INFO] [stdout] 49 |   TargetTriple(String),
[INFO] [stdout]    |   ------------ ^^^^^^
[INFO] [stdout]    |   |
[INFO] [stdout]    |   field in this variant
[INFO] [stdout]    |
[INFO] [stdout]    = note: `CompilerError` has derived impls for the traits `Clone` and `Debug`, but these are intentionally ignored during dead code analysis
[INFO] [stdout] help: consider changing the field to be of unit type to suppress this warning while preserving the field numbering, or remove the field
[INFO] [stdout]    |
[INFO] [stdout] 49 |   TargetTriple(()),
[INFO] [stdout]    |                ~~
[INFO] [stdout] 
[INFO] [stdout] 
[INFO] [stdout] warning: field `0` is never read
[INFO] [stdout]   --> src/library/backend/compiler.rs:52:28
[INFO] [stdout]    |
[INFO] [stdout] 52 |   WriteTargetMachineToFile(String),
[INFO] [stdout]    |   ------------------------ ^^^^^^
[INFO] [stdout]    |   |
[INFO] [stdout]    |   field in this variant
[INFO] [stdout]    |
[INFO] [stdout]    = note: `CompilerError` has derived impls for the traits `Clone` and `Debug`, but these are intentionally ignored during dead code analysis
[INFO] [stdout] help: consider changing the field to be of unit type to suppress this warning while preserving the field numbering, or remove the field
[INFO] [stdout]    |
[INFO] [stdout] 52 |   WriteTargetMachineToFile(()),
[INFO] [stdout]    |                            ~~
[INFO] [stdout] 
[INFO] [stdout] 
[INFO] [stdout] warning: field `0` is never read
[INFO] [stdout]   --> src/library/backend/compiler.rs:53:6
[INFO] [stdout]    |
[INFO] [stdout] 53 |   IO(Arc<std::io::Error>),
[INFO] [stdout]    |   -- ^^^^^^^^^^^^^^^^^^^
[INFO] [stdout]    |   |
[INFO] [stdout]    |   field in this variant
[INFO] [stdout]    |
[INFO] [stdout]    = note: `CompilerError` has derived impls for the traits `Clone` and `Debug`, but these are intentionally ignored during dead code analysis
[INFO] [stdout] help: consider changing the field to be of unit type to suppress this warning while preserving the field numbering, or remove the field
[INFO] [stdout]    |
[INFO] [stdout] 53 |   IO(()),
[INFO] [stdout]    |      ~~
[INFO] [stdout] 
[INFO] [stdout] 
[INFO] [stdout] warning: field `0` is never read
[INFO] [stdout]   --> src/library/backend/compiler.rs:54:8
[INFO] [stdout]    |
[INFO] [stdout] 54 |   Utf8(FromUtf8Error),
[INFO] [stdout]    |   ---- ^^^^^^^^^^^^^
[INFO] [stdout]    |   |
[INFO] [stdout]    |   field in this variant
[INFO] [stdout]    |
[INFO] [stdout]    = note: `CompilerError` has derived impls for the traits `Clone` and `Debug`, but these are intentionally ignored during dead code analysis
[INFO] [stdout] help: consider changing the field to be of unit type to suppress this warning while preserving the field numbering, or remove the field
[INFO] [stdout]    |
[INFO] [stdout] 54 |   Utf8(()),
[INFO] [stdout]    |        ~~
[INFO] [stdout] 
[INFO] [stdout] 
[INFO] [stdout] warning: field `0` is never read
[INFO] [stdout]   --> src/library/backend/compiler.rs:56:11
[INFO] [stdout]    |
[INFO] [stdout] 56 |   Command(String),
[INFO] [stdout]    |   ------- ^^^^^^
[INFO] [stdout]    |   |
[INFO] [stdout]    |   field in this variant
[INFO] [stdout]    |
[INFO] [stdout]    = note: `CompilerError` has derived impls for the traits `Clone` and `Debug`, but these are intentionally ignored during dead code analysis
[INFO] [stdout] help: consider changing the field to be of unit type to suppress this warning while preserving the field numbering, or remove the field
[INFO] [stdout]    |
[INFO] [stdout] 56 |   Command(()),
[INFO] [stdout]    |           ~~
[INFO] [stdout] 
[INFO] [stdout] 
[INFO] [stdout] warning: field `0` is never read
[INFO] [stdout]   --> src/library/backend/interpreter.rs:19:13
[INFO] [stdout]    |
[INFO] [stdout] 19 |   Typecheck(TypecheckError),
[INFO] [stdout]    |   --------- ^^^^^^^^^^^^^^
[INFO] [stdout]    |   |
[INFO] [stdout]    |   field in this variant
[INFO] [stdout]    |
[INFO] [stdout]    = note: `InterpreterError` has a derived impl for the trait `Debug`, but this is intentionally ignored during dead code analysis
[INFO] [stdout] help: consider changing the field to be of unit type to suppress this warning while preserving the field numbering, or remove the field
[INFO] [stdout]    |
[INFO] [stdout] 19 |   Typecheck(()),
[INFO] [stdout]    |             ~~
[INFO] [stdout] 
[INFO] [stdout] 
[INFO] [stdout] warning: field `0` is never read
[INFO] [stdout]   --> src/library/backend/interpreter.rs:20:19
[INFO] [stdout]    |
[INFO] [stdout] 20 |   ImportQualifier(ImportQualifierError),
[INFO] [stdout]    |   --------------- ^^^^^^^^^^^^^^^^^^^^
[INFO] [stdout]    |   |
[INFO] [stdout]    |   field in this variant
[INFO] [stdout]    |
[INFO] [stdout]    = note: `InterpreterError` has a derived impl for the trait `Debug`, but this is intentionally ignored during dead code analysis
[INFO] [stdout] help: consider changing the field to be of unit type to suppress this warning while preserving the field numbering, or remove the field
[INFO] [stdout]    |
[INFO] [stdout] 20 |   ImportQualifier(()),
[INFO] [stdout]    |                   ~~
[INFO] [stdout] 
[INFO] [stdout] 
[INFO] [stdout] warning: field `0` is never read
[INFO] [stdout]   --> src/library/qualify/global_decl_typechecker/mod.rs:22:15
[INFO] [stdout]    |
[INFO] [stdout] 22 |   UnknownType(String),
[INFO] [stdout]    |   ----------- ^^^^^^
[INFO] [stdout]    |   |
[INFO] [stdout]    |   field in this variant
[INFO] [stdout]    |
[INFO] [stdout]    = note: `GdtError` has derived impls for the traits `Clone` and `Debug`, but these are intentionally ignored during dead code analysis
[INFO] [stdout] help: consider changing the field to be of unit type to suppress this warning while preserving the field numbering, or remove the field
[INFO] [stdout]    |
[INFO] [stdout] 22 |   UnknownType(()),
[INFO] [stdout]    |               ~~
[INFO] [stdout] 
[INFO] [stdout] 
[INFO] [stdout] warning: field `0` is never read
[INFO] [stdout]   --> src/library/qualify/import_qualifier.rs:12:16
[INFO] [stdout]    |
[INFO] [stdout] 12 |   CannotImport(String),
[INFO] [stdout]    |   ------------ ^^^^^^
[INFO] [stdout]    |   |
[INFO] [stdout]    |   field in this variant
[INFO] [stdout]    |
[INFO] [stdout]    = note: `ImportQualifierError` has derived impls for the traits `Clone` and `Debug`, but these are intentionally ignored during dead code analysis
[INFO] [stdout] help: consider changing the field to be of unit type to suppress this warning while preserving the field numbering, or remove the field
[INFO] [stdout]    |
[INFO] [stdout] 12 |   CannotImport(()),
[INFO] [stdout]    |                ~~
[INFO] [stdout] 
[INFO] [stdout] 
[INFO] [stdout] warning: fields `0` and `1` are never read
[INFO] [stdout]   --> src/library/typecheck/mod.rs:34:29
[INFO] [stdout]    |
[INFO] [stdout] 34 |   ReturnTypeAndBodyMismatch(typed::Type, typed::Type),
[INFO] [stdout]    |   ------------------------- ^^^^^^^^^^^  ^^^^^^^^^^^
[INFO] [stdout]    |   |
[INFO] [stdout]    |   fields in this variant
[INFO] [stdout]    |
[INFO] [stdout]    = note: `TypecheckError` has derived impls for the traits `Clone` and `Debug`, but these are intentionally ignored during dead code analysis
[INFO] [stdout] help: consider changing the fields to be of unit type to suppress this warning while preserving the field numbering, or remove the fields
[INFO] [stdout]    |
[INFO] [stdout] 34 |   ReturnTypeAndBodyMismatch((), ()),
[INFO] [stdout]    |                             ~~  ~~
[INFO] [stdout] 
[INFO] [stdout] 
[INFO] [stdout] warning: fields `0` and `1` are never read
[INFO] [stdout]   --> src/library/typecheck/mod.rs:35:30
[INFO] [stdout]    |
[INFO] [stdout] 35 |   DeclTypeAndValTypeMismatch(typed::Type, typed::Type),
[INFO] [stdout]    |   -------------------------- ^^^^^^^^^^^  ^^^^^^^^^^^
[INFO] [stdout]    |   |
[INFO] [stdout]    |   fields in this variant
[INFO] [stdout]    |
[INFO] [stdout]    = note: `TypecheckError` has derived impls for the traits `Clone` and `Debug`, but these are intentionally ignored during dead code analysis
[INFO] [stdout] help: consider changing the fields to be of unit type to suppress this warning while preserving the field numbering, or remove the fields
[INFO] [stdout]    |
[INFO] [stdout] 35 |   DeclTypeAndValTypeMismatch((), ()),
[INFO] [stdout]    |                              ~~  ~~
[INFO] [stdout] 
[INFO] [stdout] 
[INFO] [stdout] warning: field `0` is never read
[INFO] [stdout]   --> src/library/typecheck/mod.rs:36:19
[INFO] [stdout]    |
[INFO] [stdout] 36 |   NoClassWithName(String),
[INFO] [stdout]    |   --------------- ^^^^^^
[INFO] [stdout]    |   |
[INFO] [stdout]    |   field in this variant
[INFO] [stdout]    |
[INFO] [stdout]    = note: `TypecheckError` has derived impls for the traits `Clone` and `Debug`, but these are intentionally ignored during dead code analysis
[INFO] [stdout] help: consider changing the field to be of unit type to suppress this warning while preserving the field numbering, or remove the field
[INFO] [stdout]    |
[INFO] [stdout] 36 |   NoClassWithName(()),
[INFO] [stdout]    |                   ~~
[INFO] [stdout] 
[INFO] [stdout] 
[INFO] [stdout] warning: fields `0` and `1` are never read
[INFO] [stdout]   --> src/library/typecheck/mod.rs:37:24
[INFO] [stdout]    |
[INFO] [stdout] 37 |   WrongImplementations(Vec<typed::FunSig>, Vec<typed::FunSig>),
[INFO] [stdout]    |   -------------------- ^^^^^^^^^^^^^^^^^^  ^^^^^^^^^^^^^^^^^^
[INFO] [stdout]    |   |
[INFO] [stdout]    |   fields in this variant
[INFO] [stdout]    |
[INFO] [stdout]    = note: `TypecheckError` has derived impls for the traits `Clone` and `Debug`, but these are intentionally ignored during dead code analysis
[INFO] [stdout] help: consider changing the fields to be of unit type to suppress this warning while preserving the field numbering, or remove the fields
[INFO] [stdout]    |
[INFO] [stdout] 37 |   WrongImplementations((), ()),
[INFO] [stdout]    |                        ~~  ~~
[INFO] [stdout] 
[INFO] [stdout] 
[INFO] [stdout] warning: fields `0` and `1` are never read
[INFO] [stdout]   --> src/library/typecheck/mod.rs:38:21
[INFO] [stdout]    |
[INFO] [stdout] 38 |   UnequalBinopTypes(typed::Type, typed::Type),
[INFO] [stdout]    |   ----------------- ^^^^^^^^^^^  ^^^^^^^^^^^
[INFO] [stdout]    |   |
[INFO] [stdout]    |   fields in this variant
[INFO] [stdout]    |
[INFO] [stdout]    = note: `TypecheckError` has derived impls for the traits `Clone` and `Debug`, but these are intentionally ignored during dead code analysis
[INFO] [stdout] help: consider changing the fields to be of unit type to suppress this warning while preserving the field numbering, or remove the fields
[INFO] [stdout]    |
[INFO] [stdout] 38 |   UnequalBinopTypes((), ()),
[INFO] [stdout]    |                     ~~  ~~
[INFO] [stdout] 
[INFO] [stdout] 
[INFO] [stdout] warning: fields `0` and `1` are never read
[INFO] [stdout]   --> src/library/typecheck/mod.rs:39:24
[INFO] [stdout]    |
[INFO] [stdout] 39 |   CannotBinopFunctions(typed::Type, typed::Type),
[INFO] [stdout]    |   -------------------- ^^^^^^^^^^^  ^^^^^^^^^^^
[INFO] [stdout]    |   |
[INFO] [stdout]    |   fields in this variant
[INFO] [stdout]    |
[INFO] [stdout]    = note: `TypecheckError` has derived impls for the traits `Clone` and `Debug`, but these are intentionally ignored during dead code analysis
[INFO] [stdout] help: consider changing the fields to be of unit type to suppress this warning while preserving the field numbering, or remove the fields
[INFO] [stdout]    |
[INFO] [stdout] 39 |   CannotBinopFunctions((), ()),
[INFO] [stdout]    |                        ~~  ~~
[INFO] [stdout] 
[INFO] [stdout] 
[INFO] [stdout] warning: fields `0`, `1`, and `2` are never read
[INFO] [stdout]   --> src/library/typecheck/mod.rs:40:24
[INFO] [stdout]    |
[INFO] [stdout] 40 |   InvalidBinopOperands(typed::Type, typed::Op, typed::Type),
[INFO] [stdout]    |   -------------------- ^^^^^^^^^^^  ^^^^^^^^^  ^^^^^^^^^^^
[INFO] [stdout]    |   |
[INFO] [stdout]    |   fields in this variant
[INFO] [stdout]    |
[INFO] [stdout]    = note: `TypecheckError` has derived impls for the traits `Clone` and `Debug`, but these are intentionally ignored during dead code analysis
[INFO] [stdout] help: consider changing the fields to be of unit type to suppress this warning while preserving the field numbering, or remove the fields
[INFO] [stdout]    |
[INFO] [stdout] 40 |   InvalidBinopOperands((), (), ()),
[INFO] [stdout]    |                        ~~  ~~  ~~
[INFO] [stdout] 
[INFO] [stdout] 
[INFO] [stdout] warning: fields `0` and `1` are never read
[INFO] [stdout]   --> src/library/typecheck/mod.rs:41:22
[INFO] [stdout]    |
[INFO] [stdout] 41 |   InvalidNoOfFunArgs(usize, usize),
[INFO] [stdout]    |   ------------------ ^^^^^  ^^^^^
[INFO] [stdout]    |   |
[INFO] [stdout]    |   fields in this variant
[INFO] [stdout]    |
[INFO] [stdout]    = note: `TypecheckError` has derived impls for the traits `Clone` and `Debug`, but these are intentionally ignored during dead code analysis
[INFO] [stdout] help: consider changing the fields to be of unit type to suppress this warning while preserving the field numbering, or remove the fields
[INFO] [stdout]    |
[INFO] [stdout] 41 |   InvalidNoOfFunArgs((), ()),
[INFO] [stdout]    |                      ~~  ~~
[INFO] [stdout] 
[INFO] [stdout] 
[INFO] [stdout] warning: fields `0` and `1` are never read
[INFO] [stdout]   --> src/library/typecheck/mod.rs:42:21
[INFO] [stdout]    |
[INFO] [stdout] 42 |   InvalidFunArgType(typed::Type, typed::Type),
[INFO] [stdout]    |   ----------------- ^^^^^^^^^^^  ^^^^^^^^^^^
[INFO] [stdout]    |   |
[INFO] [stdout]    |   fields in this variant
[INFO] [stdout]    |
[INFO] [stdout]    = note: `TypecheckError` has derived impls for the traits `Clone` and `Debug`, but these are intentionally ignored during dead code analysis
[INFO] [stdout] help: consider changing the fields to be of unit type to suppress this warning while preserving the field numbering, or remove the fields
[INFO] [stdout]    |
[INFO] [stdout] 42 |   InvalidFunArgType((), ()),
[INFO] [stdout]    |                     ~~  ~~
[INFO] [stdout] 
[INFO] [stdout] 
[INFO] [stdout] warning: fields `0`, `1`, and `2` are never read
[INFO] [stdout]   --> src/library/typecheck/mod.rs:43:22
[INFO] [stdout]    |
[INFO] [stdout] 43 |   InvalidIfExprTypes(typed::Type, typed::Type, typed::Type),
[INFO] [stdout]    |   ------------------ ^^^^^^^^^^^  ^^^^^^^^^^^  ^^^^^^^^^^^
[INFO] [stdout]    |   |
[INFO] [stdout]    |   fields in this variant
[INFO] [stdout]    |
[INFO] [stdout]    = note: `TypecheckError` has derived impls for the traits `Clone` and `Debug`, but these are intentionally ignored during dead code analysis
[INFO] [stdout] help: consider changing the fields to be of unit type to suppress this warning while preserving the field numbering, or remove the fields
[INFO] [stdout]    |
[INFO] [stdout] 43 |   InvalidIfExprTypes((), (), ()),
[INFO] [stdout]    |                      ~~  ~~  ~~
[INFO] [stdout] 
[INFO] [stdout] 
[INFO] [stdout] warning: field `0` is never read
[INFO] [stdout]   --> src/library/typecheck/mod.rs:44:22
[INFO] [stdout]    |
[INFO] [stdout] 44 |   StructDoesNotExist(String),
[INFO] [stdout]    |   ------------------ ^^^^^^
[INFO] [stdout]    |   |
[INFO] [stdout]    |   field in this variant
[INFO] [stdout]    |
[INFO] [stdout]    = note: `TypecheckError` has derived impls for the traits `Clone` and `Debug`, but these are intentionally ignored during dead code analysis
[INFO] [stdout] help: consider changing the field to be of unit type to suppress this warning while preserving the field numbering, or remove the field
[INFO] [stdout]    |
[INFO] [stdout] 44 |   StructDoesNotExist(()),
[INFO] [stdout]    |                      ~~
[INFO] [stdout] 
[INFO] [stdout] 
[INFO] [stdout] warning: fields `0` and `1` are never read
[INFO] [stdout]   --> src/library/typecheck/mod.rs:45:26
[INFO] [stdout]    |
[INFO] [stdout] 45 |   StructAttrDoesNotExist(String, String),
[INFO] [stdout]    |   ---------------------- ^^^^^^  ^^^^^^
[INFO] [stdout]    |   |
[INFO] [stdout]    |   fields in this variant
[INFO] [stdout]    |
[INFO] [stdout]    = note: `TypecheckError` has derived impls for the traits `Clone` and `Debug`, but these are intentionally ignored during dead code analysis
[INFO] [stdout] help: consider changing the fields to be of unit type to suppress this warning while preserving the field numbering, or remove the fields
[INFO] [stdout]    |
[INFO] [stdout] 45 |   StructAttrDoesNotExist((), ()),
[INFO] [stdout]    |                          ~~  ~~
[INFO] [stdout] 
[INFO] [stdout] 
[INFO] [stdout] warning: fields `0` and `1` are never read
[INFO] [stdout]   --> src/library/typecheck/mod.rs:46:22
[INFO] [stdout]    |
[INFO] [stdout] 46 |   InvalidAssignTypes(typed::Type, typed::Type),
[INFO] [stdout]    |   ------------------ ^^^^^^^^^^^  ^^^^^^^^^^^
[INFO] [stdout]    |   |
[INFO] [stdout]    |   fields in this variant
[INFO] [stdout]    |
[INFO] [stdout]    = note: `TypecheckError` has derived impls for the traits `Clone` and `Debug`, but these are intentionally ignored during dead code analysis
[INFO] [stdout] help: consider changing the fields to be of unit type to suppress this warning while preserving the field numbering, or remove the fields
[INFO] [stdout]    |
[INFO] [stdout] 46 |   InvalidAssignTypes((), ()),
[INFO] [stdout]    |                      ~~  ~~
[INFO] [stdout] 
[INFO] [stdout] 
[INFO] [stdout] warning: field `0` is never read
[INFO] [stdout]   --> src/library/typecheck/mod.rs:47:23
[INFO] [stdout]    |
[INFO] [stdout] 47 |   NonSimpleMethodType(typed::Type),
[INFO] [stdout]    |   ------------------- ^^^^^^^^^^^
[INFO] [stdout]    |   |
[INFO] [stdout]    |   field in this variant
[INFO] [stdout]    |
[INFO] [stdout]    = note: `TypecheckError` has derived impls for the traits `Clone` and `Debug`, but these are intentionally ignored during dead code analysis
[INFO] [stdout] help: consider changing the field to be of unit type to suppress this warning while preserving the field numbering, or remove the field
[INFO] [stdout]    |
[INFO] [stdout] 47 |   NonSimpleMethodType(()),
[INFO] [stdout]    |                       ~~
[INFO] [stdout] 
[INFO] [stdout] 
[INFO] [stdout] warning: field `0` is never read
[INFO] [stdout]   --> src/library/typecheck/mod.rs:48:20
[INFO] [stdout]    |
[INFO] [stdout] 48 |   NoStructWithName(String),
[INFO] [stdout]    |   ---------------- ^^^^^^
[INFO] [stdout]    |   |
[INFO] [stdout]    |   field in this variant
[INFO] [stdout]    |
[INFO] [stdout]    = note: `TypecheckError` has derived impls for the traits `Clone` and `Debug`, but these are intentionally ignored during dead code analysis
[INFO] [stdout] help: consider changing the field to be of unit type to suppress this warning while preserving the field numbering, or remove the field
[INFO] [stdout]    |
[INFO] [stdout] 48 |   NoStructWithName(()),
[INFO] [stdout]    |                    ~~
[INFO] [stdout] 
[INFO] [stdout] 
[INFO] [stdout] warning: field `0` is never read
[INFO] [stdout]   --> src/library/typecheck/mod.rs:49:17
[INFO] [stdout]    |
[INFO] [stdout] 49 |   NoFunWithName(String),
[INFO] [stdout]    |   ------------- ^^^^^^
[INFO] [stdout]    |   |
[INFO] [stdout]    |   field in this variant
[INFO] [stdout]    |
[INFO] [stdout]    = note: `TypecheckError` has derived impls for the traits `Clone` and `Debug`, but these are intentionally ignored during dead code analysis
[INFO] [stdout] help: consider changing the field to be of unit type to suppress this warning while preserving the field numbering, or remove the field
[INFO] [stdout]    |
[INFO] [stdout] 49 |   NoFunWithName(()),
[INFO] [stdout]    |                 ~~
[INFO] [stdout] 
[INFO] [stdout] 
[INFO] [stdout] warning: field `0` is never read
[INFO] [stdout]   --> src/library/typecheck/mod.rs:50:17
[INFO] [stdout]    |
[INFO] [stdout] 50 |   NoValWithName(String),
[INFO] [stdout]    |   ------------- ^^^^^^
[INFO] [stdout]    |   |
[INFO] [stdout]    |   field in this variant
[INFO] [stdout]    |
[INFO] [stdout]    = note: `TypecheckError` has derived impls for the traits `Clone` and `Debug`, but these are intentionally ignored during dead code analysis
[INFO] [stdout] help: consider changing the field to be of unit type to suppress this warning while preserving the field numbering, or remove the field
[INFO] [stdout]    |
[INFO] [stdout] 50 |   NoValWithName(()),
[INFO] [stdout]    |                 ~~
[INFO] [stdout] 
[INFO] [stdout] 
[INFO] [stdout] warning: fields `0` and `1` are never read
[INFO] [stdout]   --> src/library/typecheck/mod.rs:51:19
[INFO] [stdout]    |
[INFO] [stdout] 51 |   NoMethodForType(String, typed::Type),
[INFO] [stdout]    |   --------------- ^^^^^^  ^^^^^^^^^^^
[INFO] [stdout]    |   |
[INFO] [stdout]    |   fields in this variant
[INFO] [stdout]    |
[INFO] [stdout]    = note: `TypecheckError` has derived impls for the traits `Clone` and `Debug`, but these are intentionally ignored during dead code analysis
[INFO] [stdout] help: consider changing the fields to be of unit type to suppress this warning while preserving the field numbering, or remove the fields
[INFO] [stdout]    |
[INFO] [stdout] 51 |   NoMethodForType((), ()),
[INFO] [stdout]    |                   ~~  ~~
[INFO] [stdout] 
[INFO] [stdout] 
[INFO] [stderr]     Finished `test` profile [unoptimized + debuginfo] target(s) in 1m 03s
[INFO] running `Command { std: "docker" "inspect" "ef1ea085945f8d5626ecca8077c76465a56a28742f8d9fae898d346a7d73fedb", kill_on_drop: false }`
[INFO] running `Command { std: "docker" "rm" "-f" "ef1ea085945f8d5626ecca8077c76465a56a28742f8d9fae898d346a7d73fedb", kill_on_drop: false }`
[INFO] [stdout] ef1ea085945f8d5626ecca8077c76465a56a28742f8d9fae898d346a7d73fedb
[INFO] running `Command { std: "docker" "create" "-v" "/var/lib/crater-agent-workspace/builds/worker-6-tc1/target:/opt/rustwide/target:rw,Z" "-v" "/var/lib/crater-agent-workspace/builds/worker-6-tc1/source:/opt/rustwide/workdir:ro,Z" "-v" "/var/lib/crater-agent-workspace/cargo-home:/opt/rustwide/cargo-home:ro,Z" "-v" "/var/lib/crater-agent-workspace/rustup-home:/opt/rustwide/rustup-home:ro,Z" "-e" "SOURCE_DIR=/opt/rustwide/workdir" "-e" "CARGO_TARGET_DIR=/opt/rustwide/target" "-e" "CARGO_INCREMENTAL=0" "-e" "RUST_BACKTRACE=full" "-e" "RUSTFLAGS=--cap-lints=warn" "-e" "RUSTDOCFLAGS=--cap-lints=warn" "-e" "CARGO_HOME=/opt/rustwide/cargo-home" "-e" "RUSTUP_HOME=/opt/rustwide/rustup-home" "-w" "/opt/rustwide/workdir" "-m" "1610612736" "--user" "0:0" "--network" "none" "ghcr.io/rust-lang/crates-build-env/linux@sha256:f3a9d4ad9d972b27faf3965f35b62e55ba32bbce8f20bc8fe909558a86702fde" "/opt/rustwide/cargo-home/bin/cargo" "+1.83.0" "test" "--frozen", kill_on_drop: false }`
[INFO] [stdout] c443b7538b96bee960864caba6626864e76dca05b8b733991541df91619c7b58
[INFO] running `Command { std: "docker" "start" "-a" "c443b7538b96bee960864caba6626864e76dca05b8b733991541df91619c7b58", kill_on_drop: false }`
[INFO] [stderr] warning: field `0` is never read
[INFO] [stderr]   --> src/compile/mod.rs:27:13
[INFO] [stderr]    |
[INFO] [stderr] 27 |   InputFile(InputFileError),
[INFO] [stderr]    |   --------- ^^^^^^^^^^^^^^
[INFO] [stderr]    |   |
[INFO] [stderr]    |   field in this variant
[INFO] [stderr]    |
[INFO] [stderr]    = note: `CompileError` has derived impls for the traits `Clone` and `Debug`, but these are intentionally ignored during dead code analysis
[INFO] [stderr]    = note: `#[warn(dead_code)]` on by default
[INFO] [stderr] help: consider changing the field to be of unit type to suppress this warning while preserving the field numbering, or remove the field
[INFO] [stderr]    |
[INFO] [stderr] 27 |   InputFile(()),
[INFO] [stderr]    |             ~~
[INFO] [stderr] 
[INFO] [stderr] warning: field `0` is never read
[INFO] [stderr]   --> src/compile/mod.rs:28:9
[INFO] [stderr]    |
[INFO] [stderr] 28 |   Parse(ParseError<LineCol>),
[INFO] [stderr]    |   ----- ^^^^^^^^^^^^^^^^^^^
[INFO] [stderr]    |   |
[INFO] [stderr]    |   field in this variant
[INFO] [stderr]    |
[INFO] [stderr]    = note: `CompileError` has derived impls for the traits `Clone` and `Debug`, but these are intentionally ignored during dead code analysis
[INFO] [stderr] help: consider changing the field to be of unit type to suppress this warning while preserving the field numbering, or remove the field
[INFO] [stderr]    |
[INFO] [stderr] 28 |   Parse(()),
[INFO] [stderr]    |         ~~
[INFO] [stderr] 
[INFO] [stderr] warning: field `0` is never read
[INFO] [stderr]   --> src/compile/mod.rs:30:19
[INFO] [stderr]    |
[INFO] [stderr] 30 |   ImportQualifier(ImportQualifierError),
[INFO] [stderr]    |   --------------- ^^^^^^^^^^^^^^^^^^^^
[INFO] [stderr]    |   |
[INFO] [stderr]    |   field in this variant
[INFO] [stderr]    |
[INFO] [stderr]    = note: `CompileError` has derived impls for the traits `Clone` and `Debug`, but these are intentionally ignored during dead code analysis
[INFO] [stderr] help: consider changing the field to be of unit type to suppress this warning while preserving the field numbering, or remove the field
[INFO] [stderr]    |
[INFO] [stderr] 30 |   ImportQualifier(()),
[INFO] [stderr]    |                   ~~
[INFO] [stderr] 
[INFO] [stderr] warning: field `0` is never read
[INFO] [stderr]   --> src/compile/mod.rs:31:7
[INFO] [stderr]    |
[INFO] [stderr] 31 |   Gdt(GdtError),
[INFO] [stderr]    |   --- ^^^^^^^^
[INFO] [stderr]    |   |
[INFO] [stderr]    |   field in this variant
[INFO] [stderr]    |
[INFO] [stderr]    = note: `CompileError` has derived impls for the traits `Clone` and `Debug`, but these are intentionally ignored during dead code analysis
[INFO] [stderr] help: consider changing the field to be of unit type to suppress this warning while preserving the field numbering, or remove the field
[INFO] [stderr]    |
[INFO] [stderr] 31 |   Gdt(()),
[INFO] [stderr]    |       ~~
[INFO] [stderr] 
[INFO] [stderr] warning: field `0` is never read
[INFO] [stderr]   --> src/compile/mod.rs:32:13
[INFO] [stderr]    |
[INFO] [stderr] 32 |   Typecheck(TypecheckError),
[INFO] [stderr]    |   --------- ^^^^^^^^^^^^^^
[INFO] [stderr]    |   |
[INFO] [stderr]    |   field in this variant
[INFO] [stderr]    |
[INFO] [stderr]    = note: `CompileError` has derived impls for the traits `Clone` and `Debug`, but these are intentionally ignored during dead code analysis
[INFO] [stderr] help: consider changing the field to be of unit type to suppress this warning while preserving the field numbering, or remove the field
[INFO] [stderr]    |
[INFO] [stderr] 32 |   Typecheck(()),
[INFO] [stderr]    |             ~~
[INFO] [stderr] 
[INFO] [stderr] warning: field `0` is never read
[INFO] [stderr]   --> src/compile/mod.rs:34:22
[INFO] [stderr]    |
[INFO] [stderr] 34 |   ModuleVerification(String),
[INFO] [stderr]    |   ------------------ ^^^^^^
[INFO] [stderr]    |   |
[INFO] [stderr]    |   field in this variant
[INFO] [stderr]    |
[INFO] [stderr]    = note: `CompileError` has derived impls for the traits `Clone` and `Debug`, but these are intentionally ignored during dead code analysis
[INFO] [stderr] help: consider changing the field to be of unit type to suppress this warning while preserving the field numbering, or remove the field
[INFO] [stderr]    |
[INFO] [stderr] 34 |   ModuleVerification(()),
[INFO] [stderr]    |                      ~~
[INFO] [stderr] 
[INFO] [stderr] warning: field `0` is never read
[INFO] [stderr]   --> src/compile/mod.rs:36:17
[INFO] [stderr]    |
[INFO] [stderr] 36 |   ModuleLinkage(String),
[INFO] [stderr]    |   ------------- ^^^^^^
[INFO] [stderr]    |   |
[INFO] [stderr]    |   field in this variant
[INFO] [stderr]    |
[INFO] [stderr]    = note: `CompileError` has derived impls for the traits `Clone` and `Debug`, but these are intentionally ignored during dead code analysis
[INFO] [stderr] help: consider changing the field to be of unit type to suppress this warning while preserving the field numbering, or remove the field
[INFO] [stderr]    |
[INFO] [stderr] 36 |   ModuleLinkage(()),
[INFO] [stderr]    |                 ~~
[INFO] [stderr] 
[INFO] [stderr] warning: field `0` is never read
[INFO] [stderr]   --> src/compile/mod.rs:39:12
[INFO] [stderr]    |
[INFO] [stderr] 39 |   Compiler(CompilerError),
[INFO] [stderr]    |   -------- ^^^^^^^^^^^^^
[INFO] [stderr]    |   |
[INFO] [stderr]    |   field in this variant
[INFO] [stderr]    |
[INFO] [stderr]    = note: `CompileError` has derived impls for the traits `Clone` and `Debug`, but these are intentionally ignored during dead code analysis
[INFO] [stderr] help: consider changing the field to be of unit type to suppress this warning while preserving the field numbering, or remove the field
[INFO] [stderr]    |
[INFO] [stderr] 39 |   Compiler(()),
[INFO] [stderr]    |            ~~
[INFO] [stderr] 
[INFO] [stderr] warning: field `0` is never read
[INFO] [stderr]   --> src/compile/utils.rs:61:11
[INFO] [stderr]    |
[INFO] [stderr] 61 |   IOError(std::io::Error),
[INFO] [stderr]    |   ------- ^^^^^^^^^^^^^^
[INFO] [stderr]    |   |
[INFO] [stderr]    |   field in this variant
[INFO] [stderr]    |
[INFO] [stderr]    = note: `InputFileError` has a derived impl for the trait `Debug`, but this is intentionally ignored during dead code analysis
[INFO] [stderr] help: consider changing the field to be of unit type to suppress this warning while preserving the field numbering, or remove the field
[INFO] [stderr]    |
[INFO] [stderr] 61 |   IOError(()),
[INFO] [stderr]    |           ~~
[INFO] [stderr] 
[INFO] [stderr] warning: field `0` is never read
[INFO] [stderr]   --> src/compile/utils.rs:62:11
[INFO] [stderr]    |
[INFO] [stderr] 62 |   OSError(std::ffi::OsString),
[INFO] [stderr]    |   ------- ^^^^^^^^^^^^^^^^^^
[INFO] [stderr]    |   |
[INFO] [stderr]    |   field in this variant
[INFO] [stderr]    |
[INFO] [stderr]    = note: `InputFileError` has a derived impl for the trait `Debug`, but this is intentionally ignored during dead code analysis
[INFO] [stderr] help: consider changing the field to be of unit type to suppress this warning while preserving the field numbering, or remove the field
[INFO] [stderr]    |
[INFO] [stderr] 62 |   OSError(()),
[INFO] [stderr]    |           ~~
[INFO] [stderr] 
[INFO] [stderr] warning: field `0` is never read
[INFO] [stderr]   --> src/library/backend/compiler.rs:47:17
[INFO] [stderr]    |
[INFO] [stderr] 47 |   UnknownTarget(&'static str),
[INFO] [stderr]    |   ------------- ^^^^^^^^^^^^
[INFO] [stderr]    |   |
[INFO] [stderr]    |   field in this variant
[INFO] [stderr]    |
[INFO] [stderr]    = note: `CompilerError` has derived impls for the traits `Clone` and `Debug`, but these are intentionally ignored during dead code analysis
[INFO] [stderr] help: consider changing the field to be of unit type to suppress this warning while preserving the field numbering, or remove the field
[INFO] [stderr]    |
[INFO] [stderr] 47 |   UnknownTarget(()),
[INFO] [stderr]    |                 ~~
[INFO] [stderr] 
[INFO] [stderr] warning: field `0` is never read
[INFO] [stderr]   --> src/library/backend/compiler.rs:49:16
[INFO] [stderr]    |
[INFO] [stderr] 49 |   TargetTriple(String),
[INFO] [stderr]    |   ------------ ^^^^^^
[INFO] [stderr]    |   |
[INFO] [stderr]    |   field in this variant
[INFO] [stderr]    |
[INFO] [stderr]    = note: `CompilerError` has derived impls for the traits `Clone` and `Debug`, but these are intentionally ignored during dead code analysis
[INFO] [stderr] help: consider changing the field to be of unit type to suppress this warning while preserving the field numbering, or remove the field
[INFO] [stderr]    |
[INFO] [stderr] 49 |   TargetTriple(()),
[INFO] [stderr]    |                ~~
[INFO] [stderr] 
[INFO] [stderr] warning: field `0` is never read
[INFO] [stderr]   --> src/library/backend/compiler.rs:52:28
[INFO] [stderr]    |
[INFO] [stderr] 52 |   WriteTargetMachineToFile(String),
[INFO] [stderr]    |   ------------------------ ^^^^^^
[INFO] [stderr]    |   |
[INFO] [stderr]    |   field in this variant
[INFO] [stderr]    |
[INFO] [stderr]    = note: `CompilerError` has derived impls for the traits `Clone` and `Debug`, but these are intentionally ignored during dead code analysis
[INFO] [stderr] help: consider changing the field to be of unit type to suppress this warning while preserving the field numbering, or remove the field
[INFO] [stderr]    |
[INFO] [stderr] 52 |   WriteTargetMachineToFile(()),
[INFO] [stderr]    |                            ~~
[INFO] [stderr] 
[INFO] [stderr] warning: field `0` is never read
[INFO] [stderr]   --> src/library/backend/compiler.rs:53:6
[INFO] [stderr]    |
[INFO] [stderr] 53 |   IO(Arc<std::io::Error>),
[INFO] [stderr]    |   -- ^^^^^^^^^^^^^^^^^^^
[INFO] [stderr]    |   |
[INFO] [stderr]    |   field in this variant
[INFO] [stderr]    |
[INFO] [stderr]    = note: `CompilerError` has derived impls for the traits `Clone` and `Debug`, but these are intentionally ignored during dead code analysis
[INFO] [stderr] help: consider changing the field to be of unit type to suppress this warning while preserving the field numbering, or remove the field
[INFO] [stderr]    |
[INFO] [stderr] 53 |   IO(()),
[INFO] [stderr]    |      ~~
[INFO] [stderr] 
[INFO] [stderr] warning: field `0` is never read
[INFO] [stderr]   --> src/library/backend/compiler.rs:54:8
[INFO] [stderr]    |
[INFO] [stderr] 54 |   Utf8(FromUtf8Error),
[INFO] [stderr]    |   ---- ^^^^^^^^^^^^^
[INFO] [stderr]    |   |
[INFO] [stderr]    |   field in this variant
[INFO] [stderr]    |
[INFO] [stderr]    = note: `CompilerError` has derived impls for the traits `Clone` and `Debug`, but these are intentionally ignored during dead code analysis
[INFO] [stderr] help: consider changing the field to be of unit type to suppress this warning while preserving the field numbering, or remove the field
[INFO] [stderr]    |
[INFO] [stderr] 54 |   Utf8(()),
[INFO] [stderr]    |        ~~
[INFO] [stderr] 
[INFO] [stderr] warning: field `0` is never read
[INFO] [stderr]   --> src/library/backend/compiler.rs:56:11
[INFO] [stderr]    |
[INFO] [stderr] 56 |   Command(String),
[INFO] [stderr]    |   ------- ^^^^^^
[INFO] [stderr]    |   |
[INFO] [stderr]    |   field in this variant
[INFO] [stderr]    |
[INFO] [stderr]    = note: `CompilerError` has derived impls for the traits `Clone` and `Debug`, but these are intentionally ignored during dead code analysis
[INFO] [stderr] help: consider changing the field to be of unit type to suppress this warning while preserving the field numbering, or remove the field
[INFO] [stderr]    |
[INFO] [stderr] 56 |   Command(()),
[INFO] [stderr]    |           ~~
[INFO] [stderr] 
[INFO] [stderr] warning: field `0` is never read
[INFO] [stderr]   --> src/library/backend/interpreter.rs:19:13
[INFO] [stderr]    |
[INFO] [stderr] 19 |   Typecheck(TypecheckError),
[INFO] [stderr]    |   --------- ^^^^^^^^^^^^^^
[INFO] [stderr]    |   |
[INFO] [stderr]    |   field in this variant
[INFO] [stderr]    |
[INFO] [stderr]    = note: `InterpreterError` has a derived impl for the trait `Debug`, but this is intentionally ignored during dead code analysis
[INFO] [stderr] help: consider changing the field to be of unit type to suppress this warning while preserving the field numbering, or remove the field
[INFO] [stderr]    |
[INFO] [stderr] 19 |   Typecheck(()),
[INFO] [stderr]    |             ~~
[INFO] [stderr] 
[INFO] [stderr] warning: field `0` is never read
[INFO] [stderr]   --> src/library/backend/interpreter.rs:20:19
[INFO] [stderr]    |
[INFO] [stderr] 20 |   ImportQualifier(ImportQualifierError),
[INFO] [stderr]    |   --------------- ^^^^^^^^^^^^^^^^^^^^
[INFO] [stderr]    |   |
[INFO] [stderr]    |   field in this variant
[INFO] [stderr]    |
[INFO] [stderr]    = note: `InterpreterError` has a derived impl for the trait `Debug`, but this is intentionally ignored during dead code analysis
[INFO] [stderr] help: consider changing the field to be of unit type to suppress this warning while preserving the field numbering, or remove the field
[INFO] [stderr]    |
[INFO] [stderr] 20 |   ImportQualifier(()),
[INFO] [stderr]    |                   ~~
[INFO] [stderr] 
[INFO] [stderr] warning: field `0` is never read
[INFO] [stderr]   --> src/library/qualify/global_decl_typechecker/mod.rs:22:15
[INFO] [stderr]    |
[INFO] [stderr] 22 |   UnknownType(String),
[INFO] [stderr]    |   ----------- ^^^^^^
[INFO] [stderr]    |   |
[INFO] [stderr]    |   field in this variant
[INFO] [stderr]    |
[INFO] [stderr]    = note: `GdtError` has derived impls for the traits `Clone` and `Debug`, but these are intentionally ignored during dead code analysis
[INFO] [stderr] help: consider changing the field to be of unit type to suppress this warning while preserving the field numbering, or remove the field
[INFO] [stderr]    |
[INFO] [stderr] 22 |   UnknownType(()),
[INFO] [stderr]    |               ~~
[INFO] [stderr] 
[INFO] [stderr] warning: field `0` is never read
[INFO] [stderr]   --> src/library/qualify/import_qualifier.rs:12:16
[INFO] [stderr]    |
[INFO] [stderr] 12 |   CannotImport(String),
[INFO] [stderr]    |   ------------ ^^^^^^
[INFO] [stderr]    |   |
[INFO] [stderr]    |   field in this variant
[INFO] [stderr]    |
[INFO] [stderr]    = note: `ImportQualifierError` has derived impls for the traits `Clone` and `Debug`, but these are intentionally ignored during dead code analysis
[INFO] [stderr] help: consider changing the field to be of unit type to suppress this warning while preserving the field numbering, or remove the field
[INFO] [stderr]    |
[INFO] [stderr] 12 |   CannotImport(()),
[INFO] [stderr]    |                ~~
[INFO] [stderr] 
[INFO] [stderr] warning: fields `0` and `1` are never read
[INFO] [stderr]   --> src/library/typecheck/mod.rs:34:29
[INFO] [stderr]    |
[INFO] [stderr] 34 |   ReturnTypeAndBodyMismatch(typed::Type, typed::Type),
[INFO] [stderr]    |   ------------------------- ^^^^^^^^^^^  ^^^^^^^^^^^
[INFO] [stderr]    |   |
[INFO] [stderr]    |   fields in this variant
[INFO] [stderr]    |
[INFO] [stderr]    = note: `TypecheckError` has derived impls for the traits `Clone` and `Debug`, but these are intentionally ignored during dead code analysis
[INFO] [stderr] help: consider changing the fields to be of unit type to suppress this warning while preserving the field numbering, or remove the fields
[INFO] [stderr]    |
[INFO] [stderr] 34 |   ReturnTypeAndBodyMismatch((), ()),
[INFO] [stderr]    |                             ~~  ~~
[INFO] [stderr] 
[INFO] [stderr] warning: fields `0` and `1` are never read
[INFO] [stderr]   --> src/library/typecheck/mod.rs:35:30
[INFO] [stderr]    |
[INFO] [stderr] 35 |   DeclTypeAndValTypeMismatch(typed::Type, typed::Type),
[INFO] [stderr]    |   -------------------------- ^^^^^^^^^^^  ^^^^^^^^^^^
[INFO] [stderr]    |   |
[INFO] [stderr]    |   fields in this variant
[INFO] [stderr]    |
[INFO] [stderr]    = note: `TypecheckError` has derived impls for the traits `Clone` and `Debug`, but these are intentionally ignored during dead code analysis
[INFO] [stderr] help: consider changing the fields to be of unit type to suppress this warning while preserving the field numbering, or remove the fields
[INFO] [stderr]    |
[INFO] [stderr] 35 |   DeclTypeAndValTypeMismatch((), ()),
[INFO] [stderr]    |                              ~~  ~~
[INFO] [stderr] 
[INFO] [stderr] warning: field `0` is never read
[INFO] [stderr]   --> src/library/typecheck/mod.rs:36:19
[INFO] [stderr]    |
[INFO] [stderr] 36 |   NoClassWithName(String),
[INFO] [stderr]    |   --------------- ^^^^^^
[INFO] [stderr]    |   |
[INFO] [stderr]    |   field in this variant
[INFO] [stderr]    |
[INFO] [stderr]    = note: `TypecheckError` has derived impls for the traits `Clone` and `Debug`, but these are intentionally ignored during dead code analysis
[INFO] [stderr] help: consider changing the field to be of unit type to suppress this warning while preserving the field numbering, or remove the field
[INFO] [stderr]    |
[INFO] [stderr] 36 |   NoClassWithName(()),
[INFO] [stderr]    |                   ~~
[INFO] [stderr] 
[INFO] [stderr] warning: fields `0` and `1` are never read
[INFO] [stderr]   --> src/library/typecheck/mod.rs:37:24
[INFO] [stderr]    |
[INFO] [stderr] 37 |   WrongImplementations(Vec<typed::FunSig>, Vec<typed::FunSig>),
[INFO] [stderr]    |   -------------------- ^^^^^^^^^^^^^^^^^^  ^^^^^^^^^^^^^^^^^^
[INFO] [stderr]    |   |
[INFO] [stderr]    |   fields in this variant
[INFO] [stderr]    |
[INFO] [stderr]    = note: `TypecheckError` has derived impls for the traits `Clone` and `Debug`, but these are intentionally ignored during dead code analysis
[INFO] [stderr] help: consider changing the fields to be of unit type to suppress this warning while preserving the field numbering, or remove the fields
[INFO] [stderr]    |
[INFO] [stderr] 37 |   WrongImplementations((), ()),
[INFO] [stderr]    |                        ~~  ~~
[INFO] [stderr] 
[INFO] [stderr] warning: fields `0` and `1` are never read
[INFO] [stderr]   --> src/library/typecheck/mod.rs:38:21
[INFO] [stderr]    |
[INFO] [stderr] 38 |   UnequalBinopTypes(typed::Type, typed::Type),
[INFO] [stderr]    |   ----------------- ^^^^^^^^^^^  ^^^^^^^^^^^
[INFO] [stderr]    |   |
[INFO] [stderr]    |   fields in this variant
[INFO] [stderr]    |
[INFO] [stderr]    = note: `TypecheckError` has derived impls for the traits `Clone` and `Debug`, but these are intentionally ignored during dead code analysis
[INFO] [stderr] help: consider changing the fields to be of unit type to suppress this warning while preserving the field numbering, or remove the fields
[INFO] [stderr]    |
[INFO] [stderr] 38 |   UnequalBinopTypes((), ()),
[INFO] [stderr]    |                     ~~  ~~
[INFO] [stderr] 
[INFO] [stderr] warning: fields `0` and `1` are never read
[INFO] [stderr]   --> src/library/typecheck/mod.rs:39:24
[INFO] [stderr]    |
[INFO] [stderr] 39 |   CannotBinopFunctions(typed::Type, typed::Type),
[INFO] [stderr]    |   -------------------- ^^^^^^^^^^^  ^^^^^^^^^^^
[INFO] [stderr]    |   |
[INFO] [stderr]    |   fields in this variant
[INFO] [stderr]    |
[INFO] [stderr]    = note: `TypecheckError` has derived impls for the traits `Clone` and `Debug`, but these are intentionally ignored during dead code analysis
[INFO] [stderr] help: consider changing the fields to be of unit type to suppress this warning while preserving the field numbering, or remove the fields
[INFO] [stderr]    |
[INFO] [stderr] 39 |   CannotBinopFunctions((), ()),
[INFO] [stderr]    |                        ~~  ~~
[INFO] [stderr] 
[INFO] [stderr] warning: fields `0`, `1`, and `2` are never read
[INFO] [stderr]   --> src/library/typecheck/mod.rs:40:24
[INFO] [stderr]    |
[INFO] [stderr] 40 |   InvalidBinopOperands(typed::Type, typed::Op, typed::Type),
[INFO] [stderr]    |   -------------------- ^^^^^^^^^^^  ^^^^^^^^^  ^^^^^^^^^^^
[INFO] [stderr]    |   |
[INFO] [stderr]    |   fields in this variant
[INFO] [stderr]    |
[INFO] [stderr]    = note: `TypecheckError` has derived impls for the traits `Clone` and `Debug`, but these are intentionally ignored during dead code analysis
[INFO] [stderr] help: consider changing the fields to be of unit type to suppress this warning while preserving the field numbering, or remove the fields
[INFO] [stderr]    |
[INFO] [stderr] 40 |   InvalidBinopOperands((), (), ()),
[INFO] [stderr]    |                        ~~  ~~  ~~
[INFO] [stderr] 
[INFO] [stderr] warning: fields `0` and `1` are never read
[INFO] [stderr]   --> src/library/typecheck/mod.rs:41:22
[INFO] [stderr]    |
[INFO] [stderr] 41 |   InvalidNoOfFunArgs(usize, usize),
[INFO] [stderr]    |   ------------------ ^^^^^  ^^^^^
[INFO] [stderr]    |   |
[INFO] [stderr]    |   fields in this variant
[INFO] [stderr]    |
[INFO] [stderr]    = note: `TypecheckError` has derived impls for the traits `Clone` and `Debug`, but these are intentionally ignored during dead code analysis
[INFO] [stderr] help: consider changing the fields to be of unit type to suppress this warning while preserving the field numbering, or remove the fields
[INFO] [stderr]    |
[INFO] [stderr] 41 |   InvalidNoOfFunArgs((), ()),
[INFO] [stderr]    |                      ~~  ~~
[INFO] [stderr] 
[INFO] [stderr] warning: fields `0` and `1` are never read
[INFO] [stderr]   --> src/library/typecheck/mod.rs:42:21
[INFO] [stderr]    |
[INFO] [stderr] 42 |   InvalidFunArgType(typed::Type, typed::Type),
[INFO] [stderr]    |   ----------------- ^^^^^^^^^^^  ^^^^^^^^^^^
[INFO] [stderr]    |   |
[INFO] [stderr]    |   fields in this variant
[INFO] [stderr]    |
[INFO] [stderr]    = note: `TypecheckError` has derived impls for the traits `Clone` and `Debug`, but these are intentionally ignored during dead code analysis
[INFO] [stderr] help: consider changing the fields to be of unit type to suppress this warning while preserving the field numbering, or remove the fields
[INFO] [stderr]    |
[INFO] [stderr] 42 |   InvalidFunArgType((), ()),
[INFO] [stderr]    |                     ~~  ~~
[INFO] [stderr] 
[INFO] [stderr] warning: fields `0`, `1`, and `2` are never read
[INFO] [stderr]   --> src/library/typecheck/mod.rs:43:22
[INFO] [stderr]    |
[INFO] [stderr] 43 |   InvalidIfExprTypes(typed::Type, typed::Type, typed::Type),
[INFO] [stderr]    |   ------------------ ^^^^^^^^^^^  ^^^^^^^^^^^  ^^^^^^^^^^^
[INFO] [stderr]    |   |
[INFO] [stderr]    |   fields in this variant
[INFO] [stderr]    |
[INFO] [stderr]    = note: `TypecheckError` has derived impls for the traits `Clone` and `Debug`, but these are intentionally ignored during dead code analysis
[INFO] [stderr] help: consider changing the fields to be of unit type to suppress this warning while preserving the field numbering, or remove the fields
[INFO] [stderr]    |
[INFO] [stderr] 43 |   InvalidIfExprTypes((), (), ()),
[INFO] [stderr]    |                      ~~  ~~  ~~
[INFO] [stderr] 
[INFO] [stderr] warning: field `0` is never read
[INFO] [stderr]   --> src/library/typecheck/mod.rs:44:22
[INFO] [stderr]    |
[INFO] [stderr] 44 |   StructDoesNotExist(String),
[INFO] [stderr]    |   ------------------ ^^^^^^
[INFO] [stderr]    |   |
[INFO] [stderr]    |   field in this variant
[INFO] [stderr]    |
[INFO] [stderr]    = note: `TypecheckError` has derived impls for the traits `Clone` and `Debug`, but these are intentionally ignored during dead code analysis
[INFO] [stderr] help: consider changing the field to be of unit type to suppress this warning while preserving the field numbering, or remove the field
[INFO] [stderr]    |
[INFO] [stderr] 44 |   StructDoesNotExist(()),
[INFO] [stderr]    |                      ~~
[INFO] [stderr] 
[INFO] [stderr] warning: fields `0` and `1` are never read
[INFO] [stderr]   --> src/library/typecheck/mod.rs:45:26
[INFO] [stderr]    |
[INFO] [stderr] 45 |   StructAttrDoesNotExist(String, String),
[INFO] [stderr]    |   ---------------------- ^^^^^^  ^^^^^^
[INFO] [stderr]    |   |
[INFO] [stderr]    |   fields in this variant
[INFO] [stderr]    |
[INFO] [stderr]    = note: `TypecheckError` has derived impls for the traits `Clone` and `Debug`, but these are intentionally ignored during dead code analysis
[INFO] [stderr] help: consider changing the fields to be of unit type to suppress this warning while preserving the field numbering, or remove the fields
[INFO] [stderr]    |
[INFO] [stderr] 45 |   StructAttrDoesNotExist((), ()),
[INFO] [stderr]    |                          ~~  ~~
[INFO] [stderr] 
[INFO] [stderr] warning: fields `0` and `1` are never read
[INFO] [stderr]   --> src/library/typecheck/mod.rs:46:22
[INFO] [stderr]    |
[INFO] [stderr] 46 |   InvalidAssignTypes(typed::Type, typed::Type),
[INFO] [stderr]    |   ------------------ ^^^^^^^^^^^  ^^^^^^^^^^^
[INFO] [stderr]    |   |
[INFO] [stderr]    |   fields in this variant
[INFO] [stderr]    |
[INFO] [stderr]    = note: `TypecheckError` has derived impls for the traits `Clone` and `Debug`, but these are intentionally ignored during dead code analysis
[INFO] [stderr] help: consider changing the fields to be of unit type to suppress this warning while preserving the field numbering, or remove the fields
[INFO] [stderr]    |
[INFO] [stderr] 46 |   InvalidAssignTypes((), ()),
[INFO] [stderr]    |                      ~~  ~~
[INFO] [stderr] 
[INFO] [stderr] warning: field `0` is never read
[INFO] [stderr]   --> src/library/typecheck/mod.rs:47:23
[INFO] [stderr]    |
[INFO] [stderr] 47 |   NonSimpleMethodType(typed::Type),
[INFO] [stderr]    |   ------------------- ^^^^^^^^^^^
[INFO] [stderr]    |   |
[INFO] [stderr]    |   field in this variant
[INFO] [stderr]    |
[INFO] [stderr]    = note: `TypecheckError` has derived impls for the traits `Clone` and `Debug`, but these are intentionally ignored during dead code analysis
[INFO] [stderr] help: consider changing the field to be of unit type to suppress this warning while preserving the field numbering, or remove the field
[INFO] [stderr]    |
[INFO] [stderr] 47 |   NonSimpleMethodType(()),
[INFO] [stderr]    |                       ~~
[INFO] [stderr] 
[INFO] [stderr] warning: field `0` is never read
[INFO] [stderr]   --> src/library/typecheck/mod.rs:48:20
[INFO] [stderr]    |
[INFO] [stderr] 48 |   NoStructWithName(String),
[INFO] [stderr]    |   ---------------- ^^^^^^
[INFO] [stderr]    |   |
[INFO] [stderr]    |   field in this variant
[INFO] [stderr]    |
[INFO] [stderr]    = note: `TypecheckError` has derived impls for the traits `Clone` and `Debug`, but these are intentionally ignored during dead code analysis
[INFO] [stderr] help: consider changing the field to be of unit type to suppress this warning while preserving the field numbering, or remove the field
[INFO] [stderr]    |
[INFO] [stderr] 48 |   NoStructWithName(()),
[INFO] [stderr]    |                    ~~
[INFO] [stderr] 
[INFO] [stderr] warning: field `0` is never read
[INFO] [stderr]   --> src/library/typecheck/mod.rs:49:17
[INFO] [stderr]    |
[INFO] [stderr] 49 |   NoFunWithName(String),
[INFO] [stderr]    |   ------------- ^^^^^^
[INFO] [stderr]    |   |
[INFO] [stderr]    |   field in this variant
[INFO] [stderr]    |
[INFO] [stderr]    = note: `TypecheckError` has derived impls for the traits `Clone` and `Debug`, but these are intentionally ignored during dead code analysis
[INFO] [stderr] help: consider changing the field to be of unit type to suppress this warning while preserving the field numbering, or remove the field
[INFO] [stderr]    |
[INFO] [stderr] 49 |   NoFunWithName(()),
[INFO] [stderr]    |                 ~~
[INFO] [stderr] 
[INFO] [stderr] warning: field `0` is never read
[INFO] [stderr]   --> src/library/typecheck/mod.rs:50:17
[INFO] [stderr]    |
[INFO] [stderr] 50 |   NoValWithName(String),
[INFO] [stderr]    |   ------------- ^^^^^^
[INFO] [stderr]    |   |
[INFO] [stderr]    |   field in this variant
[INFO] [stderr]    |
[INFO] [stderr]    = note: `TypecheckError` has derived impls for the traits `Clone` and `Debug`, but these are intentionally ignored during dead code analysis
[INFO] [stderr] help: consider changing the field to be of unit type to suppress this warning while preserving the field numbering, or remove the field
[INFO] [stderr]    |
[INFO] [stderr] 50 |   NoValWithName(()),
[INFO] [stderr]    |                 ~~
[INFO] [stderr] 
[INFO] [stderr] warning: fields `0` and `1` are never read
[INFO] [stderr]   --> src/library/typecheck/mod.rs:51:19
[INFO] [stderr]    |
[INFO] [stderr] 51 |   NoMethodForType(String, typed::Type),
[INFO] [stderr]    |   --------------- ^^^^^^  ^^^^^^^^^^^
[INFO] [stderr]    |   |
[INFO] [stderr]    |   fields in this variant
[INFO] [stderr]    |
[INFO] [stderr]    = note: `TypecheckError` has derived impls for the traits `Clone` and `Debug`, but these are intentionally ignored during dead code analysis
[INFO] [stderr] help: consider changing the fields to be of unit type to suppress this warning while preserving the field numbering, or remove the fields
[INFO] [stderr]    |
[INFO] [stderr] 51 |   NoMethodForType((), ()),
[INFO] [stderr]    |                   ~~  ~~
[INFO] [stderr] 
[INFO] [stderr] warning: `hoff` (bin "hoff") generated 38 warnings
[INFO] [stderr] warning: `hoff` (bin "hoff" test) generated 38 warnings (38 duplicates)
[INFO] [stderr]     Finished `test` profile [unoptimized + debuginfo] target(s) in 0.19s
[INFO] [stderr]      Running unittests src/main.rs (/opt/rustwide/target/debug/deps/hoff-1859b690495d77f3)
[INFO] [stdout] 
[INFO] [stdout] running 60 tests
[INFO] [stdout] test library::backend::test::test_get_opt_level::case_04 ... ok
[INFO] [stdout] test library::backend::test::test_get_opt_level::case_06 ... ok
[INFO] [stdout] test library::backend::test::test_get_opt_level::case_05 ... ok
[INFO] [stdout] test library::backend::test::test_get_opt_level::case_01 ... ok
[INFO] [stdout] test library::backend::test::test_get_opt_level::case_02 ... ok
[INFO] [stdout] test library::backend::test::test_get_opt_level::case_08 ... ok
[INFO] [stdout] test library::backend::test::test_get_opt_level::case_07 ... ok
[INFO] [stdout] test library::backend::test::test_get_opt_level::case_09 ... ok
[INFO] [stdout] test library::backend::test::test_get_opt_level::case_11 ... ok
[INFO] [stdout] test library::backend::test::test_get_opt_level::case_10 ... ok
[INFO] [stdout] test library::backend::test::test_get_opt_level::case_12 ... ok
[INFO] [stdout] test library::backend::test::test_get_opt_level::case_14 ... ok
[INFO] [stdout] test library::backend::test::test_get_opt_level::case_03 ... ok
[INFO] [stdout] test library::parser::test::test_binop::case_3_add ... ok
[INFO] [stdout] test library::parser::test::test_binop_adv::case_1_add_mul ... ok
[INFO] [stdout] test library::parser::test::test_binop::case_1_add ... ok
[INFO] [stdout] test library::parser::test::test_binop::case_4_add ... ok
[INFO] [stdout] test library::parser::test::test_binop::case_2_add ... ok
[INFO] [stdout] test library::parser::test::test ... ok
[INFO] [stdout] test library::parser::test::test_binop_adv::case_4_div_sub ... ok
[INFO] [stdout] test library::parser::test::test_binop_adv::case_2_mul_add ... ok
[INFO] [stdout] test library::parser::test::test_binop_adv::case_3_sub_div ... ok
[INFO] [stdout] test library::parser::test::test_binop_adv::case_5__sub__mul ... ok
[INFO] [stdout] test library::parser::test::test_binop_adv::case_6_mul__sub_ ... ok
[INFO] [stdout] test library::parser::test::test_chain::case_1_val_chain ... ok
[INFO] [stdout] test library::parser::test::test_binop_adv::case_8_div__add_ ... ok
[INFO] [stdout] test library::parser::test::test_fun ... ok
[INFO] [stdout] test library::parser::test::test_binop_adv::case_7_div__add_ ... ok
[INFO] [stdout] test library::parser::test::test_lit::case_1_int ... ok
[INFO] [stdout] test library::parser::test::test_lit::case_2_float ... ok
[INFO] [stdout] test library::parser::test::test_lit::case_3_bool_t ... ok
[INFO] [stdout] test library::parser::test::test_lit::case_4_bool_f ... ok
[INFO] [stdout] test library::typecheck::closure_manager::test::test_append ... ok
[INFO] [stdout] test library::qualify::global_decl_typechecker::sorter::test::test_struct_sort ... ok
[INFO] [stdout] test library::parser::test::test_lit::case_5_string ... ok
[INFO] [stdout] test library::typecheck::test::test_get_type_error ... ok
[INFO] [stdout] test library::typecheck::test::test_get_type_ok_simple::case_2 ... ok
[INFO] [stdout] test library::typecheck::test::test_get_type_ok_simple::case_3 ... ok
[INFO] [stdout] test library::typecheck::test::test_get_type_ok_user_defined ... ok
[INFO] [stdout] test library::typecheck::test::test_typecheck_assign_error ... ok
[INFO] [stdout] test library::typecheck::test::test_get_type_ok_simple::case_1 ... ok
[INFO] [stdout] test library::typecheck::test::test_typecheck_call_error_invalid_arg_types::case_1_bad_int ... ok
[INFO] [stdout] test library::typecheck::test::test_get_type_ok_simple::case_4 ... ok
[INFO] [stdout] test library::typecheck::test::test_typecheck_call_error_not_found ... ok
[INFO] [stdout] test library::typecheck::test::test_typecheck_assign_ok ... ok
[INFO] [stdout] test library::typecheck::test::test_typecheck_call_error_invalid_arg_types::case_2_bad_float ... ok
[INFO] [stdout] test library::typecheck::test::test_typecheck_call_error_invalid_arg_types::case_3_bad_bool ... ok
[INFO] [stdout] test library::typecheck::test::test_typecheck_call_ok ... ok
[INFO] [stdout] test library::typecheck::test::test_typecheck_if_error::case_1_invalid_if ... ok
[INFO] [stdout] test library::typecheck::test::test_typecheck_chain_ok ... ok
[INFO] [stdout] test library::typecheck::test::test_typecheck_if_error::case_2_unequal_branches ... ok
[INFO] [stdout] test library::typecheck::test::test_typecheck_if_ok ... ok
[INFO] [stdout] test library::typecheck::test::test_typecheck_lit::case_4 ... ok
[INFO] [stdout] test library::typecheck::test::test_typecheck_value_error ... ok
[INFO] [stdout] test library::codegen::test::test_1 ... ok
[INFO] [stdout] test library::typecheck::test::test_typecheck_lit::case_1 ... ok
[INFO] [stdout] test library::backend::test::test_get_opt_level::case_13 ... ok
[INFO] [stdout] test library::typecheck::test::test_typecheck_value_ok ... ok
[INFO] [stdout] test library::typecheck::test::test_typecheck_lit::case_2 ... ok
[INFO] [stdout] test library::typecheck::test::test_typecheck_lit::case_3 ... ok
[INFO] [stdout] 
[INFO] [stdout] test result: ok. 60 passed; 0 failed; 0 ignored; 0 measured; 0 filtered out; finished in 0.03s
[INFO] [stdout] 
[INFO] [stderr]      Running tests/test_compile.rs (/opt/rustwide/target/debug/deps/test_compile-7584013b89caecd3)
[INFO] [stdout] 
[INFO] [stdout] running 7 tests
[INFO] [stdout] test test_compile::case_1 ... FAILED
[INFO] [stdout] test test_compile::case_4 ... FAILED
[INFO] [stdout] test test_compile::case_3 ... FAILED
[INFO] [stdout] test test_compile::case_5 ... FAILED
[INFO] [stdout] test test_compile::case_6 ... FAILED
[INFO] [stdout] test test_compile::case_2 ... FAILED
[INFO] [stdout] test test_compile::case_7 ... FAILED
[INFO] [stdout] 
[INFO] [stdout] failures:
[INFO] [stdout] 
[INFO] [stdout] ---- test_compile::case_1 stdout ----
[INFO] [stdout] thread 'test_compile::case_1' panicked at tests/test_compile.rs:103:47:
[INFO] [stdout] called `Result::unwrap()` on an `Err` value: Os { code: 2, kind: NotFound, message: "No such file or directory" }
[INFO] [stdout] stack backtrace:
[INFO] [stdout]    0:     0x611dc618dc9a - std::backtrace_rs::backtrace::libunwind::trace::h5a5b8284f2d0c266
[INFO] [stdout]                                at /rustc/90b35a6239c3d8bdabc530a6a0816f7ff89a0aaf/library/std/src/../../backtrace/src/backtrace/libunwind.rs:116:5
[INFO] [stdout]    1:     0x611dc618dc9a - std::backtrace_rs::backtrace::trace_unsynchronized::h76d4f1c9b0b875e3
[INFO] [stdout]                                at /rustc/90b35a6239c3d8bdabc530a6a0816f7ff89a0aaf/library/std/src/../../backtrace/src/backtrace/mod.rs:66:5
[INFO] [stdout]    2:     0x611dc618dc9a - std::sys::backtrace::_print_fmt::hc4546b8364a537c6
[INFO] [stdout]                                at /rustc/90b35a6239c3d8bdabc530a6a0816f7ff89a0aaf/library/std/src/sys/backtrace.rs:66:9
[INFO] [stdout]    3:     0x611dc618dc9a - <std::sys::backtrace::BacktraceLock::print::DisplayBacktrace as core::fmt::Display>::fmt::h5b6bd5631a6d1f6b
[INFO] [stdout]                                at /rustc/90b35a6239c3d8bdabc530a6a0816f7ff89a0aaf/library/std/src/sys/backtrace.rs:39:26
[INFO] [stdout]    4:     0x611dc61b3853 - core::fmt::rt::Argument::fmt::h270f6602a2b96f62
[INFO] [stdout]                                at /rustc/90b35a6239c3d8bdabc530a6a0816f7ff89a0aaf/library/core/src/fmt/rt.rs:177:76
[INFO] [stdout]    5:     0x611dc61b3853 - core::fmt::write::h7550c97b06c86515
[INFO] [stdout]                                at /rustc/90b35a6239c3d8bdabc530a6a0816f7ff89a0aaf/library/core/src/fmt/mod.rs:1186:21
[INFO] [stdout]    6:     0x611dc618ae63 - std::io::Write::write_fmt::h509ff860e5956e5e
[INFO] [stdout]                                at /rustc/90b35a6239c3d8bdabc530a6a0816f7ff89a0aaf/library/std/src/io/mod.rs:1839:15
[INFO] [stdout]    7:     0x611dc618dae2 - std::sys::backtrace::BacktraceLock::print::h2395ccd2c84ba3aa
[INFO] [stdout]                                at /rustc/90b35a6239c3d8bdabc530a6a0816f7ff89a0aaf/library/std/src/sys/backtrace.rs:42:9
[INFO] [stdout]    8:     0x611dc618f0fa - std::panicking::default_hook::{{closure}}::he19d4c7230e07961
[INFO] [stdout]                                at /rustc/90b35a6239c3d8bdabc530a6a0816f7ff89a0aaf/library/std/src/panicking.rs:268:22
[INFO] [stdout]    9:     0x611dc618ef04 - std::panicking::default_hook::hf614597d3c67bbdb
[INFO] [stdout]                                at /rustc/90b35a6239c3d8bdabc530a6a0816f7ff89a0aaf/library/std/src/panicking.rs:292:9
[INFO] [stdout]   10:     0x611dc6107999 - <alloc::boxed::Box<F,A> as core::ops::function::Fn<Args>>::call::h39b51ce4599c23d1
[INFO] [stdout]                                at /rustc/90b35a6239c3d8bdabc530a6a0816f7ff89a0aaf/library/alloc/src/boxed.rs:2468:9
[INFO] [stdout]   11:     0x611dc6107999 - test::test_main::{{closure}}::he977ae839a582784
[INFO] [stdout]                                at /rustc/90b35a6239c3d8bdabc530a6a0816f7ff89a0aaf/library/test/src/lib.rs:133:21
[INFO] [stdout]   12:     0x611dc618f798 - <alloc::boxed::Box<F,A> as core::ops::function::Fn<Args>>::call::h9455091b6b06f9fb
[INFO] [stdout]                                at /rustc/90b35a6239c3d8bdabc530a6a0816f7ff89a0aaf/library/alloc/src/boxed.rs:2468:9
[INFO] [stdout]   13:     0x611dc618f798 - std::panicking::rust_panic_with_hook::h8942133a8b252070
[INFO] [stdout]                                at /rustc/90b35a6239c3d8bdabc530a6a0816f7ff89a0aaf/library/std/src/panicking.rs:809:13
[INFO] [stdout]   14:     0x611dc618f55a - std::panicking::begin_panic_handler::{{closure}}::hb5f5963570096b29
[INFO] [stdout]                                at /rustc/90b35a6239c3d8bdabc530a6a0816f7ff89a0aaf/library/std/src/panicking.rs:674:13
[INFO] [stdout]   15:     0x611dc618e179 - std::sys::backtrace::__rust_end_short_backtrace::h6208cedc1922feda
[INFO] [stdout]                                at /rustc/90b35a6239c3d8bdabc530a6a0816f7ff89a0aaf/library/std/src/sys/backtrace.rs:170:18
[INFO] [stdout]   16:     0x611dc618f1ec - rust_begin_unwind
[INFO] [stdout]                                at /rustc/90b35a6239c3d8bdabc530a6a0816f7ff89a0aaf/library/std/src/panicking.rs:665:5
[INFO] [stdout]   17:     0x611dc60bcb90 - core::panicking::panic_fmt::h0c3082644d1bf418
[INFO] [stdout]                                at /rustc/90b35a6239c3d8bdabc530a6a0816f7ff89a0aaf/library/core/src/panicking.rs:74:14
[INFO] [stdout]   18:     0x611dc60bcf36 - core::result::unwrap_failed::hd20b4aa073bda1e2
[INFO] [stdout]                                at /rustc/90b35a6239c3d8bdabc530a6a0816f7ff89a0aaf/library/core/src/result.rs:1700:5
[INFO] [stdout]   19:     0x611dc60ca5fa - core::result::Result<T,E>::unwrap::h452d265a6055a3cc
[INFO] [stdout]                                at /rustc/90b35a6239c3d8bdabc530a6a0816f7ff89a0aaf/library/core/src/result.rs:1104:23
[INFO] [stdout]   20:     0x611dc60ca5fa - test_compile::test_compile::h3c886e06d1099853
[INFO] [stdout]                                at /opt/rustwide/workdir/tests/test_compile.rs:103:16
[INFO] [stdout]   21:     0x611dc60cef75 - test_compile::test_compile::case_1::h537960ffcfe1ab9d
[INFO] [stdout]                                at /opt/rustwide/workdir/tests/test_compile.rs:73:1
[INFO] [stdout]   22:     0x611dc60cee97 - test_compile::test_compile::case_1::{{closure}}::h3e71bf06a20b88b5
[INFO] [stdout]                                at /opt/rustwide/workdir/tests/test_compile.rs:73:10
[INFO] [stdout]   23:     0x611dc60c3196 - core::ops::function::FnOnce::call_once::hd9f2026bdfbde3fd
[INFO] [stdout]                                at /rustc/90b35a6239c3d8bdabc530a6a0816f7ff89a0aaf/library/core/src/ops/function.rs:250:5
[INFO] [stdout]   24:     0x611dc610c35b - core::ops::function::FnOnce::call_once::h109cf8051a59b34e
[INFO] [stdout]                                at /rustc/90b35a6239c3d8bdabc530a6a0816f7ff89a0aaf/library/core/src/ops/function.rs:250:5
[INFO] [stdout]   25:     0x611dc610c35b - test::__rust_begin_short_backtrace::hf4fff89d377446ba
[INFO] [stdout]                                at /rustc/90b35a6239c3d8bdabc530a6a0816f7ff89a0aaf/library/test/src/lib.rs:621:18
[INFO] [stdout]   26:     0x611dc610bb97 - test::run_test_in_process::{{closure}}::h0e39181dd7ee5a43
[INFO] [stdout]                                at /rustc/90b35a6239c3d8bdabc530a6a0816f7ff89a0aaf/library/test/src/lib.rs:644:60
[INFO] [stdout]   27:     0x611dc610bb97 - <core::panic::unwind_safe::AssertUnwindSafe<F> as core::ops::function::FnOnce<()>>::call_once::hc5a66a30f0bdfd1f
[INFO] [stdout]                                at /rustc/90b35a6239c3d8bdabc530a6a0816f7ff89a0aaf/library/core/src/panic/unwind_safe.rs:272:9
[INFO] [stdout]   28:     0x611dc610bb97 - std::panicking::try::do_call::h873b7cf639554a5e
[INFO] [stdout]                                at /rustc/90b35a6239c3d8bdabc530a6a0816f7ff89a0aaf/library/std/src/panicking.rs:557:40
[INFO] [stdout]   29:     0x611dc610bb97 - std::panicking::try::hdb19862fad9c8bd1
[INFO] [stdout]                                at /rustc/90b35a6239c3d8bdabc530a6a0816f7ff89a0aaf/library/std/src/panicking.rs:520:19
[INFO] [stdout]   30:     0x611dc610bb97 - std::panic::catch_unwind::h281fe732d236d260
[INFO] [stdout]                                at /rustc/90b35a6239c3d8bdabc530a6a0816f7ff89a0aaf/library/std/src/panic.rs:358:14
[INFO] [stdout]   31:     0x611dc610bb97 - test::run_test_in_process::h949b6df8457ed338
[INFO] [stdout]                                at /rustc/90b35a6239c3d8bdabc530a6a0816f7ff89a0aaf/library/test/src/lib.rs:644:27
[INFO] [stdout]   32:     0x611dc610bb97 - test::run_test::{{closure}}::h52c556a6d4740e10
[INFO] [stdout]                                at /rustc/90b35a6239c3d8bdabc530a6a0816f7ff89a0aaf/library/test/src/lib.rs:565:43
[INFO] [stdout]   33:     0x611dc60d0e74 - test::run_test::{{closure}}::h4237f6381c45ccb9
[INFO] [stdout]                                at /rustc/90b35a6239c3d8bdabc530a6a0816f7ff89a0aaf/library/test/src/lib.rs:595:41
[INFO] [stdout]   34:     0x611dc60d0e74 - std::sys::backtrace::__rust_begin_short_backtrace::h505c97a579eca628
[INFO] [stdout]                                at /rustc/90b35a6239c3d8bdabc530a6a0816f7ff89a0aaf/library/std/src/sys/backtrace.rs:154:18
[INFO] [stdout]   35:     0x611dc60d453e - std::thread::Builder::spawn_unchecked_::{{closure}}::{{closure}}::h9e86b2e2bc107ea3
[INFO] [stdout]                                at /rustc/90b35a6239c3d8bdabc530a6a0816f7ff89a0aaf/library/std/src/thread/mod.rs:538:17
[INFO] [stdout]   36:     0x611dc60d453e - <core::panic::unwind_safe::AssertUnwindSafe<F> as core::ops::function::FnOnce<()>>::call_once::h8b06ddb275ff4a25
[INFO] [stdout]                                at /rustc/90b35a6239c3d8bdabc530a6a0816f7ff89a0aaf/library/core/src/panic/unwind_safe.rs:272:9
[INFO] [stdout]   37:     0x611dc60d453e - std::panicking::try::do_call::hb26ecd7cd9a9355d
[INFO] [stdout]                                at /rustc/90b35a6239c3d8bdabc530a6a0816f7ff89a0aaf/library/std/src/panicking.rs:557:40
[INFO] [stdout]   38:     0x611dc60d453e - std::panicking::try::h8ddeca9d705f9069
[INFO] [stdout]                                at /rustc/90b35a6239c3d8bdabc530a6a0816f7ff89a0aaf/library/std/src/panicking.rs:520:19
[INFO] [stdout]   39:     0x611dc60d453e - std::panic::catch_unwind::h49e1c33078844c46
[INFO] [stdout]                                at /rustc/90b35a6239c3d8bdabc530a6a0816f7ff89a0aaf/library/std/src/panic.rs:358:14
[INFO] [stdout]   40:     0x611dc60d453e - std::thread::Builder::spawn_unchecked_::{{closure}}::h6073db6ff56ad35d
[INFO] [stdout]                                at /rustc/90b35a6239c3d8bdabc530a6a0816f7ff89a0aaf/library/std/src/thread/mod.rs:537:30
[INFO] [stdout]   41:     0x611dc60d453e - core::ops::function::FnOnce::call_once{{vtable.shim}}::h2c5a5f3779c774f1
[INFO] [stdout]                                at /rustc/90b35a6239c3d8bdabc530a6a0816f7ff89a0aaf/library/core/src/ops/function.rs:250:5
[INFO] [stdout]   42:     0x611dc6193a1b - <alloc::boxed::Box<F,A> as core::ops::function::FnOnce<Args>>::call_once::hf75717d9f28faebf
[INFO] [stdout]                                at /rustc/90b35a6239c3d8bdabc530a6a0816f7ff89a0aaf/library/alloc/src/boxed.rs:2454:9
[INFO] [stdout]   43:     0x611dc6193a1b - <alloc::boxed::Box<F,A> as core::ops::function::FnOnce<Args>>::call_once::h7bd883a5f3c5f3c1
[INFO] [stdout]                                at /rustc/90b35a6239c3d8bdabc530a6a0816f7ff89a0aaf/library/alloc/src/boxed.rs:2454:9
[INFO] [stdout]   44:     0x611dc6193a1b - std::sys::pal::unix::thread::Thread::new::thread_start::hcc78f3943333fa94
[INFO] [stdout]                                at /rustc/90b35a6239c3d8bdabc530a6a0816f7ff89a0aaf/library/std/src/sys/pal/unix/thread.rs:105:17
[INFO] [stdout]   45:     0x7f7fb5157ac3 - <unknown>
[INFO] [stdout]   46:     0x7f7fb51e8a04 - clone
[INFO] [stdout]   47:                0x0 - <unknown>
[INFO] [stdout] 
[INFO] [stdout] ---- test_compile::case_4 stdout ----
[INFO] [stdout] thread 'test_compile::case_4' panicked at tests/test_compile.rs:103:47:
[INFO] [stdout] called `Result::unwrap()` on an `Err` value: Os { code: 2, kind: NotFound, message: "No such file or directory" }
[INFO] [stdout] stack backtrace:
[INFO] [stdout]    0:     0x611dc618dc9a - std::backtrace_rs::backtrace::libunwind::trace::h5a5b8284f2d0c266
[INFO] [stdout]                                at /rustc/90b35a6239c3d8bdabc530a6a0816f7ff89a0aaf/library/std/src/../../backtrace/src/backtrace/libunwind.rs:116:5
[INFO] [stdout]    1:     0x611dc618dc9a - std::backtrace_rs::backtrace::trace_unsynchronized::h76d4f1c9b0b875e3
[INFO] [stdout]                                at /rustc/90b35a6239c3d8bdabc530a6a0816f7ff89a0aaf/library/std/src/../../backtrace/src/backtrace/mod.rs:66:5
[INFO] [stdout]    2:     0x611dc618dc9a - std::sys::backtrace::_print_fmt::hc4546b8364a537c6
[INFO] [stdout]                                at /rustc/90b35a6239c3d8bdabc530a6a0816f7ff89a0aaf/library/std/src/sys/backtrace.rs:66:9
[INFO] [stdout]    3:     0x611dc618dc9a - <std::sys::backtrace::BacktraceLock::print::DisplayBacktrace as core::fmt::Display>::fmt::h5b6bd5631a6d1f6b
[INFO] [stdout]                                at /rustc/90b35a6239c3d8bdabc530a6a0816f7ff89a0aaf/library/std/src/sys/backtrace.rs:39:26
[INFO] [stdout]    4:     0x611dc61b3853 - core::fmt::rt::Argument::fmt::h270f6602a2b96f62
[INFO] [stdout]                                at /rustc/90b35a6239c3d8bdabc530a6a0816f7ff89a0aaf/library/core/src/fmt/rt.rs:177:76
[INFO] [stdout]    5:     0x611dc61b3853 - core::fmt::write::h7550c97b06c86515
[INFO] [stdout]                                at /rustc/90b35a6239c3d8bdabc530a6a0816f7ff89a0aaf/library/core/src/fmt/mod.rs:1186:21
[INFO] [stdout]    6:     0x611dc618ae63 - std::io::Write::write_fmt::h509ff860e5956e5e
[INFO] [stdout]                                at /rustc/90b35a6239c3d8bdabc530a6a0816f7ff89a0aaf/library/std/src/io/mod.rs:1839:15
[INFO] [stdout]    7:     0x611dc618dae2 - std::sys::backtrace::BacktraceLock::print::h2395ccd2c84ba3aa
[INFO] [stdout]                                at /rustc/90b35a6239c3d8bdabc530a6a0816f7ff89a0aaf/library/std/src/sys/backtrace.rs:42:9
[INFO] [stdout]    8:     0x611dc618f0fa - std::panicking::default_hook::{{closure}}::he19d4c7230e07961
[INFO] [stdout]                                at /rustc/90b35a6239c3d8bdabc530a6a0816f7ff89a0aaf/library/std/src/panicking.rs:268:22
[INFO] [stdout]    9:     0x611dc618ef04 - std::panicking::default_hook::hf614597d3c67bbdb
[INFO] [stdout]                                at /rustc/90b35a6239c3d8bdabc530a6a0816f7ff89a0aaf/library/std/src/panicking.rs:292:9
[INFO] [stdout]   10:     0x611dc6107999 - <alloc::boxed::Box<F,A> as core::ops::function::Fn<Args>>::call::h39b51ce4599c23d1
[INFO] [stdout]                                at /rustc/90b35a6239c3d8bdabc530a6a0816f7ff89a0aaf/library/alloc/src/boxed.rs:2468:9
[INFO] [stdout]   11:     0x611dc6107999 - test::test_main::{{closure}}::he977ae839a582784
[INFO] [stdout]                                at /rustc/90b35a6239c3d8bdabc530a6a0816f7ff89a0aaf/library/test/src/lib.rs:133:21
[INFO] [stdout]   12:     0x611dc618f798 - <alloc::boxed::Box<F,A> as core::ops::function::Fn<Args>>::call::h9455091b6b06f9fb
[INFO] [stdout]                                at /rustc/90b35a6239c3d8bdabc530a6a0816f7ff89a0aaf/library/alloc/src/boxed.rs:2468:9
[INFO] [stdout]   13:     0x611dc618f798 - std::panicking::rust_panic_with_hook::h8942133a8b252070
[INFO] [stdout]                                at /rustc/90b35a6239c3d8bdabc530a6a0816f7ff89a0aaf/library/std/src/panicking.rs:809:13
[INFO] [stdout]   14:     0x611dc618f55a - std::panicking::begin_panic_handler::{{closure}}::hb5f5963570096b29
[INFO] [stdout]                                at /rustc/90b35a6239c3d8bdabc530a6a0816f7ff89a0aaf/library/std/src/panicking.rs:674:13
[INFO] [stdout]   15:     0x611dc618e179 - std::sys::backtrace::__rust_end_short_backtrace::h6208cedc1922feda
[INFO] [stdout]                                at /rustc/90b35a6239c3d8bdabc530a6a0816f7ff89a0aaf/library/std/src/sys/backtrace.rs:170:18
[INFO] [stdout]   16:     0x611dc618f1ec - rust_begin_unwind
[INFO] [stdout]                                at /rustc/90b35a6239c3d8bdabc530a6a0816f7ff89a0aaf/library/std/src/panicking.rs:665:5
[INFO] [stdout]   17:     0x611dc60bcb90 - core::panicking::panic_fmt::h0c3082644d1bf418
[INFO] [stdout]                                at /rustc/90b35a6239c3d8bdabc530a6a0816f7ff89a0aaf/library/core/src/panicking.rs:74:14
[INFO] [stdout]   18:     0x611dc60bcf36 - core::result::unwrap_failed::hd20b4aa073bda1e2
[INFO] [stdout]                                at /rustc/90b35a6239c3d8bdabc530a6a0816f7ff89a0aaf/library/core/src/result.rs:1700:5
[INFO] [stdout]   19:     0x611dc60ca5fa - core::result::Result<T,E>::unwrap::h452d265a6055a3cc
[INFO] [stdout]                                at /rustc/90b35a6239c3d8bdabc530a6a0816f7ff89a0aaf/library/core/src/result.rs:1104:23
[INFO] [stdout]   20:     0x611dc60ca5fa - test_compile::test_compile::h3c886e06d1099853
[INFO] [stdout]                                at /opt/rustwide/workdir/tests/test_compile.rs:103:16
[INFO] [stdout]   21:     0x611dc60cf305 - test_compile::test_compile::case_4::h793c635968d13a39
[INFO] [stdout]                                at /opt/rustwide/workdir/tests/test_compile.rs:73:1
[INFO] [stdout]   22:     0x611dc60cf227 - test_compile::test_compile::case_4::{{closure}}::hfe31a941705217d1
[INFO] [stdout]                                at /opt/rustwide/workdir/tests/test_compile.rs:73:10
[INFO] [stdout]   23:     0x611dc60c2f86 - core::ops::function::FnOnce::call_once::h1dbb6e17f58d33fc
[INFO] [stdout]                                at /rustc/90b35a6239c3d8bdabc530a6a0816f7ff89a0aaf/library/core/src/ops/function.rs:250:5
[INFO] [stdout]   24:     0x611dc610c35b - core::ops::function::FnOnce::call_once::h109cf8051a59b34e
[INFO] [stdout]                                at /rustc/90b35a6239c3d8bdabc530a6a0816f7ff89a0aaf/library/core/src/ops/function.rs:250:5
[INFO] [stdout]   25:     0x611dc610c35b - test::__rust_begin_short_backtrace::hf4fff89d377446ba
[INFO] [stdout]                                at /rustc/90b35a6239c3d8bdabc530a6a0816f7ff89a0aaf/library/test/src/lib.rs:621:18
[INFO] [stdout]   26:     0x611dc610bb97 - test::run_test_in_process::{{closure}}::h0e39181dd7ee5a43
[INFO] [stdout]                                at /rustc/90b35a6239c3d8bdabc530a6a0816f7ff89a0aaf/library/test/src/lib.rs:644:60
[INFO] [stdout]   27:     0x611dc610bb97 - <core::panic::unwind_safe::AssertUnwindSafe<F> as core::ops::function::FnOnce<()>>::call_once::hc5a66a30f0bdfd1f
[INFO] [stdout]                                at /rustc/90b35a6239c3d8bdabc530a6a0816f7ff89a0aaf/library/core/src/panic/unwind_safe.rs:272:9
[INFO] [stdout]   28:     0x611dc610bb97 - std::panicking::try::do_call::h873b7cf639554a5e
[INFO] [stdout]                                at /rustc/90b35a6239c3d8bdabc530a6a0816f7ff89a0aaf/library/std/src/panicking.rs:557:40
[INFO] [stdout]   29:     0x611dc610bb97 - std::panicking::try::hdb19862fad9c8bd1
[INFO] [stdout]                                at /rustc/90b35a6239c3d8bdabc530a6a0816f7ff89a0aaf/library/std/src/panicking.rs:520:19
[INFO] [stdout]   30:     0x611dc610bb97 - std::panic::catch_unwind::h281fe732d236d260
[INFO] [stdout]                                at /rustc/90b35a6239c3d8bdabc530a6a0816f7ff89a0aaf/library/std/src/panic.rs:358:14
[INFO] [stdout]   31:     0x611dc610bb97 - test::run_test_in_process::h949b6df8457ed338
[INFO] [stdout]                                at /rustc/90b35a6239c3d8bdabc530a6a0816f7ff89a0aaf/library/test/src/lib.rs:644:27
[INFO] [stdout]   32:     0x611dc610bb97 - test::run_test::{{closure}}::h52c556a6d4740e10
[INFO] [stdout]                                at /rustc/90b35a6239c3d8bdabc530a6a0816f7ff89a0aaf/library/test/src/lib.rs:565:43
[INFO] [stdout]   33:     0x611dc60d0e74 - test::run_test::{{closure}}::h4237f6381c45ccb9
[INFO] [stdout]                                at /rustc/90b35a6239c3d8bdabc530a6a0816f7ff89a0aaf/library/test/src/lib.rs:595:41
[INFO] [stdout]   34:     0x611dc60d0e74 - std::sys::backtrace::__rust_begin_short_backtrace::h505c97a579eca628
[INFO] [stdout]                                at /rustc/90b35a6239c3d8bdabc530a6a0816f7ff89a0aaf/library/std/src/sys/backtrace.rs:154:18
[INFO] [stdout]   35:     0x611dc60d453e - std::thread::Builder::spawn_unchecked_::{{closure}}::{{closure}}::h9e86b2e2bc107ea3
[INFO] [stdout]                                at /rustc/90b35a6239c3d8bdabc530a6a0816f7ff89a0aaf/library/std/src/thread/mod.rs:538:17
[INFO] [stdout]   36:     0x611dc60d453e - <core::panic::unwind_safe::AssertUnwindSafe<F> as core::ops::function::FnOnce<()>>::call_once::h8b06ddb275ff4a25
[INFO] [stdout]                                at /rustc/90b35a6239c3d8bdabc530a6a0816f7ff89a0aaf/library/core/src/panic/unwind_safe.rs:272:9
[INFO] [stdout]   37:     0x611dc60d453e - std::panicking::try::do_call::hb26ecd7cd9a9355d
[INFO] [stdout]                                at /rustc/90b35a6239c3d8bdabc530a6a0816f7ff89a0aaf/library/std/src/panicking.rs:557:40
[INFO] [stdout]   38:     0x611dc60d453e - std::panicking::try::h8ddeca9d705f9069
[INFO] [stdout]                                at /rustc/90b35a6239c3d8bdabc530a6a0816f7ff89a0aaf/library/std/src/panicking.rs:520:19
[INFO] [stdout]   39:     0x611dc60d453e - std::panic::catch_unwind::h49e1c33078844c46
[INFO] [stdout]                                at /rustc/90b35a6239c3d8bdabc530a6a0816f7ff89a0aaf/library/std/src/panic.rs:358:14
[INFO] [stdout]   40:     0x611dc60d453e - std::thread::Builder::spawn_unchecked_::{{closure}}::h6073db6ff56ad35d
[INFO] [stdout]                                at /rustc/90b35a6239c3d8bdabc530a6a0816f7ff89a0aaf/library/std/src/thread/mod.rs:537:30
[INFO] [stdout]   41:     0x611dc60d453e - core::ops::function::FnOnce::call_once{{vtable.shim}}::h2c5a5f3779c774f1
[INFO] [stdout]                                at /rustc/90b35a6239c3d8bdabc530a6a0816f7ff89a0aaf/library/core/src/ops/function.rs:250:5
[INFO] [stdout]   42:     0x611dc6193a1b - <alloc::boxed::Box<F,A> as core::ops::function::FnOnce<Args>>::call_once::hf75717d9f28faebf
[INFO] [stdout]                                at /rustc/90b35a6239c3d8bdabc530a6a0816f7ff89a0aaf/library/alloc/src/boxed.rs:2454:9
[INFO] [stdout]   43:     0x611dc6193a1b - <alloc::boxed::Box<F,A> as core::ops::function::FnOnce<Args>>::call_once::h7bd883a5f3c5f3c1
[INFO] [stdout]                                at /rustc/90b35a6239c3d8bdabc530a6a0816f7ff89a0aaf/library/alloc/src/boxed.rs:2454:9
[INFO] [stdout]   44:     0x611dc6193a1b - std::sys::pal::unix::thread::Thread::new::thread_start::hcc78f3943333fa94
[INFO] [stdout]                                at /rustc/90b35a6239c3d8bdabc530a6a0816f7ff89a0aaf/library/std/src/sys/pal/unix/thread.rs:105:17
[INFO] [stdout]   45:     0x7f7fb5157ac3 - <unknown>
[INFO] [stdout]   46:     0x7f7fb51e8a04 - clone
[INFO] [stdout]   47:                0x0 - <unknown>
[INFO] [stdout] 
[INFO] [stdout] ---- test_compile::case_3 stdout ----
[INFO] [stdout] thread 'test_compile::case_3' panicked at tests/test_compile.rs:103:47:
[INFO] [stdout] called `Result::unwrap()` on an `Err` value: Os { code: 2, kind: NotFound, message: "No such file or directory" }
[INFO] [stdout] stack backtrace:
[INFO] [stdout]    0:     0x611dc618dc9a - std::backtrace_rs::backtrace::libunwind::trace::h5a5b8284f2d0c266
[INFO] [stdout]                                at /rustc/90b35a6239c3d8bdabc530a6a0816f7ff89a0aaf/library/std/src/../../backtrace/src/backtrace/libunwind.rs:116:5
[INFO] [stdout]    1:     0x611dc618dc9a - std::backtrace_rs::backtrace::trace_unsynchronized::h76d4f1c9b0b875e3
[INFO] [stdout]                                at /rustc/90b35a6239c3d8bdabc530a6a0816f7ff89a0aaf/library/std/src/../../backtrace/src/backtrace/mod.rs:66:5
[INFO] [stdout]    2:     0x611dc618dc9a - std::sys::backtrace::_print_fmt::hc4546b8364a537c6
[INFO] [stdout]                                at /rustc/90b35a6239c3d8bdabc530a6a0816f7ff89a0aaf/library/std/src/sys/backtrace.rs:66:9
[INFO] [stdout]    3:     0x611dc618dc9a - <std::sys::backtrace::BacktraceLock::print::DisplayBacktrace as core::fmt::Display>::fmt::h5b6bd5631a6d1f6b
[INFO] [stdout]                                at /rustc/90b35a6239c3d8bdabc530a6a0816f7ff89a0aaf/library/std/src/sys/backtrace.rs:39:26
[INFO] [stdout]    4:     0x611dc61b3853 - core::fmt::rt::Argument::fmt::h270f6602a2b96f62
[INFO] [stdout]                                at /rustc/90b35a6239c3d8bdabc530a6a0816f7ff89a0aaf/library/core/src/fmt/rt.rs:177:76
[INFO] [stdout]    5:     0x611dc61b3853 - core::fmt::write::h7550c97b06c86515
[INFO] [stdout]                                at /rustc/90b35a6239c3d8bdabc530a6a0816f7ff89a0aaf/library/core/src/fmt/mod.rs:1186:21
[INFO] [stdout]    6:     0x611dc618ae63 - std::io::Write::write_fmt::h509ff860e5956e5e
[INFO] [stdout]                                at /rustc/90b35a6239c3d8bdabc530a6a0816f7ff89a0aaf/library/std/src/io/mod.rs:1839:15
[INFO] [stdout]    7:     0x611dc618dae2 - std::sys::backtrace::BacktraceLock::print::h2395ccd2c84ba3aa
[INFO] [stdout]                                at /rustc/90b35a6239c3d8bdabc530a6a0816f7ff89a0aaf/library/std/src/sys/backtrace.rs:42:9
[INFO] [stdout]    8:     0x611dc618f0fa - std::panicking::default_hook::{{closure}}::he19d4c7230e07961
[INFO] [stdout]                                at /rustc/90b35a6239c3d8bdabc530a6a0816f7ff89a0aaf/library/std/src/panicking.rs:268:22
[INFO] [stdout]    9:     0x611dc618ef04 - std::panicking::default_hook::hf614597d3c67bbdb
[INFO] [stdout]                                at /rustc/90b35a6239c3d8bdabc530a6a0816f7ff89a0aaf/library/std/src/panicking.rs:292:9
[INFO] [stdout]   10:     0x611dc6107999 - <alloc::boxed::Box<F,A> as core::ops::function::Fn<Args>>::call::h39b51ce4599c23d1
[INFO] [stdout]                                at /rustc/90b35a6239c3d8bdabc530a6a0816f7ff89a0aaf/library/alloc/src/boxed.rs:2468:9
[INFO] [stdout]   11:     0x611dc6107999 - test::test_main::{{closure}}::he977ae839a582784
[INFO] [stdout]                                at /rustc/90b35a6239c3d8bdabc530a6a0816f7ff89a0aaf/library/test/src/lib.rs:133:21
[INFO] [stdout]   12:     0x611dc618f798 - <alloc::boxed::Box<F,A> as core::ops::function::Fn<Args>>::call::h9455091b6b06f9fb
[INFO] [stdout]                                at /rustc/90b35a6239c3d8bdabc530a6a0816f7ff89a0aaf/library/alloc/src/boxed.rs:2468:9
[INFO] [stdout]   13:     0x611dc618f798 - std::panicking::rust_panic_with_hook::h8942133a8b252070
[INFO] [stdout]                                at /rustc/90b35a6239c3d8bdabc530a6a0816f7ff89a0aaf/library/std/src/panicking.rs:809:13
[INFO] [stdout]   14:     0x611dc618f55a - std::panicking::begin_panic_handler::{{closure}}::hb5f5963570096b29
[INFO] [stdout]                                at /rustc/90b35a6239c3d8bdabc530a6a0816f7ff89a0aaf/library/std/src/panicking.rs:674:13
[INFO] [stdout]   15:     0x611dc618e179 - std::sys::backtrace::__rust_end_short_backtrace::h6208cedc1922feda
[INFO] [stdout]                                at /rustc/90b35a6239c3d8bdabc530a6a0816f7ff89a0aaf/library/std/src/sys/backtrace.rs:170:18
[INFO] [stdout]   16:     0x611dc618f1ec - rust_begin_unwind
[INFO] [stdout]                                at /rustc/90b35a6239c3d8bdabc530a6a0816f7ff89a0aaf/library/std/src/panicking.rs:665:5
[INFO] [stdout]   17:     0x611dc60bcb90 - core::panicking::panic_fmt::h0c3082644d1bf418
[INFO] [stdout]                                at /rustc/90b35a6239c3d8bdabc530a6a0816f7ff89a0aaf/library/core/src/panicking.rs:74:14
[INFO] [stdout]   18:     0x611dc60bcf36 - core::result::unwrap_failed::hd20b4aa073bda1e2
[INFO] [stdout]                                at /rustc/90b35a6239c3d8bdabc530a6a0816f7ff89a0aaf/library/core/src/result.rs:1700:5
[INFO] [stdout]   19:     0x611dc60ca5fa - core::result::Result<T,E>::unwrap::h452d265a6055a3cc
[INFO] [stdout]                                at /rustc/90b35a6239c3d8bdabc530a6a0816f7ff89a0aaf/library/core/src/result.rs:1104:23
[INFO] [stdout]   20:     0x611dc60ca5fa - test_compile::test_compile::h3c886e06d1099853
[INFO] [stdout]                                at /opt/rustwide/workdir/tests/test_compile.rs:103:16
[INFO] [stdout]   21:     0x611dc60cf1d5 - test_compile::test_compile::case_3::hdc5aac5a689de47f
[INFO] [stdout]                                at /opt/rustwide/workdir/tests/test_compile.rs:73:1
[INFO] [stdout]   22:     0x611dc60cf0f7 - test_compile::test_compile::case_3::{{closure}}::ha36f6ecc8052f8fe
[INFO] [stdout]                                at /opt/rustwide/workdir/tests/test_compile.rs:73:10
[INFO] [stdout]   23:     0x611dc60c31d6 - core::ops::function::FnOnce::call_once::hda2a646ff02556ee
[INFO] [stdout]                                at /rustc/90b35a6239c3d8bdabc530a6a0816f7ff89a0aaf/library/core/src/ops/function.rs:250:5
[INFO] [stdout]   24:     0x611dc610c35b - core::ops::function::FnOnce::call_once::h109cf8051a59b34e
[INFO] [stdout]                                at /rustc/90b35a6239c3d8bdabc530a6a0816f7ff89a0aaf/library/core/src/ops/function.rs:250:5
[INFO] [stdout]   25:     0x611dc610c35b - test::__rust_begin_short_backtrace::hf4fff89d377446ba
[INFO] [stdout]                                at /rustc/90b35a6239c3d8bdabc530a6a0816f7ff89a0aaf/library/test/src/lib.rs:621:18
[INFO] [stdout]   26:     0x611dc610bb97 - test::run_test_in_process::{{closure}}::h0e39181dd7ee5a43
[INFO] [stdout]                                at /rustc/90b35a6239c3d8bdabc530a6a0816f7ff89a0aaf/library/test/src/lib.rs:644:60
[INFO] [stdout]   27:     0x611dc610bb97 - <core::panic::unwind_safe::AssertUnwindSafe<F> as core::ops::function::FnOnce<()>>::call_once::hc5a66a30f0bdfd1f
[INFO] [stdout]                                at /rustc/90b35a6239c3d8bdabc530a6a0816f7ff89a0aaf/library/core/src/panic/unwind_safe.rs:272:9
[INFO] [stdout]   28:     0x611dc610bb97 - std::panicking::try::do_call::h873b7cf639554a5e
[INFO] [stdout]                                at /rustc/90b35a6239c3d8bdabc530a6a0816f7ff89a0aaf/library/std/src/panicking.rs:557:40
[INFO] [stdout]   29:     0x611dc610bb97 - std::panicking::try::hdb19862fad9c8bd1
[INFO] [stdout]                                at /rustc/90b35a6239c3d8bdabc530a6a0816f7ff89a0aaf/library/std/src/panicking.rs:520:19
[INFO] [stdout]   30:     0x611dc610bb97 - std::panic::catch_unwind::h281fe732d236d260
[INFO] [stdout]                                at /rustc/90b35a6239c3d8bdabc530a6a0816f7ff89a0aaf/library/std/src/panic.rs:358:14
[INFO] [stdout]   31:     0x611dc610bb97 - test::run_test_in_process::h949b6df8457ed338
[INFO] [stdout]                                at /rustc/90b35a6239c3d8bdabc530a6a0816f7ff89a0aaf/library/test/src/lib.rs:644:27
[INFO] [stdout]   32:     0x611dc610bb97 - test::run_test::{{closure}}::h52c556a6d4740e10
[INFO] [stdout]                                at /rustc/90b35a6239c3d8bdabc530a6a0816f7ff89a0aaf/library/test/src/lib.rs:565:43
[INFO] [stdout]   33:     0x611dc60d0e74 - test::run_test::{{closure}}::h4237f6381c45ccb9
[INFO] [stdout]                                at /rustc/90b35a6239c3d8bdabc530a6a0816f7ff89a0aaf/library/test/src/lib.rs:595:41
[INFO] [stdout]   34:     0x611dc60d0e74 - std::sys::backtrace::__rust_begin_short_backtrace::h505c97a579eca628
[INFO] [stdout]                                at /rustc/90b35a6239c3d8bdabc530a6a0816f7ff89a0aaf/library/std/src/sys/backtrace.rs:154:18
[INFO] [stdout]   35:     0x611dc60d453e - std::thread::Builder::spawn_unchecked_::{{closure}}::{{closure}}::h9e86b2e2bc107ea3
[INFO] [stdout]                                at /rustc/90b35a6239c3d8bdabc530a6a0816f7ff89a0aaf/library/std/src/thread/mod.rs:538:17
[INFO] [stdout]   36:     0x611dc60d453e - <core::panic::unwind_safe::AssertUnwindSafe<F> as core::ops::function::FnOnce<()>>::call_once::h8b06ddb275ff4a25
[INFO] [stdout]                                at /rustc/90b35a6239c3d8bdabc530a6a0816f7ff89a0aaf/library/core/src/panic/unwind_safe.rs:272:9
[INFO] [stdout]   37:     0x611dc60d453e - std::panicking::try::do_call::hb26ecd7cd9a9355d
[INFO] [stdout]                                at /rustc/90b35a6239c3d8bdabc530a6a0816f7ff89a0aaf/library/std/src/panicking.rs:557:40
[INFO] [stdout]   38:     0x611dc60d453e - std::panicking::try::h8ddeca9d705f9069
[INFO] [stdout]                                at /rustc/90b35a6239c3d8bdabc530a6a0816f7ff89a0aaf/library/std/src/panicking.rs:520:19
[INFO] [stdout]   39:     0x611dc60d453e - std::panic::catch_unwind::h49e1c33078844c46
[INFO] [stdout]                                at /rustc/90b35a6239c3d8bdabc530a6a0816f7ff89a0aaf/library/std/src/panic.rs:358:14
[INFO] [stdout]   40:     0x611dc60d453e - std::thread::Builder::spawn_unchecked_::{{closure}}::h6073db6ff56ad35d
[INFO] [stdout]                                at /rustc/90b35a6239c3d8bdabc530a6a0816f7ff89a0aaf/library/std/src/thread/mod.rs:537:30
[INFO] [stdout]   41:     0x611dc60d453e - core::ops::function::FnOnce::call_once{{vtable.shim}}::h2c5a5f3779c774f1
[INFO] [stdout]                                at /rustc/90b35a6239c3d8bdabc530a6a0816f7ff89a0aaf/library/core/src/ops/function.rs:250:5
[INFO] [stdout]   42:     0x611dc6193a1b - <alloc::boxed::Box<F,A> as core::ops::function::FnOnce<Args>>::call_once::hf75717d9f28faebf
[INFO] [stdout]                                at /rustc/90b35a6239c3d8bdabc530a6a0816f7ff89a0aaf/library/alloc/src/boxed.rs:2454:9
[INFO] [stdout]   43:     0x611dc6193a1b - <alloc::boxed::Box<F,A> as core::ops::function::FnOnce<Args>>::call_once::h7bd883a5f3c5f3c1
[INFO] [stdout]                                at /rustc/90b35a6239c3d8bdabc530a6a0816f7ff89a0aaf/library/alloc/src/boxed.rs:2454:9
[INFO] [stdout]   44:     0x611dc6193a1b - std::sys::pal::unix::thread::Thread::new::thread_start::hcc78f3943333fa94
[INFO] [stdout]                                at /rustc/90b35a6239c3d8bdabc530a6a0816f7ff89a0aaf/library/std/src/sys/pal/unix/thread.rs:105:17
[INFO] [stdout]   45:     0x7f7fb5157ac3 - <unknown>
[INFO] [stdout]   46:     0x7f7fb51e8a04 - clone
[INFO] [stdout]   47:                0x0 - <unknown>
[INFO] [stdout] 
[INFO] [stdout] ---- test_compile::case_5 stdout ----
[INFO] [stdout] thread 'test_compile::case_5' panicked at tests/test_compile.rs:103:47:
[INFO] [stdout] called `Result::unwrap()` on an `Err` value: Os { code: 2, kind: NotFound, message: "No such file or directory" }
[INFO] [stdout] stack backtrace:
[INFO] [stdout]    0:     0x611dc618dc9a - std::backtrace_rs::backtrace::libunwind::trace::h5a5b8284f2d0c266
[INFO] [stdout]                                at /rustc/90b35a6239c3d8bdabc530a6a0816f7ff89a0aaf/library/std/src/../../backtrace/src/backtrace/libunwind.rs:116:5
[INFO] [stdout]    1:     0x611dc618dc9a - std::backtrace_rs::backtrace::trace_unsynchronized::h76d4f1c9b0b875e3
[INFO] [stdout]                                at /rustc/90b35a6239c3d8bdabc530a6a0816f7ff89a0aaf/library/std/src/../../backtrace/src/backtrace/mod.rs:66:5
[INFO] [stdout]    2:     0x611dc618dc9a - std::sys::backtrace::_print_fmt::hc4546b8364a537c6
[INFO] [stdout]                                at /rustc/90b35a6239c3d8bdabc530a6a0816f7ff89a0aaf/library/std/src/sys/backtrace.rs:66:9
[INFO] [stdout]    3:     0x611dc618dc9a - <std::sys::backtrace::BacktraceLock::print::DisplayBacktrace as core::fmt::Display>::fmt::h5b6bd5631a6d1f6b
[INFO] [stdout]                                at /rustc/90b35a6239c3d8bdabc530a6a0816f7ff89a0aaf/library/std/src/sys/backtrace.rs:39:26
[INFO] [stdout]    4:     0x611dc61b3853 - core::fmt::rt::Argument::fmt::h270f6602a2b96f62
[INFO] [stdout]                                at /rustc/90b35a6239c3d8bdabc530a6a0816f7ff89a0aaf/library/core/src/fmt/rt.rs:177:76
[INFO] [stdout]    5:     0x611dc61b3853 - core::fmt::write::h7550c97b06c86515
[INFO] [stdout]                                at /rustc/90b35a6239c3d8bdabc530a6a0816f7ff89a0aaf/library/core/src/fmt/mod.rs:1186:21
[INFO] [stdout]    6:     0x611dc618ae63 - std::io::Write::write_fmt::h509ff860e5956e5e
[INFO] [stdout]                                at /rustc/90b35a6239c3d8bdabc530a6a0816f7ff89a0aaf/library/std/src/io/mod.rs:1839:15
[INFO] [stdout]    7:     0x611dc618dae2 - std::sys::backtrace::BacktraceLock::print::h2395ccd2c84ba3aa
[INFO] [stdout]                                at /rustc/90b35a6239c3d8bdabc530a6a0816f7ff89a0aaf/library/std/src/sys/backtrace.rs:42:9
[INFO] [stdout]    8:     0x611dc618f0fa - std::panicking::default_hook::{{closure}}::he19d4c7230e07961
[INFO] [stdout]                                at /rustc/90b35a6239c3d8bdabc530a6a0816f7ff89a0aaf/library/std/src/panicking.rs:268:22
[INFO] [stdout]    9:     0x611dc618ef04 - std::panicking::default_hook::hf614597d3c67bbdb
[INFO] [stdout]                                at /rustc/90b35a6239c3d8bdabc530a6a0816f7ff89a0aaf/library/std/src/panicking.rs:292:9
[INFO] [stdout]   10:     0x611dc6107999 - <alloc::boxed::Box<F,A> as core::ops::function::Fn<Args>>::call::h39b51ce4599c23d1
[INFO] [stdout]                                at /rustc/90b35a6239c3d8bdabc530a6a0816f7ff89a0aaf/library/alloc/src/boxed.rs:2468:9
[INFO] [stdout]   11:     0x611dc6107999 - test::test_main::{{closure}}::he977ae839a582784
[INFO] [stdout]                                at /rustc/90b35a6239c3d8bdabc530a6a0816f7ff89a0aaf/library/test/src/lib.rs:133:21
[INFO] [stdout]   12:     0x611dc618f798 - <alloc::boxed::Box<F,A> as core::ops::function::Fn<Args>>::call::h9455091b6b06f9fb
[INFO] [stdout]                                at /rustc/90b35a6239c3d8bdabc530a6a0816f7ff89a0aaf/library/alloc/src/boxed.rs:2468:9
[INFO] [stdout]   13:     0x611dc618f798 - std::panicking::rust_panic_with_hook::h8942133a8b252070
[INFO] [stdout]                                at /rustc/90b35a6239c3d8bdabc530a6a0816f7ff89a0aaf/library/std/src/panicking.rs:809:13
[INFO] [stdout]   14:     0x611dc618f55a - std::panicking::begin_panic_handler::{{closure}}::hb5f5963570096b29
[INFO] [stdout]                                at /rustc/90b35a6239c3d8bdabc530a6a0816f7ff89a0aaf/library/std/src/panicking.rs:674:13
[INFO] [stdout]   15:     0x611dc618e179 - std::sys::backtrace::__rust_end_short_backtrace::h6208cedc1922feda
[INFO] [stdout]                                at /rustc/90b35a6239c3d8bdabc530a6a0816f7ff89a0aaf/library/std/src/sys/backtrace.rs:170:18
[INFO] [stdout]   16:     0x611dc618f1ec - rust_begin_unwind
[INFO] [stdout]                                at /rustc/90b35a6239c3d8bdabc530a6a0816f7ff89a0aaf/library/std/src/panicking.rs:665:5
[INFO] [stdout]   17:     0x611dc60bcb90 - core::panicking::panic_fmt::h0c3082644d1bf418
[INFO] [stdout]                                at /rustc/90b35a6239c3d8bdabc530a6a0816f7ff89a0aaf/library/core/src/panicking.rs:74:14
[INFO] [stdout]   18:     0x611dc60bcf36 - core::result::unwrap_failed::hd20b4aa073bda1e2
[INFO] [stdout]                                at /rustc/90b35a6239c3d8bdabc530a6a0816f7ff89a0aaf/library/core/src/result.rs:1700:5
[INFO] [stderr] error: test failed, to rerun pass `--test test_compile`
[INFO] [stdout]   19:     0x611dc60ca5fa - core::result::Result<T,E>::unwrap::h452d265a6055a3cc
[INFO] [stdout]                                at /rustc/90b35a6239c3d8bdabc530a6a0816f7ff89a0aaf/library/core/src/result.rs:1104:23
[INFO] [stdout]   20:     0x611dc60ca5fa - test_compile::test_compile::h3c886e06d1099853
[INFO] [stdout]                                at /opt/rustwide/workdir/tests/test_compile.rs:103:16
[INFO] [stdout]   21:     0x611dc60cf435 - test_compile::test_compile::case_5::h6b52e4383782e66b
[INFO] [stdout]                                at /opt/rustwide/workdir/tests/test_compile.rs:73:1
[INFO] [stdout]   22:     0x611dc60cf357 - test_compile::test_compile::case_5::{{closure}}::haeae66a75effd4fd
[INFO] [stdout]                                at /opt/rustwide/workdir/tests/test_compile.rs:73:10
[INFO] [stdout]   23:     0x611dc60c3116 - core::ops::function::FnOnce::call_once::hbc328c41ea5d2eb6
[INFO] [stdout]                                at /rustc/90b35a6239c3d8bdabc530a6a0816f7ff89a0aaf/library/core/src/ops/function.rs:250:5
[INFO] [stdout]   24:     0x611dc610c35b - core::ops::function::FnOnce::call_once::h109cf8051a59b34e
[INFO] [stdout]                                at /rustc/90b35a6239c3d8bdabc530a6a0816f7ff89a0aaf/library/core/src/ops/function.rs:250:5
[INFO] [stdout]   25:     0x611dc610c35b - test::__rust_begin_short_backtrace::hf4fff89d377446ba
[INFO] [stdout]                                at /rustc/90b35a6239c3d8bdabc530a6a0816f7ff89a0aaf/library/test/src/lib.rs:621:18
[INFO] [stdout]   26:     0x611dc610bb97 - test::run_test_in_process::{{closure}}::h0e39181dd7ee5a43
[INFO] [stdout]                                at /rustc/90b35a6239c3d8bdabc530a6a0816f7ff89a0aaf/library/test/src/lib.rs:644:60
[INFO] [stdout]   27:     0x611dc610bb97 - <core::panic::unwind_safe::AssertUnwindSafe<F> as core::ops::function::FnOnce<()>>::call_once::hc5a66a30f0bdfd1f
[INFO] [stdout]                                at /rustc/90b35a6239c3d8bdabc530a6a0816f7ff89a0aaf/library/core/src/panic/unwind_safe.rs:272:9
[INFO] [stdout]   28:     0x611dc610bb97 - std::panicking::try::do_call::h873b7cf639554a5e
[INFO] [stdout]                                at /rustc/90b35a6239c3d8bdabc530a6a0816f7ff89a0aaf/library/std/src/panicking.rs:557:40
[INFO] [stdout]   29:     0x611dc610bb97 - std::panicking::try::hdb19862fad9c8bd1
[INFO] [stdout]                                at /rustc/90b35a6239c3d8bdabc530a6a0816f7ff89a0aaf/library/std/src/panicking.rs:520:19
[INFO] [stdout]   30:     0x611dc610bb97 - std::panic::catch_unwind::h281fe732d236d260
[INFO] [stdout]                                at /rustc/90b35a6239c3d8bdabc530a6a0816f7ff89a0aaf/library/std/src/panic.rs:358:14
[INFO] [stdout]   31:     0x611dc610bb97 - test::run_test_in_process::h949b6df8457ed338
[INFO] [stdout]                                at /rustc/90b35a6239c3d8bdabc530a6a0816f7ff89a0aaf/library/test/src/lib.rs:644:27
[INFO] [stdout]   32:     0x611dc610bb97 - test::run_test::{{closure}}::h52c556a6d4740e10
[INFO] [stdout]                                at /rustc/90b35a6239c3d8bdabc530a6a0816f7ff89a0aaf/library/test/src/lib.rs:565:43
[INFO] [stdout]   33:     0x611dc60d0e74 - test::run_test::{{closure}}::h4237f6381c45ccb9
[INFO] [stdout]                                at /rustc/90b35a6239c3d8bdabc530a6a0816f7ff89a0aaf/library/test/src/lib.rs:595:41
[INFO] [stdout]   34:     0x611dc60d0e74 - std::sys::backtrace::__rust_begin_short_backtrace::h505c97a579eca628
[INFO] [stdout]                                at /rustc/90b35a6239c3d8bdabc530a6a0816f7ff89a0aaf/library/std/src/sys/backtrace.rs:154:18
[INFO] [stdout]   35:     0x611dc60d453e - std::thread::Builder::spawn_unchecked_::{{closure}}::{{closure}}::h9e86b2e2bc107ea3
[INFO] [stdout]                                at /rustc/90b35a6239c3d8bdabc530a6a0816f7ff89a0aaf/library/std/src/thread/mod.rs:538:17
[INFO] [stdout]   36:     0x611dc60d453e - <core::panic::unwind_safe::AssertUnwindSafe<F> as core::ops::function::FnOnce<()>>::call_once::h8b06ddb275ff4a25
[INFO] [stdout]                                at /rustc/90b35a6239c3d8bdabc530a6a0816f7ff89a0aaf/library/core/src/panic/unwind_safe.rs:272:9
[INFO] [stdout]   37:     0x611dc60d453e - std::panicking::try::do_call::hb26ecd7cd9a9355d
[INFO] [stdout]                                at /rustc/90b35a6239c3d8bdabc530a6a0816f7ff89a0aaf/library/std/src/panicking.rs:557:40
[INFO] [stdout]   38:     0x611dc60d453e - std::panicking::try::h8ddeca9d705f9069
[INFO] [stdout]                                at /rustc/90b35a6239c3d8bdabc530a6a0816f7ff89a0aaf/library/std/src/panicking.rs:520:19
[INFO] [stdout]   39:     0x611dc60d453e - std::panic::catch_unwind::h49e1c33078844c46
[INFO] [stdout]                                at /rustc/90b35a6239c3d8bdabc530a6a0816f7ff89a0aaf/library/std/src/panic.rs:358:14
[INFO] [stdout]   40:     0x611dc60d453e - std::thread::Builder::spawn_unchecked_::{{closure}}::h6073db6ff56ad35d
[INFO] [stdout]                                at /rustc/90b35a6239c3d8bdabc530a6a0816f7ff89a0aaf/library/std/src/thread/mod.rs:537:30
[INFO] [stdout]   41:     0x611dc60d453e - core::ops::function::FnOnce::call_once{{vtable.shim}}::h2c5a5f3779c774f1
[INFO] [stdout]                                at /rustc/90b35a6239c3d8bdabc530a6a0816f7ff89a0aaf/library/core/src/ops/function.rs:250:5
[INFO] [stdout]   42:     0x611dc6193a1b - <alloc::boxed::Box<F,A> as core::ops::function::FnOnce<Args>>::call_once::hf75717d9f28faebf
[INFO] [stdout]                                at /rustc/90b35a6239c3d8bdabc530a6a0816f7ff89a0aaf/library/alloc/src/boxed.rs:2454:9
[INFO] [stdout]   43:     0x611dc6193a1b - <alloc::boxed::Box<F,A> as core::ops::function::FnOnce<Args>>::call_once::h7bd883a5f3c5f3c1
[INFO] [stdout]                                at /rustc/90b35a6239c3d8bdabc530a6a0816f7ff89a0aaf/library/alloc/src/boxed.rs:2454:9
[INFO] [stdout]   44:     0x611dc6193a1b - std::sys::pal::unix::thread::Thread::new::thread_start::hcc78f3943333fa94
[INFO] [stdout]                                at /rustc/90b35a6239c3d8bdabc530a6a0816f7ff89a0aaf/library/std/src/sys/pal/unix/thread.rs:105:17
[INFO] [stdout]   45:     0x7f7fb5157ac3 - <unknown>
[INFO] [stdout]   46:     0x7f7fb51e8a04 - clone
[INFO] [stdout]   47:                0x0 - <unknown>
[INFO] [stdout] 
[INFO] [stdout] ---- test_compile::case_6 stdout ----
[INFO] [stdout] thread 'test_compile::case_6' panicked at tests/test_compile.rs:103:47:
[INFO] [stdout] called `Result::unwrap()` on an `Err` value: Os { code: 2, kind: NotFound, message: "No such file or directory" }
[INFO] [stdout] stack backtrace:
[INFO] [stdout]    0:     0x611dc618dc9a - std::backtrace_rs::backtrace::libunwind::trace::h5a5b8284f2d0c266
[INFO] [stdout]                                at /rustc/90b35a6239c3d8bdabc530a6a0816f7ff89a0aaf/library/std/src/../../backtrace/src/backtrace/libunwind.rs:116:5
[INFO] [stdout]    1:     0x611dc618dc9a - std::backtrace_rs::backtrace::trace_unsynchronized::h76d4f1c9b0b875e3
[INFO] [stdout]                                at /rustc/90b35a6239c3d8bdabc530a6a0816f7ff89a0aaf/library/std/src/../../backtrace/src/backtrace/mod.rs:66:5
[INFO] [stdout]    2:     0x611dc618dc9a - std::sys::backtrace::_print_fmt::hc4546b8364a537c6
[INFO] [stdout]                                at /rustc/90b35a6239c3d8bdabc530a6a0816f7ff89a0aaf/library/std/src/sys/backtrace.rs:66:9
[INFO] [stdout]    3:     0x611dc618dc9a - <std::sys::backtrace::BacktraceLock::print::DisplayBacktrace as core::fmt::Display>::fmt::h5b6bd5631a6d1f6b
[INFO] [stdout]                                at /rustc/90b35a6239c3d8bdabc530a6a0816f7ff89a0aaf/library/std/src/sys/backtrace.rs:39:26
[INFO] [stdout]    4:     0x611dc61b3853 - core::fmt::rt::Argument::fmt::h270f6602a2b96f62
[INFO] [stdout]                                at /rustc/90b35a6239c3d8bdabc530a6a0816f7ff89a0aaf/library/core/src/fmt/rt.rs:177:76
[INFO] [stdout]    5:     0x611dc61b3853 - core::fmt::write::h7550c97b06c86515
[INFO] [stdout]                                at /rustc/90b35a6239c3d8bdabc530a6a0816f7ff89a0aaf/library/core/src/fmt/mod.rs:1186:21
[INFO] [stdout]    6:     0x611dc618ae63 - std::io::Write::write_fmt::h509ff860e5956e5e
[INFO] [stdout]                                at /rustc/90b35a6239c3d8bdabc530a6a0816f7ff89a0aaf/library/std/src/io/mod.rs:1839:15
[INFO] [stdout]    7:     0x611dc618dae2 - std::sys::backtrace::BacktraceLock::print::h2395ccd2c84ba3aa
[INFO] [stdout]                                at /rustc/90b35a6239c3d8bdabc530a6a0816f7ff89a0aaf/library/std/src/sys/backtrace.rs:42:9
[INFO] [stdout]    8:     0x611dc618f0fa - std::panicking::default_hook::{{closure}}::he19d4c7230e07961
[INFO] [stdout]                                at /rustc/90b35a6239c3d8bdabc530a6a0816f7ff89a0aaf/library/std/src/panicking.rs:268:22
[INFO] [stdout]    9:     0x611dc618ef04 - std::panicking::default_hook::hf614597d3c67bbdb
[INFO] [stdout]                                at /rustc/90b35a6239c3d8bdabc530a6a0816f7ff89a0aaf/library/std/src/panicking.rs:292:9
[INFO] [stdout]   10:     0x611dc6107999 - <alloc::boxed::Box<F,A> as core::ops::function::Fn<Args>>::call::h39b51ce4599c23d1
[INFO] [stdout]                                at /rustc/90b35a6239c3d8bdabc530a6a0816f7ff89a0aaf/library/alloc/src/boxed.rs:2468:9
[INFO] [stdout]   11:     0x611dc6107999 - test::test_main::{{closure}}::he977ae839a582784
[INFO] [stdout]                                at /rustc/90b35a6239c3d8bdabc530a6a0816f7ff89a0aaf/library/test/src/lib.rs:133:21
[INFO] [stdout]   12:     0x611dc618f798 - <alloc::boxed::Box<F,A> as core::ops::function::Fn<Args>>::call::h9455091b6b06f9fb
[INFO] [stdout]                                at /rustc/90b35a6239c3d8bdabc530a6a0816f7ff89a0aaf/library/alloc/src/boxed.rs:2468:9
[INFO] [stdout]   13:     0x611dc618f798 - std::panicking::rust_panic_with_hook::h8942133a8b252070
[INFO] [stdout]                                at /rustc/90b35a6239c3d8bdabc530a6a0816f7ff89a0aaf/library/std/src/panicking.rs:809:13
[INFO] [stdout]   14:     0x611dc618f55a - std::panicking::begin_panic_handler::{{closure}}::hb5f5963570096b29
[INFO] [stdout]                                at /rustc/90b35a6239c3d8bdabc530a6a0816f7ff89a0aaf/library/std/src/panicking.rs:674:13
[INFO] [stdout]   15:     0x611dc618e179 - std::sys::backtrace::__rust_end_short_backtrace::h6208cedc1922feda
[INFO] [stdout]                                at /rustc/90b35a6239c3d8bdabc530a6a0816f7ff89a0aaf/library/std/src/sys/backtrace.rs:170:18
[INFO] [stdout]   16:     0x611dc618f1ec - rust_begin_unwind
[INFO] [stdout]                                at /rustc/90b35a6239c3d8bdabc530a6a0816f7ff89a0aaf/library/std/src/panicking.rs:665:5
[INFO] [stdout]   17:     0x611dc60bcb90 - core::panicking::panic_fmt::h0c3082644d1bf418
[INFO] [stdout]                                at /rustc/90b35a6239c3d8bdabc530a6a0816f7ff89a0aaf/library/core/src/panicking.rs:74:14
[INFO] [stdout]   18:     0x611dc60bcf36 - core::result::unwrap_failed::hd20b4aa073bda1e2
[INFO] [stdout]                                at /rustc/90b35a6239c3d8bdabc530a6a0816f7ff89a0aaf/library/core/src/result.rs:1700:5
[INFO] [stdout]   19:     0x611dc60ca5fa - core::result::Result<T,E>::unwrap::h452d265a6055a3cc
[INFO] [stdout]                                at /rustc/90b35a6239c3d8bdabc530a6a0816f7ff89a0aaf/library/core/src/result.rs:1104:23
[INFO] [stdout]   20:     0x611dc60ca5fa - test_compile::test_compile::h3c886e06d1099853
[INFO] [stdout]                                at /opt/rustwide/workdir/tests/test_compile.rs:103:16
[INFO] [stdout]   21:     0x611dc60cf565 - test_compile::test_compile::case_6::hc9f7a725f964c504
[INFO] [stdout]                                at /opt/rustwide/workdir/tests/test_compile.rs:73:1
[INFO] [stdout]   22:     0x611dc60cf487 - test_compile::test_compile::case_6::{{closure}}::hc2989651eb3635b6
[INFO] [stdout]                                at /opt/rustwide/workdir/tests/test_compile.rs:73:10
[INFO] [stdout]   23:     0x611dc60c3156 - core::ops::function::FnOnce::call_once::hd802c9c8f69773b2
[INFO] [stdout]                                at /rustc/90b35a6239c3d8bdabc530a6a0816f7ff89a0aaf/library/core/src/ops/function.rs:250:5
[INFO] [stdout]   24:     0x611dc610c35b - core::ops::function::FnOnce::call_once::h109cf8051a59b34e
[INFO] [stdout]                                at /rustc/90b35a6239c3d8bdabc530a6a0816f7ff89a0aaf/library/core/src/ops/function.rs:250:5
[INFO] [stdout]   25:     0x611dc610c35b - test::__rust_begin_short_backtrace::hf4fff89d377446ba
[INFO] [stdout]                                at /rustc/90b35a6239c3d8bdabc530a6a0816f7ff89a0aaf/library/test/src/lib.rs:621:18
[INFO] [stdout]   26:     0x611dc610bb97 - test::run_test_in_process::{{closure}}::h0e39181dd7ee5a43
[INFO] [stdout]                                at /rustc/90b35a6239c3d8bdabc530a6a0816f7ff89a0aaf/library/test/src/lib.rs:644:60
[INFO] [stdout]   27:     0x611dc610bb97 - <core::panic::unwind_safe::AssertUnwindSafe<F> as core::ops::function::FnOnce<()>>::call_once::hc5a66a30f0bdfd1f
[INFO] [stdout]                                at /rustc/90b35a6239c3d8bdabc530a6a0816f7ff89a0aaf/library/core/src/panic/unwind_safe.rs:272:9
[INFO] [stdout]   28:     0x611dc610bb97 - std::panicking::try::do_call::h873b7cf639554a5e
[INFO] [stdout]                                at /rustc/90b35a6239c3d8bdabc530a6a0816f7ff89a0aaf/library/std/src/panicking.rs:557:40
[INFO] [stdout]   29:     0x611dc610bb97 - std::panicking::try::hdb19862fad9c8bd1
[INFO] [stdout]                                at /rustc/90b35a6239c3d8bdabc530a6a0816f7ff89a0aaf/library/std/src/panicking.rs:520:19
[INFO] [stdout]   30:     0x611dc610bb97 - std::panic::catch_unwind::h281fe732d236d260
[INFO] [stdout]                                at /rustc/90b35a6239c3d8bdabc530a6a0816f7ff89a0aaf/library/std/src/panic.rs:358:14
[INFO] [stdout]   31:     0x611dc610bb97 - test::run_test_in_process::h949b6df8457ed338
[INFO] [stdout]                                at /rustc/90b35a6239c3d8bdabc530a6a0816f7ff89a0aaf/library/test/src/lib.rs:644:27
[INFO] [stdout]   32:     0x611dc610bb97 - test::run_test::{{closure}}::h52c556a6d4740e10
[INFO] [stdout]                                at /rustc/90b35a6239c3d8bdabc530a6a0816f7ff89a0aaf/library/test/src/lib.rs:565:43
[INFO] [stdout]   33:     0x611dc60d0e74 - test::run_test::{{closure}}::h4237f6381c45ccb9
[INFO] [stdout]                                at /rustc/90b35a6239c3d8bdabc530a6a0816f7ff89a0aaf/library/test/src/lib.rs:595:41
[INFO] [stdout]   34:     0x611dc60d0e74 - std::sys::backtrace::__rust_begin_short_backtrace::h505c97a579eca628
[INFO] [stdout]                                at /rustc/90b35a6239c3d8bdabc530a6a0816f7ff89a0aaf/library/std/src/sys/backtrace.rs:154:18
[INFO] [stdout]   35:     0x611dc60d453e - std::thread::Builder::spawn_unchecked_::{{closure}}::{{closure}}::h9e86b2e2bc107ea3
[INFO] [stdout]                                at /rustc/90b35a6239c3d8bdabc530a6a0816f7ff89a0aaf/library/std/src/thread/mod.rs:538:17
[INFO] [stdout]   36:     0x611dc60d453e - <core::panic::unwind_safe::AssertUnwindSafe<F> as core::ops::function::FnOnce<()>>::call_once::h8b06ddb275ff4a25
[INFO] [stdout]                                at /rustc/90b35a6239c3d8bdabc530a6a0816f7ff89a0aaf/library/core/src/panic/unwind_safe.rs:272:9
[INFO] [stdout]   37:     0x611dc60d453e - std::panicking::try::do_call::hb26ecd7cd9a9355d
[INFO] [stdout]                                at /rustc/90b35a6239c3d8bdabc530a6a0816f7ff89a0aaf/library/std/src/panicking.rs:557:40
[INFO] [stdout]   38:     0x611dc60d453e - std::panicking::try::h8ddeca9d705f9069
[INFO] [stdout]                                at /rustc/90b35a6239c3d8bdabc530a6a0816f7ff89a0aaf/library/std/src/panicking.rs:520:19
[INFO] [stdout]   39:     0x611dc60d453e - std::panic::catch_unwind::h49e1c33078844c46
[INFO] [stdout]                                at /rustc/90b35a6239c3d8bdabc530a6a0816f7ff89a0aaf/library/std/src/panic.rs:358:14
[INFO] [stdout]   40:     0x611dc60d453e - std::thread::Builder::spawn_unchecked_::{{closure}}::h6073db6ff56ad35d
[INFO] [stdout]                                at /rustc/90b35a6239c3d8bdabc530a6a0816f7ff89a0aaf/library/std/src/thread/mod.rs:537:30
[INFO] [stdout]   41:     0x611dc60d453e - core::ops::function::FnOnce::call_once{{vtable.shim}}::h2c5a5f3779c774f1
[INFO] [stdout]                                at /rustc/90b35a6239c3d8bdabc530a6a0816f7ff89a0aaf/library/core/src/ops/function.rs:250:5
[INFO] [stdout]   42:     0x611dc6193a1b - <alloc::boxed::Box<F,A> as core::ops::function::FnOnce<Args>>::call_once::hf75717d9f28faebf
[INFO] [stdout]                                at /rustc/90b35a6239c3d8bdabc530a6a0816f7ff89a0aaf/library/alloc/src/boxed.rs:2454:9
[INFO] [stdout]   43:     0x611dc6193a1b - <alloc::boxed::Box<F,A> as core::ops::function::FnOnce<Args>>::call_once::h7bd883a5f3c5f3c1
[INFO] [stdout]                                at /rustc/90b35a6239c3d8bdabc530a6a0816f7ff89a0aaf/library/alloc/src/boxed.rs:2454:9
[INFO] [stdout]   44:     0x611dc6193a1b - std::sys::pal::unix::thread::Thread::new::thread_start::hcc78f3943333fa94
[INFO] [stdout]                                at /rustc/90b35a6239c3d8bdabc530a6a0816f7ff89a0aaf/library/std/src/sys/pal/unix/thread.rs:105:17
[INFO] [stdout]   45:     0x7f7fb5157ac3 - <unknown>
[INFO] [stdout]   46:     0x7f7fb51e8a04 - clone
[INFO] [stdout]   47:                0x0 - <unknown>
[INFO] [stdout] 
[INFO] [stdout] ---- test_compile::case_2 stdout ----
[INFO] [stdout] thread 'test_compile::case_2' panicked at tests/test_compile.rs:103:47:
[INFO] [stdout] called `Result::unwrap()` on an `Err` value: Os { code: 2, kind: NotFound, message: "No such file or directory" }
[INFO] [stdout] stack backtrace:
[INFO] [stdout]    0:     0x611dc618dc9a - std::backtrace_rs::backtrace::libunwind::trace::h5a5b8284f2d0c266
[INFO] [stdout]                                at /rustc/90b35a6239c3d8bdabc530a6a0816f7ff89a0aaf/library/std/src/../../backtrace/src/backtrace/libunwind.rs:116:5
[INFO] [stdout]    1:     0x611dc618dc9a - std::backtrace_rs::backtrace::trace_unsynchronized::h76d4f1c9b0b875e3
[INFO] [stdout]                                at /rustc/90b35a6239c3d8bdabc530a6a0816f7ff89a0aaf/library/std/src/../../backtrace/src/backtrace/mod.rs:66:5
[INFO] [stdout]    2:     0x611dc618dc9a - std::sys::backtrace::_print_fmt::hc4546b8364a537c6
[INFO] [stdout]                                at /rustc/90b35a6239c3d8bdabc530a6a0816f7ff89a0aaf/library/std/src/sys/backtrace.rs:66:9
[INFO] [stdout]    3:     0x611dc618dc9a - <std::sys::backtrace::BacktraceLock::print::DisplayBacktrace as core::fmt::Display>::fmt::h5b6bd5631a6d1f6b
[INFO] [stdout]                                at /rustc/90b35a6239c3d8bdabc530a6a0816f7ff89a0aaf/library/std/src/sys/backtrace.rs:39:26
[INFO] [stdout]    4:     0x611dc61b3853 - core::fmt::rt::Argument::fmt::h270f6602a2b96f62
[INFO] [stdout]                                at /rustc/90b35a6239c3d8bdabc530a6a0816f7ff89a0aaf/library/core/src/fmt/rt.rs:177:76
[INFO] [stdout]    5:     0x611dc61b3853 - core::fmt::write::h7550c97b06c86515
[INFO] [stdout]                                at /rustc/90b35a6239c3d8bdabc530a6a0816f7ff89a0aaf/library/core/src/fmt/mod.rs:1186:21
[INFO] [stdout]    6:     0x611dc618ae63 - std::io::Write::write_fmt::h509ff860e5956e5e
[INFO] [stdout]                                at /rustc/90b35a6239c3d8bdabc530a6a0816f7ff89a0aaf/library/std/src/io/mod.rs:1839:15
[INFO] [stdout]    7:     0x611dc618dae2 - std::sys::backtrace::BacktraceLock::print::h2395ccd2c84ba3aa
[INFO] [stdout]                                at /rustc/90b35a6239c3d8bdabc530a6a0816f7ff89a0aaf/library/std/src/sys/backtrace.rs:42:9
[INFO] [stdout]    8:     0x611dc618f0fa - std::panicking::default_hook::{{closure}}::he19d4c7230e07961
[INFO] [stdout]                                at /rustc/90b35a6239c3d8bdabc530a6a0816f7ff89a0aaf/library/std/src/panicking.rs:268:22
[INFO] [stdout]    9:     0x611dc618ef04 - std::panicking::default_hook::hf614597d3c67bbdb
[INFO] [stdout]                                at /rustc/90b35a6239c3d8bdabc530a6a0816f7ff89a0aaf/library/std/src/panicking.rs:292:9
[INFO] [stdout]   10:     0x611dc6107999 - <alloc::boxed::Box<F,A> as core::ops::function::Fn<Args>>::call::h39b51ce4599c23d1
[INFO] [stdout]                                at /rustc/90b35a6239c3d8bdabc530a6a0816f7ff89a0aaf/library/alloc/src/boxed.rs:2468:9
[INFO] [stdout]   11:     0x611dc6107999 - test::test_main::{{closure}}::he977ae839a582784
[INFO] [stdout]                                at /rustc/90b35a6239c3d8bdabc530a6a0816f7ff89a0aaf/library/test/src/lib.rs:133:21
[INFO] [stdout]   12:     0x611dc618f798 - <alloc::boxed::Box<F,A> as core::ops::function::Fn<Args>>::call::h9455091b6b06f9fb
[INFO] [stdout]                                at /rustc/90b35a6239c3d8bdabc530a6a0816f7ff89a0aaf/library/alloc/src/boxed.rs:2468:9
[INFO] [stdout]   13:     0x611dc618f798 - std::panicking::rust_panic_with_hook::h8942133a8b252070
[INFO] [stdout]                                at /rustc/90b35a6239c3d8bdabc530a6a0816f7ff89a0aaf/library/std/src/panicking.rs:809:13
[INFO] [stdout]   14:     0x611dc618f55a - std::panicking::begin_panic_handler::{{closure}}::hb5f5963570096b29
[INFO] [stdout]                                at /rustc/90b35a6239c3d8bdabc530a6a0816f7ff89a0aaf/library/std/src/panicking.rs:674:13
[INFO] [stdout]   15:     0x611dc618e179 - std::sys::backtrace::__rust_end_short_backtrace::h6208cedc1922feda
[INFO] [stdout]                                at /rustc/90b35a6239c3d8bdabc530a6a0816f7ff89a0aaf/library/std/src/sys/backtrace.rs:170:18
[INFO] [stdout]   16:     0x611dc618f1ec - rust_begin_unwind
[INFO] [stdout]                                at /rustc/90b35a6239c3d8bdabc530a6a0816f7ff89a0aaf/library/std/src/panicking.rs:665:5
[INFO] [stdout]   17:     0x611dc60bcb90 - core::panicking::panic_fmt::h0c3082644d1bf418
[INFO] [stdout]                                at /rustc/90b35a6239c3d8bdabc530a6a0816f7ff89a0aaf/library/core/src/panicking.rs:74:14
[INFO] [stdout]   18:     0x611dc60bcf36 - core::result::unwrap_failed::hd20b4aa073bda1e2
[INFO] [stdout]                                at /rustc/90b35a6239c3d8bdabc530a6a0816f7ff89a0aaf/library/core/src/result.rs:1700:5
[INFO] [stdout]   19:     0x611dc60ca5fa - core::result::Result<T,E>::unwrap::h452d265a6055a3cc
[INFO] [stdout]                                at /rustc/90b35a6239c3d8bdabc530a6a0816f7ff89a0aaf/library/core/src/result.rs:1104:23
[INFO] [stdout]   20:     0x611dc60ca5fa - test_compile::test_compile::h3c886e06d1099853
[INFO] [stdout]                                at /opt/rustwide/workdir/tests/test_compile.rs:103:16
[INFO] [stdout]   21:     0x611dc60cf0a5 - test_compile::test_compile::case_2::h4e086c71abfccc2b
[INFO] [stdout]                                at /opt/rustwide/workdir/tests/test_compile.rs:73:1
[INFO] [stdout]   22:     0x611dc60cefc7 - test_compile::test_compile::case_2::{{closure}}::hee655e973db0ab64
[INFO] [stdout]                                at /opt/rustwide/workdir/tests/test_compile.rs:73:10
[INFO] [stdout]   23:     0x611dc60c3026 - core::ops::function::FnOnce::call_once::h667612f5047c9b24
[INFO] [stdout]                                at /rustc/90b35a6239c3d8bdabc530a6a0816f7ff89a0aaf/library/core/src/ops/function.rs:250:5
[INFO] [stdout]   24:     0x611dc610c35b - core::ops::function::FnOnce::call_once::h109cf8051a59b34e
[INFO] [stdout]                                at /rustc/90b35a6239c3d8bdabc530a6a0816f7ff89a0aaf/library/core/src/ops/function.rs:250:5
[INFO] [stdout]   25:     0x611dc610c35b - test::__rust_begin_short_backtrace::hf4fff89d377446ba
[INFO] [stdout]                                at /rustc/90b35a6239c3d8bdabc530a6a0816f7ff89a0aaf/library/test/src/lib.rs:621:18
[INFO] [stdout]   26:     0x611dc610bb97 - test::run_test_in_process::{{closure}}::h0e39181dd7ee5a43
[INFO] [stdout]                                at /rustc/90b35a6239c3d8bdabc530a6a0816f7ff89a0aaf/library/test/src/lib.rs:644:60
[INFO] [stdout]   27:     0x611dc610bb97 - <core::panic::unwind_safe::AssertUnwindSafe<F> as core::ops::function::FnOnce<()>>::call_once::hc5a66a30f0bdfd1f
[INFO] [stdout]                                at /rustc/90b35a6239c3d8bdabc530a6a0816f7ff89a0aaf/library/core/src/panic/unwind_safe.rs:272:9
[INFO] [stdout]   28:     0x611dc610bb97 - std::panicking::try::do_call::h873b7cf639554a5e
[INFO] [stdout]                                at /rustc/90b35a6239c3d8bdabc530a6a0816f7ff89a0aaf/library/std/src/panicking.rs:557:40
[INFO] [stdout]   29:     0x611dc610bb97 - std::panicking::try::hdb19862fad9c8bd1
[INFO] [stdout]                                at /rustc/90b35a6239c3d8bdabc530a6a0816f7ff89a0aaf/library/std/src/panicking.rs:520:19
[INFO] [stdout]   30:     0x611dc610bb97 - std::panic::catch_unwind::h281fe732d236d260
[INFO] [stdout]                                at /rustc/90b35a6239c3d8bdabc530a6a0816f7ff89a0aaf/library/std/src/panic.rs:358:14
[INFO] [stdout]   31:     0x611dc610bb97 - test::run_test_in_process::h949b6df8457ed338
[INFO] [stdout]                                at /rustc/90b35a6239c3d8bdabc530a6a0816f7ff89a0aaf/library/test/src/lib.rs:644:27
[INFO] [stdout]   32:     0x611dc610bb97 - test::run_test::{{closure}}::h52c556a6d4740e10
[INFO] [stdout]                                at /rustc/90b35a6239c3d8bdabc530a6a0816f7ff89a0aaf/library/test/src/lib.rs:565:43
[INFO] [stdout]   33:     0x611dc60d0e74 - test::run_test::{{closure}}::h4237f6381c45ccb9
[INFO] [stdout]                                at /rustc/90b35a6239c3d8bdabc530a6a0816f7ff89a0aaf/library/test/src/lib.rs:595:41
[INFO] [stdout]   34:     0x611dc60d0e74 - std::sys::backtrace::__rust_begin_short_backtrace::h505c97a579eca628
[INFO] [stdout]                                at /rustc/90b35a6239c3d8bdabc530a6a0816f7ff89a0aaf/library/std/src/sys/backtrace.rs:154:18
[INFO] [stdout]   35:     0x611dc60d453e - std::thread::Builder::spawn_unchecked_::{{closure}}::{{closure}}::h9e86b2e2bc107ea3
[INFO] [stdout]                                at /rustc/90b35a6239c3d8bdabc530a6a0816f7ff89a0aaf/library/std/src/thread/mod.rs:538:17
[INFO] [stdout]   36:     0x611dc60d453e - <core::panic::unwind_safe::AssertUnwindSafe<F> as core::ops::function::FnOnce<()>>::call_once::h8b06ddb275ff4a25
[INFO] [stdout]                                at /rustc/90b35a6239c3d8bdabc530a6a0816f7ff89a0aaf/library/core/src/panic/unwind_safe.rs:272:9
[INFO] [stdout]   37:     0x611dc60d453e - std::panicking::try::do_call::hb26ecd7cd9a9355d
[INFO] [stdout]                                at /rustc/90b35a6239c3d8bdabc530a6a0816f7ff89a0aaf/library/std/src/panicking.rs:557:40
[INFO] [stdout]   38:     0x611dc60d453e - std::panicking::try::h8ddeca9d705f9069
[INFO] [stdout]                                at /rustc/90b35a6239c3d8bdabc530a6a0816f7ff89a0aaf/library/std/src/panicking.rs:520:19
[INFO] [stdout]   39:     0x611dc60d453e - std::panic::catch_unwind::h49e1c33078844c46
[INFO] [stdout]                                at /rustc/90b35a6239c3d8bdabc530a6a0816f7ff89a0aaf/library/std/src/panic.rs:358:14
[INFO] [stdout]   40:     0x611dc60d453e - std::thread::Builder::spawn_unchecked_::{{closure}}::h6073db6ff56ad35d
[INFO] [stdout]                                at /rustc/90b35a6239c3d8bdabc530a6a0816f7ff89a0aaf/library/std/src/thread/mod.rs:537:30
[INFO] [stdout]   41:     0x611dc60d453e - core::ops::function::FnOnce::call_once{{vtable.shim}}::h2c5a5f3779c774f1
[INFO] [stdout]                                at /rustc/90b35a6239c3d8bdabc530a6a0816f7ff89a0aaf/library/core/src/ops/function.rs:250:5
[INFO] [stdout]   42:     0x611dc6193a1b - <alloc::boxed::Box<F,A> as core::ops::function::FnOnce<Args>>::call_once::hf75717d9f28faebf
[INFO] [stdout]                                at /rustc/90b35a6239c3d8bdabc530a6a0816f7ff89a0aaf/library/alloc/src/boxed.rs:2454:9
[INFO] [stdout]   43:     0x611dc6193a1b - <alloc::boxed::Box<F,A> as core::ops::function::FnOnce<Args>>::call_once::h7bd883a5f3c5f3c1
[INFO] [stdout]                                at /rustc/90b35a6239c3d8bdabc530a6a0816f7ff89a0aaf/library/alloc/src/boxed.rs:2454:9
[INFO] [stdout]   44:     0x611dc6193a1b - std::sys::pal::unix::thread::Thread::new::thread_start::hcc78f3943333fa94
[INFO] [stdout]                                at /rustc/90b35a6239c3d8bdabc530a6a0816f7ff89a0aaf/library/std/src/sys/pal/unix/thread.rs:105:17
[INFO] [stdout]   45:     0x7f7fb5157ac3 - <unknown>
[INFO] [stdout]   46:     0x7f7fb51e8a04 - clone
[INFO] [stdout]   47:                0x0 - <unknown>
[INFO] [stdout] 
[INFO] [stdout] ---- test_compile::case_7 stdout ----
[INFO] [stdout] thread 'test_compile::case_7' panicked at tests/test_compile.rs:103:47:
[INFO] [stdout] called `Result::unwrap()` on an `Err` value: Os { code: 2, kind: NotFound, message: "No such file or directory" }
[INFO] [stdout] stack backtrace:
[INFO] [stdout]    0:     0x611dc618dc9a - std::backtrace_rs::backtrace::libunwind::trace::h5a5b8284f2d0c266
[INFO] [stdout]                                at /rustc/90b35a6239c3d8bdabc530a6a0816f7ff89a0aaf/library/std/src/../../backtrace/src/backtrace/libunwind.rs:116:5
[INFO] [stdout]    1:     0x611dc618dc9a - std::backtrace_rs::backtrace::trace_unsynchronized::h76d4f1c9b0b875e3
[INFO] [stdout]                                at /rustc/90b35a6239c3d8bdabc530a6a0816f7ff89a0aaf/library/std/src/../../backtrace/src/backtrace/mod.rs:66:5
[INFO] [stdout]    2:     0x611dc618dc9a - std::sys::backtrace::_print_fmt::hc4546b8364a537c6
[INFO] [stdout]                                at /rustc/90b35a6239c3d8bdabc530a6a0816f7ff89a0aaf/library/std/src/sys/backtrace.rs:66:9
[INFO] [stdout]    3:     0x611dc618dc9a - <std::sys::backtrace::BacktraceLock::print::DisplayBacktrace as core::fmt::Display>::fmt::h5b6bd5631a6d1f6b
[INFO] [stdout]                                at /rustc/90b35a6239c3d8bdabc530a6a0816f7ff89a0aaf/library/std/src/sys/backtrace.rs:39:26
[INFO] [stdout]    4:     0x611dc61b3853 - core::fmt::rt::Argument::fmt::h270f6602a2b96f62
[INFO] [stdout]                                at /rustc/90b35a6239c3d8bdabc530a6a0816f7ff89a0aaf/library/core/src/fmt/rt.rs:177:76
[INFO] [stdout]    5:     0x611dc61b3853 - core::fmt::write::h7550c97b06c86515
[INFO] [stdout]                                at /rustc/90b35a6239c3d8bdabc530a6a0816f7ff89a0aaf/library/core/src/fmt/mod.rs:1186:21
[INFO] [stdout]    6:     0x611dc618ae63 - std::io::Write::write_fmt::h509ff860e5956e5e
[INFO] [stdout]                                at /rustc/90b35a6239c3d8bdabc530a6a0816f7ff89a0aaf/library/std/src/io/mod.rs:1839:15
[INFO] [stdout]    7:     0x611dc618dae2 - std::sys::backtrace::BacktraceLock::print::h2395ccd2c84ba3aa
[INFO] [stdout]                                at /rustc/90b35a6239c3d8bdabc530a6a0816f7ff89a0aaf/library/std/src/sys/backtrace.rs:42:9
[INFO] [stdout]    8:     0x611dc618f0fa - std::panicking::default_hook::{{closure}}::he19d4c7230e07961
[INFO] [stdout]                                at /rustc/90b35a6239c3d8bdabc530a6a0816f7ff89a0aaf/library/std/src/panicking.rs:268:22
[INFO] [stdout]    9:     0x611dc618ef04 - std::panicking::default_hook::hf614597d3c67bbdb
[INFO] [stdout]                                at /rustc/90b35a6239c3d8bdabc530a6a0816f7ff89a0aaf/library/std/src/panicking.rs:292:9
[INFO] [stdout]   10:     0x611dc6107999 - <alloc::boxed::Box<F,A> as core::ops::function::Fn<Args>>::call::h39b51ce4599c23d1
[INFO] [stdout]                                at /rustc/90b35a6239c3d8bdabc530a6a0816f7ff89a0aaf/library/alloc/src/boxed.rs:2468:9
[INFO] [stdout]   11:     0x611dc6107999 - test::test_main::{{closure}}::he977ae839a582784
[INFO] [stdout]                                at /rustc/90b35a6239c3d8bdabc530a6a0816f7ff89a0aaf/library/test/src/lib.rs:133:21
[INFO] [stdout]   12:     0x611dc618f798 - <alloc::boxed::Box<F,A> as core::ops::function::Fn<Args>>::call::h9455091b6b06f9fb
[INFO] [stdout]                                at /rustc/90b35a6239c3d8bdabc530a6a0816f7ff89a0aaf/library/alloc/src/boxed.rs:2468:9
[INFO] [stdout]   13:     0x611dc618f798 - std::panicking::rust_panic_with_hook::h8942133a8b252070
[INFO] [stdout]                                at /rustc/90b35a6239c3d8bdabc530a6a0816f7ff89a0aaf/library/std/src/panicking.rs:809:13
[INFO] [stdout]   14:     0x611dc618f55a - std::panicking::begin_panic_handler::{{closure}}::hb5f5963570096b29
[INFO] [stdout]                                at /rustc/90b35a6239c3d8bdabc530a6a0816f7ff89a0aaf/library/std/src/panicking.rs:674:13
[INFO] [stdout]   15:     0x611dc618e179 - std::sys::backtrace::__rust_end_short_backtrace::h6208cedc1922feda
[INFO] [stdout]                                at /rustc/90b35a6239c3d8bdabc530a6a0816f7ff89a0aaf/library/std/src/sys/backtrace.rs:170:18
[INFO] [stdout]   16:     0x611dc618f1ec - rust_begin_unwind
[INFO] [stdout]                                at /rustc/90b35a6239c3d8bdabc530a6a0816f7ff89a0aaf/library/std/src/panicking.rs:665:5
[INFO] [stdout]   17:     0x611dc60bcb90 - core::panicking::panic_fmt::h0c3082644d1bf418
[INFO] [stdout]                                at /rustc/90b35a6239c3d8bdabc530a6a0816f7ff89a0aaf/library/core/src/panicking.rs:74:14
[INFO] [stdout]   18:     0x611dc60bcf36 - core::result::unwrap_failed::hd20b4aa073bda1e2
[INFO] [stdout]                                at /rustc/90b35a6239c3d8bdabc530a6a0816f7ff89a0aaf/library/core/src/result.rs:1700:5
[INFO] [stdout]   19:     0x611dc60ca5fa - core::result::Result<T,E>::unwrap::h452d265a6055a3cc
[INFO] [stdout]                                at /rustc/90b35a6239c3d8bdabc530a6a0816f7ff89a0aaf/library/core/src/result.rs:1104:23
[INFO] [stdout]   20:     0x611dc60ca5fa - test_compile::test_compile::h3c886e06d1099853
[INFO] [stdout]                                at /opt/rustwide/workdir/tests/test_compile.rs:103:16
[INFO] [stdout]   21:     0x611dc60cf695 - test_compile::test_compile::case_7::ha3efc63f91eb7ca3
[INFO] [stdout]                                at /opt/rustwide/workdir/tests/test_compile.rs:73:1
[INFO] [stdout]   22:     0x611dc60cf5b7 - test_compile::test_compile::case_7::{{closure}}::h97366bceeb7765d7
[INFO] [stdout]                                at /opt/rustwide/workdir/tests/test_compile.rs:73:10
[INFO] [stdout]   23:     0x611dc60c30a6 - core::ops::function::FnOnce::call_once::ha9c185c814164d65
[INFO] [stdout]                                at /rustc/90b35a6239c3d8bdabc530a6a0816f7ff89a0aaf/library/core/src/ops/function.rs:250:5
[INFO] [stdout]   24:     0x611dc610c35b - core::ops::function::FnOnce::call_once::h109cf8051a59b34e
[INFO] [stdout]                                at /rustc/90b35a6239c3d8bdabc530a6a0816f7ff89a0aaf/library/core/src/ops/function.rs:250:5
[INFO] [stdout]   25:     0x611dc610c35b - test::__rust_begin_short_backtrace::hf4fff89d377446ba
[INFO] [stdout]                                at /rustc/90b35a6239c3d8bdabc530a6a0816f7ff89a0aaf/library/test/src/lib.rs:621:18
[INFO] [stdout]   26:     0x611dc610bb97 - test::run_test_in_process::{{closure}}::h0e39181dd7ee5a43
[INFO] [stdout]                                at /rustc/90b35a6239c3d8bdabc530a6a0816f7ff89a0aaf/library/test/src/lib.rs:644:60
[INFO] [stdout]   27:     0x611dc610bb97 - <core::panic::unwind_safe::AssertUnwindSafe<F> as core::ops::function::FnOnce<()>>::call_once::hc5a66a30f0bdfd1f
[INFO] [stdout]                                at /rustc/90b35a6239c3d8bdabc530a6a0816f7ff89a0aaf/library/core/src/panic/unwind_safe.rs:272:9
[INFO] [stdout]   28:     0x611dc610bb97 - std::panicking::try::do_call::h873b7cf639554a5e
[INFO] [stdout]                                at /rustc/90b35a6239c3d8bdabc530a6a0816f7ff89a0aaf/library/std/src/panicking.rs:557:40
[INFO] [stdout]   29:     0x611dc610bb97 - std::panicking::try::hdb19862fad9c8bd1
[INFO] [stdout]                                at /rustc/90b35a6239c3d8bdabc530a6a0816f7ff89a0aaf/library/std/src/panicking.rs:520:19
[INFO] [stdout]   30:     0x611dc610bb97 - std::panic::catch_unwind::h281fe732d236d260
[INFO] [stdout]                                at /rustc/90b35a6239c3d8bdabc530a6a0816f7ff89a0aaf/library/std/src/panic.rs:358:14
[INFO] [stdout]   31:     0x611dc610bb97 - test::run_test_in_process::h949b6df8457ed338
[INFO] [stdout]                                at /rustc/90b35a6239c3d8bdabc530a6a0816f7ff89a0aaf/library/test/src/lib.rs:644:27
[INFO] [stdout]   32:     0x611dc610bb97 - test::run_test::{{closure}}::h52c556a6d4740e10
[INFO] [stdout]                                at /rustc/90b35a6239c3d8bdabc530a6a0816f7ff89a0aaf/library/test/src/lib.rs:565:43
[INFO] [stdout]   33:     0x611dc60d0e74 - test::run_test::{{closure}}::h4237f6381c45ccb9
[INFO] [stdout]                                at /rustc/90b35a6239c3d8bdabc530a6a0816f7ff89a0aaf/library/test/src/lib.rs:595:41
[INFO] [stdout]   34:     0x611dc60d0e74 - std::sys::backtrace::__rust_begin_short_backtrace::h505c97a579eca628
[INFO] [stdout]                                at /rustc/90b35a6239c3d8bdabc530a6a0816f7ff89a0aaf/library/std/src/sys/backtrace.rs:154:18
[INFO] [stdout]   35:     0x611dc60d453e - std::thread::Builder::spawn_unchecked_::{{closure}}::{{closure}}::h9e86b2e2bc107ea3
[INFO] [stdout]                                at /rustc/90b35a6239c3d8bdabc530a6a0816f7ff89a0aaf/library/std/src/thread/mod.rs:538:17
[INFO] [stdout]   36:     0x611dc60d453e - <core::panic::unwind_safe::AssertUnwindSafe<F> as core::ops::function::FnOnce<()>>::call_once::h8b06ddb275ff4a25
[INFO] [stdout]                                at /rustc/90b35a6239c3d8bdabc530a6a0816f7ff89a0aaf/library/core/src/panic/unwind_safe.rs:272:9
[INFO] [stdout]   37:     0x611dc60d453e - std::panicking::try::do_call::hb26ecd7cd9a9355d
[INFO] [stdout]                                at /rustc/90b35a6239c3d8bdabc530a6a0816f7ff89a0aaf/library/std/src/panicking.rs:557:40
[INFO] [stdout]   38:     0x611dc60d453e - std::panicking::try::h8ddeca9d705f9069
[INFO] [stdout]                                at /rustc/90b35a6239c3d8bdabc530a6a0816f7ff89a0aaf/library/std/src/panicking.rs:520:19
[INFO] [stdout]   39:     0x611dc60d453e - std::panic::catch_unwind::h49e1c33078844c46
[INFO] [stdout]                                at /rustc/90b35a6239c3d8bdabc530a6a0816f7ff89a0aaf/library/std/src/panic.rs:358:14
[INFO] [stdout]   40:     0x611dc60d453e - std::thread::Builder::spawn_unchecked_::{{closure}}::h6073db6ff56ad35d
[INFO] [stdout]                                at /rustc/90b35a6239c3d8bdabc530a6a0816f7ff89a0aaf/library/std/src/thread/mod.rs:537:30
[INFO] [stdout]   41:     0x611dc60d453e - core::ops::function::FnOnce::call_once{{vtable.shim}}::h2c5a5f3779c774f1
[INFO] [stdout]                                at /rustc/90b35a6239c3d8bdabc530a6a0816f7ff89a0aaf/library/core/src/ops/function.rs:250:5
[INFO] [stdout]   42:     0x611dc6193a1b - <alloc::boxed::Box<F,A> as core::ops::function::FnOnce<Args>>::call_once::hf75717d9f28faebf
[INFO] [stdout]                                at /rustc/90b35a6239c3d8bdabc530a6a0816f7ff89a0aaf/library/alloc/src/boxed.rs:2454:9
[INFO] [stdout]   43:     0x611dc6193a1b - <alloc::boxed::Box<F,A> as core::ops::function::FnOnce<Args>>::call_once::h7bd883a5f3c5f3c1
[INFO] [stdout]                                at /rustc/90b35a6239c3d8bdabc530a6a0816f7ff89a0aaf/library/alloc/src/boxed.rs:2454:9
[INFO] [stdout]   44:     0x611dc6193a1b - std::sys::pal::unix::thread::Thread::new::thread_start::hcc78f3943333fa94
[INFO] [stdout]                                at /rustc/90b35a6239c3d8bdabc530a6a0816f7ff89a0aaf/library/std/src/sys/pal/unix/thread.rs:105:17
[INFO] [stdout]   45:     0x7f7fb5157ac3 - <unknown>
[INFO] [stdout]   46:     0x7f7fb51e8a04 - clone
[INFO] [stdout]   47:                0x0 - <unknown>
[INFO] [stdout] 
[INFO] [stdout] 
[INFO] [stdout] failures:
[INFO] [stdout]     test_compile::case_1
[INFO] [stdout]     test_compile::case_2
[INFO] [stdout]     test_compile::case_3
[INFO] [stdout]     test_compile::case_4
[INFO] [stdout]     test_compile::case_5
[INFO] [stdout]     test_compile::case_6
[INFO] [stdout]     test_compile::case_7
[INFO] [stdout] 
[INFO] [stdout] test result: FAILED. 0 passed; 7 failed; 0 ignored; 0 measured; 0 filtered out; finished in 0.15s
[INFO] [stdout] 
[INFO] running `Command { std: "docker" "inspect" "c443b7538b96bee960864caba6626864e76dca05b8b733991541df91619c7b58", kill_on_drop: false }`
[INFO] running `Command { std: "docker" "rm" "-f" "c443b7538b96bee960864caba6626864e76dca05b8b733991541df91619c7b58", kill_on_drop: false }`
[INFO] [stdout] c443b7538b96bee960864caba6626864e76dca05b8b733991541df91619c7b58
