[INFO] cloning repository https://github.com/mateuszgrzyb/autowired
[INFO] running `Command { std: "git" "-c" "credential.helper=" "-c" "credential.helper=/workspace/cargo-home/bin/git-credential-null" "clone" "--bare" "https://github.com/mateuszgrzyb/autowired" "/workspace/cache/git-repos/https%3A%2F%2Fgithub.com%2Fmateuszgrzyb%2Fautowired", kill_on_drop: false }`
[INFO] [stderr] Cloning into bare repository '/workspace/cache/git-repos/https%3A%2F%2Fgithub.com%2Fmateuszgrzyb%2Fautowired'...
[INFO] running `Command { std: "git" "rev-parse" "HEAD", kill_on_drop: false }`
[INFO] [stdout] 2d3e7b55bbd99c15c29163ca524a190be3f5285d
[INFO] testing mateuszgrzyb/autowired against 1.83.0 for beta-1.84.0-4-retry
[INFO] running `Command { std: "git" "clone" "/workspace/cache/git-repos/https%3A%2F%2Fgithub.com%2Fmateuszgrzyb%2Fautowired" "/workspace/builds/worker-2-tc1/source", kill_on_drop: false }`
[INFO] [stderr] Cloning into '/workspace/builds/worker-2-tc1/source'...
[INFO] [stderr] done.
[INFO] validating manifest of git repo https://github.com/mateuszgrzyb/autowired on toolchain 1.83.0
[INFO] running `Command { std: CARGO_HOME="/workspace/cargo-home" RUSTUP_HOME="/workspace/rustup-home" "/workspace/cargo-home/bin/cargo" "+1.83.0" "metadata" "--manifest-path" "Cargo.toml" "--no-deps", kill_on_drop: false }`
[INFO] removed /workspace/builds/worker-2-tc1/source/rust-toolchain.toml
[INFO] started tweaking git repo https://github.com/mateuszgrzyb/autowired
[INFO] finished tweaking git repo https://github.com/mateuszgrzyb/autowired
[INFO] tweaked toml for git repo https://github.com/mateuszgrzyb/autowired written to /workspace/builds/worker-2-tc1/source/Cargo.toml
[INFO] crate git repo https://github.com/mateuszgrzyb/autowired already has a lockfile, it will not be regenerated
[INFO] running `Command { std: CARGO_HOME="/workspace/cargo-home" RUSTUP_HOME="/workspace/rustup-home" "/workspace/cargo-home/bin/cargo" "+1.83.0" "fetch" "--manifest-path" "Cargo.toml", kill_on_drop: false }`
[INFO] [stderr]     Updating crates.io index
[INFO] [stderr]  Downloading crates ...
[INFO] [stderr]   Downloaded inventory v0.3.14
[INFO] [stderr]   Downloaded getrandom v0.2.11
[INFO] [stderr]   Downloaded async-trait v0.1.75
[INFO] [stderr]   Downloaded uuid v1.6.1
[INFO] [stderr]   Downloaded mio v0.8.10
[INFO] [stderr]   Downloaded const_format v0.2.32
[INFO] [stderr]   Downloaded proc-macro2 v1.0.71
[INFO] [stderr]   Downloaded const_format_proc_macros v0.2.32
[INFO] [stderr]   Downloaded impls v1.0.3
[INFO] [stderr]   Downloaded tokio v1.35.1
[INFO] [stderr]   Downloaded syn v2.0.43
[INFO] running `Command { std: "docker" "create" "-v" "/var/lib/crater-agent-workspace/builds/worker-2-tc1/target:/opt/rustwide/target:rw,Z" "-v" "/var/lib/crater-agent-workspace/builds/worker-2-tc1/source:/opt/rustwide/workdir:ro,Z" "-v" "/var/lib/crater-agent-workspace/cargo-home:/opt/rustwide/cargo-home:ro,Z" "-v" "/var/lib/crater-agent-workspace/rustup-home:/opt/rustwide/rustup-home:ro,Z" "-e" "SOURCE_DIR=/opt/rustwide/workdir" "-e" "CARGO_TARGET_DIR=/opt/rustwide/target" "-e" "CARGO_HOME=/opt/rustwide/cargo-home" "-e" "RUSTUP_HOME=/opt/rustwide/rustup-home" "-w" "/opt/rustwide/workdir" "-m" "1610612736" "--user" "0:0" "--network" "none" "ghcr.io/rust-lang/crates-build-env/linux@sha256:f3a9d4ad9d972b27faf3965f35b62e55ba32bbce8f20bc8fe909558a86702fde" "/opt/rustwide/cargo-home/bin/cargo" "+1.83.0" "metadata" "--no-deps" "--format-version=1", kill_on_drop: false }`
[INFO] [stdout] 9b122436b33f10aff8f01c5b5661880eee2c2d1ffc60cb57ec1fdebb696466ad
[INFO] running `Command { std: "docker" "start" "-a" "9b122436b33f10aff8f01c5b5661880eee2c2d1ffc60cb57ec1fdebb696466ad", kill_on_drop: false }`
[INFO] running `Command { std: "docker" "inspect" "9b122436b33f10aff8f01c5b5661880eee2c2d1ffc60cb57ec1fdebb696466ad", kill_on_drop: false }`
[INFO] running `Command { std: "docker" "rm" "-f" "9b122436b33f10aff8f01c5b5661880eee2c2d1ffc60cb57ec1fdebb696466ad", kill_on_drop: false }`
[INFO] [stdout] 9b122436b33f10aff8f01c5b5661880eee2c2d1ffc60cb57ec1fdebb696466ad
[INFO] running `Command { std: "docker" "create" "-v" "/var/lib/crater-agent-workspace/builds/worker-2-tc1/target:/opt/rustwide/target:rw,Z" "-v" "/var/lib/crater-agent-workspace/builds/worker-2-tc1/source:/opt/rustwide/workdir:ro,Z" "-v" "/var/lib/crater-agent-workspace/cargo-home:/opt/rustwide/cargo-home:ro,Z" "-v" "/var/lib/crater-agent-workspace/rustup-home:/opt/rustwide/rustup-home:ro,Z" "-e" "SOURCE_DIR=/opt/rustwide/workdir" "-e" "CARGO_TARGET_DIR=/opt/rustwide/target" "-e" "CARGO_INCREMENTAL=0" "-e" "RUST_BACKTRACE=full" "-e" "RUSTFLAGS=--cap-lints=warn" "-e" "RUSTDOCFLAGS=--cap-lints=warn" "-e" "CARGO_HOME=/opt/rustwide/cargo-home" "-e" "RUSTUP_HOME=/opt/rustwide/rustup-home" "-w" "/opt/rustwide/workdir" "-m" "1610612736" "--user" "0:0" "--network" "none" "ghcr.io/rust-lang/crates-build-env/linux@sha256:f3a9d4ad9d972b27faf3965f35b62e55ba32bbce8f20bc8fe909558a86702fde" "/opt/rustwide/cargo-home/bin/cargo" "+1.83.0" "build" "--frozen" "--message-format=json", kill_on_drop: false }`
[INFO] [stdout] 8eca43d734a28b9c7ee80ffe7b2947ebb8ddf58181fae84d0bc1856f42a30fae
[INFO] running `Command { std: "docker" "start" "-a" "8eca43d734a28b9c7ee80ffe7b2947ebb8ddf58181fae84d0bc1856f42a30fae", kill_on_drop: false }`
[INFO] [stderr]    Compiling proc-macro2 v1.0.71
[INFO] [stderr]    Compiling libc v0.2.151
[INFO] [stderr]    Compiling fnv v1.0.7
[INFO] [stderr]    Compiling async-trait v0.1.75
[INFO] [stderr]    Compiling unicode-xid v0.2.4
[INFO] [stderr]    Compiling inventory v0.3.14
[INFO] [stderr]    Compiling impls v1.0.3
[INFO] [stderr]    Compiling quote v1.0.33
[INFO] [stderr]    Compiling syn v2.0.43
[INFO] [stderr]    Compiling const_format_proc_macros v0.2.32
[INFO] [stderr]    Compiling getrandom v0.2.11
[INFO] [stderr]    Compiling uuid v1.6.1
[INFO] [stderr]    Compiling const_format v0.2.32
[INFO] [stderr]    Compiling darling_core v0.20.3
[INFO] [stderr]    Compiling darling_macro v0.20.3
[INFO] [stderr]    Compiling darling v0.20.3
[INFO] [stderr]    Compiling autowired_macros v0.1.0 (/opt/rustwide/workdir/autowired_macros)
[INFO] [stdout] warning: unused import: `future::IntoFuture`
[INFO] [stdout]  --> autowired_macros/src/autowired_data.rs:1:33
[INFO] [stdout]   |
[INFO] [stdout] 1 | use std::{collections::HashMap, future::IntoFuture};
[INFO] [stdout]   |                                 ^^^^^^^^^^^^^^^^^^
[INFO] [stdout]   |
[INFO] [stdout]   = note: `#[warn(unused_imports)]` on by default
[INFO] [stdout] 
[INFO] [stdout] 
[INFO] [stdout] warning: unused import: `darling::FromField`
[INFO] [stdout]  --> autowired_macros/src/autowired_data.rs:4:5
[INFO] [stdout]   |
[INFO] [stdout] 4 | use darling::FromField;
[INFO] [stdout]   |     ^^^^^^^^^^^^^^^^^^
[INFO] [stdout] 
[INFO] [stdout] 
[INFO] [stdout] warning: unused imports: `FieldsNamed`, `FieldsUnnamed`, and `parse::Parse`
[INFO] [stdout]  --> autowired_macros/src/autowired_data.rs:7:67
[INFO] [stdout]   |
[INFO] [stdout] 7 | use syn::{ItemStruct, ItemFn, Signature, ReturnType, Type, FnArg, FieldsNamed, Fields, FieldsUnnamed, Expr, Meta, parse::Parse, Attribute};
[INFO] [stdout]   |                                                                   ^^^^^^^^^^^          ^^^^^^^^^^^^^              ^^^^^^^^^^^^
[INFO] [stdout] 
[INFO] [stdout] 
[INFO] [stdout] warning: fields `p`, `name`, and `types` are never read
[INFO] [stdout]   --> autowired_macros/src/lib.rs:83:3
[INFO] [stdout]    |
[INFO] [stdout] 82 | struct ProviderInput {
[INFO] [stdout]    |        ------------- fields in this struct
[INFO] [stdout] 83 |   p: Ident,
[INFO] [stdout]    |   ^
[INFO] [stdout] 84 |   name: Ident,
[INFO] [stdout]    |   ^^^^
[INFO] [stdout] 85 |   types: Punctuated<Type, Comma>,
[INFO] [stdout]    |   ^^^^^
[INFO] [stdout]    |
[INFO] [stdout]    = note: `#[warn(dead_code)]` on by default
[INFO] [stdout] 
[INFO] [stdout] 
[INFO] [stderr]    Compiling autowired v0.1.0 (/opt/rustwide/workdir)
[INFO] [stdout] warning: unused import: `Dep`
[INFO] [stdout]  --> src/provider.rs:5:13
[INFO] [stdout]   |
[INFO] [stdout] 5 | use crate::{Dep, Deps, DepsBuilder};
[INFO] [stdout]   |             ^^^
[INFO] [stdout]   |
[INFO] [stdout]   = note: `#[warn(unused_imports)]` on by default
[INFO] [stdout] 
[INFO] [stdout] 
[INFO] [stderr]     Finished `dev` profile [unoptimized + debuginfo] target(s) in 13.58s
[INFO] running `Command { std: "docker" "inspect" "8eca43d734a28b9c7ee80ffe7b2947ebb8ddf58181fae84d0bc1856f42a30fae", kill_on_drop: false }`
[INFO] running `Command { std: "docker" "rm" "-f" "8eca43d734a28b9c7ee80ffe7b2947ebb8ddf58181fae84d0bc1856f42a30fae", kill_on_drop: false }`
[INFO] [stdout] 8eca43d734a28b9c7ee80ffe7b2947ebb8ddf58181fae84d0bc1856f42a30fae
[INFO] running `Command { std: "docker" "create" "-v" "/var/lib/crater-agent-workspace/builds/worker-2-tc1/target:/opt/rustwide/target:rw,Z" "-v" "/var/lib/crater-agent-workspace/builds/worker-2-tc1/source:/opt/rustwide/workdir:ro,Z" "-v" "/var/lib/crater-agent-workspace/cargo-home:/opt/rustwide/cargo-home:ro,Z" "-v" "/var/lib/crater-agent-workspace/rustup-home:/opt/rustwide/rustup-home:ro,Z" "-e" "SOURCE_DIR=/opt/rustwide/workdir" "-e" "CARGO_TARGET_DIR=/opt/rustwide/target" "-e" "CARGO_INCREMENTAL=0" "-e" "RUST_BACKTRACE=full" "-e" "RUSTFLAGS=--cap-lints=warn" "-e" "RUSTDOCFLAGS=--cap-lints=warn" "-e" "CARGO_HOME=/opt/rustwide/cargo-home" "-e" "RUSTUP_HOME=/opt/rustwide/rustup-home" "-w" "/opt/rustwide/workdir" "-m" "1610612736" "--user" "0:0" "--network" "none" "ghcr.io/rust-lang/crates-build-env/linux@sha256:f3a9d4ad9d972b27faf3965f35b62e55ba32bbce8f20bc8fe909558a86702fde" "/opt/rustwide/cargo-home/bin/cargo" "+1.83.0" "test" "--frozen" "--no-run" "--message-format=json", kill_on_drop: false }`
[INFO] [stdout] e65e820fd1c19d80967ac511fa3262186c5e219a8146faca6128bf925dc4dbad
[INFO] running `Command { std: "docker" "start" "-a" "e65e820fd1c19d80967ac511fa3262186c5e219a8146faca6128bf925dc4dbad", kill_on_drop: false }`
[INFO] [stderr]    Compiling libc v0.2.151
[INFO] [stderr]    Compiling smallvec v1.11.2
[INFO] [stderr]    Compiling pin-project-lite v0.2.13
[INFO] [stderr]    Compiling lock_api v0.4.11
[INFO] [stderr]    Compiling bytes v1.5.0
[INFO] [stderr]    Compiling getrandom v0.2.11
[INFO] [stderr]    Compiling tokio-macros v2.2.0
[INFO] [stderr]    Compiling uuid v1.6.1
[INFO] [stderr]    Compiling autowired_macros v0.1.0 (/opt/rustwide/workdir/autowired_macros)
[INFO] [stdout] warning: unused import: `future::IntoFuture`
[INFO] [stdout]  --> autowired_macros/src/autowired_data.rs:1:33
[INFO] [stdout]   |
[INFO] [stdout] 1 | use std::{collections::HashMap, future::IntoFuture};
[INFO] [stdout]   |                                 ^^^^^^^^^^^^^^^^^^
[INFO] [stdout]   |
[INFO] [stdout]   = note: `#[warn(unused_imports)]` on by default
[INFO] [stdout] 
[INFO] [stdout] 
[INFO] [stdout] warning: unused import: `darling::FromField`
[INFO] [stdout]  --> autowired_macros/src/autowired_data.rs:4:5
[INFO] [stdout]   |
[INFO] [stdout] 4 | use darling::FromField;
[INFO] [stdout]   |     ^^^^^^^^^^^^^^^^^^
[INFO] [stdout] 
[INFO] [stdout] 
[INFO] [stdout] warning: unused imports: `FieldsNamed`, `FieldsUnnamed`, and `parse::Parse`
[INFO] [stdout]  --> autowired_macros/src/autowired_data.rs:7:67
[INFO] [stdout]   |
[INFO] [stdout] 7 | use syn::{ItemStruct, ItemFn, Signature, ReturnType, Type, FnArg, FieldsNamed, Fields, FieldsUnnamed, Expr, Meta, parse::Parse, Attribute};
[INFO] [stdout]   |                                                                   ^^^^^^^^^^^          ^^^^^^^^^^^^^              ^^^^^^^^^^^^
[INFO] [stdout] 
[INFO] [stdout] 
[INFO] [stdout] warning: fields `p`, `name`, and `types` are never read
[INFO] [stdout]   --> autowired_macros/src/lib.rs:83:3
[INFO] [stdout]    |
[INFO] [stdout] 82 | struct ProviderInput {
[INFO] [stdout]    |        ------------- fields in this struct
[INFO] [stdout] 83 |   p: Ident,
[INFO] [stdout]    |   ^
[INFO] [stdout] 84 |   name: Ident,
[INFO] [stdout]    |   ^^^^
[INFO] [stdout] 85 |   types: Punctuated<Type, Comma>,
[INFO] [stdout]    |   ^^^^^
[INFO] [stdout]    |
[INFO] [stdout]    = note: `#[warn(dead_code)]` on by default
[INFO] [stdout] 
[INFO] [stdout] 
[INFO] [stderr]    Compiling parking_lot_core v0.9.9
[INFO] [stderr]    Compiling socket2 v0.5.5
[INFO] [stderr]    Compiling signal-hook-registry v1.4.1
[INFO] [stderr]    Compiling num_cpus v1.16.0
[INFO] [stderr]    Compiling mio v0.8.10
[INFO] [stderr]    Compiling parking_lot v0.12.1
[INFO] [stderr]    Compiling tokio v1.35.1
[INFO] [stderr]    Compiling autowired v0.1.0 (/opt/rustwide/workdir)
[INFO] [stdout] warning: unused import: `Dep`
[INFO] [stdout]  --> src/provider.rs:5:13
[INFO] [stdout]   |
[INFO] [stdout] 5 | use crate::{Dep, Deps, DepsBuilder};
[INFO] [stdout]   |             ^^^
[INFO] [stdout]   |
[INFO] [stdout]   = note: `#[warn(unused_imports)]` on by default
[INFO] [stdout] 
[INFO] [stdout] 
[INFO] [stdout] {}
[INFO] [stdout] warning: unused import: `Dep`
[INFO] [stdout]  --> src/provider.rs:5:13
[INFO] [stdout]   |
[INFO] [stdout] 5 | use crate::{Dep, Deps, DepsBuilder};
[INFO] [stdout]   |             ^^^
[INFO] [stdout]   |
[INFO] [stdout]   = note: `#[warn(unused_imports)]` on by default
[INFO] [stdout] 
[INFO] [stdout] 
[INFO] [stdout] {}
[INFO] [stdout] {2: Expr::Call { attrs: [], func: Expr::Path { attrs: [], qself: None, path: Path { leading_colon: None, segments: [PathSegment { ident: Ident { ident: "stateful", span: #0 bytes(209..217) }, arguments: PathArguments::None }] } }, paren_token: Paren, args: [] }}
[INFO] [stdout] {}
[INFO] [stdout] {}
[INFO] [stdout] {}
[INFO] [stdout] warning: unused import: `std::sync::Arc`
[INFO] [stdout]  --> tests/test1.rs:1:5
[INFO] [stdout]   |
[INFO] [stdout] 1 | use std::sync::Arc;
[INFO] [stdout]   |     ^^^^^^^^^^^^^^
[INFO] [stdout]   |
[INFO] [stdout]   = note: `#[warn(unused_imports)]` on by default
[INFO] [stdout] 
[INFO] [stdout] 
[INFO] [stdout] warning: unused import: `TypeId`
[INFO] [stdout]  --> tests/test1.rs:3:26
[INFO] [stdout]   |
[INFO] [stdout] 3 | use autowired::{Context, TypeId};
[INFO] [stdout]   |                          ^^^^^^
[INFO] [stdout] 
[INFO] [stdout] 
[INFO] [stdout] warning: unused variable: `a2`
[INFO] [stdout]   --> tests/test2.rs:38:7
[INFO] [stdout]    |
[INFO] [stdout] 38 |   let a2 = p.provide::<A>();
[INFO] [stdout]    |       ^^ help: if this is intentional, prefix it with an underscore: `_a2`
[INFO] [stdout]    |
[INFO] [stdout]    = note: `#[warn(unused_variables)]` on by default
[INFO] [stdout] 
[INFO] [stdout] 
[INFO] [stdout] warning: fields `provided` and `shared` are never read
[INFO] [stdout]   --> tests/test2.rs:11:3
[INFO] [stdout]    |
[INFO] [stdout] 10 | struct A {
[INFO] [stdout]    |        - fields in this struct
[INFO] [stdout] 11 |   provided: AutowiredString,
[INFO] [stdout]    |   ^^^^^^^^
[INFO] [stdout] 12 |   shared: Arc<usize>,
[INFO] [stdout]    |   ^^^^^^
[INFO] [stdout]    |
[INFO] [stdout]    = note: `A` has a derived impl for the trait `Clone`, but this is intentionally ignored during dead code analysis
[INFO] [stdout]    = note: `#[warn(dead_code)]` on by default
[INFO] [stdout] 
[INFO] [stdout] 
[INFO] [stdout] warning: field `0` is never read
[INFO] [stdout]   --> tests/test2.rs:18:24
[INFO] [stdout]    |
[INFO] [stdout] 18 | struct AutowiredString(Arc<String>);
[INFO] [stdout]    |        --------------- ^^^^^^^^^^^
[INFO] [stdout]    |        |
[INFO] [stdout]    |        field in this struct
[INFO] [stdout]    |
[INFO] [stdout]    = help: consider removing this field
[INFO] [stdout]    = note: `AutowiredString` has a derived impl for the trait `Clone`, but this is intentionally ignored during dead code analysis
[INFO] [stdout] 
[INFO] [stdout] 
[INFO] [stdout] warning: unused variable: `a`
[INFO] [stdout]   --> tests/test1.rs:67:7
[INFO] [stdout]    |
[INFO] [stdout] 67 |   let a = p.provide::<A>();
[INFO] [stdout]    |       ^ help: if this is intentional, prefix it with an underscore: `_a`
[INFO] [stdout]    |
[INFO] [stdout]    = note: `#[warn(unused_variables)]` on by default
[INFO] [stdout] 
[INFO] [stdout] 
[INFO] [stdout] warning: fields `b` and `c` are never read
[INFO] [stdout]  --> tests/test1.rs:8:3
[INFO] [stdout]   |
[INFO] [stdout] 7 | struct A {
[INFO] [stdout]   |        - fields in this struct
[INFO] [stdout] 8 |   b: B,
[INFO] [stdout]   |   ^
[INFO] [stdout] 9 |   c: C,
[INFO] [stdout]   |   ^
[INFO] [stdout]   |
[INFO] [stdout]   = note: `A` has derived impls for the traits `Debug` and `Clone`, but these are intentionally ignored during dead code analysis
[INFO] [stdout]   = note: `#[warn(dead_code)]` on by default
[INFO] [stdout] 
[INFO] [stdout] 
[INFO] [stdout] warning: field `c` is never read
[INFO] [stdout]   --> tests/test1.rs:14:3
[INFO] [stdout]    |
[INFO] [stdout] 13 | struct B {
[INFO] [stdout]    |        - field in this struct
[INFO] [stdout] 14 |   c: C,
[INFO] [stdout]    |   ^
[INFO] [stdout]    |
[INFO] [stdout]    = note: `B` has derived impls for the traits `Clone` and `Debug`, but these are intentionally ignored during dead code analysis
[INFO] [stdout] 
[INFO] [stdout] 
[INFO] [stdout] warning: field `a` is never read
[INFO] [stdout]   --> tests/test1.rs:32:3
[INFO] [stdout]    |
[INFO] [stdout] 31 | struct AsyncParent {
[INFO] [stdout]    |        ----------- field in this struct
[INFO] [stdout] 32 |   a: A,
[INFO] [stdout]    |   ^
[INFO] [stdout]    |
[INFO] [stdout]    = note: `AsyncParent` has derived impls for the traits `Clone` and `Debug`, but these are intentionally ignored during dead code analysis
[INFO] [stdout] 
[INFO] [stdout] 
[INFO] [stderr]     Finished `test` profile [unoptimized + debuginfo] target(s) in 15.28s
[INFO] running `Command { std: "docker" "inspect" "e65e820fd1c19d80967ac511fa3262186c5e219a8146faca6128bf925dc4dbad", kill_on_drop: false }`
[INFO] running `Command { std: "docker" "rm" "-f" "e65e820fd1c19d80967ac511fa3262186c5e219a8146faca6128bf925dc4dbad", kill_on_drop: false }`
[INFO] [stdout] e65e820fd1c19d80967ac511fa3262186c5e219a8146faca6128bf925dc4dbad
[INFO] running `Command { std: "docker" "create" "-v" "/var/lib/crater-agent-workspace/builds/worker-2-tc1/target:/opt/rustwide/target:rw,Z" "-v" "/var/lib/crater-agent-workspace/builds/worker-2-tc1/source:/opt/rustwide/workdir:ro,Z" "-v" "/var/lib/crater-agent-workspace/cargo-home:/opt/rustwide/cargo-home:ro,Z" "-v" "/var/lib/crater-agent-workspace/rustup-home:/opt/rustwide/rustup-home:ro,Z" "-e" "SOURCE_DIR=/opt/rustwide/workdir" "-e" "CARGO_TARGET_DIR=/opt/rustwide/target" "-e" "CARGO_INCREMENTAL=0" "-e" "RUST_BACKTRACE=full" "-e" "RUSTFLAGS=--cap-lints=warn" "-e" "RUSTDOCFLAGS=--cap-lints=warn" "-e" "CARGO_HOME=/opt/rustwide/cargo-home" "-e" "RUSTUP_HOME=/opt/rustwide/rustup-home" "-w" "/opt/rustwide/workdir" "-m" "1610612736" "--user" "0:0" "--network" "none" "ghcr.io/rust-lang/crates-build-env/linux@sha256:f3a9d4ad9d972b27faf3965f35b62e55ba32bbce8f20bc8fe909558a86702fde" "/opt/rustwide/cargo-home/bin/cargo" "+1.83.0" "test" "--frozen", kill_on_drop: false }`
[INFO] [stdout] 190fe513836b118b62ea7da95103c70780f939404bf7175115266705fd3ab566
[INFO] running `Command { std: "docker" "start" "-a" "190fe513836b118b62ea7da95103c70780f939404bf7175115266705fd3ab566", kill_on_drop: false }`
[INFO] [stderr] warning: unused import: `future::IntoFuture`
[INFO] [stderr]  --> autowired_macros/src/autowired_data.rs:1:33
[INFO] [stderr]   |
[INFO] [stderr] 1 | use std::{collections::HashMap, future::IntoFuture};
[INFO] [stderr]   |                                 ^^^^^^^^^^^^^^^^^^
[INFO] [stderr]   |
[INFO] [stderr]   = note: `#[warn(unused_imports)]` on by default
[INFO] [stderr] 
[INFO] [stderr] warning: unused import: `darling::FromField`
[INFO] [stderr]  --> autowired_macros/src/autowired_data.rs:4:5
[INFO] [stderr]   |
[INFO] [stderr] 4 | use darling::FromField;
[INFO] [stderr]   |     ^^^^^^^^^^^^^^^^^^
[INFO] [stderr] 
[INFO] [stderr] warning: unused imports: `FieldsNamed`, `FieldsUnnamed`, and `parse::Parse`
[INFO] [stderr]  --> autowired_macros/src/autowired_data.rs:7:67
[INFO] [stderr]   |
[INFO] [stderr] 7 | use syn::{ItemStruct, ItemFn, Signature, ReturnType, Type, FnArg, FieldsNamed, Fields, FieldsUnnamed, Expr, Meta, parse::Parse, Attribute};
[INFO] [stderr]   |                                                                   ^^^^^^^^^^^          ^^^^^^^^^^^^^              ^^^^^^^^^^^^
[INFO] [stderr] 
[INFO] [stderr] warning: fields `p`, `name`, and `types` are never read
[INFO] [stderr]   --> autowired_macros/src/lib.rs:83:3
[INFO] [stderr]    |
[INFO] [stderr] 82 | struct ProviderInput {
[INFO] [stderr]    |        ------------- fields in this struct
[INFO] [stderr] 83 |   p: Ident,
[INFO] [stderr]    |   ^
[INFO] [stderr] 84 |   name: Ident,
[INFO] [stderr]    |   ^^^^
[INFO] [stderr] 85 |   types: Punctuated<Type, Comma>,
[INFO] [stderr]    |   ^^^^^
[INFO] [stderr]    |
[INFO] [stderr]    = note: `#[warn(dead_code)]` on by default
[INFO] [stderr] 
[INFO] [stderr] warning: `autowired_macros` (lib) generated 4 warnings (run `cargo fix --lib -p autowired_macros` to apply 3 suggestions)
[INFO] [stderr] warning: unused import: `Dep`
[INFO] [stderr]  --> src/provider.rs:5:13
[INFO] [stderr]   |
[INFO] [stderr] 5 | use crate::{Dep, Deps, DepsBuilder};
[INFO] [stderr]   |             ^^^
[INFO] [stderr]   |
[INFO] [stderr]   = note: `#[warn(unused_imports)]` on by default
[INFO] [stderr] 
[INFO] [stderr] warning: `autowired` (lib) generated 1 warning (run `cargo fix --lib -p autowired` to apply 1 suggestion)
[INFO] [stderr] warning: unused import: `std::sync::Arc`
[INFO] [stderr]  --> tests/test1.rs:1:5
[INFO] [stderr]   |
[INFO] [stderr] 1 | use std::sync::Arc;
[INFO] [stderr]   |     ^^^^^^^^^^^^^^
[INFO] [stderr]   |
[INFO] [stderr]   = note: `#[warn(unused_imports)]` on by default
[INFO] [stderr] 
[INFO] [stderr] warning: unused import: `TypeId`
[INFO] [stderr]  --> tests/test1.rs:3:26
[INFO] [stderr]   |
[INFO] [stderr] 3 | use autowired::{Context, TypeId};
[INFO] [stderr]   |                          ^^^^^^
[INFO] [stderr] 
[INFO] [stderr] warning: unused variable: `a`
[INFO] [stderr]   --> tests/test1.rs:67:7
[INFO] [stderr]    |
[INFO] [stderr] 67 |   let a = p.provide::<A>();
[INFO] [stderr]    |       ^ help: if this is intentional, prefix it with an underscore: `_a`
[INFO] [stderr]    |
[INFO] [stderr]    = note: `#[warn(unused_variables)]` on by default
[INFO] [stderr] 
[INFO] [stderr] warning: fields `b` and `c` are never read
[INFO] [stderr]  --> tests/test1.rs:8:3
[INFO] [stderr]   |
[INFO] [stderr] 7 | struct A {
[INFO] [stderr]   |        - fields in this struct
[INFO] [stderr] 8 |   b: B,
[INFO] [stderr]   |   ^
[INFO] [stderr] 9 |   c: C,
[INFO] [stderr]   |   ^
[INFO] [stderr]   |
[INFO] [stderr]   = note: `A` has derived impls for the traits `Debug` and `Clone`, but these are intentionally ignored during dead code analysis
[INFO] [stderr]   = note: `#[warn(dead_code)]` on by default
[INFO] [stderr] 
[INFO] [stderr] warning: field `c` is never read
[INFO] [stderr]   --> tests/test1.rs:14:3
[INFO] [stderr]    |
[INFO] [stderr] 13 | struct B {
[INFO] [stderr]    |        - field in this struct
[INFO] [stderr] 14 |   c: C,
[INFO] [stderr]    |   ^
[INFO] [stderr]    |
[INFO] [stderr]    = note: `B` has derived impls for the traits `Clone` and `Debug`, but these are intentionally ignored during dead code analysis
[INFO] [stderr] 
[INFO] [stderr] warning: field `a` is never read
[INFO] [stderr]   --> tests/test1.rs:32:3
[INFO] [stderr]    |
[INFO] [stderr] 31 | struct AsyncParent {
[INFO] [stderr]    |        ----------- field in this struct
[INFO] [stderr] 32 |   a: A,
[INFO] [stderr]    |   ^
[INFO] [stderr]    |
[INFO] [stderr]    = note: `AsyncParent` has derived impls for the traits `Clone` and `Debug`, but these are intentionally ignored during dead code analysis
[INFO] [stderr] 
[INFO] [stderr] warning: unused variable: `a2`
[INFO] [stderr]   --> tests/test2.rs:38:7
[INFO] [stderr]    |
[INFO] [stderr] 38 |   let a2 = p.provide::<A>();
[INFO] [stderr]    |       ^^ help: if this is intentional, prefix it with an underscore: `_a2`
[INFO] [stderr]    |
[INFO] [stderr]    = note: `#[warn(unused_variables)]` on by default
[INFO] [stderr] 
[INFO] [stderr] warning: fields `provided` and `shared` are never read
[INFO] [stderr]   --> tests/test2.rs:11:3
[INFO] [stderr]    |
[INFO] [stderr] 10 | struct A {
[INFO] [stderr]    |        - fields in this struct
[INFO] [stderr] 11 |   provided: AutowiredString,
[INFO] [stderr]    |   ^^^^^^^^
[INFO] [stderr] 12 |   shared: Arc<usize>,
[INFO] [stderr]    |   ^^^^^^
[INFO] [stderr]    |
[INFO] [stderr]    = note: `A` has a derived impl for the trait `Clone`, but this is intentionally ignored during dead code analysis
[INFO] [stderr]    = note: `#[warn(dead_code)]` on by default
[INFO] [stderr] 
[INFO] [stderr] warning: field `0` is never read
[INFO] [stderr]   --> tests/test2.rs:18:24
[INFO] [stderr]    |
[INFO] [stderr] 18 | struct AutowiredString(Arc<String>);
[INFO] [stderr]    |        --------------- ^^^^^^^^^^^
[INFO] [stderr]    |        |
[INFO] [stderr]    |        field in this struct
[INFO] [stderr]    |
[INFO] [stderr]    = help: consider removing this field
[INFO] [stderr]    = note: `AutowiredString` has a derived impl for the trait `Clone`, but this is intentionally ignored during dead code analysis
[INFO] [stderr] 
[INFO] [stderr] warning: `autowired` (lib test) generated 1 warning (1 duplicate)
[INFO] [stderr] warning: `autowired` (test "test1") generated 6 warnings (run `cargo fix --test "test1"` to apply 2 suggestions)
[INFO] [stderr] warning: `autowired` (test "test2") generated 3 warnings
[INFO] [stderr]     Finished `test` profile [unoptimized + debuginfo] target(s) in 0.09s
[INFO] [stderr]      Running unittests src/lib.rs (/opt/rustwide/target/debug/deps/autowired-06fbdc8340c57534)
[INFO] [stdout] 
[INFO] [stdout] running 0 tests
[INFO] [stdout] 
[INFO] [stdout] test result: ok. 0 passed; 0 failed; 0 ignored; 0 measured; 0 filtered out; finished in 0.00s
[INFO] [stdout] 
[INFO] [stderr]      Running tests/test1.rs (/opt/rustwide/target/debug/deps/test1-090df67e29deb5b5)
[INFO] [stdout] 
[INFO] [stdout] running 2 tests
[INFO] [stdout] test test_2 ... ok
[INFO] [stdout] test test_1 ... ok
[INFO] [stdout] 
[INFO] [stdout] test result: ok. 2 passed; 0 failed; 0 ignored; 0 measured; 0 filtered out; finished in 0.01s
[INFO] [stdout] 
[INFO] [stderr]      Running tests/test2.rs (/opt/rustwide/target/debug/deps/test2-7c6bc3565f08644b)
[INFO] [stdout] 
[INFO] [stdout] running 1 test
[INFO] [stdout] test test1 ... FAILED
[INFO] [stdout] 
[INFO] [stdout] failures:
[INFO] [stdout] 
[INFO] [stdout] ---- test1 stdout ----
[INFO] [stdout] stateful call...
[INFO] [stdout] 0
[INFO] [stdout] thread 'test1' panicked at tests/test2.rs:41:3:
[INFO] [stdout] assertion failed: false
[INFO] [stdout] stack backtrace:
[INFO] [stdout]    0:     0x5c211413134a - std::backtrace_rs::backtrace::libunwind::trace::h5a5b8284f2d0c266
[INFO] [stdout]                                at /rustc/90b35a6239c3d8bdabc530a6a0816f7ff89a0aaf/library/std/src/../../backtrace/src/backtrace/libunwind.rs:116:5
[INFO] [stdout]    1:     0x5c211413134a - std::backtrace_rs::backtrace::trace_unsynchronized::h76d4f1c9b0b875e3
[INFO] [stdout]                                at /rustc/90b35a6239c3d8bdabc530a6a0816f7ff89a0aaf/library/std/src/../../backtrace/src/backtrace/mod.rs:66:5
[INFO] [stdout]    2:     0x5c211413134a - std::sys::backtrace::_print_fmt::hc4546b8364a537c6
[INFO] [stdout]                                at /rustc/90b35a6239c3d8bdabc530a6a0816f7ff89a0aaf/library/std/src/sys/backtrace.rs:66:9
[INFO] [stdout]    3:     0x5c211413134a - <std::sys::backtrace::BacktraceLock::print::DisplayBacktrace as core::fmt::Display>::fmt::h5b6bd5631a6d1f6b
[INFO] [stdout]                                at /rustc/90b35a6239c3d8bdabc530a6a0816f7ff89a0aaf/library/std/src/sys/backtrace.rs:39:26
[INFO] [stdout]    4:     0x5c2114156603 - core::fmt::rt::Argument::fmt::h270f6602a2b96f62
[INFO] [stdout]                                at /rustc/90b35a6239c3d8bdabc530a6a0816f7ff89a0aaf/library/core/src/fmt/rt.rs:177:76
[INFO] [stdout]    5:     0x5c2114156603 - core::fmt::write::h7550c97b06c86515
[INFO] [stdout]                                at /rustc/90b35a6239c3d8bdabc530a6a0816f7ff89a0aaf/library/core/src/fmt/mod.rs:1186:21
[INFO] [stdout]    6:     0x5c211412e513 - std::io::Write::write_fmt::h509ff860e5956e5e
[INFO] [stdout]                                at /rustc/90b35a6239c3d8bdabc530a6a0816f7ff89a0aaf/library/std/src/io/mod.rs:1839:15
[INFO] [stdout]    7:     0x5c2114131192 - std::sys::backtrace::BacktraceLock::print::h2395ccd2c84ba3aa
[INFO] [stdout]                                at /rustc/90b35a6239c3d8bdabc530a6a0816f7ff89a0aaf/library/std/src/sys/backtrace.rs:42:9
[INFO] [stdout]    8:     0x5c21141327aa - std::panicking::default_hook::{{closure}}::he19d4c7230e07961
[INFO] [stdout]                                at /rustc/90b35a6239c3d8bdabc530a6a0816f7ff89a0aaf/library/std/src/panicking.rs:268:22
[INFO] [stdout]    9:     0x5c21141325b4 - std::panicking::default_hook::hf614597d3c67bbdb
[INFO] [stdout]                                at /rustc/90b35a6239c3d8bdabc530a6a0816f7ff89a0aaf/library/std/src/panicking.rs:292:9
[INFO] [stdout]   10:     0x5c21140f04e9 - <alloc::boxed::Box<F,A> as core::ops::function::Fn<Args>>::call::h39b51ce4599c23d1
[INFO] [stdout]                                at /rustc/90b35a6239c3d8bdabc530a6a0816f7ff89a0aaf/library/alloc/src/boxed.rs:2468:9
[INFO] [stdout]   11:     0x5c21140f04e9 - test::test_main::{{closure}}::he977ae839a582784
[INFO] [stdout]                                at /rustc/90b35a6239c3d8bdabc530a6a0816f7ff89a0aaf/library/test/src/lib.rs:133:21
[INFO] [stdout]   12:     0x5c2114132e48 - <alloc::boxed::Box<F,A> as core::ops::function::Fn<Args>>::call::h9455091b6b06f9fb
[INFO] [stdout]                                at /rustc/90b35a6239c3d8bdabc530a6a0816f7ff89a0aaf/library/alloc/src/boxed.rs:2468:9
[INFO] [stdout]   13:     0x5c2114132e48 - std::panicking::rust_panic_with_hook::h8942133a8b252070
[INFO] [stdout]                                at /rustc/90b35a6239c3d8bdabc530a6a0816f7ff89a0aaf/library/std/src/panicking.rs:809:13
[INFO] [stdout]   14:     0x5c2114132bd6 - std::panicking::begin_panic_handler::{{closure}}::hb5f5963570096b29
[INFO] [stdout]                                at /rustc/90b35a6239c3d8bdabc530a6a0816f7ff89a0aaf/library/std/src/panicking.rs:667:13
[INFO] [stdout]   15:     0x5c2114131829 - std::sys::backtrace::__rust_end_short_backtrace::h6208cedc1922feda
[INFO] [stdout]                                at /rustc/90b35a6239c3d8bdabc530a6a0816f7ff89a0aaf/library/std/src/sys/backtrace.rs:170:18
[INFO] [stdout]   16:     0x5c211413289c - rust_begin_unwind
[INFO] [stdout]                                at /rustc/90b35a6239c3d8bdabc530a6a0816f7ff89a0aaf/library/std/src/panicking.rs:665:5
[INFO] [stdout]   17:     0x5c21140b2a60 - core::panicking::panic_fmt::h0c3082644d1bf418
[INFO] [stdout]                                at /rustc/90b35a6239c3d8bdabc530a6a0816f7ff89a0aaf/library/core/src/panicking.rs:74:14
[INFO] [stdout]   18:     0x5c21140b2aec - core::panicking::panic::h957f98c65a3b3074
[INFO] [stdout]                                at /rustc/90b35a6239c3d8bdabc530a6a0816f7ff89a0aaf/library/core/src/panicking.rs:148:5
[INFO] [stdout]   19:     0x5c21140b81bd - test2::test1::h1888491359037ce2
[INFO] [stdout]                                at /opt/rustwide/workdir/tests/test2.rs:41:3
[INFO] [stdout]   20:     0x5c21140b8007 - test2::test1::{{closure}}::h5c1d4d27da58ff1c
[INFO] [stdout]                                at /opt/rustwide/workdir/tests/test2.rs:31:11
[INFO] [stdout]   21:     0x5c21140b41d6 - core::ops::function::FnOnce::call_once::h1f423be910cc48d9
[INFO] [stdout]                                at /rustc/90b35a6239c3d8bdabc530a6a0816f7ff89a0aaf/library/core/src/ops/function.rs:250:5
[INFO] [stdout]   22:     0x5c21140f4eab - core::ops::function::FnOnce::call_once::h109cf8051a59b34e
[INFO] [stdout]                                at /rustc/90b35a6239c3d8bdabc530a6a0816f7ff89a0aaf/library/core/src/ops/function.rs:250:5
[INFO] [stdout]   23:     0x5c21140f4eab - test::__rust_begin_short_backtrace::hf4fff89d377446ba
[INFO] [stdout]                                at /rustc/90b35a6239c3d8bdabc530a6a0816f7ff89a0aaf/library/test/src/lib.rs:621:18
[INFO] [stdout]   24:     0x5c21140f46e7 - test::run_test_in_process::{{closure}}::h0e39181dd7ee5a43
[INFO] [stdout]                                at /rustc/90b35a6239c3d8bdabc530a6a0816f7ff89a0aaf/library/test/src/lib.rs:644:60
[INFO] [stdout]   25:     0x5c21140f46e7 - <core::panic::unwind_safe::AssertUnwindSafe<F> as core::ops::function::FnOnce<()>>::call_once::hc5a66a30f0bdfd1f
[INFO] [stdout]                                at /rustc/90b35a6239c3d8bdabc530a6a0816f7ff89a0aaf/library/core/src/panic/unwind_safe.rs:272:9
[INFO] [stdout]   26:     0x5c21140f46e7 - std::panicking::try::do_call::h873b7cf639554a5e
[INFO] [stdout]                                at /rustc/90b35a6239c3d8bdabc530a6a0816f7ff89a0aaf/library/std/src/panicking.rs:557:40
[INFO] [stdout]   27:     0x5c21140f46e7 - std::panicking::try::hdb19862fad9c8bd1
[INFO] [stdout]                                at /rustc/90b35a6239c3d8bdabc530a6a0816f7ff89a0aaf/library/std/src/panicking.rs:520:19
[INFO] [stdout]   28:     0x5c21140f46e7 - std::panic::catch_unwind::h281fe732d236d260
[INFO] [stdout]                                at /rustc/90b35a6239c3d8bdabc530a6a0816f7ff89a0aaf/library/std/src/panic.rs:358:14
[INFO] [stdout]   29:     0x5c21140f46e7 - test::run_test_in_process::h949b6df8457ed338
[INFO] [stdout]                                at /rustc/90b35a6239c3d8bdabc530a6a0816f7ff89a0aaf/library/test/src/lib.rs:644:27
[INFO] [stdout]   30:     0x5c21140f46e7 - test::run_test::{{closure}}::h52c556a6d4740e10
[INFO] [stdout]                                at /rustc/90b35a6239c3d8bdabc530a6a0816f7ff89a0aaf/library/test/src/lib.rs:565:43
[INFO] [stdout]   31:     0x5c21140b99c4 - test::run_test::{{closure}}::h4237f6381c45ccb9
[INFO] [stdout]                                at /rustc/90b35a6239c3d8bdabc530a6a0816f7ff89a0aaf/library/test/src/lib.rs:595:41
[INFO] [stdout]   32:     0x5c21140b99c4 - std::sys::backtrace::__rust_begin_short_backtrace::h505c97a579eca628
[INFO] [stdout]                                at /rustc/90b35a6239c3d8bdabc530a6a0816f7ff89a0aaf/library/std/src/sys/backtrace.rs:154:18
[INFO] [stdout]   33:     0x5c21140bd08e - std::thread::Builder::spawn_unchecked_::{{closure}}::{{closure}}::h9e86b2e2bc107ea3
[INFO] [stdout]                                at /rustc/90b35a6239c3d8bdabc530a6a0816f7ff89a0aaf/library/std/src/thread/mod.rs:538:17
[INFO] [stdout]   34:     0x5c21140bd08e - <core::panic::unwind_safe::AssertUnwindSafe<F> as core::ops::function::FnOnce<()>>::call_once::h8b06ddb275ff4a25
[INFO] [stdout]                                at /rustc/90b35a6239c3d8bdabc530a6a0816f7ff89a0aaf/library/core/src/panic/unwind_safe.rs:272:9
[INFO] [stdout]   35:     0x5c21140bd08e - std::panicking::try::do_call::hb26ecd7cd9a9355d
[INFO] [stdout]                                at /rustc/90b35a6239c3d8bdabc530a6a0816f7ff89a0aaf/library/std/src/panicking.rs:557:40
[INFO] [stdout]   36:     0x5c21140bd08e - std::panicking::try::h8ddeca9d705f9069
[INFO] [stdout]                                at /rustc/90b35a6239c3d8bdabc530a6a0816f7ff89a0aaf/library/std/src/panicking.rs:520:19
[INFO] [stdout]   37:     0x5c21140bd08e - std::panic::catch_unwind::h49e1c33078844c46
[INFO] [stdout]                                at /rustc/90b35a6239c3d8bdabc530a6a0816f7ff89a0aaf/library/std/src/panic.rs:358:14
[INFO] [stdout]   38:     0x5c21140bd08e - std::thread::Builder::spawn_unchecked_::{{closure}}::h6073db6ff56ad35d
[INFO] [stdout]                                at /rustc/90b35a6239c3d8bdabc530a6a0816f7ff89a0aaf/library/std/src/thread/mod.rs:537:30
[INFO] [stdout]   39:     0x5c21140bd08e - core::ops::function::FnOnce::call_once{{vtable.shim}}::h2c5a5f3779c774f1
[INFO] [stdout]                                at /rustc/90b35a6239c3d8bdabc530a6a0816f7ff89a0aaf/library/core/src/ops/function.rs:250:5
[INFO] [stdout]   40:     0x5c2114136b9b - <alloc::boxed::Box<F,A> as core::ops::function::FnOnce<Args>>::call_once::hf75717d9f28faebf
[INFO] [stdout]                                at /rustc/90b35a6239c3d8bdabc530a6a0816f7ff89a0aaf/library/alloc/src/boxed.rs:2454:9
[INFO] [stdout]   41:     0x5c2114136b9b - <alloc::boxed::Box<F,A> as core::ops::function::FnOnce<Args>>::call_once::h7bd883a5f3c5f3c1
[INFO] [stdout]                                at /rustc/90b35a6239c3d8bdabc530a6a0816f7ff89a0aaf/library/alloc/src/boxed.rs:2454:9
[INFO] [stdout]   42:     0x5c2114136b9b - std::sys::pal::unix::thread::Thread::new::thread_start::hcc78f3943333fa94
[INFO] [stdout]                                at /rustc/90b35a6239c3d8bdabc530a6a0816f7ff89a0aaf/library/std/src/sys/pal/unix/thread.rs:105:17
[INFO] [stdout]   43:     0x779fff123ac3 - <unknown>
[INFO] [stdout]   44:     0x779fff1b4a04 - clone
[INFO] [stdout]   45:                0x0 - <unknown>
[INFO] [stdout] 
[INFO] [stdout] 
[INFO] [stdout] failures:
[INFO] [stdout]     test1
[INFO] [stdout] 
[INFO] [stdout] test result: FAILED. 0 passed; 1 failed; 0 ignored; 0 measured; 0 filtered out; finished in 0.03s
[INFO] [stdout] 
[INFO] [stderr] error: test failed, to rerun pass `--test test2`
[INFO] running `Command { std: "docker" "inspect" "190fe513836b118b62ea7da95103c70780f939404bf7175115266705fd3ab566", kill_on_drop: false }`
[INFO] running `Command { std: "docker" "rm" "-f" "190fe513836b118b62ea7da95103c70780f939404bf7175115266705fd3ab566", kill_on_drop: false }`
[INFO] [stdout] 190fe513836b118b62ea7da95103c70780f939404bf7175115266705fd3ab566
