[INFO] cloning repository https://github.com/mastrogiovanni/my_crate
[INFO] running `Command { std: "git" "-c" "credential.helper=" "-c" "credential.helper=/workspace/cargo-home/bin/git-credential-null" "clone" "--bare" "https://github.com/mastrogiovanni/my_crate" "/workspace/cache/git-repos/https%3A%2F%2Fgithub.com%2Fmastrogiovanni%2Fmy_crate", kill_on_drop: false }`
[INFO] [stderr] Cloning into bare repository '/workspace/cache/git-repos/https%3A%2F%2Fgithub.com%2Fmastrogiovanni%2Fmy_crate'...
[INFO] running `Command { std: "git" "rev-parse" "HEAD", kill_on_drop: false }`
[INFO] [stdout] 9c1d6bb2154eaf69f04e5debab923dbf3cc03bdd
[INFO] testing mastrogiovanni/my_crate against beta-2024-12-08 for beta-1.84.0-4-retry
[INFO] running `Command { std: "git" "clone" "/workspace/cache/git-repos/https%3A%2F%2Fgithub.com%2Fmastrogiovanni%2Fmy_crate" "/workspace/builds/worker-5-tc2/source", kill_on_drop: false }`
[INFO] [stderr] Cloning into '/workspace/builds/worker-5-tc2/source'...
[INFO] [stderr] done.
[INFO] validating manifest of git repo https://github.com/mastrogiovanni/my_crate on toolchain beta-2024-12-08
[INFO] running `Command { std: CARGO_HOME="/workspace/cargo-home" RUSTUP_HOME="/workspace/rustup-home" "/workspace/cargo-home/bin/cargo" "+beta-2024-12-08" "metadata" "--manifest-path" "Cargo.toml" "--no-deps", kill_on_drop: false }`
[INFO] started tweaking git repo https://github.com/mastrogiovanni/my_crate
[INFO] finished tweaking git repo https://github.com/mastrogiovanni/my_crate
[INFO] tweaked toml for git repo https://github.com/mastrogiovanni/my_crate written to /workspace/builds/worker-5-tc2/source/Cargo.toml
[INFO] crate git repo https://github.com/mastrogiovanni/my_crate already has a lockfile, it will not be regenerated
[INFO] running `Command { std: CARGO_HOME="/workspace/cargo-home" RUSTUP_HOME="/workspace/rustup-home" "/workspace/cargo-home/bin/cargo" "+beta-2024-12-08" "fetch" "--manifest-path" "Cargo.toml", kill_on_drop: false }`
[INFO] running `Command { std: "docker" "create" "-v" "/var/lib/crater-agent-workspace/builds/worker-5-tc2/target:/opt/rustwide/target:rw,Z" "-v" "/var/lib/crater-agent-workspace/builds/worker-5-tc2/source:/opt/rustwide/workdir:ro,Z" "-v" "/var/lib/crater-agent-workspace/cargo-home:/opt/rustwide/cargo-home:ro,Z" "-v" "/var/lib/crater-agent-workspace/rustup-home:/opt/rustwide/rustup-home:ro,Z" "-e" "SOURCE_DIR=/opt/rustwide/workdir" "-e" "CARGO_TARGET_DIR=/opt/rustwide/target" "-e" "CARGO_HOME=/opt/rustwide/cargo-home" "-e" "RUSTUP_HOME=/opt/rustwide/rustup-home" "-w" "/opt/rustwide/workdir" "-m" "1610612736" "--user" "0:0" "--network" "none" "ghcr.io/rust-lang/crates-build-env/linux@sha256:f3a9d4ad9d972b27faf3965f35b62e55ba32bbce8f20bc8fe909558a86702fde" "/opt/rustwide/cargo-home/bin/cargo" "+beta-2024-12-08" "metadata" "--no-deps" "--format-version=1", kill_on_drop: false }`
[INFO] [stdout] 81dc797e3470f7826be89b7e9c5df5311598d8c346e134a641a054f9a689d4e1
[INFO] running `Command { std: "docker" "start" "-a" "81dc797e3470f7826be89b7e9c5df5311598d8c346e134a641a054f9a689d4e1", kill_on_drop: false }`
[INFO] running `Command { std: "docker" "inspect" "81dc797e3470f7826be89b7e9c5df5311598d8c346e134a641a054f9a689d4e1", kill_on_drop: false }`
[INFO] running `Command { std: "docker" "rm" "-f" "81dc797e3470f7826be89b7e9c5df5311598d8c346e134a641a054f9a689d4e1", kill_on_drop: false }`
[INFO] [stdout] 81dc797e3470f7826be89b7e9c5df5311598d8c346e134a641a054f9a689d4e1
[INFO] running `Command { std: "docker" "create" "-v" "/var/lib/crater-agent-workspace/builds/worker-5-tc2/target:/opt/rustwide/target:rw,Z" "-v" "/var/lib/crater-agent-workspace/builds/worker-5-tc2/source:/opt/rustwide/workdir:ro,Z" "-v" "/var/lib/crater-agent-workspace/cargo-home:/opt/rustwide/cargo-home:ro,Z" "-v" "/var/lib/crater-agent-workspace/rustup-home:/opt/rustwide/rustup-home:ro,Z" "-e" "SOURCE_DIR=/opt/rustwide/workdir" "-e" "CARGO_TARGET_DIR=/opt/rustwide/target" "-e" "CARGO_INCREMENTAL=0" "-e" "RUST_BACKTRACE=full" "-e" "RUSTFLAGS=--cap-lints=warn" "-e" "RUSTDOCFLAGS=--cap-lints=warn" "-e" "CARGO_HOME=/opt/rustwide/cargo-home" "-e" "RUSTUP_HOME=/opt/rustwide/rustup-home" "-w" "/opt/rustwide/workdir" "-m" "1610612736" "--user" "0:0" "--network" "none" "ghcr.io/rust-lang/crates-build-env/linux@sha256:f3a9d4ad9d972b27faf3965f35b62e55ba32bbce8f20bc8fe909558a86702fde" "/opt/rustwide/cargo-home/bin/cargo" "+beta-2024-12-08" "build" "--frozen" "--message-format=json", kill_on_drop: false }`
[INFO] [stdout] 234015442f81ca46cb9261c2c411c4bbc2d0d569949ecd0486be3cbe138b150a
[INFO] running `Command { std: "docker" "start" "-a" "234015442f81ca46cb9261c2c411c4bbc2d0d569949ecd0486be3cbe138b150a", kill_on_drop: false }`
[INFO] [stderr]    Compiling mastrogiovanni_test v0.1.0 (/opt/rustwide/workdir)
[INFO] [stdout] warning: unused variable: `c1`
[INFO] [stdout]   --> src/lib.rs:39:16
[INFO] [stdout]    |
[INFO] [stdout] 39 |     pub fn mix(c1: PrimaryColor, c2: PrimaryColor) -> SecondaryColor {
[INFO] [stdout]    |                ^^ help: if this is intentional, prefix it with an underscore: `_c1`
[INFO] [stdout]    |
[INFO] [stdout]    = note: `#[warn(unused_variables)]` on by default
[INFO] [stdout] 
[INFO] [stdout] 
[INFO] [stdout] warning: unused variable: `c2`
[INFO] [stdout]   --> src/lib.rs:39:34
[INFO] [stdout]    |
[INFO] [stdout] 39 |     pub fn mix(c1: PrimaryColor, c2: PrimaryColor) -> SecondaryColor {
[INFO] [stdout]    |                                  ^^ help: if this is intentional, prefix it with an underscore: `_c2`
[INFO] [stdout] 
[INFO] [stdout] 
[INFO] [stderr]     Finished `dev` profile [unoptimized + debuginfo] target(s) in 0.45s
[INFO] running `Command { std: "docker" "inspect" "234015442f81ca46cb9261c2c411c4bbc2d0d569949ecd0486be3cbe138b150a", kill_on_drop: false }`
[INFO] running `Command { std: "docker" "rm" "-f" "234015442f81ca46cb9261c2c411c4bbc2d0d569949ecd0486be3cbe138b150a", kill_on_drop: false }`
[INFO] [stdout] 234015442f81ca46cb9261c2c411c4bbc2d0d569949ecd0486be3cbe138b150a
[INFO] running `Command { std: "docker" "create" "-v" "/var/lib/crater-agent-workspace/builds/worker-5-tc2/target:/opt/rustwide/target:rw,Z" "-v" "/var/lib/crater-agent-workspace/builds/worker-5-tc2/source:/opt/rustwide/workdir:ro,Z" "-v" "/var/lib/crater-agent-workspace/cargo-home:/opt/rustwide/cargo-home:ro,Z" "-v" "/var/lib/crater-agent-workspace/rustup-home:/opt/rustwide/rustup-home:ro,Z" "-e" "SOURCE_DIR=/opt/rustwide/workdir" "-e" "CARGO_TARGET_DIR=/opt/rustwide/target" "-e" "CARGO_INCREMENTAL=0" "-e" "RUST_BACKTRACE=full" "-e" "RUSTFLAGS=--cap-lints=warn" "-e" "RUSTDOCFLAGS=--cap-lints=warn" "-e" "CARGO_HOME=/opt/rustwide/cargo-home" "-e" "RUSTUP_HOME=/opt/rustwide/rustup-home" "-w" "/opt/rustwide/workdir" "-m" "1610612736" "--user" "0:0" "--network" "none" "ghcr.io/rust-lang/crates-build-env/linux@sha256:f3a9d4ad9d972b27faf3965f35b62e55ba32bbce8f20bc8fe909558a86702fde" "/opt/rustwide/cargo-home/bin/cargo" "+beta-2024-12-08" "test" "--frozen" "--no-run" "--message-format=json", kill_on_drop: false }`
[INFO] [stdout] 6a0af93ae5946ccb64773d13ec473fb161c75110505727cba39d81c95ed976b1
[INFO] running `Command { std: "docker" "start" "-a" "6a0af93ae5946ccb64773d13ec473fb161c75110505727cba39d81c95ed976b1", kill_on_drop: false }`
[INFO] [stderr]    Compiling mastrogiovanni_test v0.1.0 (/opt/rustwide/workdir)
[INFO] [stdout] warning: unused variable: `c1`
[INFO] [stdout]   --> src/lib.rs:39:16
[INFO] [stdout]    |
[INFO] [stdout] 39 |     pub fn mix(c1: PrimaryColor, c2: PrimaryColor) -> SecondaryColor {
[INFO] [stdout]    |                ^^ help: if this is intentional, prefix it with an underscore: `_c1`
[INFO] [stdout]    |
[INFO] [stdout]    = note: `#[warn(unused_variables)]` on by default
[INFO] [stdout] 
[INFO] [stdout] 
[INFO] [stdout] warning: unused variable: `c2`
[INFO] [stdout]   --> src/lib.rs:39:34
[INFO] [stdout]    |
[INFO] [stdout] 39 |     pub fn mix(c1: PrimaryColor, c2: PrimaryColor) -> SecondaryColor {
[INFO] [stdout]    |                                  ^^ help: if this is intentional, prefix it with an underscore: `_c2`
[INFO] [stdout] 
[INFO] [stdout] 
[INFO] [stdout] warning: unused variable: `c1`
[INFO] [stdout]   --> src/lib.rs:39:16
[INFO] [stdout]    |
[INFO] [stdout] 39 |     pub fn mix(c1: PrimaryColor, c2: PrimaryColor) -> SecondaryColor {
[INFO] [stdout]    |                ^^ help: if this is intentional, prefix it with an underscore: `_c1`
[INFO] [stdout]    |
[INFO] [stdout]    = note: `#[warn(unused_variables)]` on by default
[INFO] [stdout] 
[INFO] [stdout] 
[INFO] [stdout] warning: unused variable: `c2`
[INFO] [stdout]   --> src/lib.rs:39:34
[INFO] [stdout]    |
[INFO] [stdout] 39 |     pub fn mix(c1: PrimaryColor, c2: PrimaryColor) -> SecondaryColor {
[INFO] [stdout]    |                                  ^^ help: if this is intentional, prefix it with an underscore: `_c2`
[INFO] [stdout] 
[INFO] [stdout] 
[INFO] [stderr]     Finished `test` profile [unoptimized + debuginfo] target(s) in 0.64s
[INFO] running `Command { std: "docker" "inspect" "6a0af93ae5946ccb64773d13ec473fb161c75110505727cba39d81c95ed976b1", kill_on_drop: false }`
[INFO] running `Command { std: "docker" "rm" "-f" "6a0af93ae5946ccb64773d13ec473fb161c75110505727cba39d81c95ed976b1", kill_on_drop: false }`
[INFO] [stdout] 6a0af93ae5946ccb64773d13ec473fb161c75110505727cba39d81c95ed976b1
[INFO] running `Command { std: "docker" "create" "-v" "/var/lib/crater-agent-workspace/builds/worker-5-tc2/target:/opt/rustwide/target:rw,Z" "-v" "/var/lib/crater-agent-workspace/builds/worker-5-tc2/source:/opt/rustwide/workdir:ro,Z" "-v" "/var/lib/crater-agent-workspace/cargo-home:/opt/rustwide/cargo-home:ro,Z" "-v" "/var/lib/crater-agent-workspace/rustup-home:/opt/rustwide/rustup-home:ro,Z" "-e" "SOURCE_DIR=/opt/rustwide/workdir" "-e" "CARGO_TARGET_DIR=/opt/rustwide/target" "-e" "CARGO_INCREMENTAL=0" "-e" "RUST_BACKTRACE=full" "-e" "RUSTFLAGS=--cap-lints=warn" "-e" "RUSTDOCFLAGS=--cap-lints=warn" "-e" "CARGO_HOME=/opt/rustwide/cargo-home" "-e" "RUSTUP_HOME=/opt/rustwide/rustup-home" "-w" "/opt/rustwide/workdir" "-m" "1610612736" "--user" "0:0" "--network" "none" "ghcr.io/rust-lang/crates-build-env/linux@sha256:f3a9d4ad9d972b27faf3965f35b62e55ba32bbce8f20bc8fe909558a86702fde" "/opt/rustwide/cargo-home/bin/cargo" "+beta-2024-12-08" "test" "--frozen", kill_on_drop: false }`
[INFO] [stdout] aeb5462de34d077febde0f219054a5343de83d56d151b34d99608bb9ae946fa0
[INFO] running `Command { std: "docker" "start" "-a" "aeb5462de34d077febde0f219054a5343de83d56d151b34d99608bb9ae946fa0", kill_on_drop: false }`
[INFO] [stderr] warning: unused variable: `c1`
[INFO] [stderr]   --> src/lib.rs:39:16
[INFO] [stderr]    |
[INFO] [stderr] 39 |     pub fn mix(c1: PrimaryColor, c2: PrimaryColor) -> SecondaryColor {
[INFO] [stderr]    |                ^^ help: if this is intentional, prefix it with an underscore: `_c1`
[INFO] [stderr]    |
[INFO] [stderr]    = note: `#[warn(unused_variables)]` on by default
[INFO] [stderr] 
[INFO] [stderr] warning: unused variable: `c2`
[INFO] [stderr]   --> src/lib.rs:39:34
[INFO] [stderr]    |
[INFO] [stderr] 39 |     pub fn mix(c1: PrimaryColor, c2: PrimaryColor) -> SecondaryColor {
[INFO] [stderr]    |                                  ^^ help: if this is intentional, prefix it with an underscore: `_c2`
[INFO] [stderr] 
[INFO] [stderr] warning: `mastrogiovanni_test` (lib) generated 2 warnings
[INFO] [stderr] warning: `mastrogiovanni_test` (lib test) generated 2 warnings (2 duplicates)
[INFO] [stderr]     Finished `test` profile [unoptimized + debuginfo] target(s) in 0.04s
[INFO] [stderr]      Running unittests src/lib.rs (/opt/rustwide/target/debug/deps/mastrogiovanni_test-bf1de7a5e77026b5)
[INFO] [stdout] 
[INFO] [stdout] running 0 tests
[INFO] [stdout] 
[INFO] [stdout] test result: ok. 0 passed; 0 failed; 0 ignored; 0 measured; 0 filtered out; finished in 0.00s
[INFO] [stdout] 
[INFO] [stderr]      Running unittests src/main.rs (/opt/rustwide/target/debug/deps/mastrogiovanni_test-aebbc439ce6d528c)
[INFO] [stdout] 
[INFO] [stdout] running 0 tests
[INFO] [stdout] 
[INFO] [stdout] test result: ok. 0 passed; 0 failed; 0 ignored; 0 measured; 0 filtered out; finished in 0.00s
[INFO] [stdout] 
[INFO] [stderr]    Doc-tests mastrogiovanni_test
[INFO] [stdout] 
[INFO] [stdout] running 1 test
[INFO] [stdout] test src/lib.rs - add_one (line 8) ... FAILED
[INFO] [stdout] 
[INFO] [stdout] failures:
[INFO] [stdout] 
[INFO] [stdout] ---- src/lib.rs - add_one (line 8) stdout ----
[INFO] [stdout] error[E0433]: failed to resolve: use of undeclared crate or module `my_crate`
[INFO] [stdout]  --> src/lib.rs:10:14
[INFO] [stdout]   |
[INFO] [stdout] 4 | let answer = my_crate::add_one(arg);
[INFO] [stdout]   |              ^^^^^^^^ use of undeclared crate or module `my_crate`
[INFO] [stdout] 
[INFO] [stdout] error: aborting due to 1 previous error
[INFO] [stdout] 
[INFO] [stdout] For more information about this error, try `rustc --explain E0433`.
[INFO] [stdout] Couldn't compile the test.
[INFO] [stdout] 
[INFO] [stdout] failures:
[INFO] [stdout]     src/lib.rs - add_one (line 8)
[INFO] [stdout] 
[INFO] [stdout] test result: FAILED. 0 passed; 1 failed; 0 ignored; 0 measured; 0 filtered out; finished in 0.16s
[INFO] [stdout] 
[INFO] [stderr] error: doctest failed, to rerun pass `--doc`
[INFO] running `Command { std: "docker" "inspect" "aeb5462de34d077febde0f219054a5343de83d56d151b34d99608bb9ae946fa0", kill_on_drop: false }`
[INFO] running `Command { std: "docker" "rm" "-f" "aeb5462de34d077febde0f219054a5343de83d56d151b34d99608bb9ae946fa0", kill_on_drop: false }`
[INFO] [stdout] aeb5462de34d077febde0f219054a5343de83d56d151b34d99608bb9ae946fa0
