[INFO] cloning repository https://github.com/mangekyou-network/mangekyou
[INFO] running `Command { std: "git" "-c" "credential.helper=" "-c" "credential.helper=/workspace/cargo-home/bin/git-credential-null" "clone" "--bare" "https://github.com/mangekyou-network/mangekyou" "/workspace/cache/git-repos/https%3A%2F%2Fgithub.com%2Fmangekyou-network%2Fmangekyou", kill_on_drop: false }`
[INFO] [stderr] Cloning into bare repository '/workspace/cache/git-repos/https%3A%2F%2Fgithub.com%2Fmangekyou-network%2Fmangekyou'...
[INFO] running `Command { std: "git" "rev-parse" "HEAD", kill_on_drop: false }`
[INFO] [stdout] b7ee8c1e6dd1000313bfbe48f0e776a457a37249
[INFO] testing mangekyou-network/mangekyou against 1.83.0 for beta-1.84.0-4-retry
[INFO] running `Command { std: "git" "clone" "/workspace/cache/git-repos/https%3A%2F%2Fgithub.com%2Fmangekyou-network%2Fmangekyou" "/workspace/builds/worker-3-tc1/source", kill_on_drop: false }`
[INFO] [stderr] Cloning into '/workspace/builds/worker-3-tc1/source'...
[INFO] [stderr] done.
[INFO] validating manifest of git repo https://github.com/mangekyou-network/mangekyou on toolchain 1.83.0
[INFO] running `Command { std: CARGO_HOME="/workspace/cargo-home" RUSTUP_HOME="/workspace/rustup-home" "/workspace/cargo-home/bin/cargo" "+1.83.0" "metadata" "--manifest-path" "Cargo.toml" "--no-deps", kill_on_drop: false }`
[INFO] removed /workspace/builds/worker-3-tc1/source/.cargo/config
[INFO] removed /workspace/builds/worker-3-tc1/source/rust-toolchain
[INFO] started tweaking git repo https://github.com/mangekyou-network/mangekyou
[INFO] finished tweaking git repo https://github.com/mangekyou-network/mangekyou
[INFO] tweaked toml for git repo https://github.com/mangekyou-network/mangekyou written to /workspace/builds/worker-3-tc1/source/Cargo.toml
[INFO] crate git repo https://github.com/mangekyou-network/mangekyou already has a lockfile, it will not be regenerated
[INFO] running `Command { std: CARGO_HOME="/workspace/cargo-home" RUSTUP_HOME="/workspace/rustup-home" "/workspace/cargo-home/bin/cargo" "+1.83.0" "fetch" "--manifest-path" "Cargo.toml", kill_on_drop: false }`
[INFO] [stderr]     Updating git repository `https://github.com/dalek-cryptography/curve25519-dalek`
[INFO] [stderr]     Updating git repository `https://github.com/RustCrypto/formats`
[INFO] [stderr]     Updating git repository `https://github.com/dalek-cryptography/subtle`
[INFO] [stderr]     Updating crates.io index
[INFO] [stderr] warning: Patch `curve25519-dalek v4.0.0-pre.0 (https://github.com/dalek-cryptography/curve25519-dalek?rev=127c9e9#127c9e90)` was not used in the crate graph.
[INFO] [stderr] Patch `der v0.7.0 (https://github.com/RustCrypto/formats?rev=510b74a#510b74ad)` was not used in the crate graph.
[INFO] [stderr] Check that the patched package version and available features are compatible
[INFO] [stderr] with the dependency requirements. If the patch has a different version from
[INFO] [stderr] what is locked in the Cargo.lock file, run `cargo update` to use the new
[INFO] [stderr] version. This may also occur with an optional dependency that is not enabled.
[INFO] [stderr]     Blocking waiting for file lock on package cache
[INFO] [stderr]  Downloading crates ...
[INFO] [stderr]   Downloaded jobserver v0.1.30
[INFO] [stderr]   Downloaded solana-sdk-macro v1.18.12
[INFO] [stderr]   Downloaded faster-hex v0.6.1
[INFO] [stderr]   Downloaded exitcode v1.1.2
[INFO] [stderr]   Downloaded solana-logger v1.18.12
[INFO] [stderr]   Downloaded solana-frozen-abi-macro v1.18.12
[INFO] [stderr]   Downloaded rfc6979 v0.1.0
[INFO] [stderr]   Downloaded serde-big-array v0.5.1
[INFO] [stderr]   Downloaded ark-secp256r1 v0.4.0
[INFO] [stderr]   Downloaded ecdsa v0.13.4
[INFO] [stderr]   Downloaded rust-base58 v0.0.4
[INFO] [stderr]   Downloaded ed25519-consensus v2.1.0
[INFO] [stderr]   Downloaded ff v0.11.1
[INFO] [stderr]   Downloaded solana-frozen-abi v1.18.12
[INFO] [stderr]   Downloaded sec1 v0.2.1
[INFO] [stderr]   Downloaded readonly v0.2.12
[INFO] [stderr]   Downloaded bcs v0.1.6
[INFO] [stderr]   Downloaded group v0.11.0
[INFO] [stderr]   Downloaded clear_on_drop v0.2.5
[INFO] [stderr]   Downloaded borsh-derive v1.4.0
[INFO] [stderr]   Downloaded serde-reflection v0.3.6
[INFO] [stderr]   Downloaded proc-macro2 v1.0.80
[INFO] [stderr]   Downloaded radix64 v0.6.2
[INFO] [stderr]   Downloaded borsh v1.4.0
[INFO] [stderr]   Downloaded elliptic-curve v0.11.12
[INFO] [stderr]   Downloaded p256 v0.10.1
[INFO] [stderr]   Downloaded solana-sdk v1.18.12
[INFO] [stderr]   Downloaded k256 v0.10.4
[INFO] [stderr]   Downloaded syn v2.0.59
[INFO] [stderr]   Downloaded solana-program v1.18.12
[INFO] [stderr]   Downloaded chrono v0.4.37
[INFO] [stderr]   Downloaded blst v0.3.11
[INFO] [stderr]   Downloaded bulletproofs v4.0.0
[INFO] [stderr]   Downloaded solana-zk-token-sdk v1.18.12
[INFO] [stderr]   Downloaded wycheproof v0.5.1
[INFO] running `Command { std: "docker" "create" "-v" "/var/lib/crater-agent-workspace/builds/worker-3-tc1/target:/opt/rustwide/target:rw,Z" "-v" "/var/lib/crater-agent-workspace/builds/worker-3-tc1/source:/opt/rustwide/workdir:ro,Z" "-v" "/var/lib/crater-agent-workspace/cargo-home:/opt/rustwide/cargo-home:ro,Z" "-v" "/var/lib/crater-agent-workspace/rustup-home:/opt/rustwide/rustup-home:ro,Z" "-e" "SOURCE_DIR=/opt/rustwide/workdir" "-e" "CARGO_TARGET_DIR=/opt/rustwide/target" "-e" "CARGO_HOME=/opt/rustwide/cargo-home" "-e" "RUSTUP_HOME=/opt/rustwide/rustup-home" "-w" "/opt/rustwide/workdir" "-m" "1610612736" "--user" "0:0" "--network" "none" "ghcr.io/rust-lang/crates-build-env/linux@sha256:f3a9d4ad9d972b27faf3965f35b62e55ba32bbce8f20bc8fe909558a86702fde" "/opt/rustwide/cargo-home/bin/cargo" "+1.83.0" "metadata" "--no-deps" "--format-version=1", kill_on_drop: false }`
[INFO] [stdout] 041e93deff0da2e90058f7cae473d55464707bfd18d8402e4090c8f2d3bfb8fd
[INFO] running `Command { std: "docker" "start" "-a" "041e93deff0da2e90058f7cae473d55464707bfd18d8402e4090c8f2d3bfb8fd", kill_on_drop: false }`
[INFO] running `Command { std: "docker" "inspect" "041e93deff0da2e90058f7cae473d55464707bfd18d8402e4090c8f2d3bfb8fd", kill_on_drop: false }`
[INFO] running `Command { std: "docker" "rm" "-f" "041e93deff0da2e90058f7cae473d55464707bfd18d8402e4090c8f2d3bfb8fd", kill_on_drop: false }`
[INFO] [stdout] 041e93deff0da2e90058f7cae473d55464707bfd18d8402e4090c8f2d3bfb8fd
[INFO] running `Command { std: "docker" "create" "-v" "/var/lib/crater-agent-workspace/builds/worker-3-tc1/target:/opt/rustwide/target:rw,Z" "-v" "/var/lib/crater-agent-workspace/builds/worker-3-tc1/source:/opt/rustwide/workdir:ro,Z" "-v" "/var/lib/crater-agent-workspace/cargo-home:/opt/rustwide/cargo-home:ro,Z" "-v" "/var/lib/crater-agent-workspace/rustup-home:/opt/rustwide/rustup-home:ro,Z" "-e" "SOURCE_DIR=/opt/rustwide/workdir" "-e" "CARGO_TARGET_DIR=/opt/rustwide/target" "-e" "CARGO_INCREMENTAL=0" "-e" "RUST_BACKTRACE=full" "-e" "RUSTFLAGS=--cap-lints=warn" "-e" "RUSTDOCFLAGS=--cap-lints=warn" "-e" "CARGO_HOME=/opt/rustwide/cargo-home" "-e" "RUSTUP_HOME=/opt/rustwide/rustup-home" "-w" "/opt/rustwide/workdir" "-m" "1610612736" "--user" "0:0" "--network" "none" "ghcr.io/rust-lang/crates-build-env/linux@sha256:f3a9d4ad9d972b27faf3965f35b62e55ba32bbce8f20bc8fe909558a86702fde" "/opt/rustwide/cargo-home/bin/cargo" "+1.83.0" "build" "--frozen" "--message-format=json", kill_on_drop: false }`
[INFO] [stdout] ae9e95261a100f3f7e09f6b56d05a50fd054d7f07c34a5b0f8a9f73c838d982c
[INFO] running `Command { std: "docker" "start" "-a" "ae9e95261a100f3f7e09f6b56d05a50fd054d7f07c34a5b0f8a9f73c838d982c", kill_on_drop: false }`
[INFO] [stderr] warning: Patch `curve25519-dalek v4.0.0-pre.0 (https://github.com/dalek-cryptography/curve25519-dalek?rev=127c9e9#127c9e90)` was not used in the crate graph.
[INFO] [stderr] Patch `der v0.7.0 (https://github.com/RustCrypto/formats?rev=510b74a#510b74ad)` was not used in the crate graph.
[INFO] [stderr] Check that the patched package version and available features are compatible
[INFO] [stderr] with the dependency requirements. If the patch has a different version from
[INFO] [stderr] what is locked in the Cargo.lock file, run `cargo update` to use the new
[INFO] [stderr] version. This may also occur with an optional dependency that is not enabled.
[INFO] [stderr]    Compiling proc-macro2 v1.0.80
[INFO] [stderr]    Compiling unicode-ident v1.0.12
[INFO] [stderr]    Compiling version_check v0.9.4
[INFO] [stderr]    Compiling typenum v1.17.0
[INFO] [stderr]    Compiling serde v1.0.197
[INFO] [stderr]    Compiling libc v0.2.153
[INFO] [stderr]    Compiling subtle v2.4.1 (https://github.com/dalek-cryptography/subtle?rev=b4b070c#b4b070c3)
[INFO] [stderr]    Compiling autocfg v1.2.0
[INFO] [stderr]    Compiling syn v1.0.109
[INFO] [stderr]    Compiling once_cell v1.19.0
[INFO] [stderr]    Compiling ppv-lite86 v0.2.17
[INFO] [stderr]    Compiling semver v1.0.22
[INFO] [stderr]    Compiling cpufeatures v0.2.12
[INFO] [stderr]    Compiling opaque-debug v0.3.1
[INFO] [stderr]    Compiling getrandom v0.1.16
[INFO] [stderr]    Compiling either v1.11.0
[INFO] [stderr]    Compiling crunchy v0.2.2
[INFO] [stderr]    Compiling block-padding v0.2.1
[INFO] [stderr]    Compiling zerocopy v0.7.32
[INFO] [stderr]    Compiling paste v1.0.14
[INFO] [stderr]    Compiling crossbeam-utils v0.8.19
[INFO] [stderr]    Compiling generic-array v0.14.7
[INFO] [stderr]    Compiling ahash v0.8.11
[INFO] [stderr]    Compiling num-traits v0.2.18
[INFO] [stderr]    Compiling num-bigint v0.4.4
[INFO] [stderr]    Compiling rustc_version v0.4.0
[INFO] [stderr]    Compiling equivalent v1.0.1
[INFO] [stderr]    Compiling thiserror v1.0.58
[INFO] [stderr]    Compiling hashbrown v0.14.3
[INFO] [stderr]    Compiling proc-macro-error-attr v1.0.4
[INFO] [stderr]    Compiling itertools v0.10.5
[INFO] [stderr]    Compiling jobserver v0.1.30
[INFO] [stderr]    Compiling quote v1.0.36
[INFO] [stderr]    Compiling hashbrown v0.13.2
[INFO] [stderr]    Compiling cc v1.0.94
[INFO] [stderr]    Compiling wasm-bindgen-shared v0.2.92
[INFO] [stderr]    Compiling byteorder v1.5.0
[INFO] [stderr]    Compiling syn v2.0.59
[INFO] [stderr]    Compiling toml_datetime v0.6.5
[INFO] [stderr]    Compiling indexmap v2.2.6
[INFO] [stderr]    Compiling winnow v0.5.40
[INFO] [stderr]    Compiling crossbeam-epoch v0.9.18
[INFO] [stderr]    Compiling proc-macro-error v1.0.4
[INFO] [stderr]    Compiling rayon-core v1.12.1
[INFO] [stderr]    Compiling crossbeam-deque v0.8.5
[INFO] [stderr]    Compiling ahash v0.7.8
[INFO] [stderr]    Compiling feature-probe v0.1.1
[INFO] [stderr]    Compiling const-oid v0.7.1
[INFO] [stderr]    Compiling bumpalo v3.16.0
[INFO] [stderr]    Compiling digest v0.9.0
[INFO] [stderr]    Compiling libsecp256k1-core v0.2.2
[INFO] [stderr]    Compiling strsim v0.10.0
[INFO] [stderr]    Compiling num-integer v0.1.46
[INFO] [stderr]    Compiling memchr v2.7.2
[INFO] [stderr]    Compiling log v0.4.21
[INFO] [stderr]    Compiling ident_case v1.0.1
[INFO] [stderr]    Compiling der v0.5.1
[INFO] [stderr]    Compiling bv v0.11.1
[INFO] [stderr]    Compiling bitmaps v2.1.0
[INFO] [stderr]    Compiling solana-frozen-abi-macro v1.18.12
[INFO] [stderr]    Compiling im v15.1.0
[INFO] [stderr]    Compiling libsecp256k1-gen-genmult v0.2.1
[INFO] [stderr]    Compiling getrandom v0.2.14
[INFO] [stderr]    Compiling libsecp256k1-gen-ecmult v0.2.1
[INFO] [stderr]    Compiling serde_json v1.0.115
[INFO] [stderr]    Compiling anyhow v1.0.82
[INFO] [stderr]    Compiling rustversion v1.0.15
[INFO] [stderr]    Compiling rand_core v0.6.4
[INFO] [stderr]    Compiling aho-corasick v1.1.3
[INFO] [stderr]    Compiling rand_core v0.5.1
[INFO] [stderr]    Compiling tinyvec_macros v0.1.1
[INFO] [stderr]    Compiling rand_chacha v0.3.1
[INFO] [stderr]    Compiling cfg_aliases v0.1.1
[INFO] [stderr]    Compiling regex-syntax v0.8.3
[INFO] [stderr]    Compiling rand_chacha v0.2.2
[INFO] [stderr]    Compiling base64ct v1.6.0
[INFO] [stderr]    Compiling keccak v0.1.5
[INFO] [stderr]    Compiling sized-chunks v0.6.5
[INFO] [stderr]    Compiling borsh v1.4.0
[INFO] [stderr]    Compiling rand v0.8.5
[INFO] [stderr]    Compiling rand v0.7.3
[INFO] [stderr]    Compiling spki v0.5.4
[INFO] [stderr]    Compiling tinyvec v1.6.0
[INFO] [stderr]    Compiling rand_xoshiro v0.6.0
[INFO] [stderr]    Compiling libsecp256k1 v0.6.0
[INFO] [stderr]    Compiling rayon v1.10.0
[INFO] [stderr]    Compiling toml v0.5.11
[INFO] [stderr]    Compiling toml_edit v0.21.1
[INFO] [stderr]    Compiling blake3 v1.5.1
[INFO] [stderr]    Compiling solana-frozen-abi v1.18.12
[INFO] [stderr]    Compiling memoffset v0.9.1
[INFO] [stderr]    Compiling regex-automata v0.4.6
[INFO] [stderr]    Compiling ark-std v0.4.0
[INFO] [stderr]    Compiling wasm-bindgen v0.2.92
[INFO] [stderr]    Compiling ryu v1.0.17
[INFO] [stderr]    Compiling arrayref v0.3.7
[INFO] [stderr]    Compiling bs58 v0.4.0
[INFO] [stderr]    Compiling itoa v1.0.11
[INFO] [stderr]    Compiling hashbrown v0.11.2
[INFO] [stderr]    Compiling ff v0.11.1
[INFO] [stderr]    Compiling memmap2 v0.5.10
[INFO] [stderr]    Compiling atty v0.2.14
[INFO] [stderr]    Compiling solana-program v1.18.12
[INFO] [stderr]    Compiling unicode-normalization v0.1.23
[INFO] [stderr]    Compiling proc-macro-crate v0.1.5
[INFO] [stderr]    Compiling termcolor v1.4.1
[INFO] [stderr]    Compiling arrayvec v0.7.4
[INFO] [stderr]    Compiling constant_time_eq v0.3.0
[INFO] [stderr]    Compiling rustc-hash v1.1.0
[INFO] [stderr]    Compiling bitcoin-private v0.1.0
[INFO] [stderr]    Compiling humantime v2.1.0
[INFO] [stderr]    Compiling base64 v0.12.3
[INFO] [stderr]    Compiling group v0.11.0
[INFO] [stderr]    Compiling borsh-derive-internal v0.9.3
[INFO] [stderr]    Compiling borsh-schema-derive-internal v0.10.3
[INFO] [stderr]    Compiling borsh-derive-internal v0.10.3
[INFO] [stderr]    Compiling borsh-schema-derive-internal v0.9.3
[INFO] [stderr]    Compiling secp256k1-sys v0.8.1
[INFO] [stderr]    Compiling solana-sdk v1.18.12
[INFO] [stderr]    Compiling percent-encoding v2.3.1
[INFO] [stderr]    Compiling base16ct v0.1.1
[INFO] [stderr]    Compiling base64 v0.21.7
[INFO] [stderr]    Compiling derivation-path v0.2.0
[INFO] [stderr]    Compiling utf8parse v0.2.1
[INFO] [stderr]    Compiling anstyle-parse v0.2.3
[INFO] [stderr]    Compiling qstring v0.7.2
[INFO] [stderr]    Compiling serde_derive_internals v0.26.0
[INFO] [stderr]    Compiling proc-macro-crate v3.1.0
[INFO] [stderr]    Compiling uriparse v0.6.4
[INFO] [stderr]    Compiling num_cpus v1.16.0
[INFO] [stderr]    Compiling blst v0.3.11
[INFO] [stderr]    Compiling chrono v0.4.37
[INFO] [stderr]    Compiling schemars v0.8.16
[INFO] [stderr]    Compiling siphasher v0.3.11
[INFO] [stderr]    Compiling wasm-bindgen-backend v0.2.92
[INFO] [stderr]    Compiling darling_core v0.20.8
[INFO] [stderr]    Compiling colorchoice v1.0.0
[INFO] [stderr]    Compiling eyre v0.6.12
[INFO] [stderr]    Compiling subtle-ng v2.5.0
[INFO] [stderr]    Compiling assert_matches v1.5.0
[INFO] [stderr]    Compiling anstyle-query v1.0.2
[INFO] [stderr]    Compiling anstyle v1.0.6
[INFO] [stderr]    Compiling anstream v0.6.13
[INFO] [stderr]    Compiling threadpool v1.8.1
[INFO] [stderr]    Compiling bitcoin_hashes v0.12.0
[INFO] [stderr]    Compiling hex v0.4.3
[INFO] [stderr]    Compiling strsim v0.11.1
[INFO] [stderr]    Compiling regex v1.10.4
[INFO] [stderr]    Compiling indenter v0.3.3
[INFO] [stderr]    Compiling pin-project-lite v0.2.14
[INFO] [stderr]    Compiling dyn-clone v1.0.17
[INFO] [stderr]    Compiling clap_lex v0.7.0
[INFO] [stderr]    Compiling heck v0.5.0
[INFO] [stderr]    Compiling clap_builder v4.5.2
[INFO] [stderr]    Compiling hex-literal v0.4.1
[INFO] [stderr]    Compiling static_assertions v1.1.0
[INFO] [stderr]    Compiling auto_ops v0.3.0
[INFO] [stderr]    Compiling bech32 v0.9.1
[INFO] [stderr]    Compiling exitcode v1.1.2
[INFO] [stderr]    Compiling env_logger v0.9.3
[INFO] [stderr]    Compiling wasm-bindgen-macro-support v0.2.92
[INFO] [stderr]    Compiling ark-serialize-derive v0.4.2
[INFO] [stderr]    Compiling ark-ff-macros v0.4.2
[INFO] [stderr]    Compiling ark-ff-asm v0.4.2
[INFO] [stderr]    Compiling derivative v2.2.0
[INFO] [stderr]    Compiling borsh-derive v0.10.3
[INFO] [stderr]    Compiling borsh-derive v0.9.3
[INFO] [stderr]    Compiling solana-logger v1.18.12
[INFO] [stderr]    Compiling schemars_derive v0.8.16
[INFO] [stderr]    Compiling derive_more v0.99.17
[INFO] [stderr]    Compiling serde_derive v1.0.197
[INFO] [stderr]    Compiling zeroize_derive v1.4.2
[INFO] [stderr]    Compiling thiserror-impl v1.0.58
[INFO] [stderr]    Compiling syn_derive v0.1.8
[INFO] [stderr]    Compiling wasm-bindgen-macro v0.2.92
[INFO] [stderr]    Compiling bytemuck_derive v1.6.0
[INFO] [stderr]    Compiling darling_macro v0.20.8
[INFO] [stderr]    Compiling borsh v0.10.3
[INFO] [stderr]    Compiling borsh v0.9.3
[INFO] [stderr]    Compiling solana-sdk-macro v1.18.12
[INFO] [stderr]    Compiling num_enum_derive v0.7.2
[INFO] [stderr]    Compiling zeroize v1.3.0
[INFO] [stderr]    Compiling num-derive v0.4.2
[INFO] [stderr]    Compiling pkcs8 v0.8.0
[INFO] [stderr]    Compiling darling v0.20.8
[INFO] [stderr]    Compiling serde_with_macros v2.3.3
[INFO] [stderr]    Compiling borsh-derive v1.4.0
[INFO] [stderr]    Compiling qualifier_attr v0.2.2
[INFO] [stderr]    Compiling merlin v3.0.0
[INFO] [stderr]    Compiling tokio-macros v2.2.0
[INFO] [stderr]    Compiling clap_derive v4.5.4
[INFO] [stderr]    Compiling readonly v0.2.12
[INFO] [stderr]    Compiling secp256k1 v0.27.0
[INFO] [stderr]    Compiling mangekyou-derive v0.1.3 (/opt/rustwide/workdir/mangekyou-derive)
[INFO] [stderr]    Compiling bytemuck v1.15.0
[INFO] [stderr]    Compiling tokio v1.37.0
[INFO] [stderr]    Compiling num_enum v0.7.2
[INFO] [stderr]    Compiling clap v4.5.4
[INFO] [stderr]    Compiling serde_bytes v0.11.14
[INFO] [stderr]    Compiling bitflags v2.5.0
[INFO] [stderr]    Compiling bincode v1.3.3
[INFO] [stderr]    Compiling serde_with v2.3.3
[INFO] [stderr]    Compiling bcs v0.1.6
[INFO] [stderr]    Compiling block-buffer v0.10.4
[INFO] [stderr]    Compiling crypto-common v0.1.6
[INFO] [stderr]    Compiling block-buffer v0.9.0
[INFO] [stderr]    Compiling crypto-mac v0.8.0
[INFO] [stderr]    Compiling cipher v0.3.0
[INFO] [stderr]    Compiling crypto-bigint v0.3.2
[INFO] [stderr]    Compiling crypto-mac v0.11.1
[INFO] [stderr]    Compiling sec1 v0.2.1
[INFO] [stderr]    Compiling universal-hash v0.4.1
[INFO] [stderr]    Compiling aead v0.4.3
[INFO] [stderr]    Compiling polyval v0.5.3
[INFO] [stderr]    Compiling pbkdf2 v0.4.0
[INFO] [stderr]    Compiling signature v1.4.0
[INFO] [stderr]    Compiling hmac v0.8.1
[INFO] [stderr]    Compiling sha2 v0.9.9
[INFO] [stderr]    Compiling curve25519-dalek v3.2.1
[INFO] [stderr]    Compiling digest v0.10.7
[INFO] [stderr]    Compiling hmac v0.11.0
[INFO] [stderr]    Compiling hmac-drbg v0.3.0
[INFO] [stderr]    Compiling ed25519 v1.5.3
[INFO] [stderr]    Compiling sha3 v0.9.1
[INFO] [stderr]    Compiling ctr v0.8.0
[INFO] [stderr]    Compiling aes v0.7.5
[INFO] [stderr]    Compiling curve25519-dalek-ng v4.1.1
[INFO] [stderr]    Compiling rfc6979 v0.1.0
[INFO] [stderr]    Compiling elliptic-curve v0.11.12
[INFO] [stderr]    Compiling ark-serialize v0.4.2
[INFO] [stderr]    Compiling hmac v0.12.1
[INFO] [stderr]    Compiling sha2 v0.10.8
[INFO] [stderr]    Compiling tiny-bip39 v0.8.2
[INFO] [stderr]    Compiling sha3 v0.10.8
[INFO] [stderr]    Compiling pbkdf2 v0.11.0
[INFO] [stderr]    Compiling ark-ff v0.4.2
[INFO] [stderr]    Compiling ecdsa v0.13.4
[INFO] [stderr]    Compiling rfc6979 v0.4.0
[INFO] [stderr]    Compiling hkdf v0.12.4
[INFO] [stderr]    Compiling blake2 v0.10.6
[INFO] [stderr]    Compiling p256 v0.10.1
[INFO] [stderr]    Compiling ed25519-dalek v1.0.1
[INFO] [stderr]    Compiling aes-gcm-siv v0.10.3
[INFO] [stderr]    Compiling ed25519-consensus v2.1.0
[INFO] [stderr]    Compiling ed25519-dalek-bip32 v0.2.0
[INFO] [stderr]    Compiling ark-poly v0.4.2
[INFO] [stderr]    Compiling ark-ec v0.4.2
[INFO] [stderr]    Compiling ark-bn254 v0.4.0
[INFO] [stderr]    Compiling ark-secp256r1 v0.4.0
[INFO] [stderr]    Compiling light-poseidon v0.2.0
[INFO] [stderr]    Compiling solana-zk-token-sdk v1.18.12
[INFO] [stderr]    Compiling mangekyou v0.1.0 (/opt/rustwide/workdir/mangekyou)
[INFO] [stdout] warning: unused import: `PodRistrettoPoint`
[INFO] [stdout]  --> mangekyou/src/kamui_vrf.rs:4:50
[INFO] [stdout]   |
[INFO] [stdout] 4 | use solana_zk_token_sdk::curve25519::ristretto::{PodRistrettoPoint};
[INFO] [stdout]   |                                                  ^^^^^^^^^^^^^^^^^
[INFO] [stdout]   |
[INFO] [stdout]   = note: `#[warn(unused_imports)]` on by default
[INFO] [stdout] 
[INFO] [stdout] 
[INFO] [stdout] warning: unused import: `PodScalar`
[INFO] [stdout]  --> mangekyou/src/kamui_vrf.rs:5:47
[INFO] [stdout]   |
[INFO] [stdout] 5 | use solana_zk_token_sdk::curve25519::scalar::{PodScalar};
[INFO] [stdout]   |                                               ^^^^^^^^^
[INFO] [stdout] 
[INFO] [stdout] 
[INFO] [stdout] warning: unused import: `curve25519_dalek_ng::scalar::Scalar`
[INFO] [stdout]  --> mangekyou/src/kamui_vrf.rs:7:5
[INFO] [stdout]   |
[INFO] [stdout] 7 | use curve25519_dalek_ng::scalar::Scalar;
[INFO] [stdout]   |     ^^^^^^^^^^^^^^^^^^^^^^^^^^^^^^^^^^^
[INFO] [stdout] 
[INFO] [stdout] 
[INFO] [stdout] warning: unused imports: `CompressedRistretto` and `RistrettoPoint`
[INFO] [stdout]   --> mangekyou/src/kamui_vrf.rs:72:39
[INFO] [stdout]    |
[INFO] [stdout] 72 |     use curve25519_dalek::ristretto::{CompressedRistretto, RistrettoPoint};
[INFO] [stdout]    |                                       ^^^^^^^^^^^^^^^^^^^  ^^^^^^^^^^^^^^
[INFO] [stdout] 
[INFO] [stdout] 
[INFO] [stdout] warning: unused import: `ReverseWrapper`
[INFO] [stdout]   --> mangekyou/src/kamui_vrf.rs:74:37
[INFO] [stdout]    |
[INFO] [stdout] 74 |     use crate::hash::{HashFunction, ReverseWrapper, Sha512};
[INFO] [stdout]    |                                     ^^^^^^^^^^^^^^
[INFO] [stdout] 
[INFO] [stdout] 
[INFO] [stdout] warning: unused import: `crate::serde_helpers::ToFromByteArray`
[INFO] [stdout]   --> mangekyou/src/kamui_vrf.rs:75:9
[INFO] [stdout]    |
[INFO] [stdout] 75 |     use crate::serde_helpers::ToFromByteArray;
[INFO] [stdout]    |         ^^^^^^^^^^^^^^^^^^^^^^^^^^^^^^^^^^^^^
[INFO] [stdout] 
[INFO] [stdout] 
[INFO] [stdout] warning: unused import: `rand_core`
[INFO] [stdout]   --> mangekyou/src/kamui_vrf.rs:77:9
[INFO] [stdout]    |
[INFO] [stdout] 77 |     use rand_core;
[INFO] [stdout]    |         ^^^^^^^^^
[INFO] [stdout] 
[INFO] [stdout] 
[INFO] [stdout] warning: unused import: `rand::rngs::OsRng`
[INFO] [stdout]   --> mangekyou/src/kamui_vrf.rs:78:9
[INFO] [stdout]    |
[INFO] [stdout] 78 |     use rand::rngs::OsRng;
[INFO] [stdout]    |         ^^^^^^^^^^^^^^^^^
[INFO] [stdout] 
[INFO] [stdout] 
[INFO] [stdout] warning: unused import: `rand::thread_rng`
[INFO] [stdout]   --> mangekyou/src/kamui_vrf.rs:79:9
[INFO] [stdout]    |
[INFO] [stdout] 79 |     use rand::thread_rng;
[INFO] [stdout]    |         ^^^^^^^^^^^^^^^^
[INFO] [stdout] 
[INFO] [stdout] 
[INFO] [stdout] warning: unused import: `Deserialize`
[INFO] [stdout]   --> mangekyou/src/kamui_vrf.rs:81:17
[INFO] [stdout]    |
[INFO] [stdout] 81 |     use serde::{Deserialize, Serialize};
[INFO] [stdout]    |                 ^^^^^^^^^^^
[INFO] [stdout] 
[INFO] [stdout] 
[INFO] [stdout] warning: unused import: `Serialize`
[INFO] [stdout]   --> mangekyou/src/kamui_vrf.rs:81:30
[INFO] [stdout]    |
[INFO] [stdout] 81 |     use serde::{Deserialize, Serialize};
[INFO] [stdout]    |                              ^^^^^^^^^
[INFO] [stdout] 
[INFO] [stdout] 
[INFO] [stdout] warning: unused variable: `hash_output`
[INFO] [stdout]    --> mangekyou/src/kamui_vrf.rs:145:17
[INFO] [stdout]     |
[INFO] [stdout] 145 |             let hash_output = hasher.finalize();
[INFO] [stdout]     |                 ^^^^^^^^^^^ help: if this is intentional, prefix it with an underscore: `_hash_output`
[INFO] [stdout]     |
[INFO] [stdout]     = note: `#[warn(unused_variables)]` on by default
[INFO] [stdout] 
[INFO] [stdout] 
[INFO] [stdout] warning: field `0` is never read
[INFO] [stdout]    --> mangekyou/src/encoding.rs:272:19
[INFO] [stdout]     |
[INFO] [stdout] 272 | pub struct Bech32(String);
[INFO] [stdout]     |            ------ ^^^^^^
[INFO] [stdout]     |            |
[INFO] [stdout]     |            field in this struct
[INFO] [stdout]     |
[INFO] [stdout]     = help: consider removing this field
[INFO] [stdout]     = note: `#[warn(dead_code)]` on by default
[INFO] [stdout] 
[INFO] [stdout] 
[INFO] [stdout] warning: function `to_custom_error` is never used
[INFO] [stdout]   --> mangekyou/src/serde_helpers.rs:21:15
[INFO] [stdout]    |
[INFO] [stdout] 21 | pub(crate) fn to_custom_error<'de, D, E>(e: E) -> D::Error
[INFO] [stdout]    |               ^^^^^^^^^^^^^^^
[INFO] [stdout] 
[INFO] [stdout] 
[INFO] [stdout] warning: constant `DST` is never used
[INFO] [stdout]    --> mangekyou/src/kamui_vrf.rs:131:11
[INFO] [stdout]     |
[INFO] [stdout] 131 |     const DST: &[u8; 49] = b"ECVRF_ristretto255_XMD:SHA-512_R255MAP_RO_sol_vrf";
[INFO] [stdout]     |           ^^^
[INFO] [stdout] 
[INFO] [stdout] 
[INFO] [stdout] warning: unused `Result` that must be used
[INFO] [stdout]    --> mangekyou/src/kamui_vrf.rs:451:13
[INFO] [stdout]     |
[INFO] [stdout] 451 |             self.c.serialize(&mut c_buffer);
[INFO] [stdout]     |             ^^^^^^^^^^^^^^^^^^^^^^^^^^^^^^^
[INFO] [stdout]     |
[INFO] [stdout]     = note: this `Result` may be an `Err` variant, which should be handled
[INFO] [stdout]     = note: `#[warn(unused_must_use)]` on by default
[INFO] [stdout] help: use `let _ = ...` to ignore the resulting value
[INFO] [stdout]     |
[INFO] [stdout] 451 |             let _ = self.c.serialize(&mut c_buffer);
[INFO] [stdout]     |             +++++++
[INFO] [stdout] 
[INFO] [stdout] 
[INFO] [stderr]    Compiling mangekyou-cli v0.1.1 (/opt/rustwide/workdir/mangekyou-cli)
[INFO] [stderr]     Finished `dev` profile [unoptimized + debuginfo] target(s) in 3m 20s
[INFO] running `Command { std: "docker" "inspect" "ae9e95261a100f3f7e09f6b56d05a50fd054d7f07c34a5b0f8a9f73c838d982c", kill_on_drop: false }`
[INFO] running `Command { std: "docker" "rm" "-f" "ae9e95261a100f3f7e09f6b56d05a50fd054d7f07c34a5b0f8a9f73c838d982c", kill_on_drop: false }`
[INFO] [stdout] ae9e95261a100f3f7e09f6b56d05a50fd054d7f07c34a5b0f8a9f73c838d982c
[INFO] running `Command { std: "docker" "create" "-v" "/var/lib/crater-agent-workspace/builds/worker-3-tc1/target:/opt/rustwide/target:rw,Z" "-v" "/var/lib/crater-agent-workspace/builds/worker-3-tc1/source:/opt/rustwide/workdir:ro,Z" "-v" "/var/lib/crater-agent-workspace/cargo-home:/opt/rustwide/cargo-home:ro,Z" "-v" "/var/lib/crater-agent-workspace/rustup-home:/opt/rustwide/rustup-home:ro,Z" "-e" "SOURCE_DIR=/opt/rustwide/workdir" "-e" "CARGO_TARGET_DIR=/opt/rustwide/target" "-e" "CARGO_INCREMENTAL=0" "-e" "RUST_BACKTRACE=full" "-e" "RUSTFLAGS=--cap-lints=warn" "-e" "RUSTDOCFLAGS=--cap-lints=warn" "-e" "CARGO_HOME=/opt/rustwide/cargo-home" "-e" "RUSTUP_HOME=/opt/rustwide/rustup-home" "-w" "/opt/rustwide/workdir" "-m" "1610612736" "--user" "0:0" "--network" "none" "ghcr.io/rust-lang/crates-build-env/linux@sha256:f3a9d4ad9d972b27faf3965f35b62e55ba32bbce8f20bc8fe909558a86702fde" "/opt/rustwide/cargo-home/bin/cargo" "+1.83.0" "test" "--frozen" "--no-run" "--message-format=json", kill_on_drop: false }`
[INFO] [stdout] 0e11bffc6491df79f454126719486bb0dc8f52fa8c0884f8871f02bfb696aa1a
[INFO] running `Command { std: "docker" "start" "-a" "0e11bffc6491df79f454126719486bb0dc8f52fa8c0884f8871f02bfb696aa1a", kill_on_drop: false }`
[INFO] [stderr] warning: Patch `curve25519-dalek v4.0.0-pre.0 (https://github.com/dalek-cryptography/curve25519-dalek?rev=127c9e9#127c9e90)` was not used in the crate graph.
[INFO] [stderr] Patch `der v0.7.0 (https://github.com/RustCrypto/formats?rev=510b74a#510b74ad)` was not used in the crate graph.
[INFO] [stderr] Check that the patched package version and available features are compatible
[INFO] [stderr] with the dependency requirements. If the patch has a different version from
[INFO] [stderr] what is locked in the Cargo.lock file, run `cargo update` to use the new
[INFO] [stderr] version. This may also occur with an optional dependency that is not enabled.
[INFO] [stderr]    Compiling libm v0.2.8
[INFO] [stderr]    Compiling num-traits v0.2.18
[INFO] [stderr]    Compiling regex-syntax v0.8.3
[INFO] [stderr]    Compiling bitflags v2.5.0
[INFO] [stderr]    Compiling mangekyou-derive v0.1.3 (/opt/rustwide/workdir/mangekyou-derive)
[INFO] [stderr]    Compiling wait-timeout v0.2.0
[INFO] [stderr]    Compiling predicates-core v1.0.6
[INFO] [stderr]    Compiling doc-comment v0.3.3
[INFO] [stderr]    Compiling difflib v0.4.0
[INFO] [stderr]    Compiling termtree v0.4.1
[INFO] [stderr]    Compiling assert_cmd v2.0.14
[INFO] [stderr]    Compiling rustix v0.38.32
[INFO] [stderr]    Compiling num-rational v0.4.1
[INFO] [stderr]    Compiling indexmap v1.9.3
[INFO] [stderr]    Compiling linux-raw-sys v0.4.13
[INFO] [stderr]    Compiling half v2.4.1
[INFO] [stderr]    Compiling predicates-tree v1.0.9
[INFO] [stderr]    Compiling hashbrown v0.12.3
[INFO] [stderr]    Compiling ciborium-io v0.2.2
[INFO] [stderr]    Compiling fastrand v2.0.2
[INFO] [stderr]    Compiling plotters-backend v0.3.5
[INFO] [stderr]    Compiling predicates v3.1.0
[INFO] [stderr]    Compiling os_str_bytes v6.6.1
[INFO] [stderr]    Compiling ciborium-ll v0.2.2
[INFO] [stderr]    Compiling cast v0.3.0
[INFO] [stderr]    Compiling bit-vec v0.6.3
[INFO] [stderr]    Compiling plotters-svg v0.3.5
[INFO] [stderr]    Compiling bitflags v1.3.2
[INFO] [stderr]    Compiling quick-error v1.2.3
[INFO] [stderr]    Compiling textwrap v0.16.1
[INFO] [stderr]    Compiling same-file v1.0.6
[INFO] [stderr]    Compiling ciborium v0.2.2
[INFO] [stderr]    Compiling bit-set v0.5.3
[INFO] [stderr]    Compiling criterion-plot v0.5.0
[INFO] [stderr]    Compiling walkdir v2.5.0
[INFO] [stderr]    Compiling clap_lex v0.2.4
[INFO] [stderr]    Compiling tinytemplate v1.2.1
[INFO] [stderr]    Compiling rand_xorshift v0.3.0
[INFO] [stderr]    Compiling oorandom v11.1.3
[INFO] [stderr]    Compiling anes v0.1.6
[INFO] [stderr]    Compiling cfg-if v0.1.10
[INFO] [stderr]    Compiling unarray v0.1.4
[INFO] [stderr]    Compiling radix64 v0.6.2
[INFO] [stderr]    Compiling wycheproof v0.5.1
[INFO] [stderr]    Compiling k256 v0.10.4
[INFO] [stderr]    Compiling serde-reflection v0.3.6
[INFO] [stderr]    Compiling rustc-hex v2.1.0
[INFO] [stderr]    Compiling faster-hex v0.6.1
[INFO] [stderr]    Compiling base58 v0.2.0
[INFO] [stderr]    Compiling clap v3.2.25
[INFO] [stderr]    Compiling num-integer v0.1.46
[INFO] [stderr]    Compiling ark-std v0.4.0
[INFO] [stderr]    Compiling chrono v0.4.37
[INFO] [stderr]    Compiling num-complex v0.4.5
[INFO] [stderr]    Compiling plotters v0.3.5
[INFO] [stderr]    Compiling num-bigint v0.4.4
[INFO] [stderr]    Compiling num-iter v0.1.44
[INFO] [stderr]    Compiling regex-automata v0.4.6
[INFO] [stderr]    Compiling ark-serialize v0.4.2
[INFO] [stderr]    Compiling ark-ff v0.4.2
[INFO] [stderr]    Compiling tempfile v3.10.1
[INFO] [stderr]    Compiling num v0.4.2
[INFO] [stderr]    Compiling rust-base58 v0.0.4
[INFO] [stderr]    Compiling rusty-fork v0.3.0
[INFO] [stderr]    Compiling proptest v1.4.0
[INFO] [stderr]    Compiling regex v1.10.4
[INFO] [stderr]    Compiling bstr v1.9.1
[INFO] [stderr]    Compiling env_logger v0.9.3
[INFO] [stderr]    Compiling criterion v0.4.0
[INFO] [stderr]    Compiling solana-logger v1.18.12
[INFO] [stderr]    Compiling ark-poly v0.4.2
[INFO] [stderr]    Compiling ark-ec v0.4.2
[INFO] [stderr]    Compiling ark-bn254 v0.4.0
[INFO] [stderr]    Compiling ark-secp256r1 v0.4.0
[INFO] [stderr]    Compiling light-poseidon v0.2.0
[INFO] [stderr]    Compiling solana-program v1.18.12
[INFO] [stderr]    Compiling solana-sdk v1.18.12
[INFO] [stderr]    Compiling solana-zk-token-sdk v1.18.12
[INFO] [stderr]    Compiling mangekyou v0.1.0 (/opt/rustwide/workdir/mangekyou)
[INFO] [stdout] warning: unused import: `PodRistrettoPoint`
[INFO] [stdout]  --> mangekyou/src/kamui_vrf.rs:4:50
[INFO] [stdout]   |
[INFO] [stdout] 4 | use solana_zk_token_sdk::curve25519::ristretto::{PodRistrettoPoint};
[INFO] [stdout]   |                                                  ^^^^^^^^^^^^^^^^^
[INFO] [stdout]   |
[INFO] [stdout]   = note: `#[warn(unused_imports)]` on by default
[INFO] [stdout] 
[INFO] [stdout] 
[INFO] [stdout] warning: unused import: `PodScalar`
[INFO] [stdout]  --> mangekyou/src/kamui_vrf.rs:5:47
[INFO] [stdout]   |
[INFO] [stdout] 5 | use solana_zk_token_sdk::curve25519::scalar::{PodScalar};
[INFO] [stdout]   |                                               ^^^^^^^^^
[INFO] [stdout] 
[INFO] [stdout] 
[INFO] [stdout] warning: unused import: `curve25519_dalek_ng::scalar::Scalar`
[INFO] [stdout]  --> mangekyou/src/kamui_vrf.rs:7:5
[INFO] [stdout]   |
[INFO] [stdout] 7 | use curve25519_dalek_ng::scalar::Scalar;
[INFO] [stdout]   |     ^^^^^^^^^^^^^^^^^^^^^^^^^^^^^^^^^^^
[INFO] [stdout] 
[INFO] [stdout] 
[INFO] [stdout] warning: unused imports: `CompressedRistretto` and `RistrettoPoint`
[INFO] [stdout]   --> mangekyou/src/kamui_vrf.rs:72:39
[INFO] [stdout]    |
[INFO] [stdout] 72 |     use curve25519_dalek::ristretto::{CompressedRistretto, RistrettoPoint};
[INFO] [stdout]    |                                       ^^^^^^^^^^^^^^^^^^^  ^^^^^^^^^^^^^^
[INFO] [stdout] 
[INFO] [stdout] 
[INFO] [stdout] warning: unused import: `ReverseWrapper`
[INFO] [stdout]   --> mangekyou/src/kamui_vrf.rs:74:37
[INFO] [stdout]    |
[INFO] [stdout] 74 |     use crate::hash::{HashFunction, ReverseWrapper, Sha512};
[INFO] [stdout]    |                                     ^^^^^^^^^^^^^^
[INFO] [stdout] 
[INFO] [stdout] 
[INFO] [stdout] warning: unused import: `crate::serde_helpers::ToFromByteArray`
[INFO] [stdout]   --> mangekyou/src/kamui_vrf.rs:75:9
[INFO] [stdout]    |
[INFO] [stdout] 75 |     use crate::serde_helpers::ToFromByteArray;
[INFO] [stdout]    |         ^^^^^^^^^^^^^^^^^^^^^^^^^^^^^^^^^^^^^
[INFO] [stdout] 
[INFO] [stdout] 
[INFO] [stdout] warning: unused import: `rand_core`
[INFO] [stdout]   --> mangekyou/src/kamui_vrf.rs:77:9
[INFO] [stdout]    |
[INFO] [stdout] 77 |     use rand_core;
[INFO] [stdout]    |         ^^^^^^^^^
[INFO] [stdout] 
[INFO] [stdout] 
[INFO] [stdout] warning: unused import: `rand::rngs::OsRng`
[INFO] [stdout]   --> mangekyou/src/kamui_vrf.rs:78:9
[INFO] [stdout]    |
[INFO] [stdout] 78 |     use rand::rngs::OsRng;
[INFO] [stdout]    |         ^^^^^^^^^^^^^^^^^
[INFO] [stdout] 
[INFO] [stdout] 
[INFO] [stdout] warning: unused import: `rand::thread_rng`
[INFO] [stdout]   --> mangekyou/src/kamui_vrf.rs:79:9
[INFO] [stdout]    |
[INFO] [stdout] 79 |     use rand::thread_rng;
[INFO] [stdout]    |         ^^^^^^^^^^^^^^^^
[INFO] [stdout] 
[INFO] [stdout] 
[INFO] [stdout] warning: unused import: `Deserialize`
[INFO] [stdout]   --> mangekyou/src/kamui_vrf.rs:81:17
[INFO] [stdout]    |
[INFO] [stdout] 81 |     use serde::{Deserialize, Serialize};
[INFO] [stdout]    |                 ^^^^^^^^^^^
[INFO] [stdout] 
[INFO] [stdout] 
[INFO] [stdout] warning: unexpected `cfg` condition value: `alloc`
[INFO] [stdout]    --> mangekyou/src/tests/encoding_tests.rs:13:19
[INFO] [stdout]     |
[INFO] [stdout] 13  |               #[cfg(feature = "alloc")]
[INFO] [stdout]     |                     ^^^^^^^^^^^^^^^^^
[INFO] [stdout] ...
[INFO] [stdout] 182 | /     check_valid_address_roundtrip! {
[INFO] [stdout] 183 | |         bip_173_valid_address_roundtrip_0, "BC1QW508D6QEJXTDG4Y5R3ZARVARY0C5XW7KV8F3T4";
[INFO] [stdout] 184 | |         bip_173_valid_address_roundtrip_1, "tb1qrp33g0q5c5txsp9arysrx4k6zdkfs4nce4xj0gdcccefvpysxf3q0sl5k7";
[INFO] [stdout] 185 | |         bip_173_valid_address_roundtrip_2, "bc1pw508d6qejxtdg4y5r3zarvary0c5xw7kw508d6qejxtdg4y5r3zarvary0c5xw7k7grplx";
[INFO] [stdout] ...   |
[INFO] [stdout] 188 | |         bip_173_valid_address_roundtrip_5, "tb1qqqqqp399et2xygdj5xreqhjjvcmzhxw4aywxecjdzew6hylgvsesrxh6hy";
[INFO] [stdout] 189 | |     }
[INFO] [stdout]     | |_____- in this macro invocation
[INFO] [stdout]     |
[INFO] [stdout]     = note: expected values for `feature` are: `cbc`, `copy_key`, `ctr`, `default`, `experimental`, and `unsecure_schemes`
[INFO] [stdout]     = help: consider adding `alloc` as a feature in `Cargo.toml`
[INFO] [stdout]     = note: see <https://doc.rust-lang.org/nightly/rustc/check-cfg/cargo-specifics.html> for more information about checking conditional configuration
[INFO] [stdout]     = note: `#[warn(unexpected_cfgs)]` on by default
[INFO] [stdout]     = note: this warning originates in the macro `check_valid_address_roundtrip` (in Nightly builds, run with -Z macro-backtrace for more info)
[INFO] [stdout] 
[INFO] [stdout] 
[INFO] [stdout] warning: unused import: `PodRistrettoPoint`
[INFO] [stdout]  --> mangekyou/src/kamui_vrf.rs:4:50
[INFO] [stdout]   |
[INFO] [stdout] 4 | use solana_zk_token_sdk::curve25519::ristretto::{PodRistrettoPoint};
[INFO] [stdout]   |                                                  ^^^^^^^^^^^^^^^^^
[INFO] [stdout]   |
[INFO] [stdout]   = note: `#[warn(unused_imports)]` on by default
[INFO] [stdout] 
[INFO] [stdout] 
[INFO] [stdout] warning: unused import: `PodScalar`
[INFO] [stdout]  --> mangekyou/src/kamui_vrf.rs:5:47
[INFO] [stdout]   |
[INFO] [stdout] 5 | use solana_zk_token_sdk::curve25519::scalar::{PodScalar};
[INFO] [stdout]   |                                               ^^^^^^^^^
[INFO] [stdout] 
[INFO] [stdout] 
[INFO] [stdout] warning: unused import: `curve25519_dalek_ng::scalar::Scalar`
[INFO] [stdout]  --> mangekyou/src/kamui_vrf.rs:7:5
[INFO] [stdout]   |
[INFO] [stdout] 7 | use curve25519_dalek_ng::scalar::Scalar;
[INFO] [stdout]   |     ^^^^^^^^^^^^^^^^^^^^^^^^^^^^^^^^^^^
[INFO] [stdout] 
[INFO] [stdout] 
[INFO] [stdout] warning: unused imports: `CompressedRistretto` and `RistrettoPoint`
[INFO] [stdout]   --> mangekyou/src/kamui_vrf.rs:72:39
[INFO] [stdout]    |
[INFO] [stdout] 72 |     use curve25519_dalek::ristretto::{CompressedRistretto, RistrettoPoint};
[INFO] [stdout]    |                                       ^^^^^^^^^^^^^^^^^^^  ^^^^^^^^^^^^^^
[INFO] [stdout] 
[INFO] [stdout] 
[INFO] [stdout] warning: unused import: `ReverseWrapper`
[INFO] [stdout]   --> mangekyou/src/kamui_vrf.rs:74:37
[INFO] [stdout]    |
[INFO] [stdout] 74 |     use crate::hash::{HashFunction, ReverseWrapper, Sha512};
[INFO] [stdout]    |                                     ^^^^^^^^^^^^^^
[INFO] [stdout] 
[INFO] [stdout] 
[INFO] [stdout] warning: unused import: `crate::serde_helpers::ToFromByteArray`
[INFO] [stdout]   --> mangekyou/src/kamui_vrf.rs:75:9
[INFO] [stdout]    |
[INFO] [stdout] 75 |     use crate::serde_helpers::ToFromByteArray;
[INFO] [stdout]    |         ^^^^^^^^^^^^^^^^^^^^^^^^^^^^^^^^^^^^^
[INFO] [stdout] 
[INFO] [stdout] 
[INFO] [stdout] warning: unused import: `rand_core`
[INFO] [stdout]   --> mangekyou/src/kamui_vrf.rs:77:9
[INFO] [stdout]    |
[INFO] [stdout] 77 |     use rand_core;
[INFO] [stdout]    |         ^^^^^^^^^
[INFO] [stdout] 
[INFO] [stdout] 
[INFO] [stdout] warning: unused import: `rand::rngs::OsRng`
[INFO] [stdout]   --> mangekyou/src/kamui_vrf.rs:78:9
[INFO] [stdout]    |
[INFO] [stdout] 78 |     use rand::rngs::OsRng;
[INFO] [stdout]    |         ^^^^^^^^^^^^^^^^^
[INFO] [stdout] 
[INFO] [stdout] 
[INFO] [stdout] warning: unused import: `rand::thread_rng`
[INFO] [stdout]   --> mangekyou/src/kamui_vrf.rs:79:9
[INFO] [stdout]    |
[INFO] [stdout] 79 |     use rand::thread_rng;
[INFO] [stdout]    |         ^^^^^^^^^^^^^^^^
[INFO] [stdout] 
[INFO] [stdout] 
[INFO] [stdout] warning: unused import: `Deserialize`
[INFO] [stdout]   --> mangekyou/src/kamui_vrf.rs:81:17
[INFO] [stdout]    |
[INFO] [stdout] 81 |     use serde::{Deserialize, Serialize};
[INFO] [stdout]    |                 ^^^^^^^^^^^
[INFO] [stdout] 
[INFO] [stdout] 
[INFO] [stdout] warning: unused import: `Serialize`
[INFO] [stdout]   --> mangekyou/src/kamui_vrf.rs:81:30
[INFO] [stdout]    |
[INFO] [stdout] 81 |     use serde::{Deserialize, Serialize};
[INFO] [stdout]    |                              ^^^^^^^^^
[INFO] [stdout] 
[INFO] [stdout] 
[INFO] [stdout] warning: unused import: `Serialize`
[INFO] [stdout]   --> mangekyou/src/kamui_vrf.rs:81:30
[INFO] [stdout]    |
[INFO] [stdout] 81 |     use serde::{Deserialize, Serialize};
[INFO] [stdout]    |                              ^^^^^^^^^
[INFO] [stdout] 
[INFO] [stdout] 
[INFO] [stdout] warning: unused variable: `hash_output`
[INFO] [stdout]    --> mangekyou/src/kamui_vrf.rs:145:17
[INFO] [stdout]     |
[INFO] [stdout] 145 |             let hash_output = hasher.finalize();
[INFO] [stdout]     |                 ^^^^^^^^^^^ help: if this is intentional, prefix it with an underscore: `_hash_output`
[INFO] [stdout]     |
[INFO] [stdout]     = note: `#[warn(unused_variables)]` on by default
[INFO] [stdout] 
[INFO] [stdout] 
[INFO] [stdout] warning: field `0` is never read
[INFO] [stdout]    --> mangekyou/src/encoding.rs:272:19
[INFO] [stdout]     |
[INFO] [stdout] 272 | pub struct Bech32(String);
[INFO] [stdout]     |            ------ ^^^^^^
[INFO] [stdout]     |            |
[INFO] [stdout]     |            field in this struct
[INFO] [stdout]     |
[INFO] [stdout]     = help: consider removing this field
[INFO] [stdout]     = note: `#[warn(dead_code)]` on by default
[INFO] [stdout] 
[INFO] [stdout] 
[INFO] [stdout] warning: function `to_custom_error` is never used
[INFO] [stdout]   --> mangekyou/src/serde_helpers.rs:21:15
[INFO] [stdout]    |
[INFO] [stdout] 21 | pub(crate) fn to_custom_error<'de, D, E>(e: E) -> D::Error
[INFO] [stdout]    |               ^^^^^^^^^^^^^^^
[INFO] [stdout] 
[INFO] [stdout] 
[INFO] [stdout] warning: constant `DST` is never used
[INFO] [stdout]    --> mangekyou/src/kamui_vrf.rs:131:11
[INFO] [stdout]     |
[INFO] [stdout] 131 |     const DST: &[u8; 49] = b"ECVRF_ristretto255_XMD:SHA-512_R255MAP_RO_sol_vrf";
[INFO] [stdout]     |           ^^^
[INFO] [stdout] 
[INFO] [stdout] 
[INFO] [stdout] warning: unused `Result` that must be used
[INFO] [stdout]    --> mangekyou/src/kamui_vrf.rs:451:13
[INFO] [stdout]     |
[INFO] [stdout] 451 |             self.c.serialize(&mut c_buffer);
[INFO] [stdout]     |             ^^^^^^^^^^^^^^^^^^^^^^^^^^^^^^^
[INFO] [stdout]     |
[INFO] [stdout]     = note: this `Result` may be an `Err` variant, which should be handled
[INFO] [stdout]     = note: `#[warn(unused_must_use)]` on by default
[INFO] [stdout] help: use `let _ = ...` to ignore the resulting value
[INFO] [stdout]     |
[INFO] [stdout] 451 |             let _ = self.c.serialize(&mut c_buffer);
[INFO] [stdout]     |             +++++++
[INFO] [stdout] 
[INFO] [stdout] 
[INFO] [stdout] warning: unused variable: `hash_output`
[INFO] [stdout]    --> mangekyou/src/kamui_vrf.rs:145:17
[INFO] [stdout]     |
[INFO] [stdout] 145 |             let hash_output = hasher.finalize();
[INFO] [stdout]     |                 ^^^^^^^^^^^ help: if this is intentional, prefix it with an underscore: `_hash_output`
[INFO] [stdout]     |
[INFO] [stdout]     = note: `#[warn(unused_variables)]` on by default
[INFO] [stdout] 
[INFO] [stdout] 
[INFO] [stderr]    Compiling mangekyou-cli v0.1.1 (/opt/rustwide/workdir/mangekyou-cli)
[INFO] [stdout] warning: field `0` is never read
[INFO] [stdout]    --> mangekyou/src/encoding.rs:272:19
[INFO] [stdout]     |
[INFO] [stdout] 272 | pub struct Bech32(String);
[INFO] [stdout]     |            ------ ^^^^^^
[INFO] [stdout]     |            |
[INFO] [stdout]     |            field in this struct
[INFO] [stdout]     |
[INFO] [stdout]     = help: consider removing this field
[INFO] [stdout]     = note: `#[warn(dead_code)]` on by default
[INFO] [stdout] 
[INFO] [stdout] 
[INFO] [stdout] warning: function `to_custom_error` is never used
[INFO] [stdout]   --> mangekyou/src/serde_helpers.rs:21:15
[INFO] [stdout]    |
[INFO] [stdout] 21 | pub(crate) fn to_custom_error<'de, D, E>(e: E) -> D::Error
[INFO] [stdout]    |               ^^^^^^^^^^^^^^^
[INFO] [stdout] 
[INFO] [stdout] 
[INFO] [stdout] warning: constant `DST` is never used
[INFO] [stdout]    --> mangekyou/src/kamui_vrf.rs:131:11
[INFO] [stdout]     |
[INFO] [stdout] 131 |     const DST: &[u8; 49] = b"ECVRF_ristretto255_XMD:SHA-512_R255MAP_RO_sol_vrf";
[INFO] [stdout]     |           ^^^
[INFO] [stdout] 
[INFO] [stdout] 
[INFO] [stdout] warning: unused `Result` that must be used
[INFO] [stdout]    --> mangekyou/src/kamui_vrf.rs:451:13
[INFO] [stdout]     |
[INFO] [stdout] 451 |             self.c.serialize(&mut c_buffer);
[INFO] [stdout]     |             ^^^^^^^^^^^^^^^^^^^^^^^^^^^^^^^
[INFO] [stdout]     |
[INFO] [stdout]     = note: this `Result` may be an `Err` variant, which should be handled
[INFO] [stdout]     = note: `#[warn(unused_must_use)]` on by default
[INFO] [stdout] help: use `let _ = ...` to ignore the resulting value
[INFO] [stdout]     |
[INFO] [stdout] 451 |             let _ = self.c.serialize(&mut c_buffer);
[INFO] [stdout]     |             +++++++
[INFO] [stdout] 
[INFO] [stdout] 
[INFO] [stderr]     Finished `test` profile [unoptimized + debuginfo] target(s) in 1m 54s
[INFO] running `Command { std: "docker" "inspect" "0e11bffc6491df79f454126719486bb0dc8f52fa8c0884f8871f02bfb696aa1a", kill_on_drop: false }`
[INFO] running `Command { std: "docker" "rm" "-f" "0e11bffc6491df79f454126719486bb0dc8f52fa8c0884f8871f02bfb696aa1a", kill_on_drop: false }`
[INFO] [stdout] 0e11bffc6491df79f454126719486bb0dc8f52fa8c0884f8871f02bfb696aa1a
[INFO] running `Command { std: "docker" "create" "-v" "/var/lib/crater-agent-workspace/builds/worker-3-tc1/target:/opt/rustwide/target:rw,Z" "-v" "/var/lib/crater-agent-workspace/builds/worker-3-tc1/source:/opt/rustwide/workdir:ro,Z" "-v" "/var/lib/crater-agent-workspace/cargo-home:/opt/rustwide/cargo-home:ro,Z" "-v" "/var/lib/crater-agent-workspace/rustup-home:/opt/rustwide/rustup-home:ro,Z" "-e" "SOURCE_DIR=/opt/rustwide/workdir" "-e" "CARGO_TARGET_DIR=/opt/rustwide/target" "-e" "CARGO_INCREMENTAL=0" "-e" "RUST_BACKTRACE=full" "-e" "RUSTFLAGS=--cap-lints=warn" "-e" "RUSTDOCFLAGS=--cap-lints=warn" "-e" "CARGO_HOME=/opt/rustwide/cargo-home" "-e" "RUSTUP_HOME=/opt/rustwide/rustup-home" "-w" "/opt/rustwide/workdir" "-m" "1610612736" "--user" "0:0" "--network" "none" "ghcr.io/rust-lang/crates-build-env/linux@sha256:f3a9d4ad9d972b27faf3965f35b62e55ba32bbce8f20bc8fe909558a86702fde" "/opt/rustwide/cargo-home/bin/cargo" "+1.83.0" "test" "--frozen", kill_on_drop: false }`
[INFO] [stdout] 9bfebc36f9fff5d387f249e21b7807f7b4358a0a7a83c63f9068ded850f53c88
[INFO] running `Command { std: "docker" "start" "-a" "9bfebc36f9fff5d387f249e21b7807f7b4358a0a7a83c63f9068ded850f53c88", kill_on_drop: false }`
[INFO] [stderr] warning: Patch `curve25519-dalek v4.0.0-pre.0 (https://github.com/dalek-cryptography/curve25519-dalek?rev=127c9e9#127c9e90)` was not used in the crate graph.
[INFO] [stderr] Patch `der v0.7.0 (https://github.com/RustCrypto/formats?rev=510b74a#510b74ad)` was not used in the crate graph.
[INFO] [stderr] Check that the patched package version and available features are compatible
[INFO] [stderr] with the dependency requirements. If the patch has a different version from
[INFO] [stderr] what is locked in the Cargo.lock file, run `cargo update` to use the new
[INFO] [stderr] version. This may also occur with an optional dependency that is not enabled.
[INFO] [stderr] warning: unused import: `PodRistrettoPoint`
[INFO] [stderr]  --> mangekyou/src/kamui_vrf.rs:4:50
[INFO] [stderr]   |
[INFO] [stderr] 4 | use solana_zk_token_sdk::curve25519::ristretto::{PodRistrettoPoint};
[INFO] [stderr]   |                                                  ^^^^^^^^^^^^^^^^^
[INFO] [stderr]   |
[INFO] [stderr]   = note: `#[warn(unused_imports)]` on by default
[INFO] [stderr] 
[INFO] [stderr] warning: unused import: `PodScalar`
[INFO] [stderr]  --> mangekyou/src/kamui_vrf.rs:5:47
[INFO] [stderr]   |
[INFO] [stderr] 5 | use solana_zk_token_sdk::curve25519::scalar::{PodScalar};
[INFO] [stderr]   |                                               ^^^^^^^^^
[INFO] [stderr] 
[INFO] [stderr] warning: unused import: `curve25519_dalek_ng::scalar::Scalar`
[INFO] [stderr]  --> mangekyou/src/kamui_vrf.rs:7:5
[INFO] [stderr]   |
[INFO] [stderr] 7 | use curve25519_dalek_ng::scalar::Scalar;
[INFO] [stderr]   |     ^^^^^^^^^^^^^^^^^^^^^^^^^^^^^^^^^^^
[INFO] [stderr] 
[INFO] [stderr] warning: unused imports: `CompressedRistretto` and `RistrettoPoint`
[INFO] [stderr]   --> mangekyou/src/kamui_vrf.rs:72:39
[INFO] [stderr]    |
[INFO] [stderr] 72 |     use curve25519_dalek::ristretto::{CompressedRistretto, RistrettoPoint};
[INFO] [stderr]    |                                       ^^^^^^^^^^^^^^^^^^^  ^^^^^^^^^^^^^^
[INFO] [stderr] 
[INFO] [stderr] warning: unused import: `ReverseWrapper`
[INFO] [stderr]   --> mangekyou/src/kamui_vrf.rs:74:37
[INFO] [stderr]    |
[INFO] [stderr] 74 |     use crate::hash::{HashFunction, ReverseWrapper, Sha512};
[INFO] [stderr]    |                                     ^^^^^^^^^^^^^^
[INFO] [stderr] 
[INFO] [stderr] warning: unused import: `crate::serde_helpers::ToFromByteArray`
[INFO] [stderr]   --> mangekyou/src/kamui_vrf.rs:75:9
[INFO] [stderr]    |
[INFO] [stderr] 75 |     use crate::serde_helpers::ToFromByteArray;
[INFO] [stderr]    |         ^^^^^^^^^^^^^^^^^^^^^^^^^^^^^^^^^^^^^
[INFO] [stderr] 
[INFO] [stderr] warning: unused import: `rand_core`
[INFO] [stderr]   --> mangekyou/src/kamui_vrf.rs:77:9
[INFO] [stderr]    |
[INFO] [stderr] 77 |     use rand_core;
[INFO] [stderr]    |         ^^^^^^^^^
[INFO] [stderr] 
[INFO] [stderr] warning: unused import: `rand::rngs::OsRng`
[INFO] [stderr]   --> mangekyou/src/kamui_vrf.rs:78:9
[INFO] [stderr]    |
[INFO] [stderr] 78 |     use rand::rngs::OsRng;
[INFO] [stderr]    |         ^^^^^^^^^^^^^^^^^
[INFO] [stderr] 
[INFO] [stderr] warning: unused import: `rand::thread_rng`
[INFO] [stderr]   --> mangekyou/src/kamui_vrf.rs:79:9
[INFO] [stderr]    |
[INFO] [stderr] 79 |     use rand::thread_rng;
[INFO] [stderr]    |         ^^^^^^^^^^^^^^^^
[INFO] [stderr] 
[INFO] [stderr] warning: unused import: `Deserialize`
[INFO] [stderr]   --> mangekyou/src/kamui_vrf.rs:81:17
[INFO] [stderr]    |
[INFO] [stderr] 81 |     use serde::{Deserialize, Serialize};
[INFO] [stderr]    |                 ^^^^^^^^^^^
[INFO] [stderr] 
[INFO] [stderr] warning: unused import: `Serialize`
[INFO] [stderr]   --> mangekyou/src/kamui_vrf.rs:81:30
[INFO] [stderr]    |
[INFO] [stderr] 81 |     use serde::{Deserialize, Serialize};
[INFO] [stderr]    |                              ^^^^^^^^^
[INFO] [stderr] 
[INFO] [stderr] warning: unused variable: `hash_output`
[INFO] [stderr]    --> mangekyou/src/kamui_vrf.rs:145:17
[INFO] [stderr]     |
[INFO] [stderr] 145 |             let hash_output = hasher.finalize();
[INFO] [stderr]     |                 ^^^^^^^^^^^ help: if this is intentional, prefix it with an underscore: `_hash_output`
[INFO] [stderr]     |
[INFO] [stderr]     = note: `#[warn(unused_variables)]` on by default
[INFO] [stderr] 
[INFO] [stderr] warning: field `0` is never read
[INFO] [stderr]    --> mangekyou/src/encoding.rs:272:19
[INFO] [stderr]     |
[INFO] [stderr] 272 | pub struct Bech32(String);
[INFO] [stderr]     |            ------ ^^^^^^
[INFO] [stderr]     |            |
[INFO] [stderr]     |            field in this struct
[INFO] [stderr]     |
[INFO] [stderr]     = help: consider removing this field
[INFO] [stderr]     = note: `#[warn(dead_code)]` on by default
[INFO] [stderr] 
[INFO] [stderr] warning: function `to_custom_error` is never used
[INFO] [stderr]   --> mangekyou/src/serde_helpers.rs:21:15
[INFO] [stderr]    |
[INFO] [stderr] 21 | pub(crate) fn to_custom_error<'de, D, E>(e: E) -> D::Error
[INFO] [stderr]    |               ^^^^^^^^^^^^^^^
[INFO] [stderr] 
[INFO] [stderr] warning: constant `DST` is never used
[INFO] [stderr]    --> mangekyou/src/kamui_vrf.rs:131:11
[INFO] [stderr]     |
[INFO] [stderr] 131 |     const DST: &[u8; 49] = b"ECVRF_ristretto255_XMD:SHA-512_R255MAP_RO_sol_vrf";
[INFO] [stderr]     |           ^^^
[INFO] [stderr] 
[INFO] [stderr] warning: unused `Result` that must be used
[INFO] [stderr]    --> mangekyou/src/kamui_vrf.rs:451:13
[INFO] [stderr]     |
[INFO] [stderr] 451 |             self.c.serialize(&mut c_buffer);
[INFO] [stderr]     |             ^^^^^^^^^^^^^^^^^^^^^^^^^^^^^^^
[INFO] [stderr]     |
[INFO] [stderr]     = note: this `Result` may be an `Err` variant, which should be handled
[INFO] [stderr]     = note: `#[warn(unused_must_use)]` on by default
[INFO] [stderr] help: use `let _ = ...` to ignore the resulting value
[INFO] [stderr]     |
[INFO] [stderr] 451 |             let _ = self.c.serialize(&mut c_buffer);
[INFO] [stderr]     |             +++++++
[INFO] [stderr] 
[INFO] [stderr] warning: `mangekyou` (lib) generated 16 warnings (run `cargo fix --lib -p mangekyou` to apply 10 suggestions)
[INFO] [stderr] warning: unexpected `cfg` condition value: `alloc`
[INFO] [stderr]    --> mangekyou/src/tests/encoding_tests.rs:13:19
[INFO] [stderr]     |
[INFO] [stderr] 13  |               #[cfg(feature = "alloc")]
[INFO] [stderr]     |                     ^^^^^^^^^^^^^^^^^
[INFO] [stderr] ...
[INFO] [stderr] 182 | /     check_valid_address_roundtrip! {
[INFO] [stderr] 183 | |         bip_173_valid_address_roundtrip_0, "BC1QW508D6QEJXTDG4Y5R3ZARVARY0C5XW7KV8F3T4";
[INFO] [stderr] 184 | |         bip_173_valid_address_roundtrip_1, "tb1qrp33g0q5c5txsp9arysrx4k6zdkfs4nce4xj0gdcccefvpysxf3q0sl5k7";
[INFO] [stderr] 185 | |         bip_173_valid_address_roundtrip_2, "bc1pw508d6qejxtdg4y5r3zarvary0c5xw7kw508d6qejxtdg4y5r3zarvary0c5xw7k7grplx";
[INFO] [stderr] ...   |
[INFO] [stderr] 188 | |         bip_173_valid_address_roundtrip_5, "tb1qqqqqp399et2xygdj5xreqhjjvcmzhxw4aywxecjdzew6hylgvsesrxh6hy";
[INFO] [stderr] 189 | |     }
[INFO] [stderr]     | |_____- in this macro invocation
[INFO] [stderr]     |
[INFO] [stderr]     = note: expected values for `feature` are: `cbc`, `copy_key`, `ctr`, `default`, `experimental`, and `unsecure_schemes`
[INFO] [stderr]     = help: consider adding `alloc` as a feature in `Cargo.toml`
[INFO] [stderr]     = note: see <https://doc.rust-lang.org/nightly/rustc/check-cfg/cargo-specifics.html> for more information about checking conditional configuration
[INFO] [stderr]     = note: `#[warn(unexpected_cfgs)]` on by default
[INFO] [stderr]     = note: this warning originates in the macro `check_valid_address_roundtrip` (in Nightly builds, run with -Z macro-backtrace for more info)
[INFO] [stderr] 
[INFO] [stderr] warning: `mangekyou` (lib test) generated 17 warnings (16 duplicates)
[INFO] [stderr]     Finished `test` profile [unoptimized + debuginfo] target(s) in 1.21s
[INFO] [stderr]      Running unittests src/lib.rs (/opt/rustwide/target/debug/deps/mangekyou-074cb6eaad881925)
[INFO] [stdout] 
[INFO] [stdout] running 21 tests
[INFO] [stdout] test encoding_tests::test_base58_array_serialize_as ... ok
[INFO] [stdout] test encoding_tests::test_base58_err ... ok
[INFO] [stdout] test encoding_tests::test_base64_array_serialize_as ... ok
[INFO] [stdout] test encoding_tests::test_base64_err ... ok
[INFO] [stdout] test encoding_tests::test_hex_encode_format ... ok
[INFO] [stdout] test encoding_tests::test_rfc4648_base64 ... ok
[INFO] [stdout] test encoding_tests::test_serde ... ok
[INFO] [stdout] test encoding_tests::test_hex_decode_err ... ok
[INFO] [stdout] test encoding_tests::test_vectors_ietf_base58 ... ok
[INFO] [stdout] test groups::multiplier::integer_utils::tests::test_base_2w_expansion ... ok
[INFO] [stdout] test groups::multiplier::integer_utils::tests::test_bits_form_bytes ... ok
[INFO] [stdout] test encoding_tests::test_bech32 ... ok
[INFO] [stdout] test groups::multiplier::integer_utils::tests::test_is_power_of_two ... ok
[INFO] [stdout] test encoding_tests::test_hex_array_serialize_as ... ok
[INFO] [stdout] test utils_tests::test_log2_byte ... ok
[INFO] [stdout] test groups::multiplier::integer_utils::tests::test_lendian_from_substring ... ok
[INFO] [stdout] test encoding_tests::test_hex_roundtrip ... ok
[INFO] [stdout] test encoding_tests::roundtrip_hex ... ok
[INFO] [stdout] test encoding_tests::roundtrip_bech32 ... ok
[INFO] [stdout] test encoding_tests::roundtrip_base64 ... ok
[INFO] [stdout] test encoding_tests::roundtrip_base58 ... ok
[INFO] [stdout] 
[INFO] [stdout] test result: ok. 21 passed; 0 failed; 0 ignored; 0 measured; 0 filtered out; finished in 0.06s
[INFO] [stdout] 
[INFO] [stderr]      Running unittests src/lib.rs (/opt/rustwide/target/debug/deps/mangekyou_cli-56ce208907cffab3)
[INFO] [stdout] 
[INFO] [stdout] running 0 tests
[INFO] [stdout] 
[INFO] [stdout] test result: ok. 0 passed; 0 failed; 0 ignored; 0 measured; 0 filtered out; finished in 0.00s
[INFO] [stdout] 
[INFO] [stdout] 
[INFO] [stderr]      Running unittests src/ecvrf.rs (/opt/rustwide/target/debug/deps/ecvrf_cli-a160bdec9554cc3e)
[INFO] [stdout] running 3 tests
[INFO] [stdout] test tests::test_keygen ... ok
[INFO] [stdout] test tests::test_verify ... FAILED
[INFO] [stdout] test tests::test_prove ... FAILED
[INFO] [stdout] 
[INFO] [stdout] failures:
[INFO] [stdout] 
[INFO] [stdout] ---- tests::test_verify stdout ----
[INFO] [stdout] thread 'tests::test_verify' panicked at mangekyou/src/kamui_vrf.rs:423:50:
[INFO] [stdout] called `Result::unwrap()` on an `Err` value: InvalidInput
[INFO] [stdout] stack backtrace:
[INFO] [stdout]    0:     0x574a79136afa - std::backtrace_rs::backtrace::libunwind::trace::h5a5b8284f2d0c266
[INFO] [stdout]                                at /rustc/90b35a6239c3d8bdabc530a6a0816f7ff89a0aaf/library/std/src/../../backtrace/src/backtrace/libunwind.rs:116:5
[INFO] [stdout]    1:     0x574a79136afa - std::backtrace_rs::backtrace::trace_unsynchronized::h76d4f1c9b0b875e3
[INFO] [stdout]                                at /rustc/90b35a6239c3d8bdabc530a6a0816f7ff89a0aaf/library/std/src/../../backtrace/src/backtrace/mod.rs:66:5
[INFO] [stdout]    2:     0x574a79136afa - std::sys::backtrace::_print_fmt::hc4546b8364a537c6
[INFO] [stdout]                                at /rustc/90b35a6239c3d8bdabc530a6a0816f7ff89a0aaf/library/std/src/sys/backtrace.rs:66:9
[INFO] [stdout]    3:     0x574a79136afa - <std::sys::backtrace::BacktraceLock::print::DisplayBacktrace as core::fmt::Display>::fmt::h5b6bd5631a6d1f6b
[INFO] [stdout]                                at /rustc/90b35a6239c3d8bdabc530a6a0816f7ff89a0aaf/library/std/src/sys/backtrace.rs:39:26
[INFO] [stdout]    4:     0x574a7915c3e3 - core::fmt::rt::Argument::fmt::h270f6602a2b96f62
[INFO] [stdout]                                at /rustc/90b35a6239c3d8bdabc530a6a0816f7ff89a0aaf/library/core/src/fmt/rt.rs:177:76
[INFO] [stdout]    5:     0x574a7915c3e3 - core::fmt::write::h7550c97b06c86515
[INFO] [stdout]                                at /rustc/90b35a6239c3d8bdabc530a6a0816f7ff89a0aaf/library/core/src/fmt/mod.rs:1186:21
[INFO] [stdout]    6:     0x574a79133cc3 - std::io::Write::write_fmt::h509ff860e5956e5e
[INFO] [stdout]                                at /rustc/90b35a6239c3d8bdabc530a6a0816f7ff89a0aaf/library/std/src/io/mod.rs:1839:15
[INFO] [stdout]    7:     0x574a79136942 - std::sys::backtrace::BacktraceLock::print::h2395ccd2c84ba3aa
[INFO] [stdout]                                at /rustc/90b35a6239c3d8bdabc530a6a0816f7ff89a0aaf/library/std/src/sys/backtrace.rs:42:9
[INFO] [stdout]    8:     0x574a79137f5a - std::panicking::default_hook::{{closure}}::he19d4c7230e07961
[INFO] [stdout]                                at /rustc/90b35a6239c3d8bdabc530a6a0816f7ff89a0aaf/library/std/src/panicking.rs:268:22
[INFO] [stdout]    9:     0x574a79137d64 - std::panicking::default_hook::hf614597d3c67bbdb
[INFO] [stdout]                                at /rustc/90b35a6239c3d8bdabc530a6a0816f7ff89a0aaf/library/std/src/panicking.rs:292:9
[INFO] [stdout]   10:     0x574a78dedb39 - <alloc::boxed::Box<F,A> as core::ops::function::Fn<Args>>::call::h39b51ce4599c23d1
[INFO] [stdout]                                at /rustc/90b35a6239c3d8bdabc530a6a0816f7ff89a0aaf/library/alloc/src/boxed.rs:2468:9
[INFO] [stdout]   11:     0x574a78dedb39 - test::test_main::{{closure}}::he977ae839a582784
[INFO] [stdout]                                at /rustc/90b35a6239c3d8bdabc530a6a0816f7ff89a0aaf/library/test/src/lib.rs:133:21
[INFO] [stdout]   12:     0x574a791385f8 - <alloc::boxed::Box<F,A> as core::ops::function::Fn<Args>>::call::h9455091b6b06f9fb
[INFO] [stdout]                                at /rustc/90b35a6239c3d8bdabc530a6a0816f7ff89a0aaf/library/alloc/src/boxed.rs:2468:9
[INFO] [stdout]   13:     0x574a791385f8 - std::panicking::rust_panic_with_hook::h8942133a8b252070
[INFO] [stdout]                                at /rustc/90b35a6239c3d8bdabc530a6a0816f7ff89a0aaf/library/std/src/panicking.rs:809:13
[INFO] [stdout]   14:     0x574a791383ba - std::panicking::begin_panic_handler::{{closure}}::hb5f5963570096b29
[INFO] [stdout]                                at /rustc/90b35a6239c3d8bdabc530a6a0816f7ff89a0aaf/library/std/src/panicking.rs:674:13
[INFO] [stdout]   15:     0x574a79136fd9 - std::sys::backtrace::__rust_end_short_backtrace::h6208cedc1922feda
[INFO] [stdout]                                at /rustc/90b35a6239c3d8bdabc530a6a0816f7ff89a0aaf/library/std/src/sys/backtrace.rs:170:18
[INFO] [stdout]   16:     0x574a7913804c - rust_begin_unwind
[INFO] [stdout]                                at /rustc/90b35a6239c3d8bdabc530a6a0816f7ff89a0aaf/library/std/src/panicking.rs:665:5
[INFO] [stdout]   17:     0x574a78dac140 - core::panicking::panic_fmt::h0c3082644d1bf418
[INFO] [stdout]                                at /rustc/90b35a6239c3d8bdabc530a6a0816f7ff89a0aaf/library/core/src/panicking.rs:74:14
[INFO] [stdout]   18:     0x574a78dac5c6 - core::result::unwrap_failed::hd20b4aa073bda1e2
[INFO] [stdout]                                at /rustc/90b35a6239c3d8bdabc530a6a0816f7ff89a0aaf/library/core/src/result.rs:1700:5
[INFO] [stdout]   19:     0x574a7907e5a8 - core::result::Result<T,E>::unwrap::h359f1f9ad22d83c7
[INFO] [stdout]                                at /rustc/90b35a6239c3d8bdabc530a6a0816f7ff89a0aaf/library/core/src/result.rs:1104:23
[INFO] [stdout]   20:     0x574a7907e5a8 - <mangekyou::kamui_vrf::ecvrf::ECVRFProof as mangekyou::kamui_vrf::VRFProof<64_usize>>::verify::hacd443af2c74e05c
[INFO] [stdout]                                at /opt/rustwide/workdir/mangekyou/src/kamui_vrf.rs:423:42
[INFO] [stdout]   21:     0x574a78db23c6 - mangekyou::kamui_vrf::VRFProof::verify_output::h376d6d47d283043f
[INFO] [stdout]                                at /opt/rustwide/workdir/mangekyou/src/kamui_vrf.rs:53:9
[INFO] [stdout]   22:     0x574a78db376b - ecvrf_cli::execute::h221dc4496547d70c
[INFO] [stdout]                                at /opt/rustwide/workdir/mangekyou-cli/src/ecvrf.rs:125:16
[INFO] [stdout]   23:     0x574a78db5041 - ecvrf_cli::tests::test_verify::hd048259dde2c4b8a
[INFO] [stdout]                                at /opt/rustwide/workdir/mangekyou-cli/src/ecvrf.rs:212:17
[INFO] [stdout]   24:     0x574a78db4537 - ecvrf_cli::tests::test_verify::{{closure}}::haf706accc0f6ea6a
[INFO] [stdout]                                at /opt/rustwide/workdir/mangekyou-cli/src/ecvrf.rs:178:21
[INFO] [stdout]   25:     0x574a78daf436 - core::ops::function::FnOnce::call_once::h0acdd7e12c4c6043
[INFO] [stdout]                                at /rustc/90b35a6239c3d8bdabc530a6a0816f7ff89a0aaf/library/core/src/ops/function.rs:250:5
[INFO] [stdout]   26:     0x574a78df24fb - core::ops::function::FnOnce::call_once::h109cf8051a59b34e
[INFO] [stdout]                                at /rustc/90b35a6239c3d8bdabc530a6a0816f7ff89a0aaf/library/core/src/ops/function.rs:250:5
[INFO] [stdout]   27:     0x574a78df24fb - test::__rust_begin_short_backtrace::hf4fff89d377446ba
[INFO] [stdout]                                at /rustc/90b35a6239c3d8bdabc530a6a0816f7ff89a0aaf/library/test/src/lib.rs:621:18
[INFO] [stdout]   28:     0x574a78df1d37 - test::run_test_in_process::{{closure}}::h0e39181dd7ee5a43
[INFO] [stdout]                                at /rustc/90b35a6239c3d8bdabc530a6a0816f7ff89a0aaf/library/test/src/lib.rs:644:60
[INFO] [stdout]   29:     0x574a78df1d37 - <core::panic::unwind_safe::AssertUnwindSafe<F> as core::ops::function::FnOnce<()>>::call_once::hc5a66a30f0bdfd1f
[INFO] [stdout]                                at /rustc/90b35a6239c3d8bdabc530a6a0816f7ff89a0aaf/library/core/src/panic/unwind_safe.rs:272:9
[INFO] [stdout]   30:     0x574a78df1d37 - std::panicking::try::do_call::h873b7cf639554a5e
[INFO] [stdout]                                at /rustc/90b35a6239c3d8bdabc530a6a0816f7ff89a0aaf/library/std/src/panicking.rs:557:40
[INFO] [stdout]   31:     0x574a78df1d37 - std::panicking::try::hdb19862fad9c8bd1
[INFO] [stdout]                                at /rustc/90b35a6239c3d8bdabc530a6a0816f7ff89a0aaf/library/std/src/panicking.rs:520:19
[INFO] [stdout]   32:     0x574a78df1d37 - std::panic::catch_unwind::h281fe732d236d260
[INFO] [stdout]                                at /rustc/90b35a6239c3d8bdabc530a6a0816f7ff89a0aaf/library/std/src/panic.rs:358:14
[INFO] [stdout]   33:     0x574a78df1d37 - test::run_test_in_process::h949b6df8457ed338
[INFO] [stdout]                                at /rustc/90b35a6239c3d8bdabc530a6a0816f7ff89a0aaf/library/test/src/lib.rs:644:27
[INFO] [stdout]   34:     0x574a78df1d37 - test::run_test::{{closure}}::h52c556a6d4740e10
[INFO] [stdout]                                at /rustc/90b35a6239c3d8bdabc530a6a0816f7ff89a0aaf/library/test/src/lib.rs:565:43
[INFO] [stdout]   35:     0x574a78db7014 - test::run_test::{{closure}}::h4237f6381c45ccb9
[INFO] [stdout]                                at /rustc/90b35a6239c3d8bdabc530a6a0816f7ff89a0aaf/library/test/src/lib.rs:595:41
[INFO] [stdout]   36:     0x574a78db7014 - std::sys::backtrace::__rust_begin_short_backtrace::h505c97a579eca628
[INFO] [stdout]                                at /rustc/90b35a6239c3d8bdabc530a6a0816f7ff89a0aaf/library/std/src/sys/backtrace.rs:154:18
[INFO] [stdout]   37:     0x574a78dba6de - std::thread::Builder::spawn_unchecked_::{{closure}}::{{closure}}::h9e86b2e2bc107ea3
[INFO] [stdout]                                at /rustc/90b35a6239c3d8bdabc530a6a0816f7ff89a0aaf/library/std/src/thread/mod.rs:538:17
[INFO] [stdout]   38:     0x574a78dba6de - <core::panic::unwind_safe::AssertUnwindSafe<F> as core::ops::function::FnOnce<()>>::call_once::h8b06ddb275ff4a25
[INFO] [stdout]                                at /rustc/90b35a6239c3d8bdabc530a6a0816f7ff89a0aaf/library/core/src/panic/unwind_safe.rs:272:9
[INFO] [stdout]   39:     0x574a78dba6de - std::panicking::try::do_call::hb26ecd7cd9a9355d
[INFO] [stdout]                                at /rustc/90b35a6239c3d8bdabc530a6a0816f7ff89a0aaf/library/std/src/panicking.rs:557:40
[INFO] [stdout]   40:     0x574a78dba6de - std::panicking::try::h8ddeca9d705f9069
[INFO] [stdout]                                at /rustc/90b35a6239c3d8bdabc530a6a0816f7ff89a0aaf/library/std/src/panicking.rs:520:19
[INFO] [stdout]   41:     0x574a78dba6de - std::panic::catch_unwind::h49e1c33078844c46
[INFO] [stdout]                                at /rustc/90b35a6239c3d8bdabc530a6a0816f7ff89a0aaf/library/std/src/panic.rs:358:14
[INFO] [stdout]   42:     0x574a78dba6de - std::thread::Builder::spawn_unchecked_::{{closure}}::h6073db6ff56ad35d
[INFO] [stdout]                                at /rustc/90b35a6239c3d8bdabc530a6a0816f7ff89a0aaf/library/std/src/thread/mod.rs:537:30
[INFO] [stdout]   43:     0x574a78dba6de - core::ops::function::FnOnce::call_once{{vtable.shim}}::h2c5a5f3779c774f1
[INFO] [stdout]                                at /rustc/90b35a6239c3d8bdabc530a6a0816f7ff89a0aaf/library/core/src/ops/function.rs:250:5
[INFO] [stdout]   44:     0x574a7913c34b - <alloc::boxed::Box<F,A> as core::ops::function::FnOnce<Args>>::call_once::hf75717d9f28faebf
[INFO] [stdout]                                at /rustc/90b35a6239c3d8bdabc530a6a0816f7ff89a0aaf/library/alloc/src/boxed.rs:2454:9
[INFO] [stdout]   45:     0x574a7913c34b - <alloc::boxed::Box<F,A> as core::ops::function::FnOnce<Args>>::call_once::h7bd883a5f3c5f3c1
[INFO] [stdout]                                at /rustc/90b35a6239c3d8bdabc530a6a0816f7ff89a0aaf/library/alloc/src/boxed.rs:2454:9
[INFO] [stdout]   46:     0x574a7913c34b - std::sys::pal::unix::thread::Thread::new::thread_start::hcc78f3943333fa94
[INFO] [stdout]                                at /rustc/90b35a6239c3d8bdabc530a6a0816f7ff89a0aaf/library/std/src/sys/pal/unix/thread.rs:105:17
[INFO] [stdout]   47:     0x7e4fd870cac3 - <unknown>
[INFO] [stdout]   48:     0x7e4fd879da04 - clone
[INFO] [stdout]   49:                0x0 - <unknown>
[INFO] [stdout] 
[INFO] [stdout] ---- tests::test_prove stdout ----
[INFO] [stdout] thread 'tests::test_prove' panicked at mangekyou-cli/src/ecvrf.rs:170:9:
[INFO] [stdout] assertion failed: execute(Command::Prove(ProveArguments {
[INFO] [stdout]                 input: input.to_string(),
[INFO] [stdout]                 secret_key: invalid_secret_key.to_string(),
[INFO] [stdout]             })).is_err()
[INFO] [stdout] stack backtrace:
[INFO] [stdout]    0:     0x574a79136afa - std::backtrace_rs::backtrace::libunwind::trace::h5a5b8284f2d0c266
[INFO] [stdout]                                at /rustc/90b35a6239c3d8bdabc530a6a0816f7ff89a0aaf/library/std/src/../../backtrace/src/backtrace/libunwind.rs:116:5
[INFO] [stdout]    1:     0x574a79136afa - std::backtrace_rs::backtrace::trace_unsynchronized::h76d4f1c9b0b875e3
[INFO] [stdout]                                at /rustc/90b35a6239c3d8bdabc530a6a0816f7ff89a0aaf/library/std/src/../../backtrace/src/backtrace/mod.rs:66:5
[INFO] [stdout]    2:     0x574a79136afa - std::sys::backtrace::_print_fmt::hc4546b8364a537c6
[INFO] [stdout]                                at /rustc/90b35a6239c3d8bdabc530a6a0816f7ff89a0aaf/library/std/src/sys/backtrace.rs:66:9
[INFO] [stdout]    3:     0x574a79136afa - <std::sys::backtrace::BacktraceLock::print::DisplayBacktrace as core::fmt::Display>::fmt::h5b6bd5631a6d1f6b
[INFO] [stdout]                                at /rustc/90b35a6239c3d8bdabc530a6a0816f7ff89a0aaf/library/std/src/sys/backtrace.rs:39:26
[INFO] [stdout]    4:     0x574a7915c3e3 - core::fmt::rt::Argument::fmt::h270f6602a2b96f62
[INFO] [stdout]                                at /rustc/90b35a6239c3d8bdabc530a6a0816f7ff89a0aaf/library/core/src/fmt/rt.rs:177:76
[INFO] [stdout]    5:     0x574a7915c3e3 - core::fmt::write::h7550c97b06c86515
[INFO] [stdout]                                at /rustc/90b35a6239c3d8bdabc530a6a0816f7ff89a0aaf/library/core/src/fmt/mod.rs:1186:21
[INFO] [stdout]    6:     0x574a79133cc3 - std::io::Write::write_fmt::h509ff860e5956e5e
[INFO] [stdout]                                at /rustc/90b35a6239c3d8bdabc530a6a0816f7ff89a0aaf/library/std/src/io/mod.rs:1839:15
[INFO] [stdout]    7:     0x574a79136942 - std::sys::backtrace::BacktraceLock::print::h2395ccd2c84ba3aa
[INFO] [stdout]                                at /rustc/90b35a6239c3d8bdabc530a6a0816f7ff89a0aaf/library/std/src/sys/backtrace.rs:42:9
[INFO] [stdout]    8:     0x574a79137f5a - std::panicking::default_hook::{{closure}}::he19d4c7230e07961
[INFO] [stdout]                                at /rustc/90b35a6239c3d8bdabc530a6a0816f7ff89a0aaf/library/std/src/panicking.rs:268:22
[INFO] [stdout]    9:     0x574a79137d64 - std::panicking::default_hook::hf614597d3c67bbdb
[INFO] [stdout]                                at /rustc/90b35a6239c3d8bdabc530a6a0816f7ff89a0aaf/library/std/src/panicking.rs:292:9
[INFO] [stdout]   10:     0x574a78dedb39 - <alloc::boxed::Box<F,A> as core::ops::function::Fn<Args>>::call::h39b51ce4599c23d1
[INFO] [stdout]                                at /rustc/90b35a6239c3d8bdabc530a6a0816f7ff89a0aaf/library/alloc/src/boxed.rs:2468:9
[INFO] [stdout]   11:     0x574a78dedb39 - test::test_main::{{closure}}::he977ae839a582784
[INFO] [stdout]                                at /rustc/90b35a6239c3d8bdabc530a6a0816f7ff89a0aaf/library/test/src/lib.rs:133:21
[INFO] [stdout]   12:     0x574a791385f8 - <alloc::boxed::Box<F,A> as core::ops::function::Fn<Args>>::call::h9455091b6b06f9fb
[INFO] [stdout]                                at /rustc/90b35a6239c3d8bdabc530a6a0816f7ff89a0aaf/library/alloc/src/boxed.rs:2468:9
[INFO] [stdout]   13:     0x574a791385f8 - std::panicking::rust_panic_with_hook::h8942133a8b252070
[INFO] [stdout]                                at /rustc/90b35a6239c3d8bdabc530a6a0816f7ff89a0aaf/library/std/src/panicking.rs:809:13
[INFO] [stdout]   14:     0x574a79138386 - std::panicking::begin_panic_handler::{{closure}}::hb5f5963570096b29
[INFO] [stdout]                                at /rustc/90b35a6239c3d8bdabc530a6a0816f7ff89a0aaf/library/std/src/panicking.rs:667:13
[INFO] [stdout]   15:     0x574a79136fd9 - std::sys::backtrace::__rust_end_short_backtrace::h6208cedc1922feda
[INFO] [stdout]                                at /rustc/90b35a6239c3d8bdabc530a6a0816f7ff89a0aaf/library/std/src/sys/backtrace.rs:170:18
[INFO] [stdout]   16:     0x574a7913804c - rust_begin_unwind
[INFO] [stdout]                                at /rustc/90b35a6239c3d8bdabc530a6a0816f7ff89a0aaf/library/std/src/panicking.rs:665:5
[INFO] [stdout]   17:     0x574a78dac140 - core::panicking::panic_fmt::h0c3082644d1bf418
[INFO] [stderr] error: test failed, to rerun pass `-p mangekyou-cli --bin ecvrf-cli`
[INFO] [stdout]                                at /rustc/90b35a6239c3d8bdabc530a6a0816f7ff89a0aaf/library/core/src/panicking.rs:74:14
[INFO] [stdout]   18:     0x574a78dac1cc - core::panicking::panic::h957f98c65a3b3074
[INFO] [stdout]                                at /rustc/90b35a6239c3d8bdabc530a6a0816f7ff89a0aaf/library/core/src/panicking.rs:148:5
[INFO] [stdout]   19:     0x574a78db44da - ecvrf_cli::tests::test_prove::h276e8bd5e23ab38b
[INFO] [stdout]                                at /opt/rustwide/workdir/mangekyou-cli/src/ecvrf.rs:170:9
[INFO] [stdout]   20:     0x574a78db3ef7 - ecvrf_cli::tests::test_prove::{{closure}}::ha3dbd0f3ee6b9202
[INFO] [stdout]                                at /opt/rustwide/workdir/mangekyou-cli/src/ecvrf.rs:151:20
[INFO] [stdout]   21:     0x574a78daf556 - core::ops::function::FnOnce::call_once::h72a30678b045855f
[INFO] [stdout]                                at /rustc/90b35a6239c3d8bdabc530a6a0816f7ff89a0aaf/library/core/src/ops/function.rs:250:5
[INFO] [stdout]   22:     0x574a78df24fb - core::ops::function::FnOnce::call_once::h109cf8051a59b34e
[INFO] [stdout]                                at /rustc/90b35a6239c3d8bdabc530a6a0816f7ff89a0aaf/library/core/src/ops/function.rs:250:5
[INFO] [stdout]   23:     0x574a78df24fb - test::__rust_begin_short_backtrace::hf4fff89d377446ba
[INFO] [stdout]                                at /rustc/90b35a6239c3d8bdabc530a6a0816f7ff89a0aaf/library/test/src/lib.rs:621:18
[INFO] [stdout]   24:     0x574a78df1d37 - test::run_test_in_process::{{closure}}::h0e39181dd7ee5a43
[INFO] [stdout]                                at /rustc/90b35a6239c3d8bdabc530a6a0816f7ff89a0aaf/library/test/src/lib.rs:644:60
[INFO] [stdout]   25:     0x574a78df1d37 - <core::panic::unwind_safe::AssertUnwindSafe<F> as core::ops::function::FnOnce<()>>::call_once::hc5a66a30f0bdfd1f
[INFO] [stdout]                                at /rustc/90b35a6239c3d8bdabc530a6a0816f7ff89a0aaf/library/core/src/panic/unwind_safe.rs:272:9
[INFO] [stdout]   26:     0x574a78df1d37 - std::panicking::try::do_call::h873b7cf639554a5e
[INFO] [stdout]                                at /rustc/90b35a6239c3d8bdabc530a6a0816f7ff89a0aaf/library/std/src/panicking.rs:557:40
[INFO] [stdout]   27:     0x574a78df1d37 - std::panicking::try::hdb19862fad9c8bd1
[INFO] [stdout]                                at /rustc/90b35a6239c3d8bdabc530a6a0816f7ff89a0aaf/library/std/src/panicking.rs:520:19
[INFO] [stdout]   28:     0x574a78df1d37 - std::panic::catch_unwind::h281fe732d236d260
[INFO] [stdout]                                at /rustc/90b35a6239c3d8bdabc530a6a0816f7ff89a0aaf/library/std/src/panic.rs:358:14
[INFO] [stdout]   29:     0x574a78df1d37 - test::run_test_in_process::h949b6df8457ed338
[INFO] [stdout]                                at /rustc/90b35a6239c3d8bdabc530a6a0816f7ff89a0aaf/library/test/src/lib.rs:644:27
[INFO] [stdout]   30:     0x574a78df1d37 - test::run_test::{{closure}}::h52c556a6d4740e10
[INFO] [stdout]                                at /rustc/90b35a6239c3d8bdabc530a6a0816f7ff89a0aaf/library/test/src/lib.rs:565:43
[INFO] [stdout]   31:     0x574a78db7014 - test::run_test::{{closure}}::h4237f6381c45ccb9
[INFO] [stdout]                                at /rustc/90b35a6239c3d8bdabc530a6a0816f7ff89a0aaf/library/test/src/lib.rs:595:41
[INFO] [stdout]   32:     0x574a78db7014 - std::sys::backtrace::__rust_begin_short_backtrace::h505c97a579eca628
[INFO] [stdout]                                at /rustc/90b35a6239c3d8bdabc530a6a0816f7ff89a0aaf/library/std/src/sys/backtrace.rs:154:18
[INFO] [stdout]   33:     0x574a78dba6de - std::thread::Builder::spawn_unchecked_::{{closure}}::{{closure}}::h9e86b2e2bc107ea3
[INFO] [stdout]                                at /rustc/90b35a6239c3d8bdabc530a6a0816f7ff89a0aaf/library/std/src/thread/mod.rs:538:17
[INFO] [stdout]   34:     0x574a78dba6de - <core::panic::unwind_safe::AssertUnwindSafe<F> as core::ops::function::FnOnce<()>>::call_once::h8b06ddb275ff4a25
[INFO] [stdout]                                at /rustc/90b35a6239c3d8bdabc530a6a0816f7ff89a0aaf/library/core/src/panic/unwind_safe.rs:272:9
[INFO] [stdout]   35:     0x574a78dba6de - std::panicking::try::do_call::hb26ecd7cd9a9355d
[INFO] [stdout]                                at /rustc/90b35a6239c3d8bdabc530a6a0816f7ff89a0aaf/library/std/src/panicking.rs:557:40
[INFO] [stdout]   36:     0x574a78dba6de - std::panicking::try::h8ddeca9d705f9069
[INFO] [stdout]                                at /rustc/90b35a6239c3d8bdabc530a6a0816f7ff89a0aaf/library/std/src/panicking.rs:520:19
[INFO] [stdout]   37:     0x574a78dba6de - std::panic::catch_unwind::h49e1c33078844c46
[INFO] [stdout]                                at /rustc/90b35a6239c3d8bdabc530a6a0816f7ff89a0aaf/library/std/src/panic.rs:358:14
[INFO] [stdout]   38:     0x574a78dba6de - std::thread::Builder::spawn_unchecked_::{{closure}}::h6073db6ff56ad35d
[INFO] [stdout]                                at /rustc/90b35a6239c3d8bdabc530a6a0816f7ff89a0aaf/library/std/src/thread/mod.rs:537:30
[INFO] [stdout]   39:     0x574a78dba6de - core::ops::function::FnOnce::call_once{{vtable.shim}}::h2c5a5f3779c774f1
[INFO] [stdout]                                at /rustc/90b35a6239c3d8bdabc530a6a0816f7ff89a0aaf/library/core/src/ops/function.rs:250:5
[INFO] [stdout]   40:     0x574a7913c34b - <alloc::boxed::Box<F,A> as core::ops::function::FnOnce<Args>>::call_once::hf75717d9f28faebf
[INFO] [stdout]                                at /rustc/90b35a6239c3d8bdabc530a6a0816f7ff89a0aaf/library/alloc/src/boxed.rs:2454:9
[INFO] [stdout]   41:     0x574a7913c34b - <alloc::boxed::Box<F,A> as core::ops::function::FnOnce<Args>>::call_once::h7bd883a5f3c5f3c1
[INFO] [stdout]                                at /rustc/90b35a6239c3d8bdabc530a6a0816f7ff89a0aaf/library/alloc/src/boxed.rs:2454:9
[INFO] [stdout]   42:     0x574a7913c34b - std::sys::pal::unix::thread::Thread::new::thread_start::hcc78f3943333fa94
[INFO] [stdout]                                at /rustc/90b35a6239c3d8bdabc530a6a0816f7ff89a0aaf/library/std/src/sys/pal/unix/thread.rs:105:17
[INFO] [stdout]   43:     0x7e4fd870cac3 - <unknown>
[INFO] [stdout]   44:     0x7e4fd879da04 - clone
[INFO] [stdout]   45:                0x0 - <unknown>
[INFO] [stdout] 
[INFO] [stdout] 
[INFO] [stdout] failures:
[INFO] [stdout]     tests::test_prove
[INFO] [stdout]     tests::test_verify
[INFO] [stdout] 
[INFO] [stdout] test result: FAILED. 1 passed; 2 failed; 0 ignored; 0 measured; 0 filtered out; finished in 0.10s
[INFO] [stdout] 
[INFO] running `Command { std: "docker" "inspect" "9bfebc36f9fff5d387f249e21b7807f7b4358a0a7a83c63f9068ded850f53c88", kill_on_drop: false }`
[INFO] running `Command { std: "docker" "rm" "-f" "9bfebc36f9fff5d387f249e21b7807f7b4358a0a7a83c63f9068ded850f53c88", kill_on_drop: false }`
[INFO] [stdout] 9bfebc36f9fff5d387f249e21b7807f7b4358a0a7a83c63f9068ded850f53c88
