[INFO] cloning repository https://github.com/mamadeusia/bikzg
[INFO] running `Command { std: "git" "-c" "credential.helper=" "-c" "credential.helper=/workspace/cargo-home/bin/git-credential-null" "clone" "--bare" "https://github.com/mamadeusia/bikzg" "/workspace/cache/git-repos/https%3A%2F%2Fgithub.com%2Fmamadeusia%2Fbikzg", kill_on_drop: false }`
[INFO] [stderr] Cloning into bare repository '/workspace/cache/git-repos/https%3A%2F%2Fgithub.com%2Fmamadeusia%2Fbikzg'...
[INFO] running `Command { std: "git" "rev-parse" "HEAD", kill_on_drop: false }`
[INFO] [stdout] 2f2aa99ce4a9f34b0fa35c0373ab77f8c4c241f7
[INFO] testing mamadeusia/bikzg against beta-2024-12-08 for beta-1.84.0-4-retry
[INFO] running `Command { std: "git" "clone" "/workspace/cache/git-repos/https%3A%2F%2Fgithub.com%2Fmamadeusia%2Fbikzg" "/workspace/builds/worker-7-tc2/source", kill_on_drop: false }`
[INFO] [stderr] Cloning into '/workspace/builds/worker-7-tc2/source'...
[INFO] [stderr] done.
[INFO] validating manifest of git repo https://github.com/mamadeusia/bikzg on toolchain beta-2024-12-08
[INFO] running `Command { std: CARGO_HOME="/workspace/cargo-home" RUSTUP_HOME="/workspace/rustup-home" "/workspace/cargo-home/bin/cargo" "+beta-2024-12-08" "metadata" "--manifest-path" "Cargo.toml" "--no-deps", kill_on_drop: false }`
[INFO] started tweaking git repo https://github.com/mamadeusia/bikzg
[INFO] finished tweaking git repo https://github.com/mamadeusia/bikzg
[INFO] tweaked toml for git repo https://github.com/mamadeusia/bikzg written to /workspace/builds/worker-7-tc2/source/Cargo.toml
[INFO] crate git repo https://github.com/mamadeusia/bikzg already has a lockfile, it will not be regenerated
[INFO] running `Command { std: CARGO_HOME="/workspace/cargo-home" RUSTUP_HOME="/workspace/rustup-home" "/workspace/cargo-home/bin/cargo" "+beta-2024-12-08" "fetch" "--manifest-path" "Cargo.toml", kill_on_drop: false }`
[INFO] running `Command { std: "docker" "create" "-v" "/var/lib/crater-agent-workspace/builds/worker-7-tc2/target:/opt/rustwide/target:rw,Z" "-v" "/var/lib/crater-agent-workspace/builds/worker-7-tc2/source:/opt/rustwide/workdir:ro,Z" "-v" "/var/lib/crater-agent-workspace/cargo-home:/opt/rustwide/cargo-home:ro,Z" "-v" "/var/lib/crater-agent-workspace/rustup-home:/opt/rustwide/rustup-home:ro,Z" "-e" "SOURCE_DIR=/opt/rustwide/workdir" "-e" "CARGO_TARGET_DIR=/opt/rustwide/target" "-e" "CARGO_HOME=/opt/rustwide/cargo-home" "-e" "RUSTUP_HOME=/opt/rustwide/rustup-home" "-w" "/opt/rustwide/workdir" "-m" "1610612736" "--user" "0:0" "--network" "none" "ghcr.io/rust-lang/crates-build-env/linux@sha256:f3a9d4ad9d972b27faf3965f35b62e55ba32bbce8f20bc8fe909558a86702fde" "/opt/rustwide/cargo-home/bin/cargo" "+beta-2024-12-08" "metadata" "--no-deps" "--format-version=1", kill_on_drop: false }`
[INFO] [stdout] 0320ca8d8bcee71f8213a856bca5b98bb2f6933f3069e557c253647fde38ba2f
[INFO] running `Command { std: "docker" "start" "-a" "0320ca8d8bcee71f8213a856bca5b98bb2f6933f3069e557c253647fde38ba2f", kill_on_drop: false }`
[INFO] running `Command { std: "docker" "inspect" "0320ca8d8bcee71f8213a856bca5b98bb2f6933f3069e557c253647fde38ba2f", kill_on_drop: false }`
[INFO] running `Command { std: "docker" "rm" "-f" "0320ca8d8bcee71f8213a856bca5b98bb2f6933f3069e557c253647fde38ba2f", kill_on_drop: false }`
[INFO] [stdout] 0320ca8d8bcee71f8213a856bca5b98bb2f6933f3069e557c253647fde38ba2f
[INFO] running `Command { std: "docker" "create" "-v" "/var/lib/crater-agent-workspace/builds/worker-7-tc2/target:/opt/rustwide/target:rw,Z" "-v" "/var/lib/crater-agent-workspace/builds/worker-7-tc2/source:/opt/rustwide/workdir:ro,Z" "-v" "/var/lib/crater-agent-workspace/cargo-home:/opt/rustwide/cargo-home:ro,Z" "-v" "/var/lib/crater-agent-workspace/rustup-home:/opt/rustwide/rustup-home:ro,Z" "-e" "SOURCE_DIR=/opt/rustwide/workdir" "-e" "CARGO_TARGET_DIR=/opt/rustwide/target" "-e" "CARGO_INCREMENTAL=0" "-e" "RUST_BACKTRACE=full" "-e" "RUSTFLAGS=--cap-lints=warn" "-e" "RUSTDOCFLAGS=--cap-lints=warn" "-e" "CARGO_HOME=/opt/rustwide/cargo-home" "-e" "RUSTUP_HOME=/opt/rustwide/rustup-home" "-w" "/opt/rustwide/workdir" "-m" "1610612736" "--user" "0:0" "--network" "none" "ghcr.io/rust-lang/crates-build-env/linux@sha256:f3a9d4ad9d972b27faf3965f35b62e55ba32bbce8f20bc8fe909558a86702fde" "/opt/rustwide/cargo-home/bin/cargo" "+beta-2024-12-08" "build" "--frozen" "--message-format=json", kill_on_drop: false }`
[INFO] [stdout] 9ebe5be133e986e541e332e478e17ef270112a590fbf3710793e8235790efe8c
[INFO] running `Command { std: "docker" "start" "-a" "9ebe5be133e986e541e332e478e17ef270112a590fbf3710793e8235790efe8c", kill_on_drop: false }`
[INFO] [stderr]    Compiling libc v0.2.148
[INFO] [stderr]    Compiling memoffset v0.9.0
[INFO] [stderr]    Compiling crossbeam-utils v0.8.16
[INFO] [stderr]    Compiling proc-macro2 v1.0.67
[INFO] [stderr]    Compiling crossbeam-epoch v0.9.15
[INFO] [stderr]    Compiling rayon-core v1.12.0
[INFO] [stderr]    Compiling rustix v0.38.15
[INFO] [stderr]    Compiling linux-raw-sys v0.4.8
[INFO] [stderr]    Compiling bitflags v2.4.0
[INFO] [stderr]    Compiling serde v1.0.188
[INFO] [stderr]    Compiling smallvec v1.11.1
[INFO] [stderr]    Compiling serde_json v1.0.107
[INFO] [stderr]    Compiling either v1.9.0
[INFO] [stderr]    Compiling endian-type v0.1.2
[INFO] [stderr]    Compiling memchr v2.6.4
[INFO] [stderr]    Compiling unicode-segmentation v1.10.1
[INFO] [stderr]    Compiling utf8parse v0.2.1
[INFO] [stderr]    Compiling itoa v1.0.9
[INFO] [stderr]    Compiling ryu v1.0.15
[INFO] [stderr]    Compiling nibble_vec v0.1.0
[INFO] [stderr]    Compiling home v0.5.5
[INFO] [stderr]    Compiling log v0.4.20
[INFO] [stderr]    Compiling radix_trie v0.2.1
[INFO] [stderr]    Compiling crossbeam-deque v0.8.3
[INFO] [stderr]    Compiling quote v1.0.33
[INFO] [stderr]    Compiling syn v2.0.37
[INFO] [stderr]    Compiling rayon v1.8.0
[INFO] [stderr]    Compiling getrandom v0.2.10
[INFO] [stderr]    Compiling nix v0.26.4
[INFO] [stderr]    Compiling rand_core v0.6.4
[INFO] [stderr]    Compiling rand_chacha v0.3.1
[INFO] [stderr]    Compiling rand v0.8.5
[INFO] [stderr]    Compiling fd-lock v3.0.13
[INFO] [stderr]    Compiling serde_derive v1.0.188
[INFO] [stderr]    Compiling rustyline v12.0.0
[INFO] [stderr]    Compiling lambdaworks-math v0.7.0
[INFO] [stderr]    Compiling bikzg v0.1.0 (/opt/rustwide/workdir)
[INFO] [stdout] warning: unused import: `polynomial::evaluate_fft_cpu`
[INFO] [stdout]  --> src/bikzg/prover.rs:5:29
[INFO] [stdout]   |
[INFO] [stdout] 5 |     fft::{errors::FFTError, polynomial::evaluate_fft_cpu},
[INFO] [stdout]   |                             ^^^^^^^^^^^^^^^^^^^^^^^^^^^^
[INFO] [stdout]   |
[INFO] [stdout]   = note: `#[warn(unused_imports)]` on by default
[INFO] [stdout] 
[INFO] [stdout] 
[INFO] [stdout] warning: unused imports: `FrField`, `RootsConfig`, `bit_reversing::in_place_bit_reverse_permute`, `errors::FFTError`, and `roots_of_unity`
[INFO] [stdout]   --> src/bikzg/utils.rs:6:40
[INFO] [stdout]    |
[INFO] [stdout] 6  |             default_types::{FrElement, FrField},
[INFO] [stdout]    |                                        ^^^^^^^
[INFO] [stdout] ...
[INFO] [stdout] 11 |         cpu::{bit_reversing::in_place_bit_reverse_permute, roots_of_unity},
[INFO] [stdout]    |               ^^^^^^^^^^^^^^^^^^^^^^^^^^^^^^^^^^^^^^^^^^^  ^^^^^^^^^^^^^^
[INFO] [stdout] 12 |         errors::FFTError,
[INFO] [stdout]    |         ^^^^^^^^^^^^^^^^
[INFO] [stdout] 13 |     },
[INFO] [stdout] 14 |     field::traits::{IsPrimeField, RootsConfig},
[INFO] [stdout]    |                                   ^^^^^^^^^^^
[INFO] [stdout] 
[INFO] [stdout] 
[INFO] [stdout] warning: unused import: `core::ops`
[INFO] [stdout]  --> src/bipolynomial/mod.rs:2:5
[INFO] [stdout]   |
[INFO] [stdout] 2 | use core::ops;
[INFO] [stdout]   |     ^^^^^^^^^
[INFO] [stdout] 
[INFO] [stdout] 
[INFO] [stdout] warning: unexpected `cfg` condition value: `alloc`
[INFO] [stdout]  --> src/bifft/mod.rs:4:7
[INFO] [stdout]   |
[INFO] [stdout] 4 | #[cfg(feature = "alloc")]
[INFO] [stdout]   |       ^^^^^^^^^^^^^^^^^ help: remove the condition
[INFO] [stdout]   |
[INFO] [stdout]   = note: no expected values for `feature`
[INFO] [stdout]   = help: consider adding `alloc` as a feature in `Cargo.toml`
[INFO] [stdout]   = note: see <https://doc.rust-lang.org/nightly/rustc/check-cfg/cargo-specifics.html> for more information about checking conditional configuration
[INFO] [stdout]   = note: `#[warn(unexpected_cfgs)]` on by default
[INFO] [stdout] 
[INFO] [stdout] 
[INFO] [stdout] warning: unused import: `IsPrimeField`
[INFO] [stdout]   --> src/bikzg/utils.rs:14:21
[INFO] [stdout]    |
[INFO] [stdout] 14 |     field::traits::{IsPrimeField, RootsConfig},
[INFO] [stdout]    |                     ^^^^^^^^^^^^
[INFO] [stdout] 
[INFO] [stdout] 
[INFO] [stdout] warning: unused variable: `poly`
[INFO] [stdout]   --> src/bikzg/prover.rs:49:16
[INFO] [stdout]    |
[INFO] [stdout] 49 |     pub fn new(poly: Polynomial<FrElement>) -> Result<Self, ProverError> {
[INFO] [stdout]    |                ^^^^ help: if this is intentional, prefix it with an underscore: `_poly`
[INFO] [stdout]    |
[INFO] [stdout]    = note: `#[warn(unused_variables)]` on by default
[INFO] [stdout] 
[INFO] [stdout] 
[INFO] [stdout] warning: unused variable: `witness_eval`
[INFO] [stdout]    --> src/bikzg/prover.rs:113:13
[INFO] [stdout]     |
[INFO] [stdout] 113 |         let witness_eval = Polynomial::evaluate_fft::<FrField>(witness, 1, None).unwrap();// witness.evaluate_fft(2, None)?;
[INFO] [stdout]     |             ^^^^^^^^^^^^ help: if this is intentional, prefix it with an underscore: `_witness_eval`
[INFO] [stdout] 
[INFO] [stdout] 
[INFO] [stdout] warning: unused variable: `srs`
[INFO] [stdout]   --> src/main.rs:72:25
[INFO] [stdout]    |
[INFO] [stdout] 72 |                     let srs = time_it!("SRS Generation", { g1_points_srs((m,2 * n), (random_fr(),random_fr())) });
[INFO] [stdout]    |                         ^^^ help: if this is intentional, prefix it with an underscore: `_srs`
[INFO] [stdout]    |
[INFO] [stdout]    = note: `#[warn(unused_variables)]` on by default
[INFO] [stdout] 
[INFO] [stdout] 
[INFO] [stderr]     Finished `dev` profile [unoptimized + debuginfo] target(s) in 24.15s
[INFO] running `Command { std: "docker" "inspect" "9ebe5be133e986e541e332e478e17ef270112a590fbf3710793e8235790efe8c", kill_on_drop: false }`
[INFO] running `Command { std: "docker" "rm" "-f" "9ebe5be133e986e541e332e478e17ef270112a590fbf3710793e8235790efe8c", kill_on_drop: false }`
[INFO] [stdout] 9ebe5be133e986e541e332e478e17ef270112a590fbf3710793e8235790efe8c
[INFO] running `Command { std: "docker" "create" "-v" "/var/lib/crater-agent-workspace/builds/worker-7-tc2/target:/opt/rustwide/target:rw,Z" "-v" "/var/lib/crater-agent-workspace/builds/worker-7-tc2/source:/opt/rustwide/workdir:ro,Z" "-v" "/var/lib/crater-agent-workspace/cargo-home:/opt/rustwide/cargo-home:ro,Z" "-v" "/var/lib/crater-agent-workspace/rustup-home:/opt/rustwide/rustup-home:ro,Z" "-e" "SOURCE_DIR=/opt/rustwide/workdir" "-e" "CARGO_TARGET_DIR=/opt/rustwide/target" "-e" "CARGO_INCREMENTAL=0" "-e" "RUST_BACKTRACE=full" "-e" "RUSTFLAGS=--cap-lints=warn" "-e" "RUSTDOCFLAGS=--cap-lints=warn" "-e" "CARGO_HOME=/opt/rustwide/cargo-home" "-e" "RUSTUP_HOME=/opt/rustwide/rustup-home" "-w" "/opt/rustwide/workdir" "-m" "1610612736" "--user" "0:0" "--network" "none" "ghcr.io/rust-lang/crates-build-env/linux@sha256:f3a9d4ad9d972b27faf3965f35b62e55ba32bbce8f20bc8fe909558a86702fde" "/opt/rustwide/cargo-home/bin/cargo" "+beta-2024-12-08" "test" "--frozen" "--no-run" "--message-format=json", kill_on_drop: false }`
[INFO] [stdout] 1cac7813f17b2885b4f7c5da46cc9539a79b6d9ba5f2cba7ff63e5121606880e
[INFO] running `Command { std: "docker" "start" "-a" "1cac7813f17b2885b4f7c5da46cc9539a79b6d9ba5f2cba7ff63e5121606880e", kill_on_drop: false }`
[INFO] [stderr]    Compiling bikzg v0.1.0 (/opt/rustwide/workdir)
[INFO] [stdout] warning: unused import: `polynomial::evaluate_fft_cpu`
[INFO] [stdout]  --> src/bikzg/prover.rs:5:29
[INFO] [stdout]   |
[INFO] [stdout] 5 |     fft::{errors::FFTError, polynomial::evaluate_fft_cpu},
[INFO] [stdout]   |                             ^^^^^^^^^^^^^^^^^^^^^^^^^^^^
[INFO] [stdout]   |
[INFO] [stdout]   = note: `#[warn(unused_imports)]` on by default
[INFO] [stdout] 
[INFO] [stdout] 
[INFO] [stdout] warning: unused imports: `FrField`, `RootsConfig`, `bit_reversing::in_place_bit_reverse_permute`, `errors::FFTError`, and `roots_of_unity`
[INFO] [stdout]   --> src/bikzg/utils.rs:6:40
[INFO] [stdout]    |
[INFO] [stdout] 6  |             default_types::{FrElement, FrField},
[INFO] [stdout]    |                                        ^^^^^^^
[INFO] [stdout] ...
[INFO] [stdout] 11 |         cpu::{bit_reversing::in_place_bit_reverse_permute, roots_of_unity},
[INFO] [stdout]    |               ^^^^^^^^^^^^^^^^^^^^^^^^^^^^^^^^^^^^^^^^^^^  ^^^^^^^^^^^^^^
[INFO] [stdout] 12 |         errors::FFTError,
[INFO] [stdout]    |         ^^^^^^^^^^^^^^^^
[INFO] [stdout] 13 |     },
[INFO] [stdout] 14 |     field::traits::{IsPrimeField, RootsConfig},
[INFO] [stdout]    |                                   ^^^^^^^^^^^
[INFO] [stdout] 
[INFO] [stdout] 
[INFO] [stdout] warning: unused import: `core::ops`
[INFO] [stdout]  --> src/bipolynomial/mod.rs:2:5
[INFO] [stdout]   |
[INFO] [stdout] 2 | use core::ops;
[INFO] [stdout]   |     ^^^^^^^^^
[INFO] [stdout] 
[INFO] [stdout] 
[INFO] [stdout] warning: unexpected `cfg` condition value: `alloc`
[INFO] [stdout]  --> src/bifft/mod.rs:4:7
[INFO] [stdout]   |
[INFO] [stdout] 4 | #[cfg(feature = "alloc")]
[INFO] [stdout]   |       ^^^^^^^^^^^^^^^^^ help: remove the condition
[INFO] [stdout]   |
[INFO] [stdout]   = note: no expected values for `feature`
[INFO] [stdout]   = help: consider adding `alloc` as a feature in `Cargo.toml`
[INFO] [stdout]   = note: see <https://doc.rust-lang.org/nightly/rustc/check-cfg/cargo-specifics.html> for more information about checking conditional configuration
[INFO] [stdout]   = note: `#[warn(unexpected_cfgs)]` on by default
[INFO] [stdout] 
[INFO] [stdout] 
[INFO] [stdout] warning: unused import: `IsPrimeField`
[INFO] [stdout]   --> src/bikzg/utils.rs:14:21
[INFO] [stdout]    |
[INFO] [stdout] 14 |     field::traits::{IsPrimeField, RootsConfig},
[INFO] [stdout]    |                     ^^^^^^^^^^^^
[INFO] [stdout] 
[INFO] [stdout] 
[INFO] [stdout] warning: unused variable: `poly`
[INFO] [stdout]   --> src/bikzg/prover.rs:49:16
[INFO] [stdout]    |
[INFO] [stdout] 49 |     pub fn new(poly: Polynomial<FrElement>) -> Result<Self, ProverError> {
[INFO] [stdout]    |                ^^^^ help: if this is intentional, prefix it with an underscore: `_poly`
[INFO] [stdout]    |
[INFO] [stdout]    = note: `#[warn(unused_variables)]` on by default
[INFO] [stdout] 
[INFO] [stdout] 
[INFO] [stdout] warning: unused variable: `witness_eval`
[INFO] [stdout]    --> src/bikzg/prover.rs:113:13
[INFO] [stdout]     |
[INFO] [stdout] 113 |         let witness_eval = Polynomial::evaluate_fft::<FrField>(witness, 1, None).unwrap();// witness.evaluate_fft(2, None)?;
[INFO] [stdout]     |             ^^^^^^^^^^^^ help: if this is intentional, prefix it with an underscore: `_witness_eval`
[INFO] [stdout] 
[INFO] [stdout] 
[INFO] [stdout] warning: unused import: `polynomial::evaluate_fft_cpu`
[INFO] [stdout]  --> src/bikzg/prover.rs:5:29
[INFO] [stdout]   |
[INFO] [stdout] 5 |     fft::{errors::FFTError, polynomial::evaluate_fft_cpu},
[INFO] [stdout]   |                             ^^^^^^^^^^^^^^^^^^^^^^^^^^^^
[INFO] [stdout]   |
[INFO] [stdout]   = note: `#[warn(unused_imports)]` on by default
[INFO] [stdout] 
[INFO] [stdout] 
[INFO] [stdout] warning: unused imports: `AsBytes`, `Deserializable`, `FrConfig`, and `polynomial::Polynomial`
[INFO] [stdout]    --> src/bikzg/srs.rs:355:37
[INFO] [stdout]     |
[INFO] [stdout] 355 |                     default_types::{FrConfig, FrElement, FrField},
[INFO] [stdout]     |                                     ^^^^^^^^
[INFO] [stdout] ...
[INFO] [stdout] 364 |         polynomial::Polynomial,
[INFO] [stdout]     |         ^^^^^^^^^^^^^^^^^^^^^^
[INFO] [stdout] 365 |         traits::{AsBytes, Deserializable},
[INFO] [stdout]     |                  ^^^^^^^  ^^^^^^^^^^^^^^
[INFO] [stdout] 
[INFO] [stdout] 
[INFO] [stdout] warning: unused imports: `FrField`, `RootsConfig`, `bit_reversing::in_place_bit_reverse_permute`, `errors::FFTError`, and `roots_of_unity`
[INFO] [stdout]   --> src/bikzg/utils.rs:6:40
[INFO] [stdout]    |
[INFO] [stdout] 6  |             default_types::{FrElement, FrField},
[INFO] [stdout]    |                                        ^^^^^^^
[INFO] [stdout] ...
[INFO] [stdout] 11 |         cpu::{bit_reversing::in_place_bit_reverse_permute, roots_of_unity},
[INFO] [stdout]    |               ^^^^^^^^^^^^^^^^^^^^^^^^^^^^^^^^^^^^^^^^^^^  ^^^^^^^^^^^^^^
[INFO] [stdout] 12 |         errors::FFTError,
[INFO] [stdout]    |         ^^^^^^^^^^^^^^^^
[INFO] [stdout] 13 |     },
[INFO] [stdout] 14 |     field::traits::{IsPrimeField, RootsConfig},
[INFO] [stdout]    |                                   ^^^^^^^^^^^
[INFO] [stdout] 
[INFO] [stdout] 
[INFO] [stdout] warning: unused import: `core::ops`
[INFO] [stdout]  --> src/bipolynomial/mod.rs:2:5
[INFO] [stdout]   |
[INFO] [stdout] 2 | use core::ops;
[INFO] [stdout]   |     ^^^^^^^^^
[INFO] [stdout] 
[INFO] [stdout] 
[INFO] [stdout] warning: unexpected `cfg` condition value: `alloc`
[INFO] [stdout]  --> src/bifft/mod.rs:4:7
[INFO] [stdout]   |
[INFO] [stdout] 4 | #[cfg(feature = "alloc")]
[INFO] [stdout]   |       ^^^^^^^^^^^^^^^^^ help: remove the condition
[INFO] [stdout]   |
[INFO] [stdout]   = note: no expected values for `feature`
[INFO] [stdout]   = help: consider adding `alloc` as a feature in `Cargo.toml`
[INFO] [stdout]   = note: see <https://doc.rust-lang.org/nightly/rustc/check-cfg/cargo-specifics.html> for more information about checking conditional configuration
[INFO] [stdout]   = note: `#[warn(unexpected_cfgs)]` on by default
[INFO] [stdout] 
[INFO] [stdout] 
[INFO] [stdout] warning: unused variable: `srs`
[INFO] [stdout]   --> src/main.rs:72:25
[INFO] [stdout]    |
[INFO] [stdout] 72 |                     let srs = time_it!("SRS Generation", { g1_points_srs((m,2 * n), (random_fr(),random_fr())) });
[INFO] [stdout]    |                         ^^^ help: if this is intentional, prefix it with an underscore: `_srs`
[INFO] [stdout]    |
[INFO] [stdout]    = note: `#[warn(unused_variables)]` on by default
[INFO] [stdout] 
[INFO] [stdout] 
[INFO] [stdout] warning: unused import: `IsPrimeField`
[INFO] [stdout]   --> src/bikzg/utils.rs:14:21
[INFO] [stdout]    |
[INFO] [stdout] 14 |     field::traits::{IsPrimeField, RootsConfig},
[INFO] [stdout]    |                     ^^^^^^^^^^^^
[INFO] [stdout] 
[INFO] [stdout] 
[INFO] [stdout] warning: unused variable: `poly`
[INFO] [stdout]   --> src/bikzg/prover.rs:49:16
[INFO] [stdout]    |
[INFO] [stdout] 49 |     pub fn new(poly: Polynomial<FrElement>) -> Result<Self, ProverError> {
[INFO] [stdout]    |                ^^^^ help: if this is intentional, prefix it with an underscore: `_poly`
[INFO] [stdout]    |
[INFO] [stdout]    = note: `#[warn(unused_variables)]` on by default
[INFO] [stdout] 
[INFO] [stdout] 
[INFO] [stdout] warning: unused variable: `witness_eval`
[INFO] [stdout]    --> src/bikzg/prover.rs:113:13
[INFO] [stdout]     |
[INFO] [stdout] 113 |         let witness_eval = Polynomial::evaluate_fft::<FrField>(witness, 1, None).unwrap();// witness.evaluate_fft(2, None)?;
[INFO] [stdout]     |             ^^^^^^^^^^^^ help: if this is intentional, prefix it with an underscore: `_witness_eval`
[INFO] [stdout] 
[INFO] [stdout] 
[INFO] [stdout] warning: unused variable: `g1`
[INFO] [stdout]    --> src/bikzg/srs.rs:410:13
[INFO] [stdout]     |
[INFO] [stdout] 410 |         let g1 = BLS12381Curve::generator();
[INFO] [stdout]     |             ^^ help: if this is intentional, prefix it with an underscore: `_g1`
[INFO] [stdout] 
[INFO] [stdout] 
[INFO] [stdout] warning: unused variable: `fake_proof`
[INFO] [stdout]    --> src/bikzg/srs.rs:437:13
[INFO] [stdout]     |
[INFO] [stdout] 437 |         let fake_proof = (BLS12381Curve::generator(),BLS12381Curve::generator());
[INFO] [stdout]     |             ^^^^^^^^^^ help: if this is intentional, prefix it with an underscore: `_fake_proof`
[INFO] [stdout] 
[INFO] [stdout] 
[INFO] [stdout] warning: unused variable: `evaluation`
[INFO] [stdout]    --> src/bikzg/srs.rs:469:13
[INFO] [stdout]     |
[INFO] [stdout] 469 |         let evaluation = bp.evaluate(&x, &y);
[INFO] [stdout]     |             ^^^^^^^^^^ help: if this is intentional, prefix it with an underscore: `_evaluation`
[INFO] [stdout] 
[INFO] [stdout] 
[INFO] [stdout] warning: unused variable: `fake_proof`
[INFO] [stdout]    --> src/bikzg/srs.rs:472:13
[INFO] [stdout]     |
[INFO] [stdout] 472 |         let fake_proof = (BLS12381Curve::generator(),BLS12381Curve::generator());
[INFO] [stdout]     |             ^^^^^^^^^^ help: if this is intentional, prefix it with an underscore: `_fake_proof`
[INFO] [stdout] 
[INFO] [stdout] 
[INFO] [stdout] warning: unused variable: `srs`
[INFO] [stdout]    --> src/bikzg/utils.rs:162:13
[INFO] [stdout]     |
[INFO] [stdout] 162 |         let srs = g1_points_srs((2,3), (FrElement::from(2),FrElement::from(3)));
[INFO] [stdout]     |             ^^^ help: if this is intentional, prefix it with an underscore: `_srs`
[INFO] [stdout] 
[INFO] [stdout] 
[INFO] [stdout] warning: unused variable: `cs`
[INFO] [stdout]    --> src/bikzg/utils.rs:182:13
[INFO] [stdout]     |
[INFO] [stdout] 182 |         let cs = polynomial
[INFO] [stdout]     |             ^^ help: if this is intentional, prefix it with an underscore: `_cs`
[INFO] [stdout] 
[INFO] [stdout] 
[INFO] [stdout] warning: unused variable: `dd`
[INFO] [stdout]    --> src/bipolynomial/mod.rs:183:13
[INFO] [stdout]     |
[INFO] [stdout] 183 |         let dd = p.evaluate(&FE::new(1), &FE::new(2));
[INFO] [stdout]     |             ^^ help: if this is intentional, prefix it with an underscore: `_dd`
[INFO] [stdout] 
[INFO] [stdout] 
[INFO] [stdout] warning: unused variable: `q_y`
[INFO] [stdout]    --> src/bipolynomial/mod.rs:185:20
[INFO] [stdout]     |
[INFO] [stdout] 185 |         let (q_xy, q_y) = p.ruffini_division(&FE::new(1),&FE::new(2));
[INFO] [stdout]     |                    ^^^ help: if this is intentional, prefix it with an underscore: `_q_y`
[INFO] [stdout] 
[INFO] [stdout] 
[INFO] [stdout] warning: type alias `G1` is never used
[INFO] [stdout]    --> src/bikzg/srs.rs:374:10
[INFO] [stdout]     |
[INFO] [stdout] 374 |     type G1 = ShortWeierstrassProjectivePoint<BLS12381Curve>;
[INFO] [stdout]     |          ^^
[INFO] [stdout]     |
[INFO] [stdout]     = note: `#[warn(dead_code)]` on by default
[INFO] [stdout] 
[INFO] [stdout] 
[INFO] [stderr]     Finished `test` profile [unoptimized + debuginfo] target(s) in 1.65s
[INFO] running `Command { std: "docker" "inspect" "1cac7813f17b2885b4f7c5da46cc9539a79b6d9ba5f2cba7ff63e5121606880e", kill_on_drop: false }`
[INFO] running `Command { std: "docker" "rm" "-f" "1cac7813f17b2885b4f7c5da46cc9539a79b6d9ba5f2cba7ff63e5121606880e", kill_on_drop: false }`
[INFO] [stdout] 1cac7813f17b2885b4f7c5da46cc9539a79b6d9ba5f2cba7ff63e5121606880e
[INFO] running `Command { std: "docker" "create" "-v" "/var/lib/crater-agent-workspace/builds/worker-7-tc2/target:/opt/rustwide/target:rw,Z" "-v" "/var/lib/crater-agent-workspace/builds/worker-7-tc2/source:/opt/rustwide/workdir:ro,Z" "-v" "/var/lib/crater-agent-workspace/cargo-home:/opt/rustwide/cargo-home:ro,Z" "-v" "/var/lib/crater-agent-workspace/rustup-home:/opt/rustwide/rustup-home:ro,Z" "-e" "SOURCE_DIR=/opt/rustwide/workdir" "-e" "CARGO_TARGET_DIR=/opt/rustwide/target" "-e" "CARGO_INCREMENTAL=0" "-e" "RUST_BACKTRACE=full" "-e" "RUSTFLAGS=--cap-lints=warn" "-e" "RUSTDOCFLAGS=--cap-lints=warn" "-e" "CARGO_HOME=/opt/rustwide/cargo-home" "-e" "RUSTUP_HOME=/opt/rustwide/rustup-home" "-w" "/opt/rustwide/workdir" "-m" "1610612736" "--user" "0:0" "--network" "none" "ghcr.io/rust-lang/crates-build-env/linux@sha256:f3a9d4ad9d972b27faf3965f35b62e55ba32bbce8f20bc8fe909558a86702fde" "/opt/rustwide/cargo-home/bin/cargo" "+beta-2024-12-08" "test" "--frozen", kill_on_drop: false }`
[INFO] [stdout] d8a115af98e0bbeff14f01374ba59c316de1bb5ba6255489cc47bac072e06111
[INFO] running `Command { std: "docker" "start" "-a" "d8a115af98e0bbeff14f01374ba59c316de1bb5ba6255489cc47bac072e06111", kill_on_drop: false }`
[INFO] [stderr] warning: unused import: `polynomial::evaluate_fft_cpu`
[INFO] [stderr]  --> src/bikzg/prover.rs:5:29
[INFO] [stderr]   |
[INFO] [stderr] 5 |     fft::{errors::FFTError, polynomial::evaluate_fft_cpu},
[INFO] [stderr]   |                             ^^^^^^^^^^^^^^^^^^^^^^^^^^^^
[INFO] [stderr]   |
[INFO] [stderr]   = note: `#[warn(unused_imports)]` on by default
[INFO] [stderr] 
[INFO] [stderr] warning: unused imports: `FrField`, `RootsConfig`, `bit_reversing::in_place_bit_reverse_permute`, `errors::FFTError`, and `roots_of_unity`
[INFO] [stderr]   --> src/bikzg/utils.rs:6:40
[INFO] [stderr]    |
[INFO] [stderr] 6  |             default_types::{FrElement, FrField},
[INFO] [stderr]    |                                        ^^^^^^^
[INFO] [stderr] ...
[INFO] [stderr] 11 |         cpu::{bit_reversing::in_place_bit_reverse_permute, roots_of_unity},
[INFO] [stderr]    |               ^^^^^^^^^^^^^^^^^^^^^^^^^^^^^^^^^^^^^^^^^^^  ^^^^^^^^^^^^^^
[INFO] [stderr] 12 |         errors::FFTError,
[INFO] [stderr]    |         ^^^^^^^^^^^^^^^^
[INFO] [stderr] 13 |     },
[INFO] [stderr] 14 |     field::traits::{IsPrimeField, RootsConfig},
[INFO] [stderr]    |                                   ^^^^^^^^^^^
[INFO] [stderr] 
[INFO] [stderr] warning: unused import: `core::ops`
[INFO] [stderr]  --> src/bipolynomial/mod.rs:2:5
[INFO] [stderr]   |
[INFO] [stderr] 2 | use core::ops;
[INFO] [stderr]   |     ^^^^^^^^^
[INFO] [stderr] 
[INFO] [stderr] warning: unexpected `cfg` condition value: `alloc`
[INFO] [stderr]  --> src/bifft/mod.rs:4:7
[INFO] [stderr]   |
[INFO] [stderr] 4 | #[cfg(feature = "alloc")]
[INFO] [stderr]   |       ^^^^^^^^^^^^^^^^^ help: remove the condition
[INFO] [stderr]   |
[INFO] [stderr]   = note: no expected values for `feature`
[INFO] [stderr]   = help: consider adding `alloc` as a feature in `Cargo.toml`
[INFO] [stderr]   = note: see <https://doc.rust-lang.org/nightly/rustc/check-cfg/cargo-specifics.html> for more information about checking conditional configuration
[INFO] [stderr]   = note: `#[warn(unexpected_cfgs)]` on by default
[INFO] [stderr] 
[INFO] [stderr] warning: unused import: `IsPrimeField`
[INFO] [stderr]   --> src/bikzg/utils.rs:14:21
[INFO] [stderr]    |
[INFO] [stderr] 14 |     field::traits::{IsPrimeField, RootsConfig},
[INFO] [stderr]    |                     ^^^^^^^^^^^^
[INFO] [stderr] 
[INFO] [stderr] warning: unused variable: `poly`
[INFO] [stderr]   --> src/bikzg/prover.rs:49:16
[INFO] [stderr]    |
[INFO] [stderr] 49 |     pub fn new(poly: Polynomial<FrElement>) -> Result<Self, ProverError> {
[INFO] [stderr]    |                ^^^^ help: if this is intentional, prefix it with an underscore: `_poly`
[INFO] [stderr]    |
[INFO] [stderr]    = note: `#[warn(unused_variables)]` on by default
[INFO] [stderr] 
[INFO] [stderr] warning: unused variable: `witness_eval`
[INFO] [stderr]    --> src/bikzg/prover.rs:113:13
[INFO] [stderr]     |
[INFO] [stderr] 113 |         let witness_eval = Polynomial::evaluate_fft::<FrField>(witness, 1, None).unwrap();// witness.evaluate_fft(2, None)?;
[INFO] [stderr]     |             ^^^^^^^^^^^^ help: if this is intentional, prefix it with an underscore: `_witness_eval`
[INFO] [stderr] 
[INFO] [stderr] warning: unused imports: `AsBytes`, `Deserializable`, `FrConfig`, and `polynomial::Polynomial`
[INFO] [stderr]    --> src/bikzg/srs.rs:355:37
[INFO] [stderr]     |
[INFO] [stderr] 355 |                     default_types::{FrConfig, FrElement, FrField},
[INFO] [stderr]     |                                     ^^^^^^^^
[INFO] [stderr] ...
[INFO] [stderr] 364 |         polynomial::Polynomial,
[INFO] [stderr]     |         ^^^^^^^^^^^^^^^^^^^^^^
[INFO] [stderr] 365 |         traits::{AsBytes, Deserializable},
[INFO] [stderr]     |                  ^^^^^^^  ^^^^^^^^^^^^^^
[INFO] [stderr] 
[INFO] [stderr] warning: unused variable: `g1`
[INFO] [stderr]    --> src/bikzg/srs.rs:410:13
[INFO] [stderr]     |
[INFO] [stderr] 410 |         let g1 = BLS12381Curve::generator();
[INFO] [stderr]     |             ^^ help: if this is intentional, prefix it with an underscore: `_g1`
[INFO] [stderr] 
[INFO] [stderr] warning: unused variable: `fake_proof`
[INFO] [stderr]    --> src/bikzg/srs.rs:437:13
[INFO] [stderr]     |
[INFO] [stderr] 437 |         let fake_proof = (BLS12381Curve::generator(),BLS12381Curve::generator());
[INFO] [stderr]     |             ^^^^^^^^^^ help: if this is intentional, prefix it with an underscore: `_fake_proof`
[INFO] [stderr] 
[INFO] [stderr] warning: unused variable: `evaluation`
[INFO] [stderr]    --> src/bikzg/srs.rs:469:13
[INFO] [stderr]     |
[INFO] [stderr] 469 |         let evaluation = bp.evaluate(&x, &y);
[INFO] [stderr]     |             ^^^^^^^^^^ help: if this is intentional, prefix it with an underscore: `_evaluation`
[INFO] [stderr] 
[INFO] [stderr] warning: unused variable: `fake_proof`
[INFO] [stderr]    --> src/bikzg/srs.rs:472:13
[INFO] [stderr]     |
[INFO] [stderr] 472 |         let fake_proof = (BLS12381Curve::generator(),BLS12381Curve::generator());
[INFO] [stderr]     |             ^^^^^^^^^^ help: if this is intentional, prefix it with an underscore: `_fake_proof`
[INFO] [stderr] 
[INFO] [stderr] warning: unused variable: `srs`
[INFO] [stderr]    --> src/bikzg/utils.rs:162:13
[INFO] [stderr]     |
[INFO] [stderr] 162 |         let srs = g1_points_srs((2,3), (FrElement::from(2),FrElement::from(3)));
[INFO] [stderr]     |             ^^^ help: if this is intentional, prefix it with an underscore: `_srs`
[INFO] [stderr] 
[INFO] [stderr] warning: unused variable: `cs`
[INFO] [stderr]    --> src/bikzg/utils.rs:182:13
[INFO] [stderr]     |
[INFO] [stderr] 182 |         let cs = polynomial
[INFO] [stderr]     |             ^^ help: if this is intentional, prefix it with an underscore: `_cs`
[INFO] [stderr] 
[INFO] [stderr] warning: unused variable: `dd`
[INFO] [stderr]    --> src/bipolynomial/mod.rs:183:13
[INFO] [stderr]     |
[INFO] [stderr] 183 |         let dd = p.evaluate(&FE::new(1), &FE::new(2));
[INFO] [stderr]     |             ^^ help: if this is intentional, prefix it with an underscore: `_dd`
[INFO] [stderr] 
[INFO] [stderr] warning: unused variable: `q_y`
[INFO] [stderr]    --> src/bipolynomial/mod.rs:185:20
[INFO] [stderr]     |
[INFO] [stderr] 185 |         let (q_xy, q_y) = p.ruffini_division(&FE::new(1),&FE::new(2));
[INFO] [stderr]     |                    ^^^ help: if this is intentional, prefix it with an underscore: `_q_y`
[INFO] [stderr] 
[INFO] [stderr] warning: type alias `G1` is never used
[INFO] [stderr]    --> src/bikzg/srs.rs:374:10
[INFO] [stderr]     |
[INFO] [stderr] 374 |     type G1 = ShortWeierstrassProjectivePoint<BLS12381Curve>;
[INFO] [stderr]     |          ^^
[INFO] [stderr]     |
[INFO] [stderr]     = note: `#[warn(dead_code)]` on by default
[INFO] [stderr] 
[INFO] [stderr] warning: `bikzg` (lib) generated 7 warnings (run `cargo fix --lib -p bikzg` to apply 3 suggestions)
[INFO] [stderr] warning: `bikzg` (lib test) generated 17 warnings (7 duplicates) (run `cargo fix --lib -p bikzg --tests` to apply 1 suggestion)
[INFO] [stderr] warning: unused variable: `srs`
[INFO] [stderr]   --> src/main.rs:72:25
[INFO] [stderr]    |
[INFO] [stderr] 72 |                     let srs = time_it!("SRS Generation", { g1_points_srs((m,2 * n), (random_fr(),random_fr())) });
[INFO] [stderr]    |                         ^^^ help: if this is intentional, prefix it with an underscore: `_srs`
[INFO] [stderr]    |
[INFO] [stderr]    = note: `#[warn(unused_variables)]` on by default
[INFO] [stderr] 
[INFO] [stderr] warning: `bikzg` (bin "bikzg" test) generated 1 warning
[INFO] [stderr]     Finished `test` profile [unoptimized + debuginfo] target(s) in 0.06s
[INFO] [stderr]      Running unittests src/lib.rs (/opt/rustwide/target/debug/deps/bikzg-7d5dcb8430875478)
[INFO] [stdout] 
[INFO] [stdout] running 6 tests
[INFO] [stdout] test bikzg::srs::tests::test_vandemonde_challenge ... ok
[INFO] [stdout] test bipolynomial::tests::evaluation_a_2_3 ... ok
[INFO] [stdout] test bipolynomial::tests::ruffini_test ... ok
[INFO] [stdout] test bikzg::utils::tests::test_to_lagrange_basis ... ok
[INFO] [stdout] test bikzg::srs::tests::kzg_1 ... ok
[INFO] [stdout] test bikzg::srs::tests::kzg_2 ... FAILED
[INFO] [stdout] 
[INFO] [stdout] failures:
[INFO] [stdout] 
[INFO] [stdout] ---- bikzg::srs::tests::kzg_2 stdout ----
[INFO] [stdout] thread 'bikzg::srs::tests::kzg_2' panicked at src/bikzg/srs.rs:478:9:
[INFO] [stdout] assertion failed: bikzg.verify(&x, &y, &fake_evaluation, &p_commitment, &proof)
[INFO] [stdout] stack backtrace:
[INFO] [stdout]    0:     0x56c47132c82a - std::backtrace_rs::backtrace::libunwind::trace::h8810477743020387
[INFO] [stdout]                                at /rustc/202008a1b8de96d2e5b6bc02d379db03a877d34d/library/std/src/../../backtrace/src/backtrace/libunwind.rs:116:5
[INFO] [stdout]    1:     0x56c47132c82a - std::backtrace_rs::backtrace::trace_unsynchronized::h3aa55355dd6c54a6
[INFO] [stdout]                                at /rustc/202008a1b8de96d2e5b6bc02d379db03a877d34d/library/std/src/../../backtrace/src/backtrace/mod.rs:66:5
[INFO] [stdout]    2:     0x56c47132c82a - std::sys::backtrace::_print_fmt::h8588b0f62410823f
[INFO] [stdout]                                at /rustc/202008a1b8de96d2e5b6bc02d379db03a877d34d/library/std/src/sys/backtrace.rs:66:9
[INFO] [stdout]    3:     0x56c47132c82a - <std::sys::backtrace::BacktraceLock::print::DisplayBacktrace as core::fmt::Display>::fmt::h98c26ac25ffe89bb
[INFO] [stdout]                                at /rustc/202008a1b8de96d2e5b6bc02d379db03a877d34d/library/std/src/sys/backtrace.rs:39:26
[INFO] [stdout]    4:     0x56c4713529d3 - core::fmt::rt::Argument::fmt::hf95377f4aebd453b
[INFO] [stdout]                                at /rustc/202008a1b8de96d2e5b6bc02d379db03a877d34d/library/core/src/fmt/rt.rs:177:76
[INFO] [stdout]    5:     0x56c4713529d3 - core::fmt::write::h0dd5f6e2238c7982
[INFO] [stdout]                                at /rustc/202008a1b8de96d2e5b6bc02d379db03a877d34d/library/core/src/fmt/mod.rs:1189:21
[INFO] [stdout]    6:     0x56c471329953 - std::io::Write::write_fmt::h03bb0ca26e6faf8c
[INFO] [stdout]                                at /rustc/202008a1b8de96d2e5b6bc02d379db03a877d34d/library/std/src/io/mod.rs:1884:15
[INFO] [stdout]    7:     0x56c47132c672 - std::sys::backtrace::BacktraceLock::print::h5c19c1c038ee186d
[INFO] [stdout]                                at /rustc/202008a1b8de96d2e5b6bc02d379db03a877d34d/library/std/src/sys/backtrace.rs:42:9
[INFO] [stdout]    8:     0x56c47132dcad - std::panicking::default_hook::{{closure}}::h77172f079a1fcb13
[INFO] [stdout]                                at /rustc/202008a1b8de96d2e5b6bc02d379db03a877d34d/library/std/src/panicking.rs:268:22
[INFO] [stdout]    9:     0x56c47132dab7 - std::panicking::default_hook::he5f8e3b203ccddba
[INFO] [stdout]                                at /rustc/202008a1b8de96d2e5b6bc02d379db03a877d34d/library/std/src/panicking.rs:292:9
[INFO] [stdout]   10:     0x56c471271cd7 - <alloc::boxed::Box<F,A> as core::ops::function::Fn<Args>>::call::h7a3c7b4a1ae77f2f
[INFO] [stdout]                                at /rustc/202008a1b8de96d2e5b6bc02d379db03a877d34d/library/alloc/src/boxed.rs:1986:9
[INFO] [stdout]   11:     0x56c471271cd7 - test::test_main::{{closure}}::hf0d3b69ae9b353d1
[INFO] [stdout]                                at /rustc/202008a1b8de96d2e5b6bc02d379db03a877d34d/library/test/src/lib.rs:134:21
[INFO] [stdout]   12:     0x56c47132e358 - <alloc::boxed::Box<F,A> as core::ops::function::Fn<Args>>::call::h6332e82e7b189abd
[INFO] [stdout]                                at /rustc/202008a1b8de96d2e5b6bc02d379db03a877d34d/library/alloc/src/boxed.rs:1986:9
[INFO] [stdout]   13:     0x56c47132e358 - std::panicking::rust_panic_with_hook::h53863d4e9018df39
[INFO] [stdout]                                at /rustc/202008a1b8de96d2e5b6bc02d379db03a877d34d/library/std/src/panicking.rs:809:13
[INFO] [stdout]   14:     0x56c47132e0e6 - std::panicking::begin_panic_handler::{{closure}}::h67280e6fa0757873
[INFO] [stdout]                                at /rustc/202008a1b8de96d2e5b6bc02d379db03a877d34d/library/std/src/panicking.rs:667:13
[INFO] [stdout]   15:     0x56c47132cd09 - std::sys::backtrace::__rust_end_short_backtrace::h1dac3f54d6fbbeb2
[INFO] [stdout]                                at /rustc/202008a1b8de96d2e5b6bc02d379db03a877d34d/library/std/src/sys/backtrace.rs:170:18
[INFO] [stdout]   16:     0x56c47132ddac - rust_begin_unwind
[INFO] [stdout]                                at /rustc/202008a1b8de96d2e5b6bc02d379db03a877d34d/library/std/src/panicking.rs:665:5
[INFO] [stdout]   17:     0x56c471204090 - core::panicking::panic_fmt::h6792bd1b2bf01041
[INFO] [stdout]                                at /rustc/202008a1b8de96d2e5b6bc02d379db03a877d34d/library/core/src/panicking.rs:76:14
[INFO] [stdout]   18:     0x56c47120411c - core::panicking::panic::hbb5c236a846c507c
[INFO] [stdout]                                at /rustc/202008a1b8de96d2e5b6bc02d379db03a877d34d/library/core/src/panicking.rs:148:5
[INFO] [stdout]   19:     0x56c471237e08 - bikzg::bikzg::srs::tests::kzg_2::h48e4966024298c0c
[INFO] [stdout]                                at /opt/rustwide/workdir/src/bikzg/srs.rs:478:9
[INFO] [stdout]   20:     0x56c471237807 - bikzg::bikzg::srs::tests::kzg_2::{{closure}}::hce51f738c0c943cd
[INFO] [stdout]                                at /opt/rustwide/workdir/src/bikzg/srs.rs:456:15
[INFO] [stdout]   21:     0x56c4712201a6 - core::ops::function::FnOnce::call_once::h0dc07a72883e0386
[INFO] [stdout]                                at /rustc/202008a1b8de96d2e5b6bc02d379db03a877d34d/library/core/src/ops/function.rs:250:5
[INFO] [stdout]   22:     0x56c4712767fb - core::ops::function::FnOnce::call_once::h871bf86719ec9aa4
[INFO] [stdout]                                at /rustc/202008a1b8de96d2e5b6bc02d379db03a877d34d/library/core/src/ops/function.rs:250:5
[INFO] [stdout]   23:     0x56c4712767fb - test::__rust_begin_short_backtrace::h2167df1e2b7d76fd
[INFO] [stdout]                                at /rustc/202008a1b8de96d2e5b6bc02d379db03a877d34d/library/test/src/lib.rs:632:18
[INFO] [stdout]   24:     0x56c4712761e8 - test::run_test_in_process::{{closure}}::h15d92f75a3adfb79
[INFO] [stdout]                                at /rustc/202008a1b8de96d2e5b6bc02d379db03a877d34d/library/test/src/lib.rs:655:60
[INFO] [stdout]   25:     0x56c4712761e8 - <core::panic::unwind_safe::AssertUnwindSafe<F> as core::ops::function::FnOnce<()>>::call_once::hb6c8955835a8dbbb
[INFO] [stdout]                                at /rustc/202008a1b8de96d2e5b6bc02d379db03a877d34d/library/core/src/panic/unwind_safe.rs:272:9
[INFO] [stdout]   26:     0x56c4712761e8 - std::panicking::try::do_call::hc79d0fc888a0bd30
[INFO] [stdout]                                at /rustc/202008a1b8de96d2e5b6bc02d379db03a877d34d/library/std/src/panicking.rs:557:40
[INFO] [stdout]   27:     0x56c4712761e8 - std::panicking::try::hb8a7878e3a8589d6
[INFO] [stdout]                                at /rustc/202008a1b8de96d2e5b6bc02d379db03a877d34d/library/std/src/panicking.rs:520:19
[INFO] [stdout]   28:     0x56c4712761e8 - std::panic::catch_unwind::hb8e4600ff0ff5cfa
[INFO] [stdout]                                at /rustc/202008a1b8de96d2e5b6bc02d379db03a877d34d/library/std/src/panic.rs:358:14
[INFO] [stdout]   29:     0x56c4712761e8 - test::run_test_in_process::hc2900b0b18688dd6
[INFO] [stdout]                                at /rustc/202008a1b8de96d2e5b6bc02d379db03a877d34d/library/test/src/lib.rs:655:27
[INFO] [stdout]   30:     0x56c4712761e8 - test::run_test::{{closure}}::hac2a9cb07be3d48d
[INFO] [stdout]                                at /rustc/202008a1b8de96d2e5b6bc02d379db03a877d34d/library/test/src/lib.rs:576:43
[INFO] [stdout]   31:     0x56c471239c8a - test::run_test::{{closure}}::h4a5b729e66a38cd8
[INFO] [stdout]                                at /rustc/202008a1b8de96d2e5b6bc02d379db03a877d34d/library/test/src/lib.rs:606:41
[INFO] [stdout]   32:     0x56c471239c8a - std::sys::backtrace::__rust_begin_short_backtrace::h0496fb742492f573
[INFO] [stdout]                                at /rustc/202008a1b8de96d2e5b6bc02d379db03a877d34d/library/std/src/sys/backtrace.rs:154:18
[INFO] [stdout]   33:     0x56c47123d604 - std::thread::Builder::spawn_unchecked_::{{closure}}::{{closure}}::hbb6d257c550a54bd
[INFO] [stdout]                                at /rustc/202008a1b8de96d2e5b6bc02d379db03a877d34d/library/std/src/thread/mod.rs:561:17
[INFO] [stdout]   34:     0x56c47123d604 - <core::panic::unwind_safe::AssertUnwindSafe<F> as core::ops::function::FnOnce<()>>::call_once::h46696fe4a6832328
[INFO] [stdout]                                at /rustc/202008a1b8de96d2e5b6bc02d379db03a877d34d/library/core/src/panic/unwind_safe.rs:272:9
[INFO] [stdout]   35:     0x56c47123d604 - std::panicking::try::do_call::h2625a51b667bfb64
[INFO] [stdout]                                at /rustc/202008a1b8de96d2e5b6bc02d379db03a877d34d/library/std/src/panicking.rs:557:40
[INFO] [stdout]   36:     0x56c47123d604 - std::panicking::try::hb956a59a1973aa4c
[INFO] [stdout]                                at /rustc/202008a1b8de96d2e5b6bc02d379db03a877d34d/library/std/src/panicking.rs:520:19
[INFO] [stdout]   37:     0x56c47123d604 - std::panic::catch_unwind::h64f3b9d1067ef6a0
[INFO] [stdout]                                at /rustc/202008a1b8de96d2e5b6bc02d379db03a877d34d/library/std/src/panic.rs:358:14
[INFO] [stdout]   38:     0x56c47123d604 - std::thread::Builder::spawn_unchecked_::{{closure}}::h42b2841295b6c0b2
[INFO] [stdout]                                at /rustc/202008a1b8de96d2e5b6bc02d379db03a877d34d/library/std/src/thread/mod.rs:559:30
[INFO] [stdout]   39:     0x56c47123d604 - core::ops::function::FnOnce::call_once{{vtable.shim}}::h6127de71b8124639
[INFO] [stdout]                                at /rustc/202008a1b8de96d2e5b6bc02d379db03a877d34d/library/core/src/ops/function.rs:250:5
[INFO] [stdout]   40:     0x56c47133239b - <alloc::boxed::Box<F,A> as core::ops::function::FnOnce<Args>>::call_once::h42f0ba71002a1b2c
[INFO] [stdout]                                at /rustc/202008a1b8de96d2e5b6bc02d379db03a877d34d/library/alloc/src/boxed.rs:1972:9
[INFO] [stdout]   41:     0x56c47133239b - <alloc::boxed::Box<F,A> as core::ops::function::FnOnce<Args>>::call_once::had9e47d7a3dcecb8
[INFO] [stdout]                                at /rustc/202008a1b8de96d2e5b6bc02d379db03a877d34d/library/alloc/src/boxed.rs:1972:9
[INFO] [stdout]   42:     0x56c47133239b - std::sys::pal::unix::thread::Thread::new::thread_start::h48cf765408f6f5f2
[INFO] [stdout]                                at /rustc/202008a1b8de96d2e5b6bc02d379db03a877d34d/library/std/src/sys/pal/unix/thread.rs:105:17
[INFO] [stdout]   43:     0x7b8ca545bac3 - <unknown>
[INFO] [stdout]   44:     0x7b8ca54eca04 - clone
[INFO] [stdout]   45:                0x0 - <unknown>
[INFO] [stdout] 
[INFO] [stdout] 
[INFO] [stdout] failures:
[INFO] [stdout]     bikzg::srs::tests::kzg_2
[INFO] [stdout] 
[INFO] [stdout] test result: FAILED. 5 passed; 1 failed; 0 ignored; 0 measured; 0 filtered out; finished in 1.91s
[INFO] [stdout] 
[INFO] [stderr] error: test failed, to rerun pass `--lib`
[INFO] running `Command { std: "docker" "inspect" "d8a115af98e0bbeff14f01374ba59c316de1bb5ba6255489cc47bac072e06111", kill_on_drop: false }`
[INFO] running `Command { std: "docker" "rm" "-f" "d8a115af98e0bbeff14f01374ba59c316de1bb5ba6255489cc47bac072e06111", kill_on_drop: false }`
[INFO] [stdout] d8a115af98e0bbeff14f01374ba59c316de1bb5ba6255489cc47bac072e06111
