[INFO] cloning repository https://github.com/lyneca/piscreen
[INFO] running `Command { std: "git" "-c" "credential.helper=" "-c" "credential.helper=/workspace/cargo-home/bin/git-credential-null" "clone" "--bare" "https://github.com/lyneca/piscreen" "/workspace/cache/git-repos/https%3A%2F%2Fgithub.com%2Flyneca%2Fpiscreen", kill_on_drop: false }`
[INFO] [stderr] Cloning into bare repository '/workspace/cache/git-repos/https%3A%2F%2Fgithub.com%2Flyneca%2Fpiscreen'...
[INFO] running `Command { std: "git" "rev-parse" "HEAD", kill_on_drop: false }`
[INFO] [stdout] 8d947398eea74ae316c8b2296c7ace6976690239
[INFO] testing lyneca/piscreen against 1.83.0 for beta-1.84.0-4-retry
[INFO] running `Command { std: "git" "clone" "/workspace/cache/git-repos/https%3A%2F%2Fgithub.com%2Flyneca%2Fpiscreen" "/workspace/builds/worker-7-tc1/source", kill_on_drop: false }`
[INFO] [stderr] Cloning into '/workspace/builds/worker-7-tc1/source'...
[INFO] [stderr] done.
[INFO] validating manifest of git repo https://github.com/lyneca/piscreen on toolchain 1.83.0
[INFO] running `Command { std: CARGO_HOME="/workspace/cargo-home" RUSTUP_HOME="/workspace/rustup-home" "/workspace/cargo-home/bin/cargo" "+1.83.0" "metadata" "--manifest-path" "Cargo.toml" "--no-deps", kill_on_drop: false }`
[INFO] started tweaking git repo https://github.com/lyneca/piscreen
[INFO] finished tweaking git repo https://github.com/lyneca/piscreen
[INFO] tweaked toml for git repo https://github.com/lyneca/piscreen written to /workspace/builds/worker-7-tc1/source/Cargo.toml
[INFO] crate git repo https://github.com/lyneca/piscreen already has a lockfile, it will not be regenerated
[INFO] running `Command { std: CARGO_HOME="/workspace/cargo-home" RUSTUP_HOME="/workspace/rustup-home" "/workspace/cargo-home/bin/cargo" "+1.83.0" "fetch" "--manifest-path" "Cargo.toml", kill_on_drop: false }`
[INFO] [stderr]     Updating crates.io index
[INFO] [stderr]      Locking 9 packages to latest compatible versions
[INFO] [stderr]       Adding itoa v1.0.14
[INFO] [stderr]       Adding proc-macro2 v1.0.92
[INFO] [stderr]       Adding quote v1.0.37
[INFO] [stderr]       Adding ryu v1.0.18
[INFO] [stderr]       Adding serde v1.0.216
[INFO] [stderr]       Adding serde_derive v1.0.216
[INFO] [stderr]       Adding serde_json v1.0.120 (available: v1.0.133)
[INFO] [stderr]       Adding syn v2.0.90
[INFO] [stderr]       Adding unicode-ident v1.0.14
[INFO] [stderr]  Downloading crates ...
[INFO] [stderr]   Downloaded tinybmp v0.1.0
[INFO] [stderr]   Downloaded tinytga v0.1.0
[INFO] [stderr]   Downloaded embedded-graphics v0.4.9
[INFO] [stderr]   Downloaded ssd1306 v0.2.6
[INFO] running `Command { std: "docker" "create" "-v" "/var/lib/crater-agent-workspace/builds/worker-7-tc1/target:/opt/rustwide/target:rw,Z" "-v" "/var/lib/crater-agent-workspace/builds/worker-7-tc1/source:/opt/rustwide/workdir:ro,Z" "-v" "/var/lib/crater-agent-workspace/cargo-home:/opt/rustwide/cargo-home:ro,Z" "-v" "/var/lib/crater-agent-workspace/rustup-home:/opt/rustwide/rustup-home:ro,Z" "-e" "SOURCE_DIR=/opt/rustwide/workdir" "-e" "CARGO_TARGET_DIR=/opt/rustwide/target" "-e" "CARGO_HOME=/opt/rustwide/cargo-home" "-e" "RUSTUP_HOME=/opt/rustwide/rustup-home" "-w" "/opt/rustwide/workdir" "-m" "1610612736" "--user" "0:0" "--network" "none" "ghcr.io/rust-lang/crates-build-env/linux@sha256:f3a9d4ad9d972b27faf3965f35b62e55ba32bbce8f20bc8fe909558a86702fde" "/opt/rustwide/cargo-home/bin/cargo" "+1.83.0" "metadata" "--no-deps" "--format-version=1", kill_on_drop: false }`
[INFO] [stdout] 0345041d6a0e8ae5511c8800c2e27cc9de6c2874145728fd8bc16ff0fa3a61a6
[INFO] running `Command { std: "docker" "start" "-a" "0345041d6a0e8ae5511c8800c2e27cc9de6c2874145728fd8bc16ff0fa3a61a6", kill_on_drop: false }`
[INFO] running `Command { std: "docker" "inspect" "0345041d6a0e8ae5511c8800c2e27cc9de6c2874145728fd8bc16ff0fa3a61a6", kill_on_drop: false }`
[INFO] running `Command { std: "docker" "rm" "-f" "0345041d6a0e8ae5511c8800c2e27cc9de6c2874145728fd8bc16ff0fa3a61a6", kill_on_drop: false }`
[INFO] [stdout] 0345041d6a0e8ae5511c8800c2e27cc9de6c2874145728fd8bc16ff0fa3a61a6
[INFO] running `Command { std: "docker" "create" "-v" "/var/lib/crater-agent-workspace/builds/worker-7-tc1/target:/opt/rustwide/target:rw,Z" "-v" "/var/lib/crater-agent-workspace/builds/worker-7-tc1/source:/opt/rustwide/workdir:ro,Z" "-v" "/var/lib/crater-agent-workspace/cargo-home:/opt/rustwide/cargo-home:ro,Z" "-v" "/var/lib/crater-agent-workspace/rustup-home:/opt/rustwide/rustup-home:ro,Z" "-e" "SOURCE_DIR=/opt/rustwide/workdir" "-e" "CARGO_TARGET_DIR=/opt/rustwide/target" "-e" "CARGO_INCREMENTAL=0" "-e" "RUST_BACKTRACE=full" "-e" "RUSTFLAGS=--cap-lints=warn" "-e" "RUSTDOCFLAGS=--cap-lints=warn" "-e" "CARGO_HOME=/opt/rustwide/cargo-home" "-e" "RUSTUP_HOME=/opt/rustwide/rustup-home" "-w" "/opt/rustwide/workdir" "-m" "1610612736" "--user" "0:0" "--network" "none" "ghcr.io/rust-lang/crates-build-env/linux@sha256:f3a9d4ad9d972b27faf3965f35b62e55ba32bbce8f20bc8fe909558a86702fde" "/opt/rustwide/cargo-home/bin/cargo" "+1.83.0" "build" "--frozen" "--message-format=json", kill_on_drop: false }`
[INFO] [stdout] ca1bd01fea8cf0dda2d38602ed17a9ea838ef612927185afdf473a7534537a54
[INFO] running `Command { std: "docker" "start" "-a" "ca1bd01fea8cf0dda2d38602ed17a9ea838ef612927185afdf473a7534537a54", kill_on_drop: false }`
[INFO] [stderr]    Compiling version_check v0.1.5
[INFO] [stderr]    Compiling memchr v2.2.1
[INFO] [stderr]    Compiling void v1.0.2
[INFO] [stderr]    Compiling nb v0.1.2
[INFO] [stderr]    Compiling libc v0.2.66
[INFO] [stderr]    Compiling serde v1.0.216
[INFO] [stderr]    Compiling ssd1306 v0.2.6
[INFO] [stderr]    Compiling serde_json v1.0.120
[INFO] [stderr]    Compiling embedded-hal v0.2.3
[INFO] [stderr]    Compiling lazy_static v1.4.0
[INFO] [stderr]    Compiling itoa v1.0.14
[INFO] [stderr]    Compiling nom v4.2.3
[INFO] [stderr]    Compiling ryu v1.0.18
[INFO] [stderr]    Compiling rppal v0.11.3
[INFO] [stderr]    Compiling tinybmp v0.1.0
[INFO] [stderr]    Compiling tinytga v0.1.0
[INFO] [stderr]    Compiling embedded-graphics v0.4.9
[INFO] [stderr]    Compiling piscreen v0.1.0 (/opt/rustwide/workdir)
[INFO] [stdout] warning: unused imports: `OFF`, `ON`, and `ReturnStateEnum::*`
[INFO] [stdout]   --> src/views/dynamic.rs:13:13
[INFO] [stdout]    |
[INFO] [stdout] 13 |     views::{ON, OFF},
[INFO] [stdout]    |             ^^  ^^^
[INFO] [stdout] 14 |     View, ReturnState, ReturnStateEnum::*, Display
[INFO] [stdout]    |                        ^^^^^^^^^^^^^^^^^^
[INFO] [stdout]    |
[INFO] [stdout]    = note: `#[warn(unused_imports)]` on by default
[INFO] [stdout] 
[INFO] [stdout] 
[INFO] [stdout] warning: unused import: `embedded_graphics::image::Image1BPP`
[INFO] [stdout]  --> src/views/text_input.rs:4:5
[INFO] [stdout]   |
[INFO] [stdout] 4 | use embedded_graphics::image::Image1BPP;
[INFO] [stdout]   |     ^^^^^^^^^^^^^^^^^^^^^^^^^^^^^^^^^^^
[INFO] [stdout] 
[INFO] [stdout] 
[INFO] [stdout] warning: unused import: `std::time::SystemTime`
[INFO] [stdout]   --> src/views/text_input.rs:10:5
[INFO] [stdout]    |
[INFO] [stdout] 10 | use std::time::SystemTime;
[INFO] [stdout]    |     ^^^^^^^^^^^^^^^^^^^^^
[INFO] [stdout] 
[INFO] [stdout] 
[INFO] [stdout] warning: unused variable: `disp`
[INFO] [stdout]   --> src/views/dynamic.rs:22:26
[INFO] [stdout]    |
[INFO] [stdout] 22 |     fn render(&mut self, disp: &mut Display) {
[INFO] [stdout]    |                          ^^^^ help: if this is intentional, prefix it with an underscore: `_disp`
[INFO] [stdout]    |
[INFO] [stdout]    = note: `#[warn(unused_variables)]` on by default
[INFO] [stdout] 
[INFO] [stdout] 
[INFO] [stdout] warning: unused variable: `buttons`
[INFO] [stdout]   --> src/views/dynamic.rs:25:34
[INFO] [stdout]    |
[INFO] [stdout] 25 |     fn handle_buttons(&mut self, buttons: &mut ButtonSet) -> ReturnState { None }
[INFO] [stdout]    |                                  ^^^^^^^ help: if this is intentional, prefix it with an underscore: `_buttons`
[INFO] [stdout] 
[INFO] [stdout] 
[INFO] [stdout] warning: unused variable: `disp`
[INFO] [stdout]  --> src/views/empty.rs:9:26
[INFO] [stdout]   |
[INFO] [stdout] 9 |     fn render(&mut self, disp: &mut Display) {}
[INFO] [stdout]   |                          ^^^^ help: if this is intentional, prefix it with an underscore: `_disp`
[INFO] [stdout] 
[INFO] [stdout] 
[INFO] [stdout] warning: unused variable: `buttons`
[INFO] [stdout]   --> src/views/empty.rs:10:34
[INFO] [stdout]    |
[INFO] [stdout] 10 |     fn handle_buttons(&mut self, buttons: &mut ButtonSet) -> ReturnState { None }
[INFO] [stdout]    |                                  ^^^^^^^ help: if this is intentional, prefix it with an underscore: `_buttons`
[INFO] [stdout] 
[INFO] [stdout] 
[INFO] [stdout] warning: unused variable: `disp`
[INFO] [stdout]   --> src/views/func.rs:19:26
[INFO] [stdout]    |
[INFO] [stdout] 19 |     fn render(&mut self, disp: &mut Display) {}
[INFO] [stdout]    |                          ^^^^ help: if this is intentional, prefix it with an underscore: `_disp`
[INFO] [stdout] 
[INFO] [stdout] 
[INFO] [stdout] warning: unused variable: `buttons`
[INFO] [stdout]   --> src/views/func.rs:20:34
[INFO] [stdout]    |
[INFO] [stdout] 20 |     fn handle_buttons(&mut self, buttons: &mut ButtonSet) -> ReturnState { Some(Pop) }
[INFO] [stdout]    |                                  ^^^^^^^ help: if this is intentional, prefix it with an underscore: `_buttons`
[INFO] [stdout] 
[INFO] [stdout] 
[INFO] [stderr]     Finished `dev` profile [unoptimized + debuginfo] target(s) in 11.45s
[INFO] [stderr] warning: the following packages contain code that will be rejected by a future version of Rust: nom v4.2.3
[INFO] [stderr] note: to see what the problems were, use the option `--future-incompat-report`, or run `cargo report future-incompatibilities --id 1`
[INFO] running `Command { std: "docker" "inspect" "ca1bd01fea8cf0dda2d38602ed17a9ea838ef612927185afdf473a7534537a54", kill_on_drop: false }`
[INFO] running `Command { std: "docker" "rm" "-f" "ca1bd01fea8cf0dda2d38602ed17a9ea838ef612927185afdf473a7534537a54", kill_on_drop: false }`
[INFO] [stdout] ca1bd01fea8cf0dda2d38602ed17a9ea838ef612927185afdf473a7534537a54
[INFO] running `Command { std: "docker" "create" "-v" "/var/lib/crater-agent-workspace/builds/worker-7-tc1/target:/opt/rustwide/target:rw,Z" "-v" "/var/lib/crater-agent-workspace/builds/worker-7-tc1/source:/opt/rustwide/workdir:ro,Z" "-v" "/var/lib/crater-agent-workspace/cargo-home:/opt/rustwide/cargo-home:ro,Z" "-v" "/var/lib/crater-agent-workspace/rustup-home:/opt/rustwide/rustup-home:ro,Z" "-e" "SOURCE_DIR=/opt/rustwide/workdir" "-e" "CARGO_TARGET_DIR=/opt/rustwide/target" "-e" "CARGO_INCREMENTAL=0" "-e" "RUST_BACKTRACE=full" "-e" "RUSTFLAGS=--cap-lints=warn" "-e" "RUSTDOCFLAGS=--cap-lints=warn" "-e" "CARGO_HOME=/opt/rustwide/cargo-home" "-e" "RUSTUP_HOME=/opt/rustwide/rustup-home" "-w" "/opt/rustwide/workdir" "-m" "1610612736" "--user" "0:0" "--network" "none" "ghcr.io/rust-lang/crates-build-env/linux@sha256:f3a9d4ad9d972b27faf3965f35b62e55ba32bbce8f20bc8fe909558a86702fde" "/opt/rustwide/cargo-home/bin/cargo" "+1.83.0" "test" "--frozen" "--no-run" "--message-format=json", kill_on_drop: false }`
[INFO] [stdout] 13f1eff9b90ba1bfe6183a65e5a4a6e10621af5e366bdd7858d989539983e799
[INFO] running `Command { std: "docker" "start" "-a" "13f1eff9b90ba1bfe6183a65e5a4a6e10621af5e366bdd7858d989539983e799", kill_on_drop: false }`
[INFO] [stderr]    Compiling piscreen v0.1.0 (/opt/rustwide/workdir)
[INFO] [stdout] warning: unused imports: `OFF`, `ON`, and `ReturnStateEnum::*`
[INFO] [stdout]   --> src/views/dynamic.rs:13:13
[INFO] [stdout]    |
[INFO] [stdout] 13 |     views::{ON, OFF},
[INFO] [stdout]    |             ^^  ^^^
[INFO] [stdout] 14 |     View, ReturnState, ReturnStateEnum::*, Display
[INFO] [stdout]    |                        ^^^^^^^^^^^^^^^^^^
[INFO] [stdout]    |
[INFO] [stdout]    = note: `#[warn(unused_imports)]` on by default
[INFO] [stdout] 
[INFO] [stdout] 
[INFO] [stdout] warning: unused import: `embedded_graphics::image::Image1BPP`
[INFO] [stdout]  --> src/views/text_input.rs:4:5
[INFO] [stdout]   |
[INFO] [stdout] 4 | use embedded_graphics::image::Image1BPP;
[INFO] [stdout]   |     ^^^^^^^^^^^^^^^^^^^^^^^^^^^^^^^^^^^
[INFO] [stdout] 
[INFO] [stdout] 
[INFO] [stdout] warning: unused import: `std::time::SystemTime`
[INFO] [stdout]   --> src/views/text_input.rs:10:5
[INFO] [stdout]    |
[INFO] [stdout] 10 | use std::time::SystemTime;
[INFO] [stdout]    |     ^^^^^^^^^^^^^^^^^^^^^
[INFO] [stdout] 
[INFO] [stdout] 
[INFO] [stdout] warning: unused variable: `disp`
[INFO] [stdout]   --> src/views/dynamic.rs:22:26
[INFO] [stdout]    |
[INFO] [stdout] 22 |     fn render(&mut self, disp: &mut Display) {
[INFO] [stdout]    |                          ^^^^ help: if this is intentional, prefix it with an underscore: `_disp`
[INFO] [stdout]    |
[INFO] [stdout]    = note: `#[warn(unused_variables)]` on by default
[INFO] [stdout] 
[INFO] [stdout] 
[INFO] [stdout] warning: unused variable: `buttons`
[INFO] [stdout]   --> src/views/dynamic.rs:25:34
[INFO] [stdout]    |
[INFO] [stdout] 25 |     fn handle_buttons(&mut self, buttons: &mut ButtonSet) -> ReturnState { None }
[INFO] [stdout]    |                                  ^^^^^^^ help: if this is intentional, prefix it with an underscore: `_buttons`
[INFO] [stdout] 
[INFO] [stdout] 
[INFO] [stdout] warning: unused variable: `disp`
[INFO] [stdout]  --> src/views/empty.rs:9:26
[INFO] [stdout]   |
[INFO] [stdout] 9 |     fn render(&mut self, disp: &mut Display) {}
[INFO] [stdout]   |                          ^^^^ help: if this is intentional, prefix it with an underscore: `_disp`
[INFO] [stdout] 
[INFO] [stdout] 
[INFO] [stdout] warning: unused variable: `buttons`
[INFO] [stdout]   --> src/views/empty.rs:10:34
[INFO] [stdout]    |
[INFO] [stdout] 10 |     fn handle_buttons(&mut self, buttons: &mut ButtonSet) -> ReturnState { None }
[INFO] [stdout]    |                                  ^^^^^^^ help: if this is intentional, prefix it with an underscore: `_buttons`
[INFO] [stdout] 
[INFO] [stdout] 
[INFO] [stdout] warning: unused variable: `disp`
[INFO] [stdout]   --> src/views/func.rs:19:26
[INFO] [stdout]    |
[INFO] [stdout] 19 |     fn render(&mut self, disp: &mut Display) {}
[INFO] [stdout]    |                          ^^^^ help: if this is intentional, prefix it with an underscore: `_disp`
[INFO] [stdout] 
[INFO] [stdout] 
[INFO] [stdout] warning: unused variable: `buttons`
[INFO] [stdout]   --> src/views/func.rs:20:34
[INFO] [stdout]    |
[INFO] [stdout] 20 |     fn handle_buttons(&mut self, buttons: &mut ButtonSet) -> ReturnState { Some(Pop) }
[INFO] [stdout]    |                                  ^^^^^^^ help: if this is intentional, prefix it with an underscore: `_buttons`
[INFO] [stdout] 
[INFO] [stdout] 
[INFO] [stdout] warning: unused imports: `OFF`, `ON`, and `ReturnStateEnum::*`
[INFO] [stdout]   --> src/views/dynamic.rs:13:13
[INFO] [stdout]    |
[INFO] [stdout] 13 |     views::{ON, OFF},
[INFO] [stdout]    |             ^^  ^^^
[INFO] [stdout] 14 |     View, ReturnState, ReturnStateEnum::*, Display
[INFO] [stdout]    |                        ^^^^^^^^^^^^^^^^^^
[INFO] [stdout]    |
[INFO] [stdout]    = note: `#[warn(unused_imports)]` on by default
[INFO] [stdout] 
[INFO] [stdout] 
[INFO] [stdout] warning: unused import: `embedded_graphics::image::Image1BPP`
[INFO] [stdout]  --> src/views/text_input.rs:4:5
[INFO] [stdout]   |
[INFO] [stdout] 4 | use embedded_graphics::image::Image1BPP;
[INFO] [stdout]   |     ^^^^^^^^^^^^^^^^^^^^^^^^^^^^^^^^^^^
[INFO] [stdout] 
[INFO] [stdout] 
[INFO] [stdout] warning: unused import: `std::time::SystemTime`
[INFO] [stdout]   --> src/views/text_input.rs:10:5
[INFO] [stdout]    |
[INFO] [stdout] 10 | use std::time::SystemTime;
[INFO] [stdout]    |     ^^^^^^^^^^^^^^^^^^^^^
[INFO] [stdout] 
[INFO] [stdout] 
[INFO] [stdout] warning: unused variable: `disp`
[INFO] [stdout]   --> src/views/dynamic.rs:22:26
[INFO] [stdout]    |
[INFO] [stdout] 22 |     fn render(&mut self, disp: &mut Display) {
[INFO] [stdout]    |                          ^^^^ help: if this is intentional, prefix it with an underscore: `_disp`
[INFO] [stdout]    |
[INFO] [stdout]    = note: `#[warn(unused_variables)]` on by default
[INFO] [stdout] 
[INFO] [stdout] 
[INFO] [stdout] warning: unused variable: `buttons`
[INFO] [stdout]   --> src/views/dynamic.rs:25:34
[INFO] [stdout]    |
[INFO] [stdout] 25 |     fn handle_buttons(&mut self, buttons: &mut ButtonSet) -> ReturnState { None }
[INFO] [stdout]    |                                  ^^^^^^^ help: if this is intentional, prefix it with an underscore: `_buttons`
[INFO] [stdout] 
[INFO] [stdout] 
[INFO] [stdout] warning: unused variable: `disp`
[INFO] [stdout]  --> src/views/empty.rs:9:26
[INFO] [stdout]   |
[INFO] [stdout] 9 |     fn render(&mut self, disp: &mut Display) {}
[INFO] [stdout]   |                          ^^^^ help: if this is intentional, prefix it with an underscore: `_disp`
[INFO] [stdout] 
[INFO] [stdout] 
[INFO] [stdout] warning: unused variable: `buttons`
[INFO] [stdout]   --> src/views/empty.rs:10:34
[INFO] [stdout]    |
[INFO] [stdout] 10 |     fn handle_buttons(&mut self, buttons: &mut ButtonSet) -> ReturnState { None }
[INFO] [stdout]    |                                  ^^^^^^^ help: if this is intentional, prefix it with an underscore: `_buttons`
[INFO] [stdout] 
[INFO] [stdout] 
[INFO] [stdout] warning: unused variable: `disp`
[INFO] [stdout]   --> src/views/func.rs:19:26
[INFO] [stdout]    |
[INFO] [stdout] 19 |     fn render(&mut self, disp: &mut Display) {}
[INFO] [stdout]    |                          ^^^^ help: if this is intentional, prefix it with an underscore: `_disp`
[INFO] [stdout] 
[INFO] [stdout] 
[INFO] [stdout] warning: unused variable: `buttons`
[INFO] [stdout]   --> src/views/func.rs:20:34
[INFO] [stdout]    |
[INFO] [stdout] 20 |     fn handle_buttons(&mut self, buttons: &mut ButtonSet) -> ReturnState { Some(Pop) }
[INFO] [stdout]    |                                  ^^^^^^^ help: if this is intentional, prefix it with an underscore: `_buttons`
[INFO] [stdout] 
[INFO] [stdout] 
[INFO] [stderr]     Finished `test` profile [unoptimized + debuginfo] target(s) in 0.64s
[INFO] [stderr] warning: the following packages contain code that will be rejected by a future version of Rust: nom v4.2.3
[INFO] [stderr] note: to see what the problems were, use the option `--future-incompat-report`, or run `cargo report future-incompatibilities --id 1`
[INFO] running `Command { std: "docker" "inspect" "13f1eff9b90ba1bfe6183a65e5a4a6e10621af5e366bdd7858d989539983e799", kill_on_drop: false }`
[INFO] running `Command { std: "docker" "rm" "-f" "13f1eff9b90ba1bfe6183a65e5a4a6e10621af5e366bdd7858d989539983e799", kill_on_drop: false }`
[INFO] [stdout] 13f1eff9b90ba1bfe6183a65e5a4a6e10621af5e366bdd7858d989539983e799
[INFO] running `Command { std: "docker" "create" "-v" "/var/lib/crater-agent-workspace/builds/worker-7-tc1/target:/opt/rustwide/target:rw,Z" "-v" "/var/lib/crater-agent-workspace/builds/worker-7-tc1/source:/opt/rustwide/workdir:ro,Z" "-v" "/var/lib/crater-agent-workspace/cargo-home:/opt/rustwide/cargo-home:ro,Z" "-v" "/var/lib/crater-agent-workspace/rustup-home:/opt/rustwide/rustup-home:ro,Z" "-e" "SOURCE_DIR=/opt/rustwide/workdir" "-e" "CARGO_TARGET_DIR=/opt/rustwide/target" "-e" "CARGO_INCREMENTAL=0" "-e" "RUST_BACKTRACE=full" "-e" "RUSTFLAGS=--cap-lints=warn" "-e" "RUSTDOCFLAGS=--cap-lints=warn" "-e" "CARGO_HOME=/opt/rustwide/cargo-home" "-e" "RUSTUP_HOME=/opt/rustwide/rustup-home" "-w" "/opt/rustwide/workdir" "-m" "1610612736" "--user" "0:0" "--network" "none" "ghcr.io/rust-lang/crates-build-env/linux@sha256:f3a9d4ad9d972b27faf3965f35b62e55ba32bbce8f20bc8fe909558a86702fde" "/opt/rustwide/cargo-home/bin/cargo" "+1.83.0" "test" "--frozen", kill_on_drop: false }`
[INFO] [stdout] 9df72bbde67da87db5e6364a2d4e5c082a78f3ac5f658d88fb27184f110d9f86
[INFO] running `Command { std: "docker" "start" "-a" "9df72bbde67da87db5e6364a2d4e5c082a78f3ac5f658d88fb27184f110d9f86", kill_on_drop: false }`
[INFO] [stderr] warning: unused imports: `OFF`, `ON`, and `ReturnStateEnum::*`
[INFO] [stderr]   --> src/views/dynamic.rs:13:13
[INFO] [stderr]    |
[INFO] [stderr] 13 |     views::{ON, OFF},
[INFO] [stderr]    |             ^^  ^^^
[INFO] [stderr] 14 |     View, ReturnState, ReturnStateEnum::*, Display
[INFO] [stderr]    |                        ^^^^^^^^^^^^^^^^^^
[INFO] [stderr]    |
[INFO] [stderr]    = note: `#[warn(unused_imports)]` on by default
[INFO] [stderr] 
[INFO] [stderr] warning: unused import: `embedded_graphics::image::Image1BPP`
[INFO] [stderr]  --> src/views/text_input.rs:4:5
[INFO] [stderr]   |
[INFO] [stderr] 4 | use embedded_graphics::image::Image1BPP;
[INFO] [stderr]   |     ^^^^^^^^^^^^^^^^^^^^^^^^^^^^^^^^^^^
[INFO] [stderr] 
[INFO] [stderr] warning: unused import: `std::time::SystemTime`
[INFO] [stderr]   --> src/views/text_input.rs:10:5
[INFO] [stderr]    |
[INFO] [stderr] 10 | use std::time::SystemTime;
[INFO] [stderr]    |     ^^^^^^^^^^^^^^^^^^^^^
[INFO] [stderr] 
[INFO] [stderr] warning: unused variable: `disp`
[INFO] [stderr]   --> src/views/dynamic.rs:22:26
[INFO] [stderr]    |
[INFO] [stderr] 22 |     fn render(&mut self, disp: &mut Display) {
[INFO] [stderr]    |                          ^^^^ help: if this is intentional, prefix it with an underscore: `_disp`
[INFO] [stderr]    |
[INFO] [stderr]    = note: `#[warn(unused_variables)]` on by default
[INFO] [stderr] 
[INFO] [stderr] warning: unused variable: `buttons`
[INFO] [stderr]   --> src/views/dynamic.rs:25:34
[INFO] [stderr]    |
[INFO] [stderr] 25 |     fn handle_buttons(&mut self, buttons: &mut ButtonSet) -> ReturnState { None }
[INFO] [stderr]    |                                  ^^^^^^^ help: if this is intentional, prefix it with an underscore: `_buttons`
[INFO] [stderr] 
[INFO] [stderr] warning: unused variable: `disp`
[INFO] [stderr]  --> src/views/empty.rs:9:26
[INFO] [stderr]   |
[INFO] [stderr] 9 |     fn render(&mut self, disp: &mut Display) {}
[INFO] [stderr]   |                          ^^^^ help: if this is intentional, prefix it with an underscore: `_disp`
[INFO] [stderr] 
[INFO] [stderr] warning: unused variable: `buttons`
[INFO] [stderr]   --> src/views/empty.rs:10:34
[INFO] [stderr]    |
[INFO] [stderr] 10 |     fn handle_buttons(&mut self, buttons: &mut ButtonSet) -> ReturnState { None }
[INFO] [stderr]    |                                  ^^^^^^^ help: if this is intentional, prefix it with an underscore: `_buttons`
[INFO] [stderr] 
[INFO] [stderr] warning: unused variable: `disp`
[INFO] [stderr]   --> src/views/func.rs:19:26
[INFO] [stderr]    |
[INFO] [stderr] 19 |     fn render(&mut self, disp: &mut Display) {}
[INFO] [stderr]    |                          ^^^^ help: if this is intentional, prefix it with an underscore: `_disp`
[INFO] [stderr] 
[INFO] [stderr] warning: unused variable: `buttons`
[INFO] [stderr]   --> src/views/func.rs:20:34
[INFO] [stderr]    |
[INFO] [stderr] 20 |     fn handle_buttons(&mut self, buttons: &mut ButtonSet) -> ReturnState { Some(Pop) }
[INFO] [stderr]    |                                  ^^^^^^^ help: if this is intentional, prefix it with an underscore: `_buttons`
[INFO] [stderr] 
[INFO] [stderr] warning: `piscreen` (lib) generated 9 warnings (run `cargo fix --lib -p piscreen` to apply 3 suggestions)
[INFO] [stderr] warning: `piscreen` (lib test) generated 9 warnings (9 duplicates)
[INFO] [stderr]     Finished `test` profile [unoptimized + debuginfo] target(s) in 0.06s
[INFO] [stderr] warning: the following packages contain code that will be rejected by a future version of Rust: nom v4.2.3
[INFO] [stdout] 
[INFO] [stderr] note: to see what the problems were, use the option `--future-incompat-report`, or run `cargo report future-incompatibilities --id 1`
[INFO] [stdout] running 0 tests
[INFO] [stderr]      Running unittests src/lib.rs (/opt/rustwide/target/debug/deps/piscreen-11abdae9b10366e6)
[INFO] [stdout] 
[INFO] [stderr]    Doc-tests piscreen
[INFO] [stdout] test result: ok. 0 passed; 0 failed; 0 ignored; 0 measured; 0 filtered out; finished in 0.00s
[INFO] [stdout] 
[INFO] [stdout] 
[INFO] [stdout] running 3 tests
[INFO] [stdout] test src/lib.rs - menu_view (line 12) ... FAILED
[INFO] [stdout] test src/lib.rs - file_view (line 46) ... FAILED
[INFO] [stdout] test src/lib.rs - text_view (line 37) ... FAILED
[INFO] [stdout] 
[INFO] [stdout] failures:
[INFO] [stdout] 
[INFO] [stdout] ---- src/lib.rs - menu_view (line 12) stdout ----
[INFO] [stdout] error: mismatched closing delimiter: `]`
[INFO] [stdout]  --> src/lib.rs:20:5
[INFO] [stdout]   |
[INFO] [stdout] 1 | menu_view![
[INFO] [stdout]   |           - closing delimiter possibly meant for this
[INFO] [stdout] ...
[INFO] [stdout] 8 |     ("Entry Name 3", TextView::new("Hello, world!".to_owned())
[INFO] [stdout]   |     ^ unclosed delimiter
[INFO] [stdout] 9 | ];
[INFO] [stdout]   | ^ mismatched closing delimiter
[INFO] [stdout] 
[INFO] [stdout] error: aborting due to 1 previous error
[INFO] [stdout] 
[INFO] [stdout] Couldn't compile the test.
[INFO] [stdout] ---- src/lib.rs - file_view (line 46) stdout ----
[INFO] [stdout] error: cannot find macro `file_view` in this scope
[INFO] [stdout]  --> src/lib.rs:47:1
[INFO] [stdout]   |
[INFO] [stdout] 3 | file_view!("/home/pi");
[INFO] [stdout]   | ^^^^^^^^^
[INFO] [stdout]   |
[INFO] [stdout] help: consider importing this macro
[INFO] [stdout]   |
[INFO] [stdout] 2 + use piscreen::file_view;
[INFO] [stdout]   |
[INFO] [stdout] 
[INFO] [stdout] error: aborting due to 1 previous error
[INFO] [stdout] 
[INFO] [stdout] Couldn't compile the test.
[INFO] [stdout] ---- src/lib.rs - text_view (line 37) stdout ----
[INFO] [stdout] error: cannot find macro `text_view` in this scope
[INFO] [stdout]  --> src/lib.rs:38:1
[INFO] [stdout]   |
[INFO] [stdout] 3 | text_view!("Hello, world!");
[INFO] [stdout]   | ^^^^^^^^^
[INFO] [stdout]   |
[INFO] [stdout] help: consider importing this macro
[INFO] [stdout]   |
[INFO] [stdout] 2 + use piscreen::text_view;
[INFO] [stdout]   |
[INFO] [stdout] 
[INFO] [stdout] error: aborting due to 1 previous error
[INFO] [stdout] 
[INFO] [stdout] Couldn't compile the test.
[INFO] [stdout] 
[INFO] [stdout] failures:
[INFO] [stdout]     src/lib.rs - file_view (line 46)
[INFO] [stdout]     src/lib.rs - menu_view (line 12)
[INFO] [stdout]     src/lib.rs - text_view (line 37)
[INFO] [stdout] 
[INFO] [stdout] test result: FAILED. 0 passed; 3 failed; 0 ignored; 0 measured; 0 filtered out; finished in 0.23s
[INFO] [stdout] 
[INFO] [stderr] error: doctest failed, to rerun pass `--doc`
[INFO] running `Command { std: "docker" "inspect" "9df72bbde67da87db5e6364a2d4e5c082a78f3ac5f658d88fb27184f110d9f86", kill_on_drop: false }`
[INFO] running `Command { std: "docker" "rm" "-f" "9df72bbde67da87db5e6364a2d4e5c082a78f3ac5f658d88fb27184f110d9f86", kill_on_drop: false }`
[INFO] [stdout] 9df72bbde67da87db5e6364a2d4e5c082a78f3ac5f658d88fb27184f110d9f86
