[INFO] cloning repository https://github.com/lukaskral/five-in-a-row
[INFO] running `Command { std: "git" "-c" "credential.helper=" "-c" "credential.helper=/workspace/cargo-home/bin/git-credential-null" "clone" "--bare" "https://github.com/lukaskral/five-in-a-row" "/workspace/cache/git-repos/https%3A%2F%2Fgithub.com%2Flukaskral%2Ffive-in-a-row", kill_on_drop: false }`
[INFO] [stderr] Cloning into bare repository '/workspace/cache/git-repos/https%3A%2F%2Fgithub.com%2Flukaskral%2Ffive-in-a-row'...
[INFO] running `Command { std: "git" "rev-parse" "HEAD", kill_on_drop: false }`
[INFO] [stdout] 9950c00178e31c1d172a705d908c71f6ec774818
[INFO] testing lukaskral/five-in-a-row against beta-2024-12-08 for beta-1.84.0-4-retry
[INFO] running `Command { std: "git" "clone" "/workspace/cache/git-repos/https%3A%2F%2Fgithub.com%2Flukaskral%2Ffive-in-a-row" "/workspace/builds/worker-1-tc2/source", kill_on_drop: false }`
[INFO] [stderr] Cloning into '/workspace/builds/worker-1-tc2/source'...
[INFO] [stderr] done.
[INFO] validating manifest of git repo https://github.com/lukaskral/five-in-a-row on toolchain beta-2024-12-08
[INFO] running `Command { std: CARGO_HOME="/workspace/cargo-home" RUSTUP_HOME="/workspace/rustup-home" "/workspace/cargo-home/bin/cargo" "+beta-2024-12-08" "metadata" "--manifest-path" "Cargo.toml" "--no-deps", kill_on_drop: false }`
[INFO] started tweaking git repo https://github.com/lukaskral/five-in-a-row
[INFO] finished tweaking git repo https://github.com/lukaskral/five-in-a-row
[INFO] tweaked toml for git repo https://github.com/lukaskral/five-in-a-row written to /workspace/builds/worker-1-tc2/source/Cargo.toml
[INFO] crate git repo https://github.com/lukaskral/five-in-a-row already has a lockfile, it will not be regenerated
[INFO] running `Command { std: CARGO_HOME="/workspace/cargo-home" RUSTUP_HOME="/workspace/rustup-home" "/workspace/cargo-home/bin/cargo" "+beta-2024-12-08" "fetch" "--manifest-path" "Cargo.toml", kill_on_drop: false }`
[INFO] running `Command { std: "docker" "create" "-v" "/var/lib/crater-agent-workspace/builds/worker-1-tc2/target:/opt/rustwide/target:rw,Z" "-v" "/var/lib/crater-agent-workspace/builds/worker-1-tc2/source:/opt/rustwide/workdir:ro,Z" "-v" "/var/lib/crater-agent-workspace/cargo-home:/opt/rustwide/cargo-home:ro,Z" "-v" "/var/lib/crater-agent-workspace/rustup-home:/opt/rustwide/rustup-home:ro,Z" "-e" "SOURCE_DIR=/opt/rustwide/workdir" "-e" "CARGO_TARGET_DIR=/opt/rustwide/target" "-e" "CARGO_HOME=/opt/rustwide/cargo-home" "-e" "RUSTUP_HOME=/opt/rustwide/rustup-home" "-w" "/opt/rustwide/workdir" "-m" "1610612736" "--user" "0:0" "--network" "none" "ghcr.io/rust-lang/crates-build-env/linux@sha256:f3a9d4ad9d972b27faf3965f35b62e55ba32bbce8f20bc8fe909558a86702fde" "/opt/rustwide/cargo-home/bin/cargo" "+beta-2024-12-08" "metadata" "--no-deps" "--format-version=1", kill_on_drop: false }`
[INFO] [stdout] 37e1b91c31281687ae6442d99be175df93b2be702488657ce79f9e001bd5a588
[INFO] running `Command { std: "docker" "start" "-a" "37e1b91c31281687ae6442d99be175df93b2be702488657ce79f9e001bd5a588", kill_on_drop: false }`
[INFO] running `Command { std: "docker" "inspect" "37e1b91c31281687ae6442d99be175df93b2be702488657ce79f9e001bd5a588", kill_on_drop: false }`
[INFO] running `Command { std: "docker" "rm" "-f" "37e1b91c31281687ae6442d99be175df93b2be702488657ce79f9e001bd5a588", kill_on_drop: false }`
[INFO] [stdout] 37e1b91c31281687ae6442d99be175df93b2be702488657ce79f9e001bd5a588
[INFO] running `Command { std: "docker" "create" "-v" "/var/lib/crater-agent-workspace/builds/worker-1-tc2/target:/opt/rustwide/target:rw,Z" "-v" "/var/lib/crater-agent-workspace/builds/worker-1-tc2/source:/opt/rustwide/workdir:ro,Z" "-v" "/var/lib/crater-agent-workspace/cargo-home:/opt/rustwide/cargo-home:ro,Z" "-v" "/var/lib/crater-agent-workspace/rustup-home:/opt/rustwide/rustup-home:ro,Z" "-e" "SOURCE_DIR=/opt/rustwide/workdir" "-e" "CARGO_TARGET_DIR=/opt/rustwide/target" "-e" "CARGO_INCREMENTAL=0" "-e" "RUST_BACKTRACE=full" "-e" "RUSTFLAGS=--cap-lints=warn" "-e" "RUSTDOCFLAGS=--cap-lints=warn" "-e" "CARGO_HOME=/opt/rustwide/cargo-home" "-e" "RUSTUP_HOME=/opt/rustwide/rustup-home" "-w" "/opt/rustwide/workdir" "-m" "1610612736" "--user" "0:0" "--network" "none" "ghcr.io/rust-lang/crates-build-env/linux@sha256:f3a9d4ad9d972b27faf3965f35b62e55ba32bbce8f20bc8fe909558a86702fde" "/opt/rustwide/cargo-home/bin/cargo" "+beta-2024-12-08" "build" "--frozen" "--message-format=json", kill_on_drop: false }`
[INFO] [stdout] d83d37c7bc7f560c87cd7220f5817401690eb21108475022eaac8141393105f9
[INFO] running `Command { std: "docker" "start" "-a" "d83d37c7bc7f560c87cd7220f5817401690eb21108475022eaac8141393105f9", kill_on_drop: false }`
[INFO] [stderr]    Compiling proc-macro2 v1.0.32
[INFO] [stderr]    Compiling unicode-xid v0.2.2
[INFO] [stderr]    Compiling syn v1.0.81
[INFO] [stderr]    Compiling libc v0.2.107
[INFO] [stderr]    Compiling memchr v2.4.1
[INFO] [stderr]    Compiling version_check v0.9.3
[INFO] [stderr]    Compiling pin-project-lite v0.2.7
[INFO] [stderr]    Compiling futures-core v0.3.17
[INFO] [stderr]    Compiling log v0.4.14
[INFO] [stderr]    Compiling once_cell v1.8.0
[INFO] [stderr]    Compiling futures-io v0.3.17
[INFO] [stderr]    Compiling parking_lot_core v0.8.5
[INFO] [stderr]    Compiling instant v0.1.12
[INFO] [stderr]    Compiling slab v0.4.5
[INFO] [stderr]    Compiling bytes v1.1.0
[INFO] [stderr]    Compiling value-bag v1.0.0-alpha.8
[INFO] [stderr]    Compiling smallvec v1.7.0
[INFO] [stderr]    Compiling lock_api v0.4.5
[INFO] [stderr]    Compiling tokio v1.14.0
[INFO] [stderr]    Compiling pkg-config v0.3.22
[INFO] [stderr]    Compiling proc-macro-hack v0.5.19
[INFO] [stderr]    Compiling cc v1.0.72
[INFO] [stderr]    Compiling futures-macro v0.3.17
[INFO] [stderr]    Compiling futures-task v0.3.17
[INFO] [stderr]    Compiling quote v1.0.10
[INFO] [stderr]    Compiling futures-sink v0.3.17
[INFO] [stderr]    Compiling num_cpus v1.13.0
[INFO] [stderr]    Compiling signal-hook-registry v1.4.0
[INFO] [stderr]    Compiling futures-channel v0.3.17
[INFO] [stderr]    Compiling proc-macro-nested v0.1.7
[INFO] [stderr]    Compiling parking_lot v0.11.2
[INFO] [stderr]    Compiling futures-util v0.3.17
[INFO] [stderr]    Compiling itoa v0.4.8
[INFO] [stderr]    Compiling cache-padded v1.1.1
[INFO] [stderr]    Compiling concurrent-queue v1.2.2
[INFO] [stderr]    Compiling socket2 v0.4.2
[INFO] [stderr]    Compiling indexmap v1.7.0
[INFO] [stderr]    Compiling parking v2.0.0
[INFO] [stderr]    Compiling foreign-types-shared v0.1.1
[INFO] [stderr]    Compiling waker-fn v1.1.0
[INFO] [stderr]    Compiling openssl v0.10.38
[INFO] [stderr]    Compiling fastrand v1.5.0
[INFO] [stderr]    Compiling serde_derive v1.0.130
[INFO] [stderr]    Compiling event-listener v2.5.1
[INFO] [stderr]    Compiling openssl-sys v0.9.71
[INFO] [stderr]    Compiling futures-lite v1.12.0
[INFO] [stderr]    Compiling http v0.2.5
[INFO] [stderr]    Compiling foreign-types v0.3.2
[INFO] [stderr]    Compiling tracing-core v0.1.21
[INFO] [stderr]    Compiling native-tls v0.2.8
[INFO] [stderr]    Compiling httparse v1.5.1
[INFO] [stderr]    Compiling serde v1.0.130
[INFO] [stderr]    Compiling bitflags v1.3.2
[INFO] [stderr]    Compiling hashbrown v0.11.2
[INFO] [stderr]    Compiling matches v0.1.9
[INFO] [stderr]    Compiling tinyvec_macros v0.1.0
[INFO] [stderr]    Compiling ryu v1.0.5
[INFO] [stderr]    Compiling tinyvec v1.5.1
[INFO] [stderr]    Compiling tracing v0.1.29
[INFO] [stderr]    Compiling percent-encoding v2.1.0
[INFO] [stderr]    Compiling openssl-probe v0.1.4
[INFO] [stderr]    Compiling async-task v4.0.3
[INFO] [stderr]    Compiling form_urlencoded v1.0.1
[INFO] [stderr]    Compiling async-channel v1.6.1
[INFO] [stderr]    Compiling getrandom v0.2.3
[INFO] [stderr]    Compiling httpdate v1.0.2
[INFO] [stderr]    Compiling atomic-waker v1.0.0
[INFO] [stderr]    Compiling unicode-bidi v0.3.7
[INFO] [stderr]    Compiling encoding_rs v0.8.29
[INFO] [stderr]    Compiling unicode-normalization v0.1.19
[INFO] [stderr]    Compiling crossbeam-utils v0.8.5
[INFO] [stderr]    Compiling blocking v1.1.0
[INFO] [stderr]    Compiling rand_core v0.6.3
[INFO] [stderr]    Compiling async-executor v1.4.1
[INFO] [stderr]    Compiling async-mutex v1.4.0
[INFO] [stderr]    Compiling serde_json v1.0.71
[INFO] [stderr]    Compiling async-trait v0.1.51
[INFO] [stderr]    Compiling ppv-lite86 v0.2.15
[INFO] [stderr]    Compiling idna v0.2.3
[INFO] [stderr]    Compiling http-body v0.4.4
[INFO] [stderr]    Compiling rand_chacha v0.3.1
[INFO] [stderr]    Compiling async-lock v2.4.0
[INFO] [stderr]    Compiling aho-corasick v0.7.18
[INFO] [stderr]    Compiling mime v0.3.16
[INFO] [stderr]    Compiling url v2.2.2
[INFO] [stderr]    Compiling regex-syntax v0.6.25
[INFO] [stderr]    Compiling base64 v0.13.0
[INFO] [stderr]    Compiling ipnet v2.3.1
[INFO] [stderr]    Compiling rand v0.8.4
[INFO] [stderr]    Compiling ctor v0.1.21
[INFO] [stderr]    Compiling tokio-macros v1.6.0
[INFO] [stderr]    Compiling async-attributes v1.1.2
[INFO] [stderr]    Compiling regex v1.5.4
[INFO] [stderr]    Compiling mio v0.7.14
[INFO] [stderr]    Compiling want v0.3.0
[INFO] [stderr]    Compiling polling v2.2.0
[INFO] [stderr]    Compiling kv-log-macro v1.0.7
[INFO] [stderr]    Compiling async-io v1.6.0
[INFO] [stderr]    Compiling futures-executor v0.3.17
[INFO] [stderr]    Compiling futures v0.3.17
[INFO] [stderr]    Compiling serde_urlencoded v0.7.0
[INFO] [stderr]    Compiling tokio-util v0.6.9
[INFO] [stderr]    Compiling tokio-native-tls v0.3.0
[INFO] [stderr]    Compiling async-global-executor v2.0.2
[INFO] [stderr]    Compiling async-std v1.10.0
[INFO] [stderr]    Compiling h2 v0.3.7
[INFO] [stderr]    Compiling hyper v0.14.15
[INFO] [stderr]    Compiling hyper-tls v0.5.0
[INFO] [stderr]    Compiling reqwest v0.11.6
[INFO] [stderr]    Compiling game_play v0.1.0 (/opt/rustwide/workdir)
[INFO] [stderr]     Finished `dev` profile [unoptimized + debuginfo] target(s) in 1m 40s
[INFO] running `Command { std: "docker" "inspect" "d83d37c7bc7f560c87cd7220f5817401690eb21108475022eaac8141393105f9", kill_on_drop: false }`
[INFO] running `Command { std: "docker" "rm" "-f" "d83d37c7bc7f560c87cd7220f5817401690eb21108475022eaac8141393105f9", kill_on_drop: false }`
[INFO] [stdout] d83d37c7bc7f560c87cd7220f5817401690eb21108475022eaac8141393105f9
[INFO] running `Command { std: "docker" "create" "-v" "/var/lib/crater-agent-workspace/builds/worker-1-tc2/target:/opt/rustwide/target:rw,Z" "-v" "/var/lib/crater-agent-workspace/builds/worker-1-tc2/source:/opt/rustwide/workdir:ro,Z" "-v" "/var/lib/crater-agent-workspace/cargo-home:/opt/rustwide/cargo-home:ro,Z" "-v" "/var/lib/crater-agent-workspace/rustup-home:/opt/rustwide/rustup-home:ro,Z" "-e" "SOURCE_DIR=/opt/rustwide/workdir" "-e" "CARGO_TARGET_DIR=/opt/rustwide/target" "-e" "CARGO_INCREMENTAL=0" "-e" "RUST_BACKTRACE=full" "-e" "RUSTFLAGS=--cap-lints=warn" "-e" "RUSTDOCFLAGS=--cap-lints=warn" "-e" "CARGO_HOME=/opt/rustwide/cargo-home" "-e" "RUSTUP_HOME=/opt/rustwide/rustup-home" "-w" "/opt/rustwide/workdir" "-m" "1610612736" "--user" "0:0" "--network" "none" "ghcr.io/rust-lang/crates-build-env/linux@sha256:f3a9d4ad9d972b27faf3965f35b62e55ba32bbce8f20bc8fe909558a86702fde" "/opt/rustwide/cargo-home/bin/cargo" "+beta-2024-12-08" "test" "--frozen" "--no-run" "--message-format=json", kill_on_drop: false }`
[INFO] [stdout] 9a99f612b397f2657e791bd0b2befb64ac272734d251cad0fd101382430c4047
[INFO] running `Command { std: "docker" "start" "-a" "9a99f612b397f2657e791bd0b2befb64ac272734d251cad0fd101382430c4047", kill_on_drop: false }`
[INFO] [stderr]    Compiling game_play v0.1.0 (/opt/rustwide/workdir)
[INFO] [stdout] warning: unused variable: `suggested_move`
[INFO] [stdout]    --> tests/five_in_a_row.rs:247:13
[INFO] [stdout]     |
[INFO] [stdout] 247 |         let suggested_move = *suggested.get_move();
[INFO] [stdout]     |             ^^^^^^^^^^^^^^ help: if this is intentional, prefix it with an underscore: `_suggested_move`
[INFO] [stdout]     |
[INFO] [stdout]     = note: `#[warn(unused_variables)]` on by default
[INFO] [stdout] 
[INFO] [stdout] 
[INFO] [stdout] warning: function `it_suggests_correct_move_7` is never used
[INFO] [stdout]    --> tests/five_in_a_row.rs:208:8
[INFO] [stdout]     |
[INFO] [stdout] 208 |     fn it_suggests_correct_move_7() {
[INFO] [stdout]     |        ^^^^^^^^^^^^^^^^^^^^^^^^^^
[INFO] [stdout]     |
[INFO] [stdout]     = note: `#[warn(dead_code)]` on by default
[INFO] [stdout] 
[INFO] [stdout] 
[INFO] [stderr]     Finished `test` profile [unoptimized + debuginfo] target(s) in 10.30s
[INFO] running `Command { std: "docker" "inspect" "9a99f612b397f2657e791bd0b2befb64ac272734d251cad0fd101382430c4047", kill_on_drop: false }`
[INFO] running `Command { std: "docker" "rm" "-f" "9a99f612b397f2657e791bd0b2befb64ac272734d251cad0fd101382430c4047", kill_on_drop: false }`
[INFO] [stdout] 9a99f612b397f2657e791bd0b2befb64ac272734d251cad0fd101382430c4047
[INFO] running `Command { std: "docker" "create" "-v" "/var/lib/crater-agent-workspace/builds/worker-1-tc2/target:/opt/rustwide/target:rw,Z" "-v" "/var/lib/crater-agent-workspace/builds/worker-1-tc2/source:/opt/rustwide/workdir:ro,Z" "-v" "/var/lib/crater-agent-workspace/cargo-home:/opt/rustwide/cargo-home:ro,Z" "-v" "/var/lib/crater-agent-workspace/rustup-home:/opt/rustwide/rustup-home:ro,Z" "-e" "SOURCE_DIR=/opt/rustwide/workdir" "-e" "CARGO_TARGET_DIR=/opt/rustwide/target" "-e" "CARGO_INCREMENTAL=0" "-e" "RUST_BACKTRACE=full" "-e" "RUSTFLAGS=--cap-lints=warn" "-e" "RUSTDOCFLAGS=--cap-lints=warn" "-e" "CARGO_HOME=/opt/rustwide/cargo-home" "-e" "RUSTUP_HOME=/opt/rustwide/rustup-home" "-w" "/opt/rustwide/workdir" "-m" "1610612736" "--user" "0:0" "--network" "none" "ghcr.io/rust-lang/crates-build-env/linux@sha256:f3a9d4ad9d972b27faf3965f35b62e55ba32bbce8f20bc8fe909558a86702fde" "/opt/rustwide/cargo-home/bin/cargo" "+beta-2024-12-08" "test" "--frozen", kill_on_drop: false }`
[INFO] [stdout] 43614280271fcd7f418cdc5b19a456700028e4384c1d846dd9ec57baa0898192
[INFO] running `Command { std: "docker" "start" "-a" "43614280271fcd7f418cdc5b19a456700028e4384c1d846dd9ec57baa0898192", kill_on_drop: false }`
[INFO] [stderr] warning: unused variable: `suggested_move`
[INFO] [stderr]    --> tests/five_in_a_row.rs:247:13
[INFO] [stderr]     |
[INFO] [stderr] 247 |         let suggested_move = *suggested.get_move();
[INFO] [stderr]     |             ^^^^^^^^^^^^^^ help: if this is intentional, prefix it with an underscore: `_suggested_move`
[INFO] [stderr]     |
[INFO] [stderr]     = note: `#[warn(unused_variables)]` on by default
[INFO] [stderr] 
[INFO] [stderr] warning: function `it_suggests_correct_move_7` is never used
[INFO] [stderr]    --> tests/five_in_a_row.rs:208:8
[INFO] [stderr]     |
[INFO] [stderr] 208 |     fn it_suggests_correct_move_7() {
[INFO] [stderr]     |        ^^^^^^^^^^^^^^^^^^^^^^^^^^
[INFO] [stderr]     |
[INFO] [stderr]     = note: `#[warn(dead_code)]` on by default
[INFO] [stderr] 
[INFO] [stderr] warning: `game_play` (test "five_in_a_row") generated 2 warnings
[INFO] [stderr]     Finished `test` profile [unoptimized + debuginfo] target(s) in 0.18s
[INFO] [stderr]      Running unittests src/lib.rs (/opt/rustwide/target/debug/deps/game_play-5bdadbe80ea7507c)
[INFO] [stdout] 
[INFO] [stdout] running 17 tests
[INFO] [stdout] test five_in_a_row::dir::tests::it_check_rising_diagonal_direction ... ok
[INFO] [stdout] test five_in_a_row::dir::tests::it_check_row_direction ... ok
[INFO] [stdout] test five_in_a_row::dir::tests::it_creates_iterator ... ok
[INFO] [stdout] test five_in_a_row::mv::tests::it_checks_type ... ok
[INFO] [stdout] test five_in_a_row::dir::tests::it_check_col_direction ... ok
[INFO] [stdout] test five_in_a_row::mv::tests::it_computes_distance ... ok
[INFO] [stdout] test five_in_a_row::tests::it_computes_score_for_row ... ok
[INFO] [stdout] test five_in_a_row::tests::it_does_new_move ... ok
[INFO] [stdout] test five_in_a_row::tests::it_creates_game_from_coordinates ... ok
[INFO] [stdout] test five_in_a_row::tests::it_creates_empty_game ... ok
[INFO] [stdout] test five_in_a_row::dir::tests::it_check_falling_diagonal_direction ... ok
[INFO] [stdout] test five_in_a_row::mv::tests::it_sorts_vec_of_moves ... ok
[INFO] [stdout] test game::score::tests::it_is_comparable ... ok
[INFO] [stdout] test game::score::tests::it_returns_greater_value ... ok
[INFO] [stdout] test gameplay::suggestion::tests::it_is_comparable ... ok
[INFO] [stdout] test gameplay::suggestion::tests::it_computes_deep_score ... ok
[INFO] [stdout] test five_in_a_row::tests::it_replays_game_1 ... ok
[INFO] [stdout] 
[INFO] [stdout] test result: ok. 17 passed; 0 failed; 0 ignored; 0 measured; 0 filtered out; finished in 0.01s
[INFO] [stdout] 
[INFO] [stderr]      Running unittests src/main.rs (/opt/rustwide/target/debug/deps/game_play-bd7271b9a339794b)
[INFO] [stdout] 
[INFO] [stdout] running 17 tests
[INFO] [stdout] test lib::five_in_a_row::dir::tests::it_check_falling_diagonal_direction ... ok
[INFO] [stdout] test lib::five_in_a_row::dir::tests::it_check_rising_diagonal_direction ... ok
[INFO] [stdout] test lib::five_in_a_row::dir::tests::it_check_row_direction ... ok
[INFO] [stdout] test lib::five_in_a_row::mv::tests::it_computes_distance ... ok
[INFO] [stdout] test lib::five_in_a_row::mv::tests::it_sorts_vec_of_moves ... ok
[INFO] [stdout] test lib::five_in_a_row::tests::it_computes_score_for_row ... ok
[INFO] [stdout] test lib::five_in_a_row::tests::it_replays_game_1 ... ok
[INFO] [stdout] test lib::game::score::tests::it_is_comparable ... ok
[INFO] [stdout] test lib::game::score::tests::it_returns_greater_value ... ok
[INFO] [stdout] test lib::gameplay::suggestion::tests::it_computes_deep_score ... ok
[INFO] [stdout] test lib::five_in_a_row::dir::tests::it_creates_iterator ... ok
[INFO] [stdout] test lib::five_in_a_row::mv::tests::it_checks_type ... ok
[INFO] [stdout] test lib::gameplay::suggestion::tests::it_is_comparable ... ok
[INFO] [stdout] test lib::five_in_a_row::tests::it_creates_empty_game ... ok
[INFO] [stdout] test lib::five_in_a_row::tests::it_creates_game_from_coordinates ... ok
[INFO] [stdout] test lib::five_in_a_row::tests::it_does_new_move ... ok
[INFO] [stdout] test lib::five_in_a_row::dir::tests::it_check_col_direction ... ok
[INFO] [stdout] 
[INFO] [stdout] test result: ok. 17 passed; 0 failed; 0 ignored; 0 measured; 0 filtered out; finished in 0.02s
[INFO] [stdout] 
[INFO] [stderr]      Running tests/five_in_a_row.rs (/opt/rustwide/target/debug/deps/five_in_a_row-c0d4eb51ad9f778a)
[INFO] [stdout] 
[INFO] [stdout] running 6 tests
[INFO] [stdout] test tests::it_suggests_correct_move_2 ... ok
[INFO] [stdout] test tests::it_suggests_correct_move_1 ... ok
[INFO] [stdout] test tests::it_suggests_correct_move_3 ... ok
[INFO] [stdout] test tests::it_suggests_correct_move_6 ... FAILED
[INFO] [stdout] test tests::it_suggests_correct_move_5 ... ok
[INFO] [stdout] test tests::it_suggests_correct_move_4 ... ok
[INFO] [stdout] 
[INFO] [stdout] failures:
[INFO] [stdout] 
[INFO] [stdout] ---- tests::it_suggests_correct_move_6 stdout ----
[INFO] [stdout]   -3    -2    -1     0     1     2     3     4     5  
[INFO] [stdout] │     │     │     │     │     │     │     │     │     │ 5
[INFO] [stdout] ┼─────┼─────┼─────┼─────┼─────┼─────┼─────┼─────┼─────┼
[INFO] [stdout] │     │  O  │     │     │     │     │     │     │     │ 4
[INFO] [stdout] ┼─────┼─────┼─────┼─────┼─────┼─────┼─────┼─────┼─────┼
[INFO] [stdout] │     │     │  X  │     │     │     │     │     │     │ 3
[INFO] [stdout] ┼─────┼─────┼─────┼─────┼─────┼─────┼─────┼─────┼─────┼
[INFO] [stdout] │     │     │     │  O  │     │     │     │  X  │     │ 2
[INFO] [stdout] ┼─────┼─────┼─────┼─────┼─────┼─────┼─────┼─────┼─────┼
[INFO] [stdout] │     │     │     │  X  │  O  │  O  │  O  │     │     │ 1
[INFO] [stdout] ┼─────┼─────┼─────┼─────┼─────┼─────┼─────┼─────┼─────┼
[INFO] [stdout] │     │     │     │  X  │  X  │  O  │     │     │     │ 0
[INFO] [stdout] ┼─────┼─────┼─────┼─────┼─────┼─────┼─────┼─────┼─────┼
[INFO] [stdout] │     │     │     │  X  │  O  │  O  │  X  │     │     │ -1
[INFO] [stdout] ┼─────┼─────┼─────┼─────┼─────┼─────┼─────┼─────┼─────┼
[INFO] [stdout] │     │     │  X  │  O  │     │     │     │     │     │ -2
[INFO] [stdout] ┼─────┼─────┼─────┼─────┼─────┼─────┼─────┼─────┼─────┼
[INFO] [stdout] │     │     │  X  │     │     │     │     │     │     │ -3
[INFO] [stdout] ┼─────┼─────┼─────┼─────┼─────┼─────┼─────┼─────┼─────┼
[INFO] [stdout] │     │     │     │     │     │     │     │     │     │ -4
[INFO] [stdout] ┼─────┼─────┼─────┼─────┼─────┼─────┼─────┼─────┼─────┼
[INFO] [stdout] thread 'tests::it_suggests_correct_move_6' panicked at core/src/slice/sort/shared/smallsort.rs:865:5:
[INFO] [stdout] user-provided comparison function does not correctly implement a total order
[INFO] [stdout] stack backtrace:
[INFO] [stdout]    0:     0x648334917b1a - std::backtrace_rs::backtrace::libunwind::trace::h8810477743020387
[INFO] [stdout]                                at /rustc/202008a1b8de96d2e5b6bc02d379db03a877d34d/library/std/src/../../backtrace/src/backtrace/libunwind.rs:116:5
[INFO] [stdout]    1:     0x648334917b1a - std::backtrace_rs::backtrace::trace_unsynchronized::h3aa55355dd6c54a6
[INFO] [stdout]                                at /rustc/202008a1b8de96d2e5b6bc02d379db03a877d34d/library/std/src/../../backtrace/src/backtrace/mod.rs:66:5
[INFO] [stdout]    2:     0x648334917b1a - std::sys::backtrace::_print_fmt::h8588b0f62410823f
[INFO] [stdout]                                at /rustc/202008a1b8de96d2e5b6bc02d379db03a877d34d/library/std/src/sys/backtrace.rs:66:9
[INFO] [stdout]    3:     0x648334917b1a - <std::sys::backtrace::BacktraceLock::print::DisplayBacktrace as core::fmt::Display>::fmt::h98c26ac25ffe89bb
[INFO] [stdout]                                at /rustc/202008a1b8de96d2e5b6bc02d379db03a877d34d/library/std/src/sys/backtrace.rs:39:26
[INFO] [stdout]    4:     0x64833493e403 - core::fmt::rt::Argument::fmt::hf95377f4aebd453b
[INFO] [stdout]                                at /rustc/202008a1b8de96d2e5b6bc02d379db03a877d34d/library/core/src/fmt/rt.rs:177:76
[INFO] [stdout]    5:     0x64833493e403 - core::fmt::write::h0dd5f6e2238c7982
[INFO] [stdout]                                at /rustc/202008a1b8de96d2e5b6bc02d379db03a877d34d/library/core/src/fmt/mod.rs:1189:21
[INFO] [stdout]    6:     0x648334914cb3 - std::io::Write::write_fmt::h03bb0ca26e6faf8c
[INFO] [stdout]                                at /rustc/202008a1b8de96d2e5b6bc02d379db03a877d34d/library/std/src/io/mod.rs:1884:15
[INFO] [stdout]    7:     0x648334917962 - std::sys::backtrace::BacktraceLock::print::h5c19c1c038ee186d
[INFO] [stdout]                                at /rustc/202008a1b8de96d2e5b6bc02d379db03a877d34d/library/std/src/sys/backtrace.rs:42:9
[INFO] [stdout]    8:     0x648334918f9d - std::panicking::default_hook::{{closure}}::h77172f079a1fcb13
[INFO] [stdout]                                at /rustc/202008a1b8de96d2e5b6bc02d379db03a877d34d/library/std/src/panicking.rs:268:22
[INFO] [stdout]    9:     0x648334918da7 - std::panicking::default_hook::he5f8e3b203ccddba
[INFO] [stdout]                                at /rustc/202008a1b8de96d2e5b6bc02d379db03a877d34d/library/std/src/panicking.rs:292:9
[INFO] [stdout]   10:     0x6483348cb3d7 - <alloc::boxed::Box<F,A> as core::ops::function::Fn<Args>>::call::h7a3c7b4a1ae77f2f
[INFO] [stdout]                                at /rustc/202008a1b8de96d2e5b6bc02d379db03a877d34d/library/alloc/src/boxed.rs:1986:9
[INFO] [stdout]   11:     0x6483348cb3d7 - test::test_main::{{closure}}::hf0d3b69ae9b353d1
[INFO] [stdout]                                at /rustc/202008a1b8de96d2e5b6bc02d379db03a877d34d/library/test/src/lib.rs:134:21
[INFO] [stdout]   12:     0x648334919648 - <alloc::boxed::Box<F,A> as core::ops::function::Fn<Args>>::call::h6332e82e7b189abd
[INFO] [stdout]                                at /rustc/202008a1b8de96d2e5b6bc02d379db03a877d34d/library/alloc/src/boxed.rs:1986:9
[INFO] [stdout]   13:     0x648334919648 - std::panicking::rust_panic_with_hook::h53863d4e9018df39
[INFO] [stdout]                                at /rustc/202008a1b8de96d2e5b6bc02d379db03a877d34d/library/std/src/panicking.rs:809:13
[INFO] [stdout]   14:     0x6483349193d6 - std::panicking::begin_panic_handler::{{closure}}::h67280e6fa0757873
[INFO] [stdout]                                at /rustc/202008a1b8de96d2e5b6bc02d379db03a877d34d/library/std/src/panicking.rs:667:13
[INFO] [stdout]   15:     0x648334917ff9 - std::sys::backtrace::__rust_end_short_backtrace::h1dac3f54d6fbbeb2
[INFO] [stdout]                                at /rustc/202008a1b8de96d2e5b6bc02d379db03a877d34d/library/std/src/sys/backtrace.rs:170:18
[INFO] [stdout]   16:     0x64833491909c - rust_begin_unwind
[INFO] [stdout]                                at /rustc/202008a1b8de96d2e5b6bc02d379db03a877d34d/library/std/src/panicking.rs:665:5
[INFO] [stdout]   17:     0x648334878ae0 - core::panicking::panic_fmt::h6792bd1b2bf01041
[INFO] [stdout]                                at /rustc/202008a1b8de96d2e5b6bc02d379db03a877d34d/library/core/src/panicking.rs:76:14
[INFO] [stdout]   18:     0x648334878ecb - core::slice::sort::shared::smallsort::panic_on_ord_violation::h7bf96afd0f6d0ee2
[INFO] [stdout]                                at /rustc/202008a1b8de96d2e5b6bc02d379db03a877d34d/library/core/src/slice/sort/shared/smallsort.rs:865:5
[INFO] [stdout]   19:     0x6483348905c2 - core::slice::sort::shared::smallsort::bidirectional_merge::h1a47d40abc961db8
[INFO] [stdout]                                at /rustc/202008a1b8de96d2e5b6bc02d379db03a877d34d/library/core/src/slice/sort/shared/smallsort.rs:843:13
[INFO] [stdout]   20:     0x648334891883 - core::slice::sort::shared::smallsort::small_sort_general_with_scratch::h19da3136e79fecee
[INFO] [stdout]                                at /rustc/202008a1b8de96d2e5b6bc02d379db03a877d34d/library/core/src/slice/sort/shared/smallsort.rs:286:9
[INFO] [stdout]   21:     0x64833487be46 - <T as core::slice::sort::shared::smallsort::StableSmallSortTypeImpl>::small_sort::h03aef3ea28d07e1c
[INFO] [stdout]                                at /rustc/202008a1b8de96d2e5b6bc02d379db03a877d34d/library/core/src/slice/sort/shared/smallsort.rs:61:9
[INFO] [stdout]   22:     0x64833487be46 - core::slice::sort::stable::quicksort::quicksort::hc5083c1dc1dfe3d2
[INFO] [stdout]                                at /rustc/202008a1b8de96d2e5b6bc02d379db03a877d34d/library/core/src/slice/sort/stable/quicksort.rs:25:13
[INFO] [stdout]   23:     0x64833487c234 - core::slice::sort::stable::quicksort::quicksort::hc5083c1dc1dfe3d2
[INFO] [stdout]                                at /rustc/202008a1b8de96d2e5b6bc02d379db03a877d34d/library/core/src/slice/sort/stable/quicksort.rs:77:9
[INFO] [stdout]   24:     0x64833487e7c8 - core::slice::sort::stable::drift::stable_quicksort::h1d024a06f1d2501e
[INFO] [stdout]                                at /rustc/202008a1b8de96d2e5b6bc02d379db03a877d34d/library/core/src/slice/sort/stable/drift.rs:270:5
[INFO] [stdout]   25:     0x64833487f462 - core::slice::sort::stable::drift::sort::h9140cc024cfa28f9
[INFO] [stdout]                                at /rustc/202008a1b8de96d2e5b6bc02d379db03a877d34d/library/core/src/slice/sort/stable/drift.rs:118:9
[INFO] [stdout]   26:     0x648334885850 - core::slice::sort::stable::driftsort_main::hca2d2ed1c923ff95
[INFO] [stdout]                                at /rustc/202008a1b8de96d2e5b6bc02d379db03a877d34d/library/core/src/slice/sort/stable/mod.rs:121:5
[INFO] [stdout]   27:     0x64833488ce86 - core::slice::sort::stable::sort::h088a8e1eb398438f
[INFO] [stdout]                                at /rustc/202008a1b8de96d2e5b6bc02d379db03a877d34d/library/core/src/slice/sort/stable/mod.rs:79:13
[INFO] [stdout]   28:     0x64833488ce86 - alloc::slice::stable_sort::ha9f3c801d73b80d2
[INFO] [stdout]                                at /rustc/202008a1b8de96d2e5b6bc02d379db03a877d34d/library/alloc/src/slice.rs:908:5
[INFO] [stdout]   29:     0x6483348860fa - alloc::slice::<impl [T]>::sort_by::h5ae8e04c85311186
[INFO] [stdout]                                at /rustc/202008a1b8de96d2e5b6bc02d379db03a877d34d/library/alloc/src/slice.rs:299:9
[INFO] [stdout]   30:     0x64833488e624 - game_play::gameplay::GamePlay<G,C>::get_single_level_suggestions::hf92f078a7a68dd2d
[INFO] [stdout]                                at /opt/rustwide/workdir/src/game/gameplay.rs:78:9
[INFO] [stdout]   31:     0x64833488d88a - game_play::gameplay::GamePlay<G,C>::get_suggestions::heb9c0f55e5df4086
[INFO] [stdout]                                at /opt/rustwide/workdir/src/game/gameplay.rs:111:13
[INFO] [stdout]   32:     0x64833488dc49 - game_play::gameplay::GamePlay<G,C>::get_suggestions::heb9c0f55e5df4086
[INFO] [stdout]                                at /opt/rustwide/workdir/src/game/gameplay.rs:121:21
[INFO] [stdout]   33:     0x64833488dc49 - game_play::gameplay::GamePlay<G,C>::get_suggestions::heb9c0f55e5df4086
[INFO] [stdout]                                at /opt/rustwide/workdir/src/game/gameplay.rs:121:21
[INFO] [stdout]   34:     0x64833488dc49 - game_play::gameplay::GamePlay<G,C>::get_suggestions::heb9c0f55e5df4086
[INFO] [stdout]                                at /opt/rustwide/workdir/src/game/gameplay.rs:121:21
[INFO] [stdout]   35:     0x64833488defa - game_play::gameplay::GamePlay<G,C>::compute_suggestions::hcfde9cbd60850bfa
[INFO] [stdout]                                at /opt/rustwide/workdir/src/game/gameplay.rs:143:27
[INFO] [stdout]   36:     0x648334889d9b - five_in_a_row::tests::it_suggests_correct_move_6::h29681190f6d9b76f
[INFO] [stdout]                                at /opt/rustwide/workdir/tests/five_in_a_row.rs:191:9
[INFO] [stdout]   37:     0x6483348897d7 - five_in_a_row::tests::it_suggests_correct_move_6::{{closure}}::h0dd31377d23802c6
[INFO] [stdout]                                at /opt/rustwide/workdir/tests/five_in_a_row.rs:166:36
[INFO] [stdout]   38:     0x64833488a9e6 - core::ops::function::FnOnce::call_once::h073754bb4bfc070c
[INFO] [stdout]                                at /rustc/202008a1b8de96d2e5b6bc02d379db03a877d34d/library/core/src/ops/function.rs:250:5
[INFO] [stdout]   39:     0x6483348cfefb - core::ops::function::FnOnce::call_once::h871bf86719ec9aa4
[INFO] [stdout]                                at /rustc/202008a1b8de96d2e5b6bc02d379db03a877d34d/library/core/src/ops/function.rs:250:5
[INFO] [stdout]   40:     0x6483348cfefb - test::__rust_begin_short_backtrace::h2167df1e2b7d76fd
[INFO] [stdout]                                at /rustc/202008a1b8de96d2e5b6bc02d379db03a877d34d/library/test/src/lib.rs:632:18
[INFO] [stdout]   41:     0x6483348cf8e8 - test::run_test_in_process::{{closure}}::h15d92f75a3adfb79
[INFO] [stdout]                                at /rustc/202008a1b8de96d2e5b6bc02d379db03a877d34d/library/test/src/lib.rs:655:60
[INFO] [stdout]   42:     0x6483348cf8e8 - <core::panic::unwind_safe::AssertUnwindSafe<F> as core::ops::function::FnOnce<()>>::call_once::hb6c8955835a8dbbb
[INFO] [stdout]                                at /rustc/202008a1b8de96d2e5b6bc02d379db03a877d34d/library/core/src/panic/unwind_safe.rs:272:9
[INFO] [stdout]   43:     0x6483348cf8e8 - std::panicking::try::do_call::hc79d0fc888a0bd30
[INFO] [stdout]                                at /rustc/202008a1b8de96d2e5b6bc02d379db03a877d34d/library/std/src/panicking.rs:557:40
[INFO] [stdout]   44:     0x6483348cf8e8 - std::panicking::try::hb8a7878e3a8589d6
[INFO] [stdout]                                at /rustc/202008a1b8de96d2e5b6bc02d379db03a877d34d/library/std/src/panicking.rs:520:19
[INFO] [stdout]   45:     0x6483348cf8e8 - std::panic::catch_unwind::hb8e4600ff0ff5cfa
[INFO] [stdout]                                at /rustc/202008a1b8de96d2e5b6bc02d379db03a877d34d/library/std/src/panic.rs:358:14
[INFO] [stdout]   46:     0x6483348cf8e8 - test::run_test_in_process::hc2900b0b18688dd6
[INFO] [stdout]                                at /rustc/202008a1b8de96d2e5b6bc02d379db03a877d34d/library/test/src/lib.rs:655:27
[INFO] [stdout]   47:     0x6483348cf8e8 - test::run_test::{{closure}}::hac2a9cb07be3d48d
[INFO] [stdout]                                at /rustc/202008a1b8de96d2e5b6bc02d379db03a877d34d/library/test/src/lib.rs:576:43
[INFO] [stdout]   48:     0x64833489338a - test::run_test::{{closure}}::h4a5b729e66a38cd8
[INFO] [stdout]                                at /rustc/202008a1b8de96d2e5b6bc02d379db03a877d34d/library/test/src/lib.rs:606:41
[INFO] [stdout]   49:     0x64833489338a - std::sys::backtrace::__rust_begin_short_backtrace::h0496fb742492f573
[INFO] [stdout]                                at /rustc/202008a1b8de96d2e5b6bc02d379db03a877d34d/library/std/src/sys/backtrace.rs:154:18
[INFO] [stdout]   50:     0x648334896d04 - std::thread::Builder::spawn_unchecked_::{{closure}}::{{closure}}::hbb6d257c550a54bd
[INFO] [stdout]                                at /rustc/202008a1b8de96d2e5b6bc02d379db03a877d34d/library/std/src/thread/mod.rs:561:17
[INFO] [stdout]   51:     0x648334896d04 - <core::panic::unwind_safe::AssertUnwindSafe<F> as core::ops::function::FnOnce<()>>::call_once::h46696fe4a6832328
[INFO] [stdout]                                at /rustc/202008a1b8de96d2e5b6bc02d379db03a877d34d/library/core/src/panic/unwind_safe.rs:272:9
[INFO] [stdout]   52:     0x648334896d04 - std::panicking::try::do_call::h2625a51b667bfb64
[INFO] [stdout]                                at /rustc/202008a1b8de96d2e5b6bc02d379db03a877d34d/library/std/src/panicking.rs:557:40
[INFO] [stdout]   53:     0x648334896d04 - std::panicking::try::hb956a59a1973aa4c
[INFO] [stdout]                                at /rustc/202008a1b8de96d2e5b6bc02d379db03a877d34d/library/std/src/panicking.rs:520:19
[INFO] [stdout]   54:     0x648334896d04 - std::panic::catch_unwind::h64f3b9d1067ef6a0
[INFO] [stdout]                                at /rustc/202008a1b8de96d2e5b6bc02d379db03a877d34d/library/std/src/panic.rs:358:14
[INFO] [stdout]   55:     0x648334896d04 - std::thread::Builder::spawn_unchecked_::{{closure}}::h42b2841295b6c0b2
[INFO] [stdout]                                at /rustc/202008a1b8de96d2e5b6bc02d379db03a877d34d/library/std/src/thread/mod.rs:559:30
[INFO] [stdout]   56:     0x648334896d04 - core::ops::function::FnOnce::call_once{{vtable.shim}}::h6127de71b8124639
[INFO] [stdout]                                at /rustc/202008a1b8de96d2e5b6bc02d379db03a877d34d/library/core/src/ops/function.rs:250:5
[INFO] [stdout]   57:     0x64833491d58b - <alloc::boxed::Box<F,A> as core::ops::function::FnOnce<Args>>::call_once::h42f0ba71002a1b2c
[INFO] [stdout]                                at /rustc/202008a1b8de96d2e5b6bc02d379db03a877d34d/library/alloc/src/boxed.rs:1972:9
[INFO] [stdout]   58:     0x64833491d58b - <alloc::boxed::Box<F,A> as core::ops::function::FnOnce<Args>>::call_once::had9e47d7a3dcecb8
[INFO] [stdout]                                at /rustc/202008a1b8de96d2e5b6bc02d379db03a877d34d/library/alloc/src/boxed.rs:1972:9
[INFO] [stdout]   59:     0x64833491d58b - std::sys::pal::unix::thread::Thread::new::thread_start::h48cf765408f6f5f2
[INFO] [stdout]                                at /rustc/202008a1b8de96d2e5b6bc02d379db03a877d34d/library/std/src/sys/pal/unix/thread.rs:105:17
[INFO] [stdout]   60:     0x73bac1716ac3 - <unknown>
[INFO] [stdout]   61:     0x73bac17a7a04 - clone
[INFO] [stdout]   62:                0x0 - <unknown>
[INFO] [stdout] 
[INFO] [stdout] 
[INFO] [stdout] failures:
[INFO] [stdout]     tests::it_suggests_correct_move_6
[INFO] [stdout] 
[INFO] [stdout] test result: FAILED. 5 passed; 1 failed; 0 ignored; 0 measured; 0 filtered out; finished in 0.86s
[INFO] [stdout] 
[INFO] [stderr] error: test failed, to rerun pass `--test five_in_a_row`
[INFO] running `Command { std: "docker" "inspect" "43614280271fcd7f418cdc5b19a456700028e4384c1d846dd9ec57baa0898192", kill_on_drop: false }`
[INFO] running `Command { std: "docker" "rm" "-f" "43614280271fcd7f418cdc5b19a456700028e4384c1d846dd9ec57baa0898192", kill_on_drop: false }`
[INFO] [stdout] 43614280271fcd7f418cdc5b19a456700028e4384c1d846dd9ec57baa0898192
