[INFO] cloning repository https://github.com/luhanzhen/RuCos
[INFO] running `Command { std: "git" "-c" "credential.helper=" "-c" "credential.helper=/workspace/cargo-home/bin/git-credential-null" "clone" "--bare" "https://github.com/luhanzhen/RuCos" "/workspace/cache/git-repos/https%3A%2F%2Fgithub.com%2Fluhanzhen%2FRuCos", kill_on_drop: false }`
[INFO] [stderr] Cloning into bare repository '/workspace/cache/git-repos/https%3A%2F%2Fgithub.com%2Fluhanzhen%2FRuCos'...
[INFO] running `Command { std: "git" "rev-parse" "HEAD", kill_on_drop: false }`
[INFO] [stdout] 5792d04ec6f1a0659c63ec0fd232e6636c47115c
[INFO] testing luhanzhen/RuCos against beta-2024-12-08 for beta-1.84.0-4-retry
[INFO] running `Command { std: "git" "clone" "/workspace/cache/git-repos/https%3A%2F%2Fgithub.com%2Fluhanzhen%2FRuCos" "/workspace/builds/worker-4-tc2/source", kill_on_drop: false }`
[INFO] [stderr] Cloning into '/workspace/builds/worker-4-tc2/source'...
[INFO] [stderr] done.
[INFO] validating manifest of git repo https://github.com/luhanzhen/RuCos on toolchain beta-2024-12-08
[INFO] running `Command { std: CARGO_HOME="/workspace/cargo-home" RUSTUP_HOME="/workspace/rustup-home" "/workspace/cargo-home/bin/cargo" "+beta-2024-12-08" "metadata" "--manifest-path" "Cargo.toml" "--no-deps", kill_on_drop: false }`
[INFO] started tweaking git repo https://github.com/luhanzhen/RuCos
[INFO] removed 0 missing examples
[INFO] removed 0 missing tests
[INFO] finished tweaking git repo https://github.com/luhanzhen/RuCos
[INFO] tweaked toml for git repo https://github.com/luhanzhen/RuCos written to /workspace/builds/worker-4-tc2/source/Cargo.toml
[INFO] crate git repo https://github.com/luhanzhen/RuCos already has a lockfile, it will not be regenerated
[INFO] running `Command { std: CARGO_HOME="/workspace/cargo-home" RUSTUP_HOME="/workspace/rustup-home" "/workspace/cargo-home/bin/cargo" "+beta-2024-12-08" "fetch" "--manifest-path" "Cargo.toml", kill_on_drop: false }`
[INFO] running `Command { std: "docker" "create" "-v" "/var/lib/crater-agent-workspace/builds/worker-4-tc2/target:/opt/rustwide/target:rw,Z" "-v" "/var/lib/crater-agent-workspace/builds/worker-4-tc2/source:/opt/rustwide/workdir:ro,Z" "-v" "/var/lib/crater-agent-workspace/cargo-home:/opt/rustwide/cargo-home:ro,Z" "-v" "/var/lib/crater-agent-workspace/rustup-home:/opt/rustwide/rustup-home:ro,Z" "-e" "SOURCE_DIR=/opt/rustwide/workdir" "-e" "CARGO_TARGET_DIR=/opt/rustwide/target" "-e" "CARGO_HOME=/opt/rustwide/cargo-home" "-e" "RUSTUP_HOME=/opt/rustwide/rustup-home" "-w" "/opt/rustwide/workdir" "-m" "1610612736" "--user" "0:0" "--network" "none" "ghcr.io/rust-lang/crates-build-env/linux@sha256:f3a9d4ad9d972b27faf3965f35b62e55ba32bbce8f20bc8fe909558a86702fde" "/opt/rustwide/cargo-home/bin/cargo" "+beta-2024-12-08" "metadata" "--no-deps" "--format-version=1", kill_on_drop: false }`
[INFO] [stdout] 3957602104bf1f48aa77f1c45b8020d1abb3e150c2363ff030625bb227a8dc84
[INFO] running `Command { std: "docker" "start" "-a" "3957602104bf1f48aa77f1c45b8020d1abb3e150c2363ff030625bb227a8dc84", kill_on_drop: false }`
[INFO] running `Command { std: "docker" "inspect" "3957602104bf1f48aa77f1c45b8020d1abb3e150c2363ff030625bb227a8dc84", kill_on_drop: false }`
[INFO] running `Command { std: "docker" "rm" "-f" "3957602104bf1f48aa77f1c45b8020d1abb3e150c2363ff030625bb227a8dc84", kill_on_drop: false }`
[INFO] [stdout] 3957602104bf1f48aa77f1c45b8020d1abb3e150c2363ff030625bb227a8dc84
[INFO] running `Command { std: "docker" "create" "-v" "/var/lib/crater-agent-workspace/builds/worker-4-tc2/target:/opt/rustwide/target:rw,Z" "-v" "/var/lib/crater-agent-workspace/builds/worker-4-tc2/source:/opt/rustwide/workdir:ro,Z" "-v" "/var/lib/crater-agent-workspace/cargo-home:/opt/rustwide/cargo-home:ro,Z" "-v" "/var/lib/crater-agent-workspace/rustup-home:/opt/rustwide/rustup-home:ro,Z" "-e" "SOURCE_DIR=/opt/rustwide/workdir" "-e" "CARGO_TARGET_DIR=/opt/rustwide/target" "-e" "CARGO_INCREMENTAL=0" "-e" "RUST_BACKTRACE=full" "-e" "RUSTFLAGS=--cap-lints=warn" "-e" "RUSTDOCFLAGS=--cap-lints=warn" "-e" "CARGO_HOME=/opt/rustwide/cargo-home" "-e" "RUSTUP_HOME=/opt/rustwide/rustup-home" "-w" "/opt/rustwide/workdir" "-m" "1610612736" "--user" "0:0" "--network" "none" "ghcr.io/rust-lang/crates-build-env/linux@sha256:f3a9d4ad9d972b27faf3965f35b62e55ba32bbce8f20bc8fe909558a86702fde" "/opt/rustwide/cargo-home/bin/cargo" "+beta-2024-12-08" "build" "--frozen" "--message-format=json", kill_on_drop: false }`
[INFO] [stdout] e8391b3108e46908a9fdb2940c645dc764c2f5591de0d00ded79058727de7399
[INFO] running `Command { std: "docker" "start" "-a" "e8391b3108e46908a9fdb2940c645dc764c2f5591de0d00ded79058727de7399", kill_on_drop: false }`
[INFO] [stderr]    Compiling libc v0.2.151
[INFO] [stderr]    Compiling cfg-if v1.0.0
[INFO] [stderr]    Compiling proc-macro2 v1.0.76
[INFO] [stderr]    Compiling autocfg v1.1.0
[INFO] [stderr]    Compiling parking_lot_core v0.9.9
[INFO] [stderr]    Compiling unicode-ident v1.0.12
[INFO] [stderr]    Compiling scopeguard v1.2.0
[INFO] [stderr]    Compiling smallvec v1.11.2
[INFO] [stderr]    Compiling rustversion v1.0.14
[INFO] [stderr]    Compiling bitflags v2.4.1
[INFO] [stderr]    Compiling heck v0.4.1
[INFO] [stderr]    Compiling ppv-lite86 v0.2.17
[INFO] [stderr]    Compiling strum v0.25.0
[INFO] [stderr]    Compiling unicode-width v0.1.11
[INFO] [stderr]    Compiling lock_api v0.4.11
[INFO] [stderr]    Compiling quote v1.0.35
[INFO] [stderr]    Compiling syn v2.0.48
[INFO] [stderr]    Compiling getrandom v0.2.11
[INFO] [stderr]    Compiling parking_lot v0.12.1
[INFO] [stderr]    Compiling rand_core v0.6.4
[INFO] [stderr]    Compiling rand_chacha v0.3.1
[INFO] [stderr]    Compiling crossterm v0.27.0
[INFO] [stderr]    Compiling rand v0.8.5
[INFO] [stderr]    Compiling strum_macros v0.25.3
[INFO] [stderr]    Compiling comfy-table v7.1.0
[INFO] [stderr]    Compiling rucos v0.1.0 (/opt/rustwide/workdir)
[INFO] [stdout] warning: unused import: `Formatter`
[INFO] [stdout]  --> src/solve/heuristics/variable/variable_dom_over_ddeg.rs:6:23
[INFO] [stdout]   |
[INFO] [stdout] 6 | use std::fmt::{Debug, Formatter};
[INFO] [stdout]   |                       ^^^^^^^^^
[INFO] [stdout]   |
[INFO] [stdout]   = note: `#[warn(unused_imports)]` on by default
[INFO] [stdout] 
[INFO] [stdout] 
[INFO] [stdout] warning: unused import: `Formatter`
[INFO] [stdout]  --> src/solve/heuristics/variable/variable_random.rs:7:23
[INFO] [stdout]   |
[INFO] [stdout] 7 | use std::fmt::{Debug, Formatter};
[INFO] [stdout]   |                       ^^^^^^^^^
[INFO] [stdout] 
[INFO] [stdout] 
[INFO] [stdout] warning: unused variable: `var`
[INFO] [stdout]   --> src/solve/heuristics/variable/variable_dom_over_ddeg.rs:27:41
[INFO] [stdout]    |
[INFO] [stdout] 27 |     fn new_decision_callback(&mut self, var: &Var, solver: &InnerSolver) {
[INFO] [stdout]    |                                         ^^^ help: if this is intentional, prefix it with an underscore: `_var`
[INFO] [stdout]    |
[INFO] [stdout]    = note: `#[warn(unused_variables)]` on by default
[INFO] [stdout] 
[INFO] [stdout] 
[INFO] [stdout] warning: unused variable: `solver`
[INFO] [stdout]   --> src/solve/heuristics/variable/variable_dom_over_ddeg.rs:27:52
[INFO] [stdout]    |
[INFO] [stdout] 27 |     fn new_decision_callback(&mut self, var: &Var, solver: &InnerSolver) {
[INFO] [stdout]    |                                                    ^^^^^^ help: if this is intentional, prefix it with an underscore: `_solver`
[INFO] [stdout] 
[INFO] [stdout] 
[INFO] [stdout] warning: unused variable: `var`
[INFO] [stdout]   --> src/solve/heuristics/variable/variable_dom_over_ddeg.rs:37:44
[INFO] [stdout]    |
[INFO] [stdout] 37 |     fn delete_decision_callback(&mut self, var: &Var, value_idx: usize, solver: &InnerSolver) {
[INFO] [stdout]    |                                            ^^^ help: if this is intentional, prefix it with an underscore: `_var`
[INFO] [stdout] 
[INFO] [stdout] 
[INFO] [stdout] warning: unused variable: `value_idx`
[INFO] [stdout]   --> src/solve/heuristics/variable/variable_dom_over_ddeg.rs:37:55
[INFO] [stdout]    |
[INFO] [stdout] 37 |     fn delete_decision_callback(&mut self, var: &Var, value_idx: usize, solver: &InnerSolver) {
[INFO] [stdout]    |                                                       ^^^^^^^^^ help: if this is intentional, prefix it with an underscore: `_value_idx`
[INFO] [stdout] 
[INFO] [stdout] 
[INFO] [stdout] warning: unused variable: `solver`
[INFO] [stdout]   --> src/solve/heuristics/variable/variable_dom_over_ddeg.rs:37:73
[INFO] [stdout]    |
[INFO] [stdout] 37 |     fn delete_decision_callback(&mut self, var: &Var, value_idx: usize, solver: &InnerSolver) {
[INFO] [stdout]    |                                                                         ^^^^^^ help: if this is intentional, prefix it with an underscore: `_solver`
[INFO] [stdout] 
[INFO] [stdout] 
[INFO] [stdout] warning: unused variable: `solver`
[INFO] [stdout]   --> src/solve/heuristics/variable/variable_dom_over_ddeg.rs:51:39
[INFO] [stdout]    |
[INFO] [stdout] 51 |     fn select_variable<'a>(&mut self, solver: &'a InnerSolver) -> &'a Var {
[INFO] [stdout]    |                                       ^^^^^^ help: if this is intentional, prefix it with an underscore: `_solver`
[INFO] [stdout] 
[INFO] [stdout] 
[INFO] [stdout] warning: unused variable: `var`
[INFO] [stdout]   --> src/solve/heuristics/variable/variable_random.rs:29:41
[INFO] [stdout]    |
[INFO] [stdout] 29 |     fn new_decision_callback(&mut self, var: &Var, solver: &InnerSolver) {
[INFO] [stdout]    |                                         ^^^ help: if this is intentional, prefix it with an underscore: `_var`
[INFO] [stdout] 
[INFO] [stdout] 
[INFO] [stdout] warning: unused variable: `solver`
[INFO] [stdout]   --> src/solve/heuristics/variable/variable_random.rs:29:52
[INFO] [stdout]    |
[INFO] [stdout] 29 |     fn new_decision_callback(&mut self, var: &Var, solver: &InnerSolver) {
[INFO] [stdout]    |                                                    ^^^^^^ help: if this is intentional, prefix it with an underscore: `_solver`
[INFO] [stdout] 
[INFO] [stdout] 
[INFO] [stdout] warning: unused variable: `var`
[INFO] [stdout]   --> src/solve/heuristics/variable/variable_random.rs:35:44
[INFO] [stdout]    |
[INFO] [stdout] 35 |     fn delete_decision_callback(&mut self, var: &Var, value_idx: usize, solver: &InnerSolver) {
[INFO] [stdout]    |                                            ^^^ help: if this is intentional, prefix it with an underscore: `_var`
[INFO] [stdout] 
[INFO] [stdout] 
[INFO] [stdout] warning: unused variable: `value_idx`
[INFO] [stdout]   --> src/solve/heuristics/variable/variable_random.rs:35:55
[INFO] [stdout]    |
[INFO] [stdout] 35 |     fn delete_decision_callback(&mut self, var: &Var, value_idx: usize, solver: &InnerSolver) {
[INFO] [stdout]    |                                                       ^^^^^^^^^ help: if this is intentional, prefix it with an underscore: `_value_idx`
[INFO] [stdout] 
[INFO] [stdout] 
[INFO] [stdout] warning: unused variable: `solver`
[INFO] [stdout]   --> src/solve/heuristics/variable/variable_random.rs:35:73
[INFO] [stdout]    |
[INFO] [stdout] 35 |     fn delete_decision_callback(&mut self, var: &Var, value_idx: usize, solver: &InnerSolver) {
[INFO] [stdout]    |                                                                         ^^^^^^ help: if this is intentional, prefix it with an underscore: `_solver`
[INFO] [stdout] 
[INFO] [stdout] 
[INFO] [stdout] warning: unused variable: `random`
[INFO] [stdout]   --> src/solve/heuristics/variable/variable_random.rs:47:13
[INFO] [stdout]    |
[INFO] [stdout] 47 |         let random = random::<usize>() % len;
[INFO] [stdout]    |             ^^^^^^ help: if this is intentional, prefix it with an underscore: `_random`
[INFO] [stdout] 
[INFO] [stdout] 
[INFO] [stdout] warning: unused variable: `borrow`
[INFO] [stdout]   --> src/solve/heuristics/variable/variable_random.rs:48:13
[INFO] [stdout]    |
[INFO] [stdout] 48 |         let borrow = solver.borrow();
[INFO] [stdout]    |             ^^^^^^ help: if this is intentional, prefix it with an underscore: `_borrow`
[INFO] [stdout] 
[INFO] [stdout] 
[INFO] [stdout] warning: methods `is_satisfied`, `get_name`, `restore_to_level`, and `get_type` are never used
[INFO] [stdout]   --> src/constraint/constraint.rs:82:8
[INFO] [stdout]    |
[INFO] [stdout] 79 | pub(crate) trait ConstraintTrait: Display + Debug {
[INFO] [stdout]    |                  --------------- methods in this trait
[INFO] [stdout] ...
[INFO] [stdout] 82 |     fn is_satisfied(&self) -> bool;
[INFO] [stdout]    |        ^^^^^^^^^^^^
[INFO] [stdout] 83 |
[INFO] [stdout] 84 |     fn get_name(&self) -> &str;
[INFO] [stdout]    |        ^^^^^^^^
[INFO] [stdout] 85 |
[INFO] [stdout] 86 |     fn restore_to_level(&mut self, level: usize);
[INFO] [stdout]    |        ^^^^^^^^^^^^^^^^
[INFO] [stdout] ...
[INFO] [stdout] 90 |     fn get_type(&self) -> &XConstraintType;
[INFO] [stdout]    |        ^^^^^^^^
[INFO] [stdout]    |
[INFO] [stdout]    = note: `#[warn(dead_code)]` on by default
[INFO] [stdout] 
[INFO] [stdout] 
[INFO] [stdout] warning: methods `initialise`, `filter_by_variable`, `filter_by_arc`, `is_coarse_grained`, `is_fine_grained`, and `restore_to_level` are never used
[INFO] [stdout]   --> src/constraint/propagator.rs:21:8
[INFO] [stdout]    |
[INFO] [stdout] 20 | pub(crate) trait PropagatorTrait: Debug {
[INFO] [stdout]    |                  --------------- methods in this trait
[INFO] [stdout] 21 |     fn initialise(&mut self);
[INFO] [stdout]    |        ^^^^^^^^^^
[INFO] [stdout] 22 |     fn filter_by_variable(&mut self, dummy: &Var) -> Result<usize, &Box<dyn ExceptionTrait>>;
[INFO] [stdout]    |        ^^^^^^^^^^^^^^^^^^
[INFO] [stdout] 23 |     fn filter_by_arc(
[INFO] [stdout]    |        ^^^^^^^^^^^^^
[INFO] [stdout] ...
[INFO] [stdout] 28 |     fn is_coarse_grained(&self) -> bool;
[INFO] [stdout]    |        ^^^^^^^^^^^^^^^^^
[INFO] [stdout] 29 |     fn is_fine_grained(&self) -> bool;
[INFO] [stdout]    |        ^^^^^^^^^^^^^^^
[INFO] [stdout] 30 |     fn restore_to_level(&mut self, level: usize);
[INFO] [stdout]    |        ^^^^^^^^^^^^^^^^
[INFO] [stdout] 
[INFO] [stdout] 
[INFO] [stdout] warning: method `select_variable` is never used
[INFO] [stdout]   --> src/solve/heuristics/variable/heuristic_variable_trait.rs:23:8
[INFO] [stdout]    |
[INFO] [stdout] 22 | pub trait HeuristicVariableTrait: Debug + NewDecision + DeleteDecision {
[INFO] [stdout]    |           ---------------------- method in this trait
[INFO] [stdout] 23 |     fn select_variable<'a>(&mut self, solver: &'a InnerSolver) -> &'a Var;
[INFO] [stdout]    |        ^^^^^^^^^^^^^^^
[INFO] [stdout] 
[INFO] [stdout] 
[INFO] [stdout] warning: method `select_value` is never used
[INFO] [stdout]   --> src/solve/heuristics/value/heuristic_value_trait.rs:20:8
[INFO] [stdout]    |
[INFO] [stdout] 19 | pub trait HeuristicValueTrait: Debug {
[INFO] [stdout]    |           ------------------- method in this trait
[INFO] [stdout] 20 |     fn select_value(&mut self, var: &Var) -> i32;
[INFO] [stdout]    |        ^^^^^^^^^^^^
[INFO] [stdout] 
[INFO] [stdout] 
[INFO] [stdout] warning: methods `should_restart` and `initialize` are never used
[INFO] [stdout]   --> src/solve/restart/restart_trait.rs:20:8
[INFO] [stdout]    |
[INFO] [stdout] 19 | pub trait RestartTrait: Debug {
[INFO] [stdout]    |           ------------ methods in this trait
[INFO] [stdout] 20 |     fn should_restart(&mut self, solver: &InnerSolver) -> bool;
[INFO] [stdout]    |        ^^^^^^^^^^^^^^
[INFO] [stdout] 21 |
[INFO] [stdout] 22 |     fn initialize(&mut self, solver: &InnerSolver);
[INFO] [stdout]    |        ^^^^^^^^^^
[INFO] [stdout] 
[INFO] [stdout] 
[INFO] [stdout] warning: methods `full_backtrack` and `is_implemented` are never used
[INFO] [stdout]   --> src/solve/callbacks/delete_decision.rs:23:8
[INFO] [stdout]    |
[INFO] [stdout] 20 | pub trait DeleteDecision: Debug {
[INFO] [stdout]    |           -------------- methods in this trait
[INFO] [stdout] ...
[INFO] [stdout] 23 |     fn full_backtrack(&mut self);
[INFO] [stdout]    |        ^^^^^^^^^^^^^^
[INFO] [stdout] 24 |
[INFO] [stdout] 25 |     fn is_implemented(&self) -> bool {
[INFO] [stdout]    |        ^^^^^^^^^^^^^^
[INFO] [stdout] 
[INFO] [stdout] 
[INFO] [stdout] warning: method `is_implemented` is never used
[INFO] [stdout]   --> src/solve/callbacks/domain_reduction.rs:24:8
[INFO] [stdout]    |
[INFO] [stdout] 20 | pub trait DomainReduction: Debug {
[INFO] [stdout]    |           --------------- method in this trait
[INFO] [stdout] ...
[INFO] [stdout] 24 |     fn is_implemented(&self) -> bool {
[INFO] [stdout]    |        ^^^^^^^^^^^^^^
[INFO] [stdout] 
[INFO] [stdout] 
[INFO] [stdout] warning: method `is_implemented` is never used
[INFO] [stdout]   --> src/solve/callbacks/new_decision.rs:22:8
[INFO] [stdout]    |
[INFO] [stdout] 20 | pub trait NewDecision: Debug {
[INFO] [stdout]    |           ----------- method in this trait
[INFO] [stdout] 21 |     fn new_decision_callback(&mut self, var: &Var, solver: &InnerSolver);
[INFO] [stdout] 22 |     fn is_implemented(&self) -> bool {
[INFO] [stdout]    |        ^^^^^^^^^^^^^^
[INFO] [stdout] 
[INFO] [stdout] 
[INFO] [stdout] warning: method `is_implemented` is never used
[INFO] [stdout]   --> src/solve/callbacks/non_consistency.rs:23:8
[INFO] [stdout]    |
[INFO] [stdout] 21 | pub trait NonConsistency: Debug {
[INFO] [stdout]    |           -------------- method in this trait
[INFO] [stdout] 22 |     fn non_consistency_callback(&mut self, cons: &Constraint, level: usize, solver: &InnerSolver);
[INFO] [stdout] 23 |     fn is_implemented(&self) -> bool {
[INFO] [stdout]    |        ^^^^^^^^^^^^^^
[INFO] [stdout] 
[INFO] [stdout] 
[INFO] [stderr]     Finished `dev` profile [unoptimized + debuginfo] target(s) in 10.28s
[INFO] running `Command { std: "docker" "inspect" "e8391b3108e46908a9fdb2940c645dc764c2f5591de0d00ded79058727de7399", kill_on_drop: false }`
[INFO] running `Command { std: "docker" "rm" "-f" "e8391b3108e46908a9fdb2940c645dc764c2f5591de0d00ded79058727de7399", kill_on_drop: false }`
[INFO] [stdout] e8391b3108e46908a9fdb2940c645dc764c2f5591de0d00ded79058727de7399
[INFO] running `Command { std: "docker" "create" "-v" "/var/lib/crater-agent-workspace/builds/worker-4-tc2/target:/opt/rustwide/target:rw,Z" "-v" "/var/lib/crater-agent-workspace/builds/worker-4-tc2/source:/opt/rustwide/workdir:ro,Z" "-v" "/var/lib/crater-agent-workspace/cargo-home:/opt/rustwide/cargo-home:ro,Z" "-v" "/var/lib/crater-agent-workspace/rustup-home:/opt/rustwide/rustup-home:ro,Z" "-e" "SOURCE_DIR=/opt/rustwide/workdir" "-e" "CARGO_TARGET_DIR=/opt/rustwide/target" "-e" "CARGO_INCREMENTAL=0" "-e" "RUST_BACKTRACE=full" "-e" "RUSTFLAGS=--cap-lints=warn" "-e" "RUSTDOCFLAGS=--cap-lints=warn" "-e" "CARGO_HOME=/opt/rustwide/cargo-home" "-e" "RUSTUP_HOME=/opt/rustwide/rustup-home" "-w" "/opt/rustwide/workdir" "-m" "1610612736" "--user" "0:0" "--network" "none" "ghcr.io/rust-lang/crates-build-env/linux@sha256:f3a9d4ad9d972b27faf3965f35b62e55ba32bbce8f20bc8fe909558a86702fde" "/opt/rustwide/cargo-home/bin/cargo" "+beta-2024-12-08" "test" "--frozen" "--no-run" "--message-format=json", kill_on_drop: false }`
[INFO] [stdout] dbf3479bf27d92debd8a2f9240d0dccc300d8ff948eb781f6f3d9b9dba093ff1
[INFO] running `Command { std: "docker" "start" "-a" "dbf3479bf27d92debd8a2f9240d0dccc300d8ff948eb781f6f3d9b9dba093ff1", kill_on_drop: false }`
[INFO] [stdout] warning: unused import: `Formatter`
[INFO] [stdout]  --> src/solve/heuristics/variable/variable_dom_over_ddeg.rs:6:23
[INFO] [stdout]   |
[INFO] [stdout] 6 | use std::fmt::{Debug, Formatter};
[INFO] [stdout]   |                       ^^^^^^^^^
[INFO] [stdout]   |
[INFO] [stdout]   = note: `#[warn(unused_imports)]` on by default
[INFO] [stdout] 
[INFO] [stdout] 
[INFO] [stdout] warning: unused import: `Formatter`
[INFO] [stdout]  --> src/solve/heuristics/variable/variable_random.rs:7:23
[INFO] [stdout]   |
[INFO] [stdout] 7 | use std::fmt::{Debug, Formatter};
[INFO] [stdout]   |                       ^^^^^^^^^
[INFO] [stdout] 
[INFO] [stdout] 
[INFO] [stdout] warning: unused variable: `var`
[INFO] [stdout]   --> src/solve/heuristics/variable/variable_dom_over_ddeg.rs:27:41
[INFO] [stdout]    |
[INFO] [stdout] 27 |     fn new_decision_callback(&mut self, var: &Var, solver: &InnerSolver) {
[INFO] [stdout]    |                                         ^^^ help: if this is intentional, prefix it with an underscore: `_var`
[INFO] [stdout]    |
[INFO] [stdout]    = note: `#[warn(unused_variables)]` on by default
[INFO] [stdout] 
[INFO] [stdout] 
[INFO] [stdout] warning: unused variable: `solver`
[INFO] [stdout]   --> src/solve/heuristics/variable/variable_dom_over_ddeg.rs:27:52
[INFO] [stdout]    |
[INFO] [stdout] 27 |     fn new_decision_callback(&mut self, var: &Var, solver: &InnerSolver) {
[INFO] [stdout]    |                                                    ^^^^^^ help: if this is intentional, prefix it with an underscore: `_solver`
[INFO] [stdout] 
[INFO] [stdout] 
[INFO] [stdout] warning: unused variable: `var`
[INFO] [stdout]   --> src/solve/heuristics/variable/variable_dom_over_ddeg.rs:37:44
[INFO] [stdout]    |
[INFO] [stdout] 37 |     fn delete_decision_callback(&mut self, var: &Var, value_idx: usize, solver: &InnerSolver) {
[INFO] [stdout]    |                                            ^^^ help: if this is intentional, prefix it with an underscore: `_var`
[INFO] [stdout] 
[INFO] [stdout] 
[INFO] [stdout] warning: unused variable: `value_idx`
[INFO] [stdout]   --> src/solve/heuristics/variable/variable_dom_over_ddeg.rs:37:55
[INFO] [stdout]    |
[INFO] [stdout] 37 |     fn delete_decision_callback(&mut self, var: &Var, value_idx: usize, solver: &InnerSolver) {
[INFO] [stdout]    |                                                       ^^^^^^^^^ help: if this is intentional, prefix it with an underscore: `_value_idx`
[INFO] [stdout] 
[INFO] [stdout] 
[INFO] [stdout] warning: unused variable: `solver`
[INFO] [stdout]   --> src/solve/heuristics/variable/variable_dom_over_ddeg.rs:37:73
[INFO] [stdout]    |
[INFO] [stdout] 37 |     fn delete_decision_callback(&mut self, var: &Var, value_idx: usize, solver: &InnerSolver) {
[INFO] [stdout]    |                                                                         ^^^^^^ help: if this is intentional, prefix it with an underscore: `_solver`
[INFO] [stdout] 
[INFO] [stdout] 
[INFO] [stdout] warning: unused variable: `solver`
[INFO] [stdout]   --> src/solve/heuristics/variable/variable_dom_over_ddeg.rs:51:39
[INFO] [stdout]    |
[INFO] [stdout] 51 |     fn select_variable<'a>(&mut self, solver: &'a InnerSolver) -> &'a Var {
[INFO] [stdout]    |                                       ^^^^^^ help: if this is intentional, prefix it with an underscore: `_solver`
[INFO] [stdout] 
[INFO] [stdout] 
[INFO] [stdout] warning: unused variable: `var`
[INFO] [stdout]   --> src/solve/heuristics/variable/variable_random.rs:29:41
[INFO] [stdout]    |
[INFO] [stdout] 29 |     fn new_decision_callback(&mut self, var: &Var, solver: &InnerSolver) {
[INFO] [stdout]    |                                         ^^^ help: if this is intentional, prefix it with an underscore: `_var`
[INFO] [stdout] 
[INFO] [stdout] 
[INFO] [stdout] warning: unused variable: `solver`
[INFO] [stdout]   --> src/solve/heuristics/variable/variable_random.rs:29:52
[INFO] [stdout]    |
[INFO] [stdout] 29 |     fn new_decision_callback(&mut self, var: &Var, solver: &InnerSolver) {
[INFO] [stdout]    |                                                    ^^^^^^ help: if this is intentional, prefix it with an underscore: `_solver`
[INFO] [stdout] 
[INFO] [stdout] 
[INFO] [stdout] warning: unused variable: `var`
[INFO] [stdout]   --> src/solve/heuristics/variable/variable_random.rs:35:44
[INFO] [stdout]    |
[INFO] [stdout] 35 |     fn delete_decision_callback(&mut self, var: &Var, value_idx: usize, solver: &InnerSolver) {
[INFO] [stdout]    |                                            ^^^ help: if this is intentional, prefix it with an underscore: `_var`
[INFO] [stdout] 
[INFO] [stdout] 
[INFO] [stdout] warning: unused variable: `value_idx`
[INFO] [stdout]   --> src/solve/heuristics/variable/variable_random.rs:35:55
[INFO] [stdout]    |
[INFO] [stdout] 35 |     fn delete_decision_callback(&mut self, var: &Var, value_idx: usize, solver: &InnerSolver) {
[INFO] [stdout]    |                                                       ^^^^^^^^^ help: if this is intentional, prefix it with an underscore: `_value_idx`
[INFO] [stdout] 
[INFO] [stdout] 
[INFO] [stdout] warning: unused variable: `solver`
[INFO] [stdout]   --> src/solve/heuristics/variable/variable_random.rs:35:73
[INFO] [stdout]    |
[INFO] [stdout] 35 |     fn delete_decision_callback(&mut self, var: &Var, value_idx: usize, solver: &InnerSolver) {
[INFO] [stdout]    |                                                                         ^^^^^^ help: if this is intentional, prefix it with an underscore: `_solver`
[INFO] [stdout] 
[INFO] [stdout] 
[INFO] [stdout] warning: unused variable: `random`
[INFO] [stdout]   --> src/solve/heuristics/variable/variable_random.rs:47:13
[INFO] [stdout]    |
[INFO] [stdout] 47 |         let random = random::<usize>() % len;
[INFO] [stdout]    |             ^^^^^^ help: if this is intentional, prefix it with an underscore: `_random`
[INFO] [stdout] 
[INFO] [stdout] 
[INFO] [stdout] warning: unused variable: `borrow`
[INFO] [stdout]   --> src/solve/heuristics/variable/variable_random.rs:48:13
[INFO] [stdout]    |
[INFO] [stdout] 48 |         let borrow = solver.borrow();
[INFO] [stdout]    |             ^^^^^^ help: if this is intentional, prefix it with an underscore: `_borrow`
[INFO] [stdout] 
[INFO] [stdout] 
[INFO] [stdout] warning: methods `is_satisfied`, `get_name`, `restore_to_level`, and `get_type` are never used
[INFO] [stdout]   --> src/constraint/constraint.rs:82:8
[INFO] [stdout]    |
[INFO] [stdout] 79 | pub(crate) trait ConstraintTrait: Display + Debug {
[INFO] [stdout]    |                  --------------- methods in this trait
[INFO] [stdout] ...
[INFO] [stdout] 82 |     fn is_satisfied(&self) -> bool;
[INFO] [stdout]    |        ^^^^^^^^^^^^
[INFO] [stdout] 83 |
[INFO] [stdout] 84 |     fn get_name(&self) -> &str;
[INFO] [stdout]    |        ^^^^^^^^
[INFO] [stdout] 85 |
[INFO] [stdout] 86 |     fn restore_to_level(&mut self, level: usize);
[INFO] [stdout]    |        ^^^^^^^^^^^^^^^^
[INFO] [stdout] ...
[INFO] [stdout] 90 |     fn get_type(&self) -> &XConstraintType;
[INFO] [stdout]    |        ^^^^^^^^
[INFO] [stdout]    |
[INFO] [stdout]    = note: `#[warn(dead_code)]` on by default
[INFO] [stdout] 
[INFO] [stdout] 
[INFO] [stdout] warning: methods `initialise`, `filter_by_variable`, `filter_by_arc`, `is_coarse_grained`, `is_fine_grained`, and `restore_to_level` are never used
[INFO] [stdout]   --> src/constraint/propagator.rs:21:8
[INFO] [stdout]    |
[INFO] [stdout] 20 | pub(crate) trait PropagatorTrait: Debug {
[INFO] [stdout]    |                  --------------- methods in this trait
[INFO] [stdout] 21 |     fn initialise(&mut self);
[INFO] [stdout]    |        ^^^^^^^^^^
[INFO] [stdout] 22 |     fn filter_by_variable(&mut self, dummy: &Var) -> Result<usize, &Box<dyn ExceptionTrait>>;
[INFO] [stdout]    |        ^^^^^^^^^^^^^^^^^^
[INFO] [stdout] 23 |     fn filter_by_arc(
[INFO] [stdout]    |        ^^^^^^^^^^^^^
[INFO] [stdout] ...
[INFO] [stdout] 28 |     fn is_coarse_grained(&self) -> bool;
[INFO] [stdout]    |        ^^^^^^^^^^^^^^^^^
[INFO] [stdout] 29 |     fn is_fine_grained(&self) -> bool;
[INFO] [stdout]    |        ^^^^^^^^^^^^^^^
[INFO] [stdout] 30 |     fn restore_to_level(&mut self, level: usize);
[INFO] [stdout]    |        ^^^^^^^^^^^^^^^^
[INFO] [stdout] 
[INFO] [stdout] 
[INFO] [stderr]    Compiling rucos v0.1.0 (/opt/rustwide/workdir)
[INFO] [stdout] warning: method `select_variable` is never used
[INFO] [stdout]   --> src/solve/heuristics/variable/heuristic_variable_trait.rs:23:8
[INFO] [stdout]    |
[INFO] [stdout] 22 | pub trait HeuristicVariableTrait: Debug + NewDecision + DeleteDecision {
[INFO] [stdout]    |           ---------------------- method in this trait
[INFO] [stdout] 23 |     fn select_variable<'a>(&mut self, solver: &'a InnerSolver) -> &'a Var;
[INFO] [stdout]    |        ^^^^^^^^^^^^^^^
[INFO] [stdout] 
[INFO] [stdout] 
[INFO] [stdout] warning: method `select_value` is never used
[INFO] [stdout]   --> src/solve/heuristics/value/heuristic_value_trait.rs:20:8
[INFO] [stdout]    |
[INFO] [stdout] 19 | pub trait HeuristicValueTrait: Debug {
[INFO] [stdout]    |           ------------------- method in this trait
[INFO] [stdout] 20 |     fn select_value(&mut self, var: &Var) -> i32;
[INFO] [stdout]    |        ^^^^^^^^^^^^
[INFO] [stdout] 
[INFO] [stdout] 
[INFO] [stdout] warning: methods `should_restart` and `initialize` are never used
[INFO] [stdout]   --> src/solve/restart/restart_trait.rs:20:8
[INFO] [stdout]    |
[INFO] [stdout] 19 | pub trait RestartTrait: Debug {
[INFO] [stdout]    |           ------------ methods in this trait
[INFO] [stdout] 20 |     fn should_restart(&mut self, solver: &InnerSolver) -> bool;
[INFO] [stdout]    |        ^^^^^^^^^^^^^^
[INFO] [stdout] 21 |
[INFO] [stdout] 22 |     fn initialize(&mut self, solver: &InnerSolver);
[INFO] [stdout]    |        ^^^^^^^^^^
[INFO] [stdout] 
[INFO] [stdout] 
[INFO] [stdout] warning: methods `full_backtrack` and `is_implemented` are never used
[INFO] [stdout]   --> src/solve/callbacks/delete_decision.rs:23:8
[INFO] [stdout]    |
[INFO] [stdout] 20 | pub trait DeleteDecision: Debug {
[INFO] [stdout]    |           -------------- methods in this trait
[INFO] [stdout] ...
[INFO] [stdout] 23 |     fn full_backtrack(&mut self);
[INFO] [stdout]    |        ^^^^^^^^^^^^^^
[INFO] [stdout] 24 |
[INFO] [stdout] 25 |     fn is_implemented(&self) -> bool {
[INFO] [stdout]    |        ^^^^^^^^^^^^^^
[INFO] [stdout] 
[INFO] [stdout] 
[INFO] [stdout] warning: method `is_implemented` is never used
[INFO] [stdout]   --> src/solve/callbacks/domain_reduction.rs:24:8
[INFO] [stdout]    |
[INFO] [stdout] 20 | pub trait DomainReduction: Debug {
[INFO] [stdout]    |           --------------- method in this trait
[INFO] [stdout] ...
[INFO] [stdout] 24 |     fn is_implemented(&self) -> bool {
[INFO] [stdout]    |        ^^^^^^^^^^^^^^
[INFO] [stdout] 
[INFO] [stdout] 
[INFO] [stdout] warning: method `is_implemented` is never used
[INFO] [stdout]   --> src/solve/callbacks/new_decision.rs:22:8
[INFO] [stdout]    |
[INFO] [stdout] 20 | pub trait NewDecision: Debug {
[INFO] [stdout]    |           ----------- method in this trait
[INFO] [stdout] 21 |     fn new_decision_callback(&mut self, var: &Var, solver: &InnerSolver);
[INFO] [stdout] 22 |     fn is_implemented(&self) -> bool {
[INFO] [stdout]    |        ^^^^^^^^^^^^^^
[INFO] [stdout] 
[INFO] [stdout] 
[INFO] [stdout] warning: method `is_implemented` is never used
[INFO] [stdout]   --> src/solve/callbacks/non_consistency.rs:23:8
[INFO] [stdout]    |
[INFO] [stdout] 21 | pub trait NonConsistency: Debug {
[INFO] [stdout]    |           -------------- method in this trait
[INFO] [stdout] 22 |     fn non_consistency_callback(&mut self, cons: &Constraint, level: usize, solver: &InnerSolver);
[INFO] [stdout] 23 |     fn is_implemented(&self) -> bool {
[INFO] [stdout]    |        ^^^^^^^^^^^^^^
[INFO] [stdout] 
[INFO] [stdout] 
[INFO] [stdout] warning: unused import: `Formatter`
[INFO] [stdout]  --> src/solve/heuristics/variable/variable_dom_over_ddeg.rs:6:23
[INFO] [stdout]   |
[INFO] [stdout] 6 | use std::fmt::{Debug, Formatter};
[INFO] [stdout]   |                       ^^^^^^^^^
[INFO] [stdout]   |
[INFO] [stdout]   = note: `#[warn(unused_imports)]` on by default
[INFO] [stdout] 
[INFO] [stdout] 
[INFO] [stdout] warning: unused import: `Formatter`
[INFO] [stdout]  --> src/solve/heuristics/variable/variable_random.rs:7:23
[INFO] [stdout]   |
[INFO] [stdout] 7 | use std::fmt::{Debug, Formatter};
[INFO] [stdout]   |                       ^^^^^^^^^
[INFO] [stdout] 
[INFO] [stdout] 
[INFO] [stdout] warning: unused variable: `var`
[INFO] [stdout]   --> src/solve/heuristics/variable/variable_dom_over_ddeg.rs:27:41
[INFO] [stdout]    |
[INFO] [stdout] 27 |     fn new_decision_callback(&mut self, var: &Var, solver: &InnerSolver) {
[INFO] [stdout]    |                                         ^^^ help: if this is intentional, prefix it with an underscore: `_var`
[INFO] [stdout]    |
[INFO] [stdout]    = note: `#[warn(unused_variables)]` on by default
[INFO] [stdout] 
[INFO] [stdout] 
[INFO] [stdout] warning: unused variable: `solver`
[INFO] [stdout]   --> src/solve/heuristics/variable/variable_dom_over_ddeg.rs:27:52
[INFO] [stdout]    |
[INFO] [stdout] 27 |     fn new_decision_callback(&mut self, var: &Var, solver: &InnerSolver) {
[INFO] [stdout]    |                                                    ^^^^^^ help: if this is intentional, prefix it with an underscore: `_solver`
[INFO] [stdout] 
[INFO] [stdout] 
[INFO] [stdout] warning: unused variable: `var`
[INFO] [stdout]   --> src/solve/heuristics/variable/variable_dom_over_ddeg.rs:37:44
[INFO] [stdout]    |
[INFO] [stdout] 37 |     fn delete_decision_callback(&mut self, var: &Var, value_idx: usize, solver: &InnerSolver) {
[INFO] [stdout]    |                                            ^^^ help: if this is intentional, prefix it with an underscore: `_var`
[INFO] [stdout] 
[INFO] [stdout] 
[INFO] [stdout] warning: unused variable: `value_idx`
[INFO] [stdout]   --> src/solve/heuristics/variable/variable_dom_over_ddeg.rs:37:55
[INFO] [stdout]    |
[INFO] [stdout] 37 |     fn delete_decision_callback(&mut self, var: &Var, value_idx: usize, solver: &InnerSolver) {
[INFO] [stdout]    |                                                       ^^^^^^^^^ help: if this is intentional, prefix it with an underscore: `_value_idx`
[INFO] [stdout] 
[INFO] [stdout] 
[INFO] [stdout] warning: unused variable: `solver`
[INFO] [stdout]   --> src/solve/heuristics/variable/variable_dom_over_ddeg.rs:37:73
[INFO] [stdout]    |
[INFO] [stdout] 37 |     fn delete_decision_callback(&mut self, var: &Var, value_idx: usize, solver: &InnerSolver) {
[INFO] [stdout]    |                                                                         ^^^^^^ help: if this is intentional, prefix it with an underscore: `_solver`
[INFO] [stdout] 
[INFO] [stdout] 
[INFO] [stdout] warning: unused variable: `solver`
[INFO] [stdout]   --> src/solve/heuristics/variable/variable_dom_over_ddeg.rs:51:39
[INFO] [stdout]    |
[INFO] [stdout] 51 |     fn select_variable<'a>(&mut self, solver: &'a InnerSolver) -> &'a Var {
[INFO] [stdout]    |                                       ^^^^^^ help: if this is intentional, prefix it with an underscore: `_solver`
[INFO] [stdout] 
[INFO] [stdout] 
[INFO] [stdout] warning: unused variable: `var`
[INFO] [stdout]   --> src/solve/heuristics/variable/variable_random.rs:29:41
[INFO] [stdout]    |
[INFO] [stdout] 29 |     fn new_decision_callback(&mut self, var: &Var, solver: &InnerSolver) {
[INFO] [stdout]    |                                         ^^^ help: if this is intentional, prefix it with an underscore: `_var`
[INFO] [stdout] 
[INFO] [stdout] 
[INFO] [stdout] warning: unused variable: `solver`
[INFO] [stdout]   --> src/solve/heuristics/variable/variable_random.rs:29:52
[INFO] [stdout]    |
[INFO] [stdout] 29 |     fn new_decision_callback(&mut self, var: &Var, solver: &InnerSolver) {
[INFO] [stdout]    |                                                    ^^^^^^ help: if this is intentional, prefix it with an underscore: `_solver`
[INFO] [stdout] 
[INFO] [stdout] 
[INFO] [stdout] warning: unused variable: `var`
[INFO] [stdout]   --> src/solve/heuristics/variable/variable_random.rs:35:44
[INFO] [stdout]    |
[INFO] [stdout] 35 |     fn delete_decision_callback(&mut self, var: &Var, value_idx: usize, solver: &InnerSolver) {
[INFO] [stdout]    |                                            ^^^ help: if this is intentional, prefix it with an underscore: `_var`
[INFO] [stdout] 
[INFO] [stdout] 
[INFO] [stdout] warning: unused variable: `value_idx`
[INFO] [stdout]   --> src/solve/heuristics/variable/variable_random.rs:35:55
[INFO] [stdout]    |
[INFO] [stdout] 35 |     fn delete_decision_callback(&mut self, var: &Var, value_idx: usize, solver: &InnerSolver) {
[INFO] [stdout]    |                                                       ^^^^^^^^^ help: if this is intentional, prefix it with an underscore: `_value_idx`
[INFO] [stdout] 
[INFO] [stdout] 
[INFO] [stdout] warning: unused variable: `solver`
[INFO] [stdout]   --> src/solve/heuristics/variable/variable_random.rs:35:73
[INFO] [stdout]    |
[INFO] [stdout] 35 |     fn delete_decision_callback(&mut self, var: &Var, value_idx: usize, solver: &InnerSolver) {
[INFO] [stdout]    |                                                                         ^^^^^^ help: if this is intentional, prefix it with an underscore: `_solver`
[INFO] [stdout] 
[INFO] [stdout] 
[INFO] [stdout] warning: unused variable: `random`
[INFO] [stdout]   --> src/solve/heuristics/variable/variable_random.rs:47:13
[INFO] [stdout]    |
[INFO] [stdout] 47 |         let random = random::<usize>() % len;
[INFO] [stdout]    |             ^^^^^^ help: if this is intentional, prefix it with an underscore: `_random`
[INFO] [stdout] 
[INFO] [stdout] 
[INFO] [stdout] warning: unused variable: `borrow`
[INFO] [stdout]   --> src/solve/heuristics/variable/variable_random.rs:48:13
[INFO] [stdout]    |
[INFO] [stdout] 48 |         let borrow = solver.borrow();
[INFO] [stdout]    |             ^^^^^^ help: if this is intentional, prefix it with an underscore: `_borrow`
[INFO] [stdout] 
[INFO] [stdout] 
[INFO] [stdout] warning: methods `is_satisfied`, `get_name`, `restore_to_level`, and `get_type` are never used
[INFO] [stdout]   --> src/constraint/constraint.rs:82:8
[INFO] [stdout]    |
[INFO] [stdout] 79 | pub(crate) trait ConstraintTrait: Display + Debug {
[INFO] [stdout]    |                  --------------- methods in this trait
[INFO] [stdout] ...
[INFO] [stdout] 82 |     fn is_satisfied(&self) -> bool;
[INFO] [stdout]    |        ^^^^^^^^^^^^
[INFO] [stdout] 83 |
[INFO] [stdout] 84 |     fn get_name(&self) -> &str;
[INFO] [stdout]    |        ^^^^^^^^
[INFO] [stdout] 85 |
[INFO] [stdout] 86 |     fn restore_to_level(&mut self, level: usize);
[INFO] [stdout]    |        ^^^^^^^^^^^^^^^^
[INFO] [stdout] ...
[INFO] [stdout] 90 |     fn get_type(&self) -> &XConstraintType;
[INFO] [stdout]    |        ^^^^^^^^
[INFO] [stdout]    |
[INFO] [stdout]    = note: `#[warn(dead_code)]` on by default
[INFO] [stdout] 
[INFO] [stdout] 
[INFO] [stdout] warning: methods `initialise`, `filter_by_variable`, `filter_by_arc`, `is_coarse_grained`, `is_fine_grained`, and `restore_to_level` are never used
[INFO] [stdout]   --> src/constraint/propagator.rs:21:8
[INFO] [stdout]    |
[INFO] [stdout] 20 | pub(crate) trait PropagatorTrait: Debug {
[INFO] [stdout]    |                  --------------- methods in this trait
[INFO] [stdout] 21 |     fn initialise(&mut self);
[INFO] [stdout]    |        ^^^^^^^^^^
[INFO] [stdout] 22 |     fn filter_by_variable(&mut self, dummy: &Var) -> Result<usize, &Box<dyn ExceptionTrait>>;
[INFO] [stdout]    |        ^^^^^^^^^^^^^^^^^^
[INFO] [stdout] 23 |     fn filter_by_arc(
[INFO] [stdout]    |        ^^^^^^^^^^^^^
[INFO] [stdout] ...
[INFO] [stdout] 28 |     fn is_coarse_grained(&self) -> bool;
[INFO] [stdout]    |        ^^^^^^^^^^^^^^^^^
[INFO] [stdout] 29 |     fn is_fine_grained(&self) -> bool;
[INFO] [stdout]    |        ^^^^^^^^^^^^^^^
[INFO] [stdout] 30 |     fn restore_to_level(&mut self, level: usize);
[INFO] [stdout]    |        ^^^^^^^^^^^^^^^^
[INFO] [stdout] 
[INFO] [stdout] 
[INFO] [stdout] warning: method `select_variable` is never used
[INFO] [stdout]   --> src/solve/heuristics/variable/heuristic_variable_trait.rs:23:8
[INFO] [stdout]    |
[INFO] [stdout] 22 | pub trait HeuristicVariableTrait: Debug + NewDecision + DeleteDecision {
[INFO] [stdout]    |           ---------------------- method in this trait
[INFO] [stdout] 23 |     fn select_variable<'a>(&mut self, solver: &'a InnerSolver) -> &'a Var;
[INFO] [stdout]    |        ^^^^^^^^^^^^^^^
[INFO] [stdout] 
[INFO] [stdout] 
[INFO] [stdout] warning: method `select_value` is never used
[INFO] [stdout]   --> src/solve/heuristics/value/heuristic_value_trait.rs:20:8
[INFO] [stdout]    |
[INFO] [stdout] 19 | pub trait HeuristicValueTrait: Debug {
[INFO] [stdout]    |           ------------------- method in this trait
[INFO] [stdout] 20 |     fn select_value(&mut self, var: &Var) -> i32;
[INFO] [stdout]    |        ^^^^^^^^^^^^
[INFO] [stdout] 
[INFO] [stdout] 
[INFO] [stdout] warning: methods `should_restart` and `initialize` are never used
[INFO] [stdout]   --> src/solve/restart/restart_trait.rs:20:8
[INFO] [stdout]    |
[INFO] [stdout] 19 | pub trait RestartTrait: Debug {
[INFO] [stdout]    |           ------------ methods in this trait
[INFO] [stdout] 20 |     fn should_restart(&mut self, solver: &InnerSolver) -> bool;
[INFO] [stdout]    |        ^^^^^^^^^^^^^^
[INFO] [stdout] 21 |
[INFO] [stdout] 22 |     fn initialize(&mut self, solver: &InnerSolver);
[INFO] [stdout]    |        ^^^^^^^^^^
[INFO] [stdout] 
[INFO] [stdout] 
[INFO] [stdout] warning: methods `full_backtrack` and `is_implemented` are never used
[INFO] [stdout]   --> src/solve/callbacks/delete_decision.rs:23:8
[INFO] [stdout]    |
[INFO] [stdout] 20 | pub trait DeleteDecision: Debug {
[INFO] [stdout]    |           -------------- methods in this trait
[INFO] [stdout] ...
[INFO] [stdout] 23 |     fn full_backtrack(&mut self);
[INFO] [stdout]    |        ^^^^^^^^^^^^^^
[INFO] [stdout] 24 |
[INFO] [stdout] 25 |     fn is_implemented(&self) -> bool {
[INFO] [stdout]    |        ^^^^^^^^^^^^^^
[INFO] [stdout] 
[INFO] [stdout] 
[INFO] [stdout] warning: method `is_implemented` is never used
[INFO] [stdout]   --> src/solve/callbacks/domain_reduction.rs:24:8
[INFO] [stdout]    |
[INFO] [stdout] 20 | pub trait DomainReduction: Debug {
[INFO] [stdout]    |           --------------- method in this trait
[INFO] [stdout] ...
[INFO] [stdout] 24 |     fn is_implemented(&self) -> bool {
[INFO] [stdout]    |        ^^^^^^^^^^^^^^
[INFO] [stdout] 
[INFO] [stdout] 
[INFO] [stdout] warning: method `is_implemented` is never used
[INFO] [stdout]   --> src/solve/callbacks/new_decision.rs:22:8
[INFO] [stdout]    |
[INFO] [stdout] 20 | pub trait NewDecision: Debug {
[INFO] [stdout]    |           ----------- method in this trait
[INFO] [stdout] 21 |     fn new_decision_callback(&mut self, var: &Var, solver: &InnerSolver);
[INFO] [stdout] 22 |     fn is_implemented(&self) -> bool {
[INFO] [stdout]    |        ^^^^^^^^^^^^^^
[INFO] [stdout] 
[INFO] [stdout] 
[INFO] [stdout] warning: method `is_implemented` is never used
[INFO] [stdout]   --> src/solve/callbacks/non_consistency.rs:23:8
[INFO] [stdout]    |
[INFO] [stdout] 21 | pub trait NonConsistency: Debug {
[INFO] [stdout]    |           -------------- method in this trait
[INFO] [stdout] 22 |     fn non_consistency_callback(&mut self, cons: &Constraint, level: usize, solver: &InnerSolver);
[INFO] [stdout] 23 |     fn is_implemented(&self) -> bool {
[INFO] [stdout]    |        ^^^^^^^^^^^^^^
[INFO] [stdout] 
[INFO] [stdout] 
[INFO] [stderr]     Finished `test` profile [unoptimized + debuginfo] target(s) in 1.55s
[INFO] running `Command { std: "docker" "inspect" "dbf3479bf27d92debd8a2f9240d0dccc300d8ff948eb781f6f3d9b9dba093ff1", kill_on_drop: false }`
[INFO] running `Command { std: "docker" "rm" "-f" "dbf3479bf27d92debd8a2f9240d0dccc300d8ff948eb781f6f3d9b9dba093ff1", kill_on_drop: false }`
[INFO] [stdout] dbf3479bf27d92debd8a2f9240d0dccc300d8ff948eb781f6f3d9b9dba093ff1
[INFO] running `Command { std: "docker" "create" "-v" "/var/lib/crater-agent-workspace/builds/worker-4-tc2/target:/opt/rustwide/target:rw,Z" "-v" "/var/lib/crater-agent-workspace/builds/worker-4-tc2/source:/opt/rustwide/workdir:ro,Z" "-v" "/var/lib/crater-agent-workspace/cargo-home:/opt/rustwide/cargo-home:ro,Z" "-v" "/var/lib/crater-agent-workspace/rustup-home:/opt/rustwide/rustup-home:ro,Z" "-e" "SOURCE_DIR=/opt/rustwide/workdir" "-e" "CARGO_TARGET_DIR=/opt/rustwide/target" "-e" "CARGO_INCREMENTAL=0" "-e" "RUST_BACKTRACE=full" "-e" "RUSTFLAGS=--cap-lints=warn" "-e" "RUSTDOCFLAGS=--cap-lints=warn" "-e" "CARGO_HOME=/opt/rustwide/cargo-home" "-e" "RUSTUP_HOME=/opt/rustwide/rustup-home" "-w" "/opt/rustwide/workdir" "-m" "1610612736" "--user" "0:0" "--network" "none" "ghcr.io/rust-lang/crates-build-env/linux@sha256:f3a9d4ad9d972b27faf3965f35b62e55ba32bbce8f20bc8fe909558a86702fde" "/opt/rustwide/cargo-home/bin/cargo" "+beta-2024-12-08" "test" "--frozen", kill_on_drop: false }`
[INFO] [stdout] 6802336e6df4cd962242c54748b49c63ecca3119797041171fc3ece2ed42e2aa
[INFO] running `Command { std: "docker" "start" "-a" "6802336e6df4cd962242c54748b49c63ecca3119797041171fc3ece2ed42e2aa", kill_on_drop: false }`
[INFO] [stderr] warning: unused import: `Formatter`
[INFO] [stderr]  --> src/solve/heuristics/variable/variable_dom_over_ddeg.rs:6:23
[INFO] [stderr]   |
[INFO] [stderr] 6 | use std::fmt::{Debug, Formatter};
[INFO] [stderr]   |                       ^^^^^^^^^
[INFO] [stderr]   |
[INFO] [stderr]   = note: `#[warn(unused_imports)]` on by default
[INFO] [stderr] 
[INFO] [stderr] warning: unused import: `Formatter`
[INFO] [stderr]  --> src/solve/heuristics/variable/variable_random.rs:7:23
[INFO] [stderr]   |
[INFO] [stderr] 7 | use std::fmt::{Debug, Formatter};
[INFO] [stderr]   |                       ^^^^^^^^^
[INFO] [stderr] 
[INFO] [stderr] warning: unused variable: `var`
[INFO] [stderr]   --> src/solve/heuristics/variable/variable_dom_over_ddeg.rs:27:41
[INFO] [stderr]    |
[INFO] [stderr] 27 |     fn new_decision_callback(&mut self, var: &Var, solver: &InnerSolver) {
[INFO] [stderr]    |                                         ^^^ help: if this is intentional, prefix it with an underscore: `_var`
[INFO] [stderr]    |
[INFO] [stderr]    = note: `#[warn(unused_variables)]` on by default
[INFO] [stderr] 
[INFO] [stderr] warning: unused variable: `solver`
[INFO] [stderr]   --> src/solve/heuristics/variable/variable_dom_over_ddeg.rs:27:52
[INFO] [stderr]    |
[INFO] [stderr] 27 |     fn new_decision_callback(&mut self, var: &Var, solver: &InnerSolver) {
[INFO] [stderr]    |                                                    ^^^^^^ help: if this is intentional, prefix it with an underscore: `_solver`
[INFO] [stderr] 
[INFO] [stderr] warning: unused variable: `var`
[INFO] [stderr]   --> src/solve/heuristics/variable/variable_dom_over_ddeg.rs:37:44
[INFO] [stderr]    |
[INFO] [stderr] 37 |     fn delete_decision_callback(&mut self, var: &Var, value_idx: usize, solver: &InnerSolver) {
[INFO] [stderr]    |                                            ^^^ help: if this is intentional, prefix it with an underscore: `_var`
[INFO] [stderr] 
[INFO] [stderr] warning: unused variable: `value_idx`
[INFO] [stderr]   --> src/solve/heuristics/variable/variable_dom_over_ddeg.rs:37:55
[INFO] [stderr]    |
[INFO] [stderr] 37 |     fn delete_decision_callback(&mut self, var: &Var, value_idx: usize, solver: &InnerSolver) {
[INFO] [stderr]    |                                                       ^^^^^^^^^ help: if this is intentional, prefix it with an underscore: `_value_idx`
[INFO] [stderr] 
[INFO] [stderr] warning: unused variable: `solver`
[INFO] [stderr]   --> src/solve/heuristics/variable/variable_dom_over_ddeg.rs:37:73
[INFO] [stderr]    |
[INFO] [stderr] 37 |     fn delete_decision_callback(&mut self, var: &Var, value_idx: usize, solver: &InnerSolver) {
[INFO] [stderr]    |                                                                         ^^^^^^ help: if this is intentional, prefix it with an underscore: `_solver`
[INFO] [stderr] 
[INFO] [stderr] warning: unused variable: `solver`
[INFO] [stderr]   --> src/solve/heuristics/variable/variable_dom_over_ddeg.rs:51:39
[INFO] [stderr]    |
[INFO] [stderr] 51 |     fn select_variable<'a>(&mut self, solver: &'a InnerSolver) -> &'a Var {
[INFO] [stderr]    |                                       ^^^^^^ help: if this is intentional, prefix it with an underscore: `_solver`
[INFO] [stderr] 
[INFO] [stderr] warning: unused variable: `var`
[INFO] [stderr]   --> src/solve/heuristics/variable/variable_random.rs:29:41
[INFO] [stderr]    |
[INFO] [stderr] 29 |     fn new_decision_callback(&mut self, var: &Var, solver: &InnerSolver) {
[INFO] [stderr]    |                                         ^^^ help: if this is intentional, prefix it with an underscore: `_var`
[INFO] [stderr] 
[INFO] [stderr] warning: unused variable: `solver`
[INFO] [stderr]   --> src/solve/heuristics/variable/variable_random.rs:29:52
[INFO] [stderr]    |
[INFO] [stderr] 29 |     fn new_decision_callback(&mut self, var: &Var, solver: &InnerSolver) {
[INFO] [stderr]    |                                                    ^^^^^^ help: if this is intentional, prefix it with an underscore: `_solver`
[INFO] [stderr] 
[INFO] [stderr] warning: unused variable: `var`
[INFO] [stderr]   --> src/solve/heuristics/variable/variable_random.rs:35:44
[INFO] [stderr]    |
[INFO] [stderr] 35 |     fn delete_decision_callback(&mut self, var: &Var, value_idx: usize, solver: &InnerSolver) {
[INFO] [stderr]    |                                            ^^^ help: if this is intentional, prefix it with an underscore: `_var`
[INFO] [stderr] 
[INFO] [stderr] warning: unused variable: `value_idx`
[INFO] [stderr]   --> src/solve/heuristics/variable/variable_random.rs:35:55
[INFO] [stderr]    |
[INFO] [stderr] 35 |     fn delete_decision_callback(&mut self, var: &Var, value_idx: usize, solver: &InnerSolver) {
[INFO] [stderr]    |                                                       ^^^^^^^^^ help: if this is intentional, prefix it with an underscore: `_value_idx`
[INFO] [stderr] 
[INFO] [stderr] warning: unused variable: `solver`
[INFO] [stderr]   --> src/solve/heuristics/variable/variable_random.rs:35:73
[INFO] [stderr]    |
[INFO] [stderr] 35 |     fn delete_decision_callback(&mut self, var: &Var, value_idx: usize, solver: &InnerSolver) {
[INFO] [stderr]    |                                                                         ^^^^^^ help: if this is intentional, prefix it with an underscore: `_solver`
[INFO] [stderr] 
[INFO] [stderr] warning: unused variable: `random`
[INFO] [stderr]   --> src/solve/heuristics/variable/variable_random.rs:47:13
[INFO] [stderr]    |
[INFO] [stderr] 47 |         let random = random::<usize>() % len;
[INFO] [stderr]    |             ^^^^^^ help: if this is intentional, prefix it with an underscore: `_random`
[INFO] [stderr] 
[INFO] [stderr] warning: unused variable: `borrow`
[INFO] [stderr]   --> src/solve/heuristics/variable/variable_random.rs:48:13
[INFO] [stderr]    |
[INFO] [stderr] 48 |         let borrow = solver.borrow();
[INFO] [stderr]    |             ^^^^^^ help: if this is intentional, prefix it with an underscore: `_borrow`
[INFO] [stderr] 
[INFO] [stderr] warning: methods `is_satisfied`, `get_name`, `restore_to_level`, and `get_type` are never used
[INFO] [stderr]   --> src/constraint/constraint.rs:82:8
[INFO] [stderr]    |
[INFO] [stderr] 79 | pub(crate) trait ConstraintTrait: Display + Debug {
[INFO] [stderr]    |                  --------------- methods in this trait
[INFO] [stderr] ...
[INFO] [stderr] 82 |     fn is_satisfied(&self) -> bool;
[INFO] [stderr]    |        ^^^^^^^^^^^^
[INFO] [stderr] 83 |
[INFO] [stderr] 84 |     fn get_name(&self) -> &str;
[INFO] [stderr]    |        ^^^^^^^^
[INFO] [stderr] 85 |
[INFO] [stderr] 86 |     fn restore_to_level(&mut self, level: usize);
[INFO] [stderr]    |        ^^^^^^^^^^^^^^^^
[INFO] [stderr] ...
[INFO] [stderr] 90 |     fn get_type(&self) -> &XConstraintType;
[INFO] [stderr]    |        ^^^^^^^^
[INFO] [stderr]    |
[INFO] [stderr]    = note: `#[warn(dead_code)]` on by default
[INFO] [stderr] 
[INFO] [stderr] warning: methods `initialise`, `filter_by_variable`, `filter_by_arc`, `is_coarse_grained`, `is_fine_grained`, and `restore_to_level` are never used
[INFO] [stderr]   --> src/constraint/propagator.rs:21:8
[INFO] [stderr]    |
[INFO] [stderr] 20 | pub(crate) trait PropagatorTrait: Debug {
[INFO] [stderr]    |                  --------------- methods in this trait
[INFO] [stderr] 21 |     fn initialise(&mut self);
[INFO] [stderr]    |        ^^^^^^^^^^
[INFO] [stderr] 22 |     fn filter_by_variable(&mut self, dummy: &Var) -> Result<usize, &Box<dyn ExceptionTrait>>;
[INFO] [stderr]    |        ^^^^^^^^^^^^^^^^^^
[INFO] [stderr] 23 |     fn filter_by_arc(
[INFO] [stderr]    |        ^^^^^^^^^^^^^
[INFO] [stderr] ...
[INFO] [stderr] 28 |     fn is_coarse_grained(&self) -> bool;
[INFO] [stderr]    |        ^^^^^^^^^^^^^^^^^
[INFO] [stderr] 29 |     fn is_fine_grained(&self) -> bool;
[INFO] [stderr]    |        ^^^^^^^^^^^^^^^
[INFO] [stderr] 30 |     fn restore_to_level(&mut self, level: usize);
[INFO] [stderr]    |        ^^^^^^^^^^^^^^^^
[INFO] [stderr] 
[INFO] [stderr] warning: method `select_variable` is never used
[INFO] [stderr]   --> src/solve/heuristics/variable/heuristic_variable_trait.rs:23:8
[INFO] [stderr]    |
[INFO] [stderr] 22 | pub trait HeuristicVariableTrait: Debug + NewDecision + DeleteDecision {
[INFO] [stderr]    |           ---------------------- method in this trait
[INFO] [stderr] 23 |     fn select_variable<'a>(&mut self, solver: &'a InnerSolver) -> &'a Var;
[INFO] [stderr]    |        ^^^^^^^^^^^^^^^
[INFO] [stderr] 
[INFO] [stderr] warning: method `select_value` is never used
[INFO] [stderr]   --> src/solve/heuristics/value/heuristic_value_trait.rs:20:8
[INFO] [stderr]    |
[INFO] [stderr] 19 | pub trait HeuristicValueTrait: Debug {
[INFO] [stderr]    |           ------------------- method in this trait
[INFO] [stderr] 20 |     fn select_value(&mut self, var: &Var) -> i32;
[INFO] [stderr]    |        ^^^^^^^^^^^^
[INFO] [stderr] 
[INFO] [stderr] warning: methods `should_restart` and `initialize` are never used
[INFO] [stderr]   --> src/solve/restart/restart_trait.rs:20:8
[INFO] [stderr]    |
[INFO] [stderr] 19 | pub trait RestartTrait: Debug {
[INFO] [stderr]    |           ------------ methods in this trait
[INFO] [stderr] 20 |     fn should_restart(&mut self, solver: &InnerSolver) -> bool;
[INFO] [stderr]    |        ^^^^^^^^^^^^^^
[INFO] [stderr] 21 |
[INFO] [stderr] 22 |     fn initialize(&mut self, solver: &InnerSolver);
[INFO] [stderr]    |        ^^^^^^^^^^
[INFO] [stderr] 
[INFO] [stderr] warning: methods `full_backtrack` and `is_implemented` are never used
[INFO] [stderr]   --> src/solve/callbacks/delete_decision.rs:23:8
[INFO] [stderr]    |
[INFO] [stderr] 20 | pub trait DeleteDecision: Debug {
[INFO] [stderr]    |           -------------- methods in this trait
[INFO] [stderr] ...
[INFO] [stderr] 23 |     fn full_backtrack(&mut self);
[INFO] [stderr]    |        ^^^^^^^^^^^^^^
[INFO] [stderr] 24 |
[INFO] [stderr] 25 |     fn is_implemented(&self) -> bool {
[INFO] [stderr]    |        ^^^^^^^^^^^^^^
[INFO] [stderr] 
[INFO] [stderr] warning: method `is_implemented` is never used
[INFO] [stderr]   --> src/solve/callbacks/domain_reduction.rs:24:8
[INFO] [stderr]    |
[INFO] [stderr] 20 | pub trait DomainReduction: Debug {
[INFO] [stderr]    |           --------------- method in this trait
[INFO] [stderr] ...
[INFO] [stderr] 24 |     fn is_implemented(&self) -> bool {
[INFO] [stderr]    |        ^^^^^^^^^^^^^^
[INFO] [stderr] 
[INFO] [stderr] warning: method `is_implemented` is never used
[INFO] [stderr]   --> src/solve/callbacks/new_decision.rs:22:8
[INFO] [stderr]    |
[INFO] [stderr] 20 | pub trait NewDecision: Debug {
[INFO] [stderr]    |           ----------- method in this trait
[INFO] [stderr] 21 |     fn new_decision_callback(&mut self, var: &Var, solver: &InnerSolver);
[INFO] [stderr] 22 |     fn is_implemented(&self) -> bool {
[INFO] [stderr]    |        ^^^^^^^^^^^^^^
[INFO] [stderr] 
[INFO] [stderr] warning: method `is_implemented` is never used
[INFO] [stderr]   --> src/solve/callbacks/non_consistency.rs:23:8
[INFO] [stderr]    |
[INFO] [stderr] 21 | pub trait NonConsistency: Debug {
[INFO] [stderr]    |           -------------- method in this trait
[INFO] [stderr] 22 |     fn non_consistency_callback(&mut self, cons: &Constraint, level: usize, solver: &InnerSolver);
[INFO] [stderr] 23 |     fn is_implemented(&self) -> bool {
[INFO] [stderr]    |        ^^^^^^^^^^^^^^
[INFO] [stderr] 
[INFO] [stderr] warning: `rucos` (lib) generated 24 warnings (run `cargo fix --lib -p rucos` to apply 2 suggestions)
[INFO] [stderr] warning: `rucos` (lib test) generated 24 warnings (24 duplicates)
[INFO] [stderr]     Finished `test` profile [unoptimized + debuginfo] target(s) in 0.04s
[INFO] [stderr]      Running unittests src/lib.rs (/opt/rustwide/target/debug/deps/rucos-6032b39ebcf39b9e)
[INFO] [stdout] 
[INFO] [stderr]      Running tests/lib.rs (/opt/rustwide/target/debug/deps/rucos_test-a1367a756648703d)
[INFO] [stdout] running 0 tests
[INFO] [stdout] 
[INFO] [stdout] test result: ok. 0 passed; 0 failed; 0 ignored; 0 measured; 0 filtered out; finished in 0.00s
[INFO] [stdout] 
[INFO] [stdout] 
[INFO] [stdout] running 43 tests
[INFO] [stdout] test exception::test_factory ... ok
[INFO] [stdout] test problem::problem::add ... ok
[INFO] [stdout] test utils::bit_set_test::and ... ok
[INFO] [stdout] test utils::bit_set_test::add ... ok
[INFO] [stdout] test utils::bit_set_test::delete ... ok
[INFO] [stdout] test utils::bit_set_test::fmt ... ok
[INFO] [stdout] test utils::bit_set_test::equals ... ok
[INFO] [stdout] test utils::bit_set_test::contain ... ok
[INFO] [stdout] test utils::bit_set_test::size ... ok
[INFO] [stdout] test utils::bit_set_test::xor ... ok
[INFO] [stdout] test utils::bit_set_test::new ... ok
[INFO] [stdout] test utils::bit_set_test::or ... ok
[INFO] [stdout] test utils::linked_set_test::clone ... ok
[INFO] [stdout] test utils::linked_set_test::delete ... ok
[INFO] [stdout] test utils::spare_set_counter_test::clone ... ok
[INFO] [stdout] test utils::spare_set_of_template_test::new ... ok
[INFO] [stdout] test utils::linked_set_test::size ... ok
[INFO] [stdout] test utils::spare_set_test::is_empty ... ok
[INFO] [stdout] test utils::linked_set_test::contain ... ok
[INFO] [stdout] test utils::spare_set_test::index ... ok
[INFO] [stdout] test utils::spare_set_test::reduce_to ... ok
[INFO] [stdout] test utils::linked_set_test::is_empty ... ok
[INFO] [stdout] test utils::spare_set_test::clone ... ok
[INFO] [stdout] test utils::spare_set_test::contain ... ok
[INFO] [stdout] test utils::spare_set_test::delete ... ok
[INFO] [stdout] test utils::spare_set_of_multi_level_test::add ... ok
[INFO] [stdout] test utils::spare_set_test::get_position ... ok
[INFO] [stdout] test utils::spare_set_test::size ... ok
[INFO] [stdout] test variable::domain::domain::delete ... ok
[INFO] [stdout] test variable::domain::domain::is_boolean ... ok
[INFO] [stdout] test variable::domain::domain::max_min ... ok
[INFO] [stdout] test variable::domain::domain::new ... ok
[INFO] [stdout] test variable::domain::domain::reduce ... ok
[INFO] [stdout] test variable::domain::domain::restore ... ok
[INFO] [stdout] test variable::variable::new ... ok
[INFO] [stdout] test utils::spare_set_counter_test::counter ... ok
[INFO] [stdout] test variable::domain::domain::update_bound ... ok
[INFO] [stdout] test utils::linked_set_test::add ... FAILED
[INFO] [stdout] test utils::linked_set_test::add_over_max - should panic ... ok
[INFO] [stdout] test utils::linked_set_test::reduce_to ... FAILED
[INFO] [stdout] test utils::spare_set_counter_test::add ... FAILED
[INFO] [stdout] test utils::spare_set_test::add ... FAILED
[INFO] [stdout] test utils::spare_set_test::add_over_max - should panic ... ok
[INFO] [stdout] 
[INFO] [stdout] failures:
[INFO] [stdout] 
[INFO] [stdout] ---- utils::linked_set_test::add stdout ----
[INFO] [stdout] thread 'utils::linked_set_test::add' panicked at tests/utils/linked_set_test.rs:22:5:
[INFO] [stdout] assertion `left == right` failed
[INFO] [stdout]   left: "elements[ 0, 1, 2, 3, 4, ] deleted[]\n"
[INFO] [stdout]  right: "elements[ 0, 1, 2, 3, 4, ] deleted[]"
[INFO] [stdout] stack backtrace:
[INFO] [stdout]    0:     0x6129503fb82a - std::backtrace_rs::backtrace::libunwind::trace::h8810477743020387
[INFO] [stdout]                                at /rustc/202008a1b8de96d2e5b6bc02d379db03a877d34d/library/std/src/../../backtrace/src/backtrace/libunwind.rs:116:5
[INFO] [stdout]    1:     0x6129503fb82a - std::backtrace_rs::backtrace::trace_unsynchronized::h3aa55355dd6c54a6
[INFO] [stdout]                                at /rustc/202008a1b8de96d2e5b6bc02d379db03a877d34d/library/std/src/../../backtrace/src/backtrace/mod.rs:66:5
[INFO] [stdout]    2:     0x6129503fb82a - std::sys::backtrace::_print_fmt::h8588b0f62410823f
[INFO] [stdout]                                at /rustc/202008a1b8de96d2e5b6bc02d379db03a877d34d/library/std/src/sys/backtrace.rs:66:9
[INFO] [stdout]    3:     0x6129503fb82a - <std::sys::backtrace::BacktraceLock::print::DisplayBacktrace as core::fmt::Display>::fmt::h98c26ac25ffe89bb
[INFO] [stdout]                                at /rustc/202008a1b8de96d2e5b6bc02d379db03a877d34d/library/std/src/sys/backtrace.rs:39:26
[INFO] [stdout]    4:     0x612950421353 - core::fmt::rt::Argument::fmt::hf95377f4aebd453b
[INFO] [stdout]                                at /rustc/202008a1b8de96d2e5b6bc02d379db03a877d34d/library/core/src/fmt/rt.rs:177:76
[INFO] [stdout]    5:     0x612950421353 - core::fmt::write::h0dd5f6e2238c7982
[INFO] [stdout]                                at /rustc/202008a1b8de96d2e5b6bc02d379db03a877d34d/library/core/src/fmt/mod.rs:1189:21
[INFO] [stdout]    6:     0x6129503f89c3 - std::io::Write::write_fmt::h03bb0ca26e6faf8c
[INFO] [stdout]                                at /rustc/202008a1b8de96d2e5b6bc02d379db03a877d34d/library/std/src/io/mod.rs:1884:15
[INFO] [stdout]    7:     0x6129503fb672 - std::sys::backtrace::BacktraceLock::print::h5c19c1c038ee186d
[INFO] [stdout]                                at /rustc/202008a1b8de96d2e5b6bc02d379db03a877d34d/library/std/src/sys/backtrace.rs:42:9
[INFO] [stdout]    8:     0x6129503fccad - std::panicking::default_hook::{{closure}}::h77172f079a1fcb13
[INFO] [stdout]                                at /rustc/202008a1b8de96d2e5b6bc02d379db03a877d34d/library/std/src/panicking.rs:268:22
[INFO] [stdout]    9:     0x6129503fcab7 - std::panicking::default_hook::he5f8e3b203ccddba
[INFO] [stdout]                                at /rustc/202008a1b8de96d2e5b6bc02d379db03a877d34d/library/std/src/panicking.rs:292:9
[INFO] [stdout]   10:     0x612950361627 - <alloc::boxed::Box<F,A> as core::ops::function::Fn<Args>>::call::h7a3c7b4a1ae77f2f
[INFO] [stdout]                                at /rustc/202008a1b8de96d2e5b6bc02d379db03a877d34d/library/alloc/src/boxed.rs:1986:9
[INFO] [stdout]   11:     0x612950361627 - test::test_main::{{closure}}::hf0d3b69ae9b353d1
[INFO] [stdout]                                at /rustc/202008a1b8de96d2e5b6bc02d379db03a877d34d/library/test/src/lib.rs:134:21
[INFO] [stdout]   12:     0x6129503fd358 - <alloc::boxed::Box<F,A> as core::ops::function::Fn<Args>>::call::h6332e82e7b189abd
[INFO] [stdout]                                at /rustc/202008a1b8de96d2e5b6bc02d379db03a877d34d/library/alloc/src/boxed.rs:1986:9
[INFO] [stdout]   13:     0x6129503fd358 - std::panicking::rust_panic_with_hook::h53863d4e9018df39
[INFO] [stdout]                                at /rustc/202008a1b8de96d2e5b6bc02d379db03a877d34d/library/std/src/panicking.rs:809:13
[INFO] [stdout]   14:     0x6129503fd11a - std::panicking::begin_panic_handler::{{closure}}::h67280e6fa0757873
[INFO] [stdout]                                at /rustc/202008a1b8de96d2e5b6bc02d379db03a877d34d/library/std/src/panicking.rs:674:13
[INFO] [stdout]   15:     0x6129503fbd09 - std::sys::backtrace::__rust_end_short_backtrace::h1dac3f54d6fbbeb2
[INFO] [stdout]                                at /rustc/202008a1b8de96d2e5b6bc02d379db03a877d34d/library/std/src/sys/backtrace.rs:170:18
[INFO] [stdout]   16:     0x6129503fcdac - rust_begin_unwind
[INFO] [stdout]                                at /rustc/202008a1b8de96d2e5b6bc02d379db03a877d34d/library/std/src/panicking.rs:665:5
[INFO] [stdout]   17:     0x61295030f080 - core::panicking::panic_fmt::h6792bd1b2bf01041
[INFO] [stdout]                                at /rustc/202008a1b8de96d2e5b6bc02d379db03a877d34d/library/core/src/panicking.rs:76:14
[INFO] [stdout]   18:     0x61295030f484 - core::panicking::assert_failed_inner::hf2c17e6d30928787
[INFO] [stdout]   19:     0x61295031a7de - core::panicking::assert_failed::h9057f4f4287f3165
[INFO] [stdout]                                at /rustc/202008a1b8de96d2e5b6bc02d379db03a877d34d/library/core/src/panicking.rs:373:5
[INFO] [stdout]   20:     0x612950313618 - rucos_test::utils::linked_set_test::add::h301cb531ddb83d3f
[INFO] [stdout]                                at /opt/rustwide/workdir/tests/utils/linked_set_test.rs:22:5
[INFO] [stdout]   21:     0x612950313507 - rucos_test::utils::linked_set_test::add::{{closure}}::hdc8c7c797b41fd6d
[INFO] [stdout]                                at /opt/rustwide/workdir/tests/utils/linked_set_test.rs:20:9
[INFO] [stdout]   22:     0x6129503197c6 - core::ops::function::FnOnce::call_once::h20daa93d7b9c0cd0
[INFO] [stdout]                                at /rustc/202008a1b8de96d2e5b6bc02d379db03a877d34d/library/core/src/ops/function.rs:250:5
[INFO] [stdout]   23:     0x61295036614b - core::ops::function::FnOnce::call_once::h871bf86719ec9aa4
[INFO] [stdout]                                at /rustc/202008a1b8de96d2e5b6bc02d379db03a877d34d/library/core/src/ops/function.rs:250:5
[INFO] [stdout]   24:     0x61295036614b - test::__rust_begin_short_backtrace::h2167df1e2b7d76fd
[INFO] [stdout]                                at /rustc/202008a1b8de96d2e5b6bc02d379db03a877d34d/library/test/src/lib.rs:632:18
[INFO] [stdout]   25:     0x612950365b38 - test::run_test_in_process::{{closure}}::h15d92f75a3adfb79
[INFO] [stdout]                                at /rustc/202008a1b8de96d2e5b6bc02d379db03a877d34d/library/test/src/lib.rs:655:60
[INFO] [stdout]   26:     0x612950365b38 - <core::panic::unwind_safe::AssertUnwindSafe<F> as core::ops::function::FnOnce<()>>::call_once::hb6c8955835a8dbbb
[INFO] [stdout]                                at /rustc/202008a1b8de96d2e5b6bc02d379db03a877d34d/library/core/src/panic/unwind_safe.rs:272:9
[INFO] [stdout]   27:     0x612950365b38 - std::panicking::try::do_call::hc79d0fc888a0bd30
[INFO] [stdout]                                at /rustc/202008a1b8de96d2e5b6bc02d379db03a877d34d/library/std/src/panicking.rs:557:40
[INFO] [stdout]   28:     0x612950365b38 - std::panicking::try::hb8a7878e3a8589d6
[INFO] [stdout]                                at /rustc/202008a1b8de96d2e5b6bc02d379db03a877d34d/library/std/src/panicking.rs:520:19
[INFO] [stdout]   29:     0x612950365b38 - std::panic::catch_unwind::hb8e4600ff0ff5cfa
[INFO] [stdout]                                at /rustc/202008a1b8de96d2e5b6bc02d379db03a877d34d/library/std/src/panic.rs:358:14
[INFO] [stdout]   30:     0x612950365b38 - test::run_test_in_process::hc2900b0b18688dd6
[INFO] [stdout]                                at /rustc/202008a1b8de96d2e5b6bc02d379db03a877d34d/library/test/src/lib.rs:655:27
[INFO] [stdout]   31:     0x612950365b38 - test::run_test::{{closure}}::hac2a9cb07be3d48d
[INFO] [stdout]                                at /rustc/202008a1b8de96d2e5b6bc02d379db03a877d34d/library/test/src/lib.rs:576:43
[INFO] [stdout]   32:     0x6129503295da - test::run_test::{{closure}}::h4a5b729e66a38cd8
[INFO] [stdout]                                at /rustc/202008a1b8de96d2e5b6bc02d379db03a877d34d/library/test/src/lib.rs:606:41
[INFO] [stdout]   33:     0x6129503295da - std::sys::backtrace::__rust_begin_short_backtrace::h0496fb742492f573
[INFO] [stdout]                                at /rustc/202008a1b8de96d2e5b6bc02d379db03a877d34d/library/std/src/sys/backtrace.rs:154:18
[INFO] [stdout]   34:     0x61295032cf54 - std::thread::Builder::spawn_unchecked_::{{closure}}::{{closure}}::hbb6d257c550a54bd
[INFO] [stdout]                                at /rustc/202008a1b8de96d2e5b6bc02d379db03a877d34d/library/std/src/thread/mod.rs:561:17
[INFO] [stdout]   35:     0x61295032cf54 - <core::panic::unwind_safe::AssertUnwindSafe<F> as core::ops::function::FnOnce<()>>::call_once::h46696fe4a6832328
[INFO] [stdout]                                at /rustc/202008a1b8de96d2e5b6bc02d379db03a877d34d/library/core/src/panic/unwind_safe.rs:272:9
[INFO] [stdout]   36:     0x61295032cf54 - std::panicking::try::do_call::h2625a51b667bfb64
[INFO] [stdout]                                at /rustc/202008a1b8de96d2e5b6bc02d379db03a877d34d/library/std/src/panicking.rs:557:40
[INFO] [stdout]   37:     0x61295032cf54 - std::panicking::try::hb956a59a1973aa4c
[INFO] [stdout]                                at /rustc/202008a1b8de96d2e5b6bc02d379db03a877d34d/library/std/src/panicking.rs:520:19
[INFO] [stdout]   38:     0x61295032cf54 - std::panic::catch_unwind::h64f3b9d1067ef6a0
[INFO] [stdout]                                at /rustc/202008a1b8de96d2e5b6bc02d379db03a877d34d/library/std/src/panic.rs:358:14
[INFO] [stdout]   39:     0x61295032cf54 - std::thread::Builder::spawn_unchecked_::{{closure}}::h42b2841295b6c0b2
[INFO] [stdout]                                at /rustc/202008a1b8de96d2e5b6bc02d379db03a877d34d/library/std/src/thread/mod.rs:559:30
[INFO] [stdout]   40:     0x61295032cf54 - core::ops::function::FnOnce::call_once{{vtable.shim}}::h6127de71b8124639
[INFO] [stdout]                                at /rustc/202008a1b8de96d2e5b6bc02d379db03a877d34d/library/core/src/ops/function.rs:250:5
[INFO] [stdout]   41:     0x61295040129b - <alloc::boxed::Box<F,A> as core::ops::function::FnOnce<Args>>::call_once::h42f0ba71002a1b2c
[INFO] [stdout]                                at /rustc/202008a1b8de96d2e5b6bc02d379db03a877d34d/library/alloc/src/boxed.rs:1972:9
[INFO] [stdout]   42:     0x61295040129b - <alloc::boxed::Box<F,A> as core::ops::function::FnOnce<Args>>::call_once::had9e47d7a3dcecb8
[INFO] [stdout]                                at /rustc/202008a1b8de96d2e5b6bc02d379db03a877d34d/library/alloc/src/boxed.rs:1972:9
[INFO] [stdout]   43:     0x61295040129b - std::sys::pal::unix::thread::Thread::new::thread_start::h48cf765408f6f5f2
[INFO] [stdout]                                at /rustc/202008a1b8de96d2e5b6bc02d379db03a877d34d/library/std/src/sys/pal/unix/thread.rs:105:17
[INFO] [stdout]   44:     0x71a0fa46dac3 - <unknown>
[INFO] [stdout]   45:     0x71a0fa4fea04 - clone
[INFO] [stdout]   46:                0x0 - <unknown>
[INFO] [stdout] 
[INFO] [stdout] ---- utils::linked_set_test::reduce_to stdout ----
[INFO] [stdout] thread 'utils::linked_set_test::reduce_to' panicked at tests/utils/linked_set_test.rs:50:5:
[INFO] [stdout] assertion `left == right` failed
[INFO] [stdout]   left: "elements[ 20, ] deleted[0, 1, 2, 3, 4, 5, 6, 7, 8, 9, 10, 11, 12, 13, 14, 15, 16, 17, 18, 19, 21, 22, 23, 24, 25, 26, 27, 28, 29, 30, 31, 32, 33, 34, 35, 36, 37, 38, 39, ]\n"
[INFO] [stdout]  right: "elements[ 20, ] deleted[0, 1, 2, 3, 4, 5, 6, 7, 8, 9, 10, 11, 12, 13, 14, 15, 16, 17, 18, 19, 21, 22, 23, 24, 25, 26, 27, 28, 29, 30, 31, 32, 33, 34, 35, 36, 37, 38, 39, ]"
[INFO] [stdout] stack backtrace:
[INFO] [stdout]    0:     0x6129503fb82a - std::backtrace_rs::backtrace::libunwind::trace::h8810477743020387
[INFO] [stdout]                                at /rustc/202008a1b8de96d2e5b6bc02d379db03a877d34d/library/std/src/../../backtrace/src/backtrace/libunwind.rs:116:5
[INFO] [stdout]    1:     0x6129503fb82a - std::backtrace_rs::backtrace::trace_unsynchronized::h3aa55355dd6c54a6
[INFO] [stdout]                                at /rustc/202008a1b8de96d2e5b6bc02d379db03a877d34d/library/std/src/../../backtrace/src/backtrace/mod.rs:66:5
[INFO] [stdout]    2:     0x6129503fb82a - std::sys::backtrace::_print_fmt::h8588b0f62410823f
[INFO] [stdout]                                at /rustc/202008a1b8de96d2e5b6bc02d379db03a877d34d/library/std/src/sys/backtrace.rs:66:9
[INFO] [stdout]    3:     0x6129503fb82a - <std::sys::backtrace::BacktraceLock::print::DisplayBacktrace as core::fmt::Display>::fmt::h98c26ac25ffe89bb
[INFO] [stdout]                                at /rustc/202008a1b8de96d2e5b6bc02d379db03a877d34d/library/std/src/sys/backtrace.rs:39:26
[INFO] [stdout]    4:     0x612950421353 - core::fmt::rt::Argument::fmt::hf95377f4aebd453b
[INFO] [stdout]                                at /rustc/202008a1b8de96d2e5b6bc02d379db03a877d34d/library/core/src/fmt/rt.rs:177:76
[INFO] [stdout]    5:     0x612950421353 - core::fmt::write::h0dd5f6e2238c7982
[INFO] [stdout]                                at /rustc/202008a1b8de96d2e5b6bc02d379db03a877d34d/library/core/src/fmt/mod.rs:1189:21
[INFO] [stdout]    6:     0x6129503f89c3 - std::io::Write::write_fmt::h03bb0ca26e6faf8c
[INFO] [stdout]                                at /rustc/202008a1b8de96d2e5b6bc02d379db03a877d34d/library/std/src/io/mod.rs:1884:15
[INFO] [stdout]    7:     0x6129503fb672 - std::sys::backtrace::BacktraceLock::print::h5c19c1c038ee186d
[INFO] [stdout]                                at /rustc/202008a1b8de96d2e5b6bc02d379db03a877d34d/library/std/src/sys/backtrace.rs:42:9
[INFO] [stdout]    8:     0x6129503fccad - std::panicking::default_hook::{{closure}}::h77172f079a1fcb13
[INFO] [stdout]                                at /rustc/202008a1b8de96d2e5b6bc02d379db03a877d34d/library/std/src/panicking.rs:268:22
[INFO] [stdout]    9:     0x6129503fcab7 - std::panicking::default_hook::he5f8e3b203ccddba
[INFO] [stdout]                                at /rustc/202008a1b8de96d2e5b6bc02d379db03a877d34d/library/std/src/panicking.rs:292:9
[INFO] [stdout]   10:     0x612950361627 - <alloc::boxed::Box<F,A> as core::ops::function::Fn<Args>>::call::h7a3c7b4a1ae77f2f
[INFO] [stdout]                                at /rustc/202008a1b8de96d2e5b6bc02d379db03a877d34d/library/alloc/src/boxed.rs:1986:9
[INFO] [stdout]   11:     0x612950361627 - test::test_main::{{closure}}::hf0d3b69ae9b353d1
[INFO] [stdout]                                at /rustc/202008a1b8de96d2e5b6bc02d379db03a877d34d/library/test/src/lib.rs:134:21
[INFO] [stdout]   12:     0x6129503fd358 - <alloc::boxed::Box<F,A> as core::ops::function::Fn<Args>>::call::h6332e82e7b189abd
[INFO] [stdout]                                at /rustc/202008a1b8de96d2e5b6bc02d379db03a877d34d/library/alloc/src/boxed.rs:1986:9
[INFO] [stdout]   13:     0x6129503fd358 - std::panicking::rust_panic_with_hook::h53863d4e9018df39
[INFO] [stdout]                                at /rustc/202008a1b8de96d2e5b6bc02d379db03a877d34d/library/std/src/panicking.rs:809:13
[INFO] [stdout]   14:     0x6129503fd11a - std::panicking::begin_panic_handler::{{closure}}::h67280e6fa0757873
[INFO] [stdout]                                at /rustc/202008a1b8de96d2e5b6bc02d379db03a877d34d/library/std/src/panicking.rs:674:13
[INFO] [stdout]   15:     0x6129503fbd09 - std::sys::backtrace::__rust_end_short_backtrace::h1dac3f54d6fbbeb2
[INFO] [stdout]                                at /rustc/202008a1b8de96d2e5b6bc02d379db03a877d34d/library/std/src/sys/backtrace.rs:170:18
[INFO] [stdout]   16:     0x6129503fcdac - rust_begin_unwind
[INFO] [stdout]                                at /rustc/202008a1b8de96d2e5b6bc02d379db03a877d34d/library/std/src/panicking.rs:665:5
[INFO] [stdout]   17:     0x61295030f080 - core::panicking::panic_fmt::h6792bd1b2bf01041
[INFO] [stdout]                                at /rustc/202008a1b8de96d2e5b6bc02d379db03a877d34d/library/core/src/panicking.rs:76:14
[INFO] [stdout]   18:     0x61295030f484 - core::panicking::assert_failed_inner::hf2c17e6d30928787
[INFO] [stdout]   19:     0x61295031a7de - core::panicking::assert_failed::h9057f4f4287f3165
[INFO] [stdout]                                at /rustc/202008a1b8de96d2e5b6bc02d379db03a877d34d/library/core/src/panicking.rs:373:5
[INFO] [stdout]   20:     0x612950313d5d - rucos_test::utils::linked_set_test::reduce_to::h2b27e81264d38f11
[INFO] [stdout]                                at /opt/rustwide/workdir/tests/utils/linked_set_test.rs:50:5
[INFO] [stdout]   21:     0x612950313b67 - rucos_test::utils::linked_set_test::reduce_to::{{closure}}::h75a4b5debd172c70
[INFO] [stdout]                                at /opt/rustwide/workdir/tests/utils/linked_set_test.rs:45:15
[INFO] [stdout]   22:     0x6129503199c6 - core::ops::function::FnOnce::call_once::h439097bf083310fc
[INFO] [stdout]                                at /rustc/202008a1b8de96d2e5b6bc02d379db03a877d34d/library/core/src/ops/function.rs:250:5
[INFO] [stdout]   23:     0x61295036614b - core::ops::function::FnOnce::call_once::h871bf86719ec9aa4
[INFO] [stdout]                                at /rustc/202008a1b8de96d2e5b6bc02d379db03a877d34d/library/core/src/ops/function.rs:250:5
[INFO] [stdout]   24:     0x61295036614b - test::__rust_begin_short_backtrace::h2167df1e2b7d76fd
[INFO] [stdout]                                at /rustc/202008a1b8de96d2e5b6bc02d379db03a877d34d/library/test/src/lib.rs:632:18
[INFO] [stdout]   25:     0x612950365b38 - test::run_test_in_process::{{closure}}::h15d92f75a3adfb79
[INFO] [stdout]                                at /rustc/202008a1b8de96d2e5b6bc02d379db03a877d34d/library/test/src/lib.rs:655:60
[INFO] [stdout]   26:     0x612950365b38 - <core::panic::unwind_safe::AssertUnwindSafe<F> as core::ops::function::FnOnce<()>>::call_once::hb6c8955835a8dbbb
[INFO] [stdout]                                at /rustc/202008a1b8de96d2e5b6bc02d379db03a877d34d/library/core/src/panic/unwind_safe.rs:272:9
[INFO] [stdout]   27:     0x612950365b38 - std::panicking::try::do_call::hc79d0fc888a0bd30
[INFO] [stdout]                                at /rustc/202008a1b8de96d2e5b6bc02d379db03a877d34d/library/std/src/panicking.rs:557:40
[INFO] [stdout]   28:     0x612950365b38 - std::panicking::try::hb8a7878e3a8589d6
[INFO] [stdout]                                at /rustc/202008a1b8de96d2e5b6bc02d379db03a877d34d/library/std/src/panicking.rs:520:19
[INFO] [stdout]   29:     0x612950365b38 - std::panic::catch_unwind::hb8e4600ff0ff5cfa
[INFO] [stdout]                                at /rustc/202008a1b8de96d2e5b6bc02d379db03a877d34d/library/std/src/panic.rs:358:14
[INFO] [stdout]   30:     0x612950365b38 - test::run_test_in_process::hc2900b0b18688dd6
[INFO] [stdout]                                at /rustc/202008a1b8de96d2e5b6bc02d379db03a877d34d/library/test/src/lib.rs:655:27
[INFO] [stdout]   31:     0x612950365b38 - test::run_test::{{closure}}::hac2a9cb07be3d48d
[INFO] [stdout]                                at /rustc/202008a1b8de96d2e5b6bc02d379db03a877d34d/library/test/src/lib.rs:576:43
[INFO] [stdout]   32:     0x6129503295da - test::run_test::{{closure}}::h4a5b729e66a38cd8
[INFO] [stdout]                                at /rustc/202008a1b8de96d2e5b6bc02d379db03a877d34d/library/test/src/lib.rs:606:41
[INFO] [stdout]   33:     0x6129503295da - std::sys::backtrace::__rust_begin_short_backtrace::h0496fb742492f573
[INFO] [stdout]                                at /rustc/202008a1b8de96d2e5b6bc02d379db03a877d34d/library/std/src/sys/backtrace.rs:154:18
[INFO] [stdout]   34:     0x61295032cf54 - std::thread::Builder::spawn_unchecked_::{{closure}}::{{closure}}::hbb6d257c550a54bd
[INFO] [stdout]                                at /rustc/202008a1b8de96d2e5b6bc02d379db03a877d34d/library/std/src/thread/mod.rs:561:17
[INFO] [stdout]   35:     0x61295032cf54 - <core::panic::unwind_safe::AssertUnwindSafe<F> as core::ops::function::FnOnce<()>>::call_once::h46696fe4a6832328
[INFO] [stdout]                                at /rustc/202008a1b8de96d2e5b6bc02d379db03a877d34d/library/core/src/panic/unwind_safe.rs:272:9
[INFO] [stdout]   36:     0x61295032cf54 - std::panicking::try::do_call::h2625a51b667bfb64
[INFO] [stdout]                                at /rustc/202008a1b8de96d2e5b6bc02d379db03a877d34d/library/std/src/panicking.rs:557:40
[INFO] [stdout]   37:     0x61295032cf54 - std::panicking::try::hb956a59a1973aa4c
[INFO] [stdout]                                at /rustc/202008a1b8de96d2e5b6bc02d379db03a877d34d/library/std/src/panicking.rs:520:19
[INFO] [stdout]   38:     0x61295032cf54 - std::panic::catch_unwind::h64f3b9d1067ef6a0
[INFO] [stdout]                                at /rustc/202008a1b8de96d2e5b6bc02d379db03a877d34d/library/std/src/panic.rs:358:14
[INFO] [stdout]   39:     0x61295032cf54 - std::thread::Builder::spawn_unchecked_::{{closure}}::h42b2841295b6c0b2
[INFO] [stdout]                                at /rustc/202008a1b8de96d2e5b6bc02d379db03a877d34d/library/std/src/thread/mod.rs:559:30
[INFO] [stdout]   40:     0x61295032cf54 - core::ops::function::FnOnce::call_once{{vtable.shim}}::h6127de71b8124639
[INFO] [stdout]                                at /rustc/202008a1b8de96d2e5b6bc02d379db03a877d34d/library/core/src/ops/function.rs:250:5
[INFO] [stdout]   41:     0x61295040129b - <alloc::boxed::Box<F,A> as core::ops::function::FnOnce<Args>>::call_once::h42f0ba71002a1b2c
[INFO] [stdout]                                at /rustc/202008a1b8de96d2e5b6bc02d379db03a877d34d/library/alloc/src/boxed.rs:1972:9
[INFO] [stdout]   42:     0x61295040129b - <alloc::boxed::Box<F,A> as core::ops::function::FnOnce<Args>>::call_once::had9e47d7a3dcecb8
[INFO] [stdout]                                at /rustc/202008a1b8de96d2e5b6bc02d379db03a877d34d/library/alloc/src/boxed.rs:1972:9
[INFO] [stdout]   43:     0x61295040129b - std::sys::pal::unix::thread::Thread::new::thread_start::h48cf765408f6f5f2
[INFO] [stdout]                                at /rustc/202008a1b8de96d2e5b6bc02d379db03a877d34d/library/std/src/sys/pal/unix/thread.rs:105:17
[INFO] [stdout]   44:     0x71a0fa46dac3 - <unknown>
[INFO] [stdout]   45:     0x71a0fa4fea04 - clone
[INFO] [stdout]   46:                0x0 - <unknown>
[INFO] [stdout] 
[INFO] [stdout] ---- utils::spare_set_counter_test::add stdout ----
[INFO] [stdout] thread 'utils::spare_set_counter_test::add' panicked at tests/utils/spare_set_counter_test.rs:25:5:
[INFO] [stdout] assertion `left == right` failed
[INFO] [stdout]   left: "elements[counter]: 33[1], 23[1], 4[1], \n"
[INFO] [stdout]  right: "elements[counter]: 33[1], 23[1], 4[1], "
[INFO] [stdout] stack backtrace:
[INFO] [stdout]    0:     0x6129503fb82a - std::backtrace_rs::backtrace::libunwind::trace::h8810477743020387
[INFO] [stdout]                                at /rustc/202008a1b8de96d2e5b6bc02d379db03a877d34d/library/std/src/../../backtrace/src/backtrace/libunwind.rs:116:5
[INFO] [stdout]    1:     0x6129503fb82a - std::backtrace_rs::backtrace::trace_unsynchronized::h3aa55355dd6c54a6
[INFO] [stdout]                                at /rustc/202008a1b8de96d2e5b6bc02d379db03a877d34d/library/std/src/../../backtrace/src/backtrace/mod.rs:66:5
[INFO] [stdout]    2:     0x6129503fb82a - std::sys::backtrace::_print_fmt::h8588b0f62410823f
[INFO] [stdout]                                at /rustc/202008a1b8de96d2e5b6bc02d379db03a877d34d/library/std/src/sys/backtrace.rs:66:9
[INFO] [stdout]    3:     0x6129503fb82a - <std::sys::backtrace::BacktraceLock::print::DisplayBacktrace as core::fmt::Display>::fmt::h98c26ac25ffe89bb
[INFO] [stdout]                                at /rustc/202008a1b8de96d2e5b6bc02d379db03a877d34d/library/std/src/sys/backtrace.rs:39:26
[INFO] [stdout]    4:     0x612950421353 - core::fmt::rt::Argument::fmt::hf95377f4aebd453b
[INFO] [stdout]                                at /rustc/202008a1b8de96d2e5b6bc02d379db03a877d34d/library/core/src/fmt/rt.rs:177:76
[INFO] [stdout]    5:     0x612950421353 - core::fmt::write::h0dd5f6e2238c7982
[INFO] [stdout]                                at /rustc/202008a1b8de96d2e5b6bc02d379db03a877d34d/library/core/src/fmt/mod.rs:1189:21
[INFO] [stdout]    6:     0x6129503f89c3 - std::io::Write::write_fmt::h03bb0ca26e6faf8c
[INFO] [stdout]                                at /rustc/202008a1b8de96d2e5b6bc02d379db03a877d34d/library/std/src/io/mod.rs:1884:15
[INFO] [stdout]    7:     0x6129503fb672 - std::sys::backtrace::BacktraceLock::print::h5c19c1c038ee186d
[INFO] [stdout]                                at /rustc/202008a1b8de96d2e5b6bc02d379db03a877d34d/library/std/src/sys/backtrace.rs:42:9
[INFO] [stdout]    8:     0x6129503fccad - std::panicking::default_hook::{{closure}}::h77172f079a1fcb13
[INFO] [stdout]                                at /rustc/202008a1b8de96d2e5b6bc02d379db03a877d34d/library/std/src/panicking.rs:268:22
[INFO] [stdout]    9:     0x6129503fcab7 - std::panicking::default_hook::he5f8e3b203ccddba
[INFO] [stdout]                                at /rustc/202008a1b8de96d2e5b6bc02d379db03a877d34d/library/std/src/panicking.rs:292:9
[INFO] [stdout]   10:     0x612950361627 - <alloc::boxed::Box<F,A> as core::ops::function::Fn<Args>>::call::h7a3c7b4a1ae77f2f
[INFO] [stdout]                                at /rustc/202008a1b8de96d2e5b6bc02d379db03a877d34d/library/alloc/src/boxed.rs:1986:9
[INFO] [stdout]   11:     0x612950361627 - test::test_main::{{closure}}::hf0d3b69ae9b353d1
[INFO] [stdout]                                at /rustc/202008a1b8de96d2e5b6bc02d379db03a877d34d/library/test/src/lib.rs:134:21
[INFO] [stdout]   12:     0x6129503fd358 - <alloc::boxed::Box<F,A> as core::ops::function::Fn<Args>>::call::h6332e82e7b189abd
[INFO] [stdout]                                at /rustc/202008a1b8de96d2e5b6bc02d379db03a877d34d/library/alloc/src/boxed.rs:1986:9
[INFO] [stdout]   13:     0x6129503fd358 - std::panicking::rust_panic_with_hook::h53863d4e9018df39
[INFO] [stdout]                                at /rustc/202008a1b8de96d2e5b6bc02d379db03a877d34d/library/std/src/panicking.rs:809:13
[INFO] [stdout]   14:     0x6129503fd11a - std::panicking::begin_panic_handler::{{closure}}::h67280e6fa0757873
[INFO] [stdout]                                at /rustc/202008a1b8de96d2e5b6bc02d379db03a877d34d/library/std/src/panicking.rs:674:13
[INFO] [stdout]   15:     0x6129503fbd09 - std::sys::backtrace::__rust_end_short_backtrace::h1dac3f54d6fbbeb2
[INFO] [stdout]                                at /rustc/202008a1b8de96d2e5b6bc02d379db03a877d34d/library/std/src/sys/backtrace.rs:170:18
[INFO] [stdout]   16:     0x6129503fcdac - rust_begin_unwind
[INFO] [stdout]                                at /rustc/202008a1b8de96d2e5b6bc02d379db03a877d34d/library/std/src/panicking.rs:665:5
[INFO] [stdout]   17:     0x61295030f080 - core::panicking::panic_fmt::h6792bd1b2bf01041
[INFO] [stdout]                                at /rustc/202008a1b8de96d2e5b6bc02d379db03a877d34d/library/core/src/panicking.rs:76:14
[INFO] [stdout]   18:     0x61295030f484 - core::panicking::assert_failed_inner::hf2c17e6d30928787
[INFO] [stdout]   19:     0x61295031a7de - core::panicking::assert_failed::h9057f4f4287f3165
[INFO] [stdout]                                at /rustc/202008a1b8de96d2e5b6bc02d379db03a877d34d/library/core/src/panicking.rs:373:5
[INFO] [stdout]   20:     0x61295031b495 - rucos_test::utils::spare_set_counter_test::add::h20a49d4c5d4f4dbe
[INFO] [stdout]                                at /opt/rustwide/workdir/tests/utils/spare_set_counter_test.rs:25:5
[INFO] [stdout]   21:     0x61295031b037 - rucos_test::utils::spare_set_counter_test::add::{{closure}}::hd725f2ec586f9342
[INFO] [stdout]                                at /opt/rustwide/workdir/tests/utils/spare_set_counter_test.rs:19:13
[INFO] [stdout]   22:     0x612950319f06 - core::ops::function::FnOnce::call_once::hb29f85cad0f4a8af
[INFO] [stdout]                                at /rustc/202008a1b8de96d2e5b6bc02d379db03a877d34d/library/core/src/ops/function.rs:250:5
[INFO] [stdout]   23:     0x61295036614b - core::ops::function::FnOnce::call_once::h871bf86719ec9aa4
[INFO] [stdout]                                at /rustc/202008a1b8de96d2e5b6bc02d379db03a877d34d/library/core/src/ops/function.rs:250:5
[INFO] [stdout]   24:     0x61295036614b - test::__rust_begin_short_backtrace::h2167df1e2b7d76fd
[INFO] [stdout]                                at /rustc/202008a1b8de96d2e5b6bc02d379db03a877d34d/library/test/src/lib.rs:632:18
[INFO] [stdout]   25:     0x612950365b38 - test::run_test_in_process::{{closure}}::h15d92f75a3adfb79
[INFO] [stdout]                                at /rustc/202008a1b8de96d2e5b6bc02d379db03a877d34d/library/test/src/lib.rs:655:60
[INFO] [stdout]   26:     0x612950365b38 - <core::panic::unwind_safe::AssertUnwindSafe<F> as core::ops::function::FnOnce<()>>::call_once::hb6c8955835a8dbbb
[INFO] [stdout]                                at /rustc/202008a1b8de96d2e5b6bc02d379db03a877d34d/library/core/src/panic/unwind_safe.rs:272:9
[INFO] [stdout]   27:     0x612950365b38 - std::panicking::try::do_call::hc79d0fc888a0bd30
[INFO] [stdout]                                at /rustc/202008a1b8de96d2e5b6bc02d379db03a877d34d/library/std/src/panicking.rs:557:40
[INFO] [stdout]   28:     0x612950365b38 - std::panicking::try::hb8a7878e3a8589d6
[INFO] [stdout]                                at /rustc/202008a1b8de96d2e5b6bc02d379db03a877d34d/library/std/src/panicking.rs:520:19
[INFO] [stdout]   29:     0x612950365b38 - std::panic::catch_unwind::hb8e4600ff0ff5cfa
[INFO] [stdout]                                at /rustc/202008a1b8de96d2e5b6bc02d379db03a877d34d/library/std/src/panic.rs:358:14
[INFO] [stdout]   30:     0x612950365b38 - test::run_test_in_process::hc2900b0b18688dd6
[INFO] [stdout]                                at /rustc/202008a1b8de96d2e5b6bc02d379db03a877d34d/library/test/src/lib.rs:655:27
[INFO] [stdout]   31:     0x612950365b38 - test::run_test::{{closure}}::hac2a9cb07be3d48d
[INFO] [stdout]                                at /rustc/202008a1b8de96d2e5b6bc02d379db03a877d34d/library/test/src/lib.rs:576:43
[INFO] [stdout]   32:     0x6129503295da - test::run_test::{{closure}}::h4a5b729e66a38cd8
[INFO] [stdout]                                at /rustc/202008a1b8de96d2e5b6bc02d379db03a877d34d/library/test/src/lib.rs:606:41
[INFO] [stdout]   33:     0x6129503295da - std::sys::backtrace::__rust_begin_short_backtrace::h0496fb742492f573
[INFO] [stdout]                                at /rustc/202008a1b8de96d2e5b6bc02d379db03a877d34d/library/std/src/sys/backtrace.rs:154:18
[INFO] [stdout]   34:     0x61295032cf54 - std::thread::Builder::spawn_unchecked_::{{closure}}::{{closure}}::hbb6d257c550a54bd
[INFO] [stdout]                                at /rustc/202008a1b8de96d2e5b6bc02d379db03a877d34d/library/std/src/thread/mod.rs:561:17
[INFO] [stdout]   35:     0x61295032cf54 - <core::panic::unwind_safe::AssertUnwindSafe<F> as core::ops::function::FnOnce<()>>::call_once::h46696fe4a6832328
[INFO] [stdout]                                at /rustc/202008a1b8de96d2e5b6bc02d379db03a877d34d/library/core/src/panic/unwind_safe.rs:272:9
[INFO] [stdout]   36:     0x61295032cf54 - std::panicking::try::do_call::h2625a51b667bfb64
[INFO] [stdout]                                at /rustc/202008a1b8de96d2e5b6bc02d379db03a877d34d/library/std/src/panicking.rs:557:40
[INFO] [stdout]   37:     0x61295032cf54 - std::panicking::try::hb956a59a1973aa4c
[INFO] [stdout]                                at /rustc/202008a1b8de96d2e5b6bc02d379db03a877d34d/library/std/src/panicking.rs:520:19
[INFO] [stdout]   38:     0x61295032cf54 - std::panic::catch_unwind::h64f3b9d1067ef6a0
[INFO] [stdout]                                at /rustc/202008a1b8de96d2e5b6bc02d379db03a877d34d/library/std/src/panic.rs:358:14
[INFO] [stdout]   39:     0x61295032cf54 - std::thread::Builder::spawn_unchecked_::{{closure}}::h42b2841295b6c0b2
[INFO] [stdout]                                at /rustc/202008a1b8de96d2e5b6bc02d379db03a877d34d/library/std/src/thread/mod.rs:559:30
[INFO] [stdout]   40:     0x61295032cf54 - core::ops::function::FnOnce::call_once{{vtable.shim}}::h6127de71b8124639
[INFO] [stdout]                                at /rustc/202008a1b8de96d2e5b6bc02d379db03a877d34d/library/core/src/ops/function.rs:250:5
[INFO] [stdout]   41:     0x61295040129b - <alloc::boxed::Box<F,A> as core::ops::function::FnOnce<Args>>::call_once::h42f0ba71002a1b2c
[INFO] [stdout]                                at /rustc/202008a1b8de96d2e5b6bc02d379db03a877d34d/library/alloc/src/boxed.rs:1972:9
[INFO] [stdout]   42:     0x61295040129b - <alloc::boxed::Box<F,A> as core::ops::function::FnOnce<Args>>::call_once::had9e47d7a3dcecb8
[INFO] [stdout]                                at /rustc/202008a1b8de96d2e5b6bc02d379db03a877d34d/library/alloc/src/boxed.rs:1972:9
[INFO] [stdout]   43:     0x61295040129b - std::sys::pal::unix::thread::Thread::new::thread_start::h48cf765408f6f5f2
[INFO] [stdout]                                at /rustc/202008a1b8de96d2e5b6bc02d379db03a877d34d/library/std/src/sys/pal/unix/thread.rs:105:17
[INFO] [stdout]   44:     0x71a0fa46dac3 - <unknown>
[INFO] [stdout]   45:     0x71a0fa4fea04 - clone
[INFO] [stdout]   46:                0x0 - <unknown>
[INFO] [stdout] 
[INFO] [stdout] ---- utils::spare_set_test::add stdout ----
[INFO] [stdout] thread 'utils::spare_set_test::add' panicked at tests/utils/spare_set_test.rs:25:5:
[INFO] [stdout] assertion `left == right` failed
[INFO] [stdout]   left: "elements: 33, 23, 4, \n"
[INFO] [stdout]  right: "elements: 33, 23, 4, "
[INFO] [stdout] stack backtrace:
[INFO] [stdout]    0:     0x6129503fb82a - std::backtrace_rs::backtrace::libunwind::trace::h8810477743020387
[INFO] [stdout]                                at /rustc/202008a1b8de96d2e5b6bc02d379db03a877d34d/library/std/src/../../backtrace/src/backtrace/libunwind.rs:116:5
[INFO] [stdout]    1:     0x6129503fb82a - std::backtrace_rs::backtrace::trace_unsynchronized::h3aa55355dd6c54a6
[INFO] [stdout]                                at /rustc/202008a1b8de96d2e5b6bc02d379db03a877d34d/library/std/src/../../backtrace/src/backtrace/mod.rs:66:5
[INFO] [stdout]    2:     0x6129503fb82a - std::sys::backtrace::_print_fmt::h8588b0f62410823f
[INFO] [stdout]                                at /rustc/202008a1b8de96d2e5b6bc02d379db03a877d34d/library/std/src/sys/backtrace.rs:66:9
[INFO] [stdout]    3:     0x6129503fb82a - <std::sys::backtrace::BacktraceLock::print::DisplayBacktrace as core::fmt::Display>::fmt::h98c26ac25ffe89bb
[INFO] [stdout]                                at /rustc/202008a1b8de96d2e5b6bc02d379db03a877d34d/library/std/src/sys/backtrace.rs:39:26
[INFO] [stdout]    4:     0x612950421353 - core::fmt::rt::Argument::fmt::hf95377f4aebd453b
[INFO] [stdout]                                at /rustc/202008a1b8de96d2e5b6bc02d379db03a877d34d/library/core/src/fmt/rt.rs:177:76
[INFO] [stdout]    5:     0x612950421353 - core::fmt::write::h0dd5f6e2238c7982
[INFO] [stdout]                                at /rustc/202008a1b8de96d2e5b6bc02d379db03a877d34d/library/core/src/fmt/mod.rs:1189:21
[INFO] [stdout]    6:     0x6129503f89c3 - std::io::Write::write_fmt::h03bb0ca26e6faf8c
[INFO] [stdout]                                at /rustc/202008a1b8de96d2e5b6bc02d379db03a877d34d/library/std/src/io/mod.rs:1884:15
[INFO] [stdout]    7:     0x6129503fb672 - std::sys::backtrace::BacktraceLock::print::h5c19c1c038ee186d
[INFO] [stdout]                                at /rustc/202008a1b8de96d2e5b6bc02d379db03a877d34d/library/std/src/sys/backtrace.rs:42:9
[INFO] [stdout]    8:     0x6129503fccad - std::panicking::default_hook::{{closure}}::h77172f079a1fcb13
[INFO] [stdout]                                at /rustc/202008a1b8de96d2e5b6bc02d379db03a877d34d/library/std/src/panicking.rs:268:22
[INFO] [stdout]    9:     0x6129503fcab7 - std::panicking::default_hook::he5f8e3b203ccddba
[INFO] [stdout]                                at /rustc/202008a1b8de96d2e5b6bc02d379db03a877d34d/library/std/src/panicking.rs:292:9
[INFO] [stdout]   10:     0x612950361627 - <alloc::boxed::Box<F,A> as core::ops::function::Fn<Args>>::call::h7a3c7b4a1ae77f2f
[INFO] [stdout]                                at /rustc/202008a1b8de96d2e5b6bc02d379db03a877d34d/library/alloc/src/boxed.rs:1986:9
[INFO] [stdout]   11:     0x612950361627 - test::test_main::{{closure}}::hf0d3b69ae9b353d1
[INFO] [stdout]                                at /rustc/202008a1b8de96d2e5b6bc02d379db03a877d34d/library/test/src/lib.rs:134:21
[INFO] [stdout]   12:     0x6129503fd358 - <alloc::boxed::Box<F,A> as core::ops::function::Fn<Args>>::call::h6332e82e7b189abd
[INFO] [stdout]                                at /rustc/202008a1b8de96d2e5b6bc02d379db03a877d34d/library/alloc/src/boxed.rs:1986:9
[INFO] [stdout]   13:     0x6129503fd358 - std::panicking::rust_panic_with_hook::h53863d4e9018df39
[INFO] [stdout]                                at /rustc/202008a1b8de96d2e5b6bc02d379db03a877d34d/library/std/src/panicking.rs:809:13
[INFO] [stdout]   14:     0x6129503fd11a - std::panicking::begin_panic_handler::{{closure}}::h67280e6fa0757873
[INFO] [stdout]                                at /rustc/202008a1b8de96d2e5b6bc02d379db03a877d34d/library/std/src/panicking.rs:674:13
[INFO] [stdout]   15:     0x6129503fbd09 - std::sys::backtrace::__rust_end_short_backtrace::h1dac3f54d6fbbeb2
[INFO] [stdout]                                at /rustc/202008a1b8de96d2e5b6bc02d379db03a877d34d/library/std/src/sys/backtrace.rs:170:18
[INFO] [stdout]   16:     0x6129503fcdac - rust_begin_unwind
[INFO] [stdout]                                at /rustc/202008a1b8de96d2e5b6bc02d379db03a877d34d/library/std/src/panicking.rs:665:5
[INFO] [stdout]   17:     0x61295030f080 - core::panicking::panic_fmt::h6792bd1b2bf01041
[INFO] [stdout]                                at /rustc/202008a1b8de96d2e5b6bc02d379db03a877d34d/library/core/src/panicking.rs:76:14
[INFO] [stdout]   18:     0x61295030f484 - core::panicking::assert_failed_inner::hf2c17e6d30928787
[INFO] [stdout]   19:     0x61295031a7de - core::panicking::assert_failed::h9057f4f4287f3165
[INFO] [stdout]                                at /rustc/202008a1b8de96d2e5b6bc02d379db03a877d34d/library/core/src/panicking.rs:373:5
[INFO] [stdout]   20:     0x612950315212 - rucos_test::utils::spare_set_test::add::hec9b56ccfd219ae1
[INFO] [stdout]                                at /opt/rustwide/workdir/tests/utils/spare_set_test.rs:25:5
[INFO] [stdout]   21:     0x6129503150d7 - rucos_test::utils::spare_set_test::add::{{closure}}::h06d1385528b9efce
[INFO] [stdout]                                at /opt/rustwide/workdir/tests/utils/spare_set_test.rs:19:9
[INFO] [stdout]   22:     0x61295031a006 - core::ops::function::FnOnce::call_once::hbb8070b88b49e9df
[INFO] [stdout]                                at /rustc/202008a1b8de96d2e5b6bc02d379db03a877d34d/library/core/src/ops/function.rs:250:5
[INFO] [stdout]   23:     0x61295036614b - core::ops::function::FnOnce::call_once::h871bf86719ec9aa4
[INFO] [stdout]                                at /rustc/202008a1b8de96d2e5b6bc02d379db03a877d34d/library/core/src/ops/function.rs:250:5
[INFO] [stdout]   24:     0x61295036614b - test::__rust_begin_short_backtrace::h2167df1e2b7d76fd
[INFO] [stdout]                                at /rustc/202008a1b8de96d2e5b6bc02d379db03a877d34d/library/test/src/lib.rs:632:18
[INFO] [stdout]   25:     0x612950365b38 - test::run_test_in_process::{{closure}}::h15d92f75a3adfb79
[INFO] [stdout]                                at /rustc/202008a1b8de96d2e5b6bc02d379db03a877d34d/library/test/src/lib.rs:655:60
[INFO] [stdout]   26:     0x612950365b38 - <core::panic::unwind_safe::AssertUnwindSafe<F> as core::ops::function::FnOnce<()>>::call_once::hb6c8955835a8dbbb
[INFO] [stdout]                                at /rustc/202008a1b8de96d2e5b6bc02d379db03a877d34d/library/core/src/panic/unwind_safe.rs:272:9
[INFO] [stdout]   27:     0x612950365b38 - std::panicking::try::do_call::hc79d0fc888a0bd30
[INFO] [stdout]                                at /rustc/202008a1b8de96d2e5b6bc02d379db03a877d34d/library/std/src/panicking.rs:557:40
[INFO] [stdout]   28:     0x612950365b38 - std::panicking::try::hb8a7878e3a8589d6
[INFO] [stdout]                                at /rustc/202008a1b8de96d2e5b6bc02d379db03a877d34d/library/std/src/panicking.rs:520:19
[INFO] [stdout]   29:     0x612950365b38 - std::panic::catch_unwind::hb8e4600ff0ff5cfa
[INFO] [stdout]                                at /rustc/202008a1b8de96d2e5b6bc02d379db03a877d34d/library/std/src/panic.rs:358:14
[INFO] [stdout]   30:     0x612950365b38 - test::run_test_in_process::hc2900b0b18688dd6
[INFO] [stdout]                                at /rustc/202008a1b8de96d2e5b6bc02d379db03a877d34d/library/test/src/lib.rs:655:27
[INFO] [stdout]   31:     0x612950365b38 - test::run_test::{{closure}}::hac2a9cb07be3d48d
[INFO] [stdout]                                at /rustc/202008a1b8de96d2e5b6bc02d379db03a877d34d/library/test/src/lib.rs:576:43
[INFO] [stdout]   32:     0x6129503295da - test::run_test::{{closure}}::h4a5b729e66a38cd8
[INFO] [stdout]                                at /rustc/202008a1b8de96d2e5b6bc02d379db03a877d34d/library/test/src/lib.rs:606:41
[INFO] [stdout]   33:     0x6129503295da - std::sys::backtrace::__rust_begin_short_backtrace::h0496fb742492f573
[INFO] [stdout]                                at /rustc/202008a1b8de96d2e5b6bc02d379db03a877d34d/library/std/src/sys/backtrace.rs:154:18
[INFO] [stdout]   34:     0x61295032cf54 - std::thread::Builder::spawn_unchecked_::{{closure}}::{{closure}}::hbb6d257c550a54bd
[INFO] [stdout]                                at /rustc/202008a1b8de96d2e5b6bc02d379db03a877d34d/library/std/src/thread/mod.rs:561:17
[INFO] [stdout]   35:     0x61295032cf54 - <core::panic::unwind_safe::AssertUnwindSafe<F> as core::ops::function::FnOnce<()>>::call_once::h46696fe4a6832328
[INFO] [stdout]                                at /rustc/202008a1b8de96d2e5b6bc02d379db03a877d34d/library/core/src/panic/unwind_safe.rs:272:9
[INFO] [stdout]   36:     0x61295032cf54 - std::panicking::try::do_call::h2625a51b667bfb64
[INFO] [stdout]                                at /rustc/202008a1b8de96d2e5b6bc02d379db03a877d34d/library/std/src/panicking.rs:557:40
[INFO] [stdout]   37:     0x61295032cf54 - std::panicking::try::hb956a59a1973aa4c
[INFO] [stdout]                                at /rustc/202008a1b8de96d2e5b6bc02d379db03a877d34d/library/std/src/panicking.rs:520:19
[INFO] [stdout]   38:     0x61295032cf54 - std::panic::catch_unwind::h64f3b9d1067ef6a0
[INFO] [stdout]                                at /rustc/202008a1b8de96d2e5b6bc02d379db03a877d34d/library/std/src/panic.rs:358:14
[INFO] [stdout]   39:     0x61295032cf54 - std::thread::Builder::spawn_unchecked_::{{closure}}::h42b2841295b6c0b2
[INFO] [stdout]                                at /rustc/202008a1b8de96d2e5b6bc02d379db03a877d34d/library/std/src/thread/mod.rs:559:30
[INFO] [stdout]   40:     0x61295032cf54 - core::ops::function::FnOnce::call_once{{vtable.shim}}::h6127de71b8124639
[INFO] [stdout]                                at /rustc/202008a1b8de96d2e5b6bc02d379db03a877d34d/library/core/src/ops/function.rs:250:5
[INFO] [stdout]   41:     0x61295040129b - <alloc::boxed::Box<F,A> as core::ops::function::FnOnce<Args>>::call_once::h42f0ba71002a1b2c
[INFO] [stdout]                                at /rustc/202008a1b8de96d2e5b6bc02d379db03a877d34d/library/alloc/src/boxed.rs:1972:9
[INFO] [stdout]   42:     0x61295040129b - <alloc::boxed::Box<F,A> as core::ops::function::FnOnce<Args>>::call_once::had9e47d7a3dcecb8
[INFO] [stdout]                                at /rustc/202008a1b8de96d2e5b6bc02d379db03a877d34d/library/alloc/src/boxed.rs:1972:9
[INFO] [stdout]   43:     0x61295040129b - std::sys::pal::unix::thread::Thread::new::thread_start::h48cf765408f6f5f2
[INFO] [stdout]                                at /rustc/202008a1b8de96d2e5b6bc02d379db03a877d34d/library/std/src/sys/pal/unix/thread.rs:105:17
[INFO] [stdout]   44:     0x71a0fa46dac3 - <unknown>
[INFO] [stdout]   45:     0x71a0fa4fea04 - clone
[INFO] [stdout]   46:                0x0 - <unknown>
[INFO] [stdout] 
[INFO] [stdout] 
[INFO] [stdout] failures:
[INFO] [stdout]     utils::linked_set_test::add
[INFO] [stdout]     utils::linked_set_test::reduce_to
[INFO] [stdout]     utils::spare_set_counter_test::add
[INFO] [stdout]     utils::spare_set_test::add
[INFO] [stdout] 
[INFO] [stdout] test result: FAILED. 39 passed; 4 failed; 0 ignored; 0 measured; 0 filtered out; finished in 0.06s
[INFO] [stdout] 
[INFO] [stderr] error: test failed, to rerun pass `--test rucos_test`
[INFO] running `Command { std: "docker" "inspect" "6802336e6df4cd962242c54748b49c63ecca3119797041171fc3ece2ed42e2aa", kill_on_drop: false }`
[INFO] running `Command { std: "docker" "rm" "-f" "6802336e6df4cd962242c54748b49c63ecca3119797041171fc3ece2ed42e2aa", kill_on_drop: false }`
[INFO] [stdout] 6802336e6df4cd962242c54748b49c63ecca3119797041171fc3ece2ed42e2aa
