[INFO] cloning repository https://github.com/luca3s/tracker-engine
[INFO] running `Command { std: "git" "-c" "credential.helper=" "-c" "credential.helper=/workspace/cargo-home/bin/git-credential-null" "clone" "--bare" "https://github.com/luca3s/tracker-engine" "/workspace/cache/git-repos/https%3A%2F%2Fgithub.com%2Fluca3s%2Ftracker-engine", kill_on_drop: false }`
[INFO] [stderr] Cloning into bare repository '/workspace/cache/git-repos/https%3A%2F%2Fgithub.com%2Fluca3s%2Ftracker-engine'...
[INFO] running `Command { std: "git" "rev-parse" "HEAD", kill_on_drop: false }`
[INFO] [stdout] 975c457e0ca3b49f0203a32b31a52d147dba1135
[INFO] testing luca3s/tracker-engine against 1.83.0 for beta-1.84.0-4-retry
[INFO] running `Command { std: "git" "clone" "/workspace/cache/git-repos/https%3A%2F%2Fgithub.com%2Fluca3s%2Ftracker-engine" "/workspace/builds/worker-7-tc1/source", kill_on_drop: false }`
[INFO] [stderr] Cloning into '/workspace/builds/worker-7-tc1/source'...
[INFO] [stderr] done.
[INFO] validating manifest of git repo https://github.com/luca3s/tracker-engine on toolchain 1.83.0
[INFO] running `Command { std: CARGO_HOME="/workspace/cargo-home" RUSTUP_HOME="/workspace/rustup-home" "/workspace/cargo-home/bin/cargo" "+1.83.0" "metadata" "--manifest-path" "Cargo.toml" "--no-deps", kill_on_drop: false }`
[INFO] started tweaking git repo https://github.com/luca3s/tracker-engine
[INFO] finished tweaking git repo https://github.com/luca3s/tracker-engine
[INFO] tweaked toml for git repo https://github.com/luca3s/tracker-engine written to /workspace/builds/worker-7-tc1/source/Cargo.toml
[INFO] crate git repo https://github.com/luca3s/tracker-engine already has a lockfile, it will not be regenerated
[INFO] running `Command { std: CARGO_HOME="/workspace/cargo-home" RUSTUP_HOME="/workspace/rustup-home" "/workspace/cargo-home/bin/cargo" "+1.83.0" "fetch" "--manifest-path" "Cargo.toml", kill_on_drop: false }`
[INFO] [stderr]     Updating crates.io index
[INFO] [stderr]  Downloading crates ...
[INFO] [stderr]   Downloaded basedrop v0.1.2
[INFO] [stderr]   Downloaded loom v0.7.2
[INFO] [stderr]   Downloaded generator v0.8.3
[INFO] [stderr]   Downloaded rtrb v0.3.1
[INFO] running `Command { std: "docker" "create" "-v" "/var/lib/crater-agent-workspace/builds/worker-7-tc1/target:/opt/rustwide/target:rw,Z" "-v" "/var/lib/crater-agent-workspace/builds/worker-7-tc1/source:/opt/rustwide/workdir:ro,Z" "-v" "/var/lib/crater-agent-workspace/cargo-home:/opt/rustwide/cargo-home:ro,Z" "-v" "/var/lib/crater-agent-workspace/rustup-home:/opt/rustwide/rustup-home:ro,Z" "-e" "SOURCE_DIR=/opt/rustwide/workdir" "-e" "CARGO_TARGET_DIR=/opt/rustwide/target" "-e" "CARGO_HOME=/opt/rustwide/cargo-home" "-e" "RUSTUP_HOME=/opt/rustwide/rustup-home" "-w" "/opt/rustwide/workdir" "-m" "1610612736" "--user" "0:0" "--network" "none" "ghcr.io/rust-lang/crates-build-env/linux@sha256:f3a9d4ad9d972b27faf3965f35b62e55ba32bbce8f20bc8fe909558a86702fde" "/opt/rustwide/cargo-home/bin/cargo" "+1.83.0" "metadata" "--no-deps" "--format-version=1", kill_on_drop: false }`
[INFO] [stdout] cd202286d96377a0413643c41288fb3706ec79821f0cb709691f1b5efb2abfb2
[INFO] running `Command { std: "docker" "start" "-a" "cd202286d96377a0413643c41288fb3706ec79821f0cb709691f1b5efb2abfb2", kill_on_drop: false }`
[INFO] running `Command { std: "docker" "inspect" "cd202286d96377a0413643c41288fb3706ec79821f0cb709691f1b5efb2abfb2", kill_on_drop: false }`
[INFO] running `Command { std: "docker" "rm" "-f" "cd202286d96377a0413643c41288fb3706ec79821f0cb709691f1b5efb2abfb2", kill_on_drop: false }`
[INFO] [stdout] cd202286d96377a0413643c41288fb3706ec79821f0cb709691f1b5efb2abfb2
[INFO] running `Command { std: "docker" "create" "-v" "/var/lib/crater-agent-workspace/builds/worker-7-tc1/target:/opt/rustwide/target:rw,Z" "-v" "/var/lib/crater-agent-workspace/builds/worker-7-tc1/source:/opt/rustwide/workdir:ro,Z" "-v" "/var/lib/crater-agent-workspace/cargo-home:/opt/rustwide/cargo-home:ro,Z" "-v" "/var/lib/crater-agent-workspace/rustup-home:/opt/rustwide/rustup-home:ro,Z" "-e" "SOURCE_DIR=/opt/rustwide/workdir" "-e" "CARGO_TARGET_DIR=/opt/rustwide/target" "-e" "CARGO_INCREMENTAL=0" "-e" "RUST_BACKTRACE=full" "-e" "RUSTFLAGS=--cap-lints=warn" "-e" "RUSTDOCFLAGS=--cap-lints=warn" "-e" "CARGO_HOME=/opt/rustwide/cargo-home" "-e" "RUSTUP_HOME=/opt/rustwide/rustup-home" "-w" "/opt/rustwide/workdir" "-m" "1610612736" "--user" "0:0" "--network" "none" "ghcr.io/rust-lang/crates-build-env/linux@sha256:f3a9d4ad9d972b27faf3965f35b62e55ba32bbce8f20bc8fe909558a86702fde" "/opt/rustwide/cargo-home/bin/cargo" "+1.83.0" "build" "--frozen" "--message-format=json", kill_on_drop: false }`
[INFO] [stdout] 83ae3025e9d75c17298ca281dd388ad0e13c01ef6001b3f5e705e423300c139b
[INFO] running `Command { std: "docker" "start" "-a" "83ae3025e9d75c17298ca281dd388ad0e13c01ef6001b3f5e705e423300c139b", kill_on_drop: false }`
[INFO] [stderr]    Compiling pkg-config v0.3.31
[INFO] [stderr]    Compiling libc v0.2.159
[INFO] [stderr]    Compiling crossbeam-utils v0.8.20
[INFO] [stderr]    Compiling cfg-if v1.0.0
[INFO] [stderr]    Compiling bitflags v2.6.0
[INFO] [stderr]    Compiling cpal v0.15.3
[INFO] [stderr]    Compiling dasp_sample v0.11.0
[INFO] [stderr]    Compiling rtrb v0.3.1
[INFO] [stderr]    Compiling basedrop v0.1.2
[INFO] [stderr]    Compiling alsa-sys v0.3.1
[INFO] [stderr]    Compiling simple-left-right v0.1.0 (/opt/rustwide/workdir/simple-left-right)
[INFO] [stderr]    Compiling alsa v0.9.1
[INFO] [stderr]    Compiling impulse-engine v0.1.0 (/opt/rustwide/workdir/tracker-engine)
[INFO] [stdout] warning: unused variable: `info`
[INFO] [stdout]    --> tracker-engine/src/live_audio.rs:173:21
[INFO] [stdout]     |
[INFO] [stdout] 173 |         move |data, info| {
[INFO] [stdout]     |                     ^^^^ help: if this is intentional, prefix it with an underscore: `_info`
[INFO] [stdout]     |
[INFO] [stdout]     = note: `#[warn(unused_variables)]` on by default
[INFO] [stdout] 
[INFO] [stdout] 
[INFO] [stdout] warning: unused variable: `command_value`
[INFO] [stdout]   --> tracker-engine/src/song/event_command.rs:12:28
[INFO] [stdout]    |
[INFO] [stdout] 12 |         let (command_type, command_value) = value;
[INFO] [stdout]    |                            ^^^^^^^^^^^^^ help: if this is intentional, prefix it with an underscore: `_command_value`
[INFO] [stdout] 
[INFO] [stdout] 
[INFO] [stdout] warning: method `pad_needed` is never used
[INFO] [stdout]   --> tracker-engine/src/audio_processing/sample.rs:29:18
[INFO] [stdout]    |
[INFO] [stdout] 26 | impl Interpolation {
[INFO] [stdout]    | ------------------ method in this implementation
[INFO] [stdout] ...
[INFO] [stdout] 29 |     pub const fn pad_needed(&self) -> usize {
[INFO] [stdout]    |                  ^^^^^^^^^^
[INFO] [stdout]    |
[INFO] [stdout]    = note: `#[warn(dead_code)]` on by default
[INFO] [stdout] 
[INFO] [stdout] 
[INFO] [stdout] warning: multiple fields are never read
[INFO] [stdout]    --> tracker-engine/src/file/impulse_format/instrument.rs:240:5
[INFO] [stdout]     |
[INFO] [stdout] 239 | pub struct ImpulseEnvelope {
[INFO] [stdout]     |            --------------- fields in this struct
[INFO] [stdout] 240 |     flags: u8,
[INFO] [stdout]     |     ^^^^^
[INFO] [stdout] 241 |     num_node_points: u8,
[INFO] [stdout]     |     ^^^^^^^^^^^^^^^
[INFO] [stdout] 242 |     loop_start: u8,
[INFO] [stdout]     |     ^^^^^^^^^^
[INFO] [stdout] 243 |     loop_end: u8,
[INFO] [stdout]     |     ^^^^^^^^
[INFO] [stdout] 244 |     sustain_loop_start: u8,
[INFO] [stdout]     |     ^^^^^^^^^^^^^^^^^^
[INFO] [stdout] 245 |     sustain_loop_end: u8,
[INFO] [stdout]     |     ^^^^^^^^^^^^^^^^
[INFO] [stdout] 246 |     nodes: [(u8, u16); 25],
[INFO] [stdout]     |     ^^^^^
[INFO] [stdout]     |
[INFO] [stdout]     = note: `ImpulseEnvelope` has a derived impl for the trait `Debug`, but this is intentionally ignored during dead code analysis
[INFO] [stdout] 
[INFO] [stdout] 
[INFO] [stdout] warning: variants `Seven`, `Eight`, `Sixteen`, `TwentyFour`, and `ThirtyTwo` are never constructed
[INFO] [stdout]   --> tracker-engine/src/file/impulse_format/sample.rs:31:5
[INFO] [stdout]    |
[INFO] [stdout] 30 | enum ImpulseSampleBitWidth {
[INFO] [stdout]    |      --------------------- variants in this enum
[INFO] [stdout] 31 |     Seven,
[INFO] [stdout]    |     ^^^^^
[INFO] [stdout] 32 |     Eight,
[INFO] [stdout]    |     ^^^^^
[INFO] [stdout] 33 |     Sixteen,
[INFO] [stdout]    |     ^^^^^^^
[INFO] [stdout] 34 |     TwentyFour,
[INFO] [stdout]    |     ^^^^^^^^^^
[INFO] [stdout] 35 |     ThirtyTwo,
[INFO] [stdout]    |     ^^^^^^^^^
[INFO] [stdout] 
[INFO] [stdout] 
[INFO] [stdout] warning: enum `ImpulseSampleChannels` is never used
[INFO] [stdout]   --> tracker-engine/src/file/impulse_format/sample.rs:50:6
[INFO] [stdout]    |
[INFO] [stdout] 50 | enum ImpulseSampleChannels {
[INFO] [stdout]    |      ^^^^^^^^^^^^^^^^^^^^^
[INFO] [stdout] 
[INFO] [stdout] 
[INFO] [stdout] warning: enum `ImpulseSampleEndianness` is never used
[INFO] [stdout]   --> tracker-engine/src/file/impulse_format/sample.rs:56:6
[INFO] [stdout]    |
[INFO] [stdout] 56 | enum ImpulseSampleEndianness {
[INFO] [stdout]    |      ^^^^^^^^^^^^^^^^^^^^^^^
[INFO] [stdout] 
[INFO] [stdout] 
[INFO] [stdout] warning: enum `ImpulseSampleEncoding` is never used
[INFO] [stdout]   --> tracker-engine/src/file/impulse_format/sample.rs:62:6
[INFO] [stdout]    |
[INFO] [stdout] 62 | enum ImpulseSampleEncoding {
[INFO] [stdout]    |      ^^^^^^^^^^^^^^^^^^^^^
[INFO] [stdout] 
[INFO] [stdout] 
[INFO] [stdout] warning: struct `SampleFormatConvert` is never constructed
[INFO] [stdout]   --> tracker-engine/src/file/impulse_format/sample.rs:77:8
[INFO] [stdout]    |
[INFO] [stdout] 77 | struct SampleFormatConvert(u8);
[INFO] [stdout]    |        ^^^^^^^^^^^^^^^^^^^
[INFO] [stdout] 
[INFO] [stdout] 
[INFO] [stdout] warning: methods `samples_signed`, `is_big_endian`, `delta_samples`, `tx_wave_12bit`, and `should_show_stereo_prompt` are never used
[INFO] [stdout]   --> tracker-engine/src/file/impulse_format/sample.rs:79:12
[INFO] [stdout]    |
[INFO] [stdout] 78 | impl SampleFormatConvert {
[INFO] [stdout]    | ------------------------ methods in this implementation
[INFO] [stdout] 79 |     pub fn samples_signed(&self) -> bool {
[INFO] [stdout]    |            ^^^^^^^^^^^^^^
[INFO] [stdout] ...
[INFO] [stdout] 83 |     pub fn is_big_endian(&self) -> bool {
[INFO] [stdout]    |            ^^^^^^^^^^^^^
[INFO] [stdout] ...
[INFO] [stdout] 87 |     pub fn delta_samples(&self) -> bool {
[INFO] [stdout]    |            ^^^^^^^^^^^^^
[INFO] [stdout] ...
[INFO] [stdout] 90 |     pub fn tx_wave_12bit(&self) -> bool {
[INFO] [stdout]    |            ^^^^^^^^^^^^^
[INFO] [stdout] ...
[INFO] [stdout] 94 |     pub fn should_show_stereo_prompt(&self) -> bool {
[INFO] [stdout]    |            ^^^^^^^^^^^^^^^^^^^^^^^^^
[INFO] [stdout] 
[INFO] [stdout] 
[INFO] [stdout] warning: method `get_typed_callback` is never used
[INFO] [stdout]    --> tracker-engine/src/live_audio.rs:170:12
[INFO] [stdout]     |
[INFO] [stdout] 26  | impl LiveAudio {
[INFO] [stdout]     | -------------- method in this implementation
[INFO] [stdout] ...
[INFO] [stdout] 170 |     pub fn get_typed_callback<S: cpal::SizedSample + cpal::FromSample<f32>>(
[INFO] [stdout]     |            ^^^^^^^^^^^^^^^^^^
[INFO] [stdout] 
[INFO] [stdout] 
[INFO] [stdout] warning: function `sine` is never used
[INFO] [stdout]    --> tracker-engine/src/live_audio.rs:187:4
[INFO] [stdout]     |
[INFO] [stdout] 187 | fn sine(output: &mut [[f32; 2]], sample_rate: f32) {
[INFO] [stdout]     |    ^^^^
[INFO] [stdout] 
[INFO] [stdout] 
[INFO] [stderr]     Finished `dev` profile [unoptimized + debuginfo] target(s) in 5.65s
[INFO] running `Command { std: "docker" "inspect" "83ae3025e9d75c17298ca281dd388ad0e13c01ef6001b3f5e705e423300c139b", kill_on_drop: false }`
[INFO] running `Command { std: "docker" "rm" "-f" "83ae3025e9d75c17298ca281dd388ad0e13c01ef6001b3f5e705e423300c139b", kill_on_drop: false }`
[INFO] [stdout] 83ae3025e9d75c17298ca281dd388ad0e13c01ef6001b3f5e705e423300c139b
[INFO] running `Command { std: "docker" "create" "-v" "/var/lib/crater-agent-workspace/builds/worker-7-tc1/target:/opt/rustwide/target:rw,Z" "-v" "/var/lib/crater-agent-workspace/builds/worker-7-tc1/source:/opt/rustwide/workdir:ro,Z" "-v" "/var/lib/crater-agent-workspace/cargo-home:/opt/rustwide/cargo-home:ro,Z" "-v" "/var/lib/crater-agent-workspace/rustup-home:/opt/rustwide/rustup-home:ro,Z" "-e" "SOURCE_DIR=/opt/rustwide/workdir" "-e" "CARGO_TARGET_DIR=/opt/rustwide/target" "-e" "CARGO_INCREMENTAL=0" "-e" "RUST_BACKTRACE=full" "-e" "RUSTFLAGS=--cap-lints=warn" "-e" "RUSTDOCFLAGS=--cap-lints=warn" "-e" "CARGO_HOME=/opt/rustwide/cargo-home" "-e" "RUSTUP_HOME=/opt/rustwide/rustup-home" "-w" "/opt/rustwide/workdir" "-m" "1610612736" "--user" "0:0" "--network" "none" "ghcr.io/rust-lang/crates-build-env/linux@sha256:f3a9d4ad9d972b27faf3965f35b62e55ba32bbce8f20bc8fe909558a86702fde" "/opt/rustwide/cargo-home/bin/cargo" "+1.83.0" "test" "--frozen" "--no-run" "--message-format=json", kill_on_drop: false }`
[INFO] [stdout] ebede05b556996bd4df69d5e6dab48940cab88723fc4eac1427d1ddffa0f872e
[INFO] running `Command { std: "docker" "start" "-a" "ebede05b556996bd4df69d5e6dab48940cab88723fc4eac1427d1ddffa0f872e", kill_on_drop: false }`
[INFO] [stderr]    Compiling hound v3.5.1
[INFO] [stderr]    Compiling simple-left-right v0.1.0 (/opt/rustwide/workdir/simple-left-right)
[INFO] [stdout] warning: unused variable: `info`
[INFO] [stdout]    --> tracker-engine/src/live_audio.rs:173:21
[INFO] [stdout]     |
[INFO] [stdout] 173 |         move |data, info| {
[INFO] [stdout]     |                     ^^^^ help: if this is intentional, prefix it with an underscore: `_info`
[INFO] [stdout]     |
[INFO] [stdout]     = note: `#[warn(unused_variables)]` on by default
[INFO] [stdout] 
[INFO] [stdout] 
[INFO] [stdout] warning: unused variable: `command_value`
[INFO] [stdout]   --> tracker-engine/src/song/event_command.rs:12:28
[INFO] [stdout]    |
[INFO] [stdout] 12 |         let (command_type, command_value) = value;
[INFO] [stdout]    |                            ^^^^^^^^^^^^^ help: if this is intentional, prefix it with an underscore: `_command_value`
[INFO] [stdout] 
[INFO] [stdout] 
[INFO] [stdout] warning: method `pad_needed` is never used
[INFO] [stdout]   --> tracker-engine/src/audio_processing/sample.rs:29:18
[INFO] [stdout]    |
[INFO] [stdout] 26 | impl Interpolation {
[INFO] [stdout]    | ------------------ method in this implementation
[INFO] [stdout] ...
[INFO] [stdout] 29 |     pub const fn pad_needed(&self) -> usize {
[INFO] [stdout]    |                  ^^^^^^^^^^
[INFO] [stdout]    |
[INFO] [stdout]    = note: `#[warn(dead_code)]` on by default
[INFO] [stdout] 
[INFO] [stdout] 
[INFO] [stdout] warning: multiple fields are never read
[INFO] [stdout]    --> tracker-engine/src/file/impulse_format/instrument.rs:240:5
[INFO] [stdout]     |
[INFO] [stdout] 239 | pub struct ImpulseEnvelope {
[INFO] [stdout]     |            --------------- fields in this struct
[INFO] [stdout] 240 |     flags: u8,
[INFO] [stdout]     |     ^^^^^
[INFO] [stdout] 241 |     num_node_points: u8,
[INFO] [stdout]     |     ^^^^^^^^^^^^^^^
[INFO] [stdout] 242 |     loop_start: u8,
[INFO] [stdout]     |     ^^^^^^^^^^
[INFO] [stdout] 243 |     loop_end: u8,
[INFO] [stdout]     |     ^^^^^^^^
[INFO] [stdout] 244 |     sustain_loop_start: u8,
[INFO] [stdout]     |     ^^^^^^^^^^^^^^^^^^
[INFO] [stdout] 245 |     sustain_loop_end: u8,
[INFO] [stdout]     |     ^^^^^^^^^^^^^^^^
[INFO] [stdout] 246 |     nodes: [(u8, u16); 25],
[INFO] [stdout]     |     ^^^^^
[INFO] [stdout]     |
[INFO] [stdout]     = note: `ImpulseEnvelope` has a derived impl for the trait `Debug`, but this is intentionally ignored during dead code analysis
[INFO] [stdout] 
[INFO] [stdout] 
[INFO] [stdout] warning: variants `Seven`, `Eight`, `Sixteen`, `TwentyFour`, and `ThirtyTwo` are never constructed
[INFO] [stdout]   --> tracker-engine/src/file/impulse_format/sample.rs:31:5
[INFO] [stdout]    |
[INFO] [stdout] 30 | enum ImpulseSampleBitWidth {
[INFO] [stdout]    |      --------------------- variants in this enum
[INFO] [stdout] 31 |     Seven,
[INFO] [stdout]    |     ^^^^^
[INFO] [stdout] 32 |     Eight,
[INFO] [stdout]    |     ^^^^^
[INFO] [stdout] 33 |     Sixteen,
[INFO] [stdout]    |     ^^^^^^^
[INFO] [stdout] 34 |     TwentyFour,
[INFO] [stdout]    |     ^^^^^^^^^^
[INFO] [stdout] 35 |     ThirtyTwo,
[INFO] [stdout]    |     ^^^^^^^^^
[INFO] [stdout] 
[INFO] [stdout] 
[INFO] [stdout] warning: enum `ImpulseSampleChannels` is never used
[INFO] [stdout]   --> tracker-engine/src/file/impulse_format/sample.rs:50:6
[INFO] [stdout]    |
[INFO] [stdout] 50 | enum ImpulseSampleChannels {
[INFO] [stdout]    |      ^^^^^^^^^^^^^^^^^^^^^
[INFO] [stdout] 
[INFO] [stdout] 
[INFO] [stdout] warning: enum `ImpulseSampleEndianness` is never used
[INFO] [stdout]   --> tracker-engine/src/file/impulse_format/sample.rs:56:6
[INFO] [stdout]    |
[INFO] [stdout] 56 | enum ImpulseSampleEndianness {
[INFO] [stdout]    |      ^^^^^^^^^^^^^^^^^^^^^^^
[INFO] [stdout] 
[INFO] [stdout] 
[INFO] [stdout] warning: enum `ImpulseSampleEncoding` is never used
[INFO] [stdout]   --> tracker-engine/src/file/impulse_format/sample.rs:62:6
[INFO] [stdout]    |
[INFO] [stdout] 62 | enum ImpulseSampleEncoding {
[INFO] [stdout]    |      ^^^^^^^^^^^^^^^^^^^^^
[INFO] [stdout] 
[INFO] [stdout] 
[INFO] [stdout] warning: struct `SampleFormatConvert` is never constructed
[INFO] [stdout]   --> tracker-engine/src/file/impulse_format/sample.rs:77:8
[INFO] [stdout]    |
[INFO] [stdout] 77 | struct SampleFormatConvert(u8);
[INFO] [stdout]    |        ^^^^^^^^^^^^^^^^^^^
[INFO] [stdout] 
[INFO] [stdout] 
[INFO] [stdout] warning: methods `samples_signed`, `is_big_endian`, `delta_samples`, `tx_wave_12bit`, and `should_show_stereo_prompt` are never used
[INFO] [stdout]   --> tracker-engine/src/file/impulse_format/sample.rs:79:12
[INFO] [stdout]    |
[INFO] [stdout] 78 | impl SampleFormatConvert {
[INFO] [stdout]    | ------------------------ methods in this implementation
[INFO] [stdout] 79 |     pub fn samples_signed(&self) -> bool {
[INFO] [stdout]    |            ^^^^^^^^^^^^^^
[INFO] [stdout] ...
[INFO] [stdout] 83 |     pub fn is_big_endian(&self) -> bool {
[INFO] [stdout]    |            ^^^^^^^^^^^^^
[INFO] [stdout] ...
[INFO] [stdout] 87 |     pub fn delta_samples(&self) -> bool {
[INFO] [stdout]    |            ^^^^^^^^^^^^^
[INFO] [stdout] ...
[INFO] [stdout] 90 |     pub fn tx_wave_12bit(&self) -> bool {
[INFO] [stdout]    |            ^^^^^^^^^^^^^
[INFO] [stdout] ...
[INFO] [stdout] 94 |     pub fn should_show_stereo_prompt(&self) -> bool {
[INFO] [stdout]    |            ^^^^^^^^^^^^^^^^^^^^^^^^^
[INFO] [stdout] 
[INFO] [stdout] 
[INFO] [stdout] warning: method `get_typed_callback` is never used
[INFO] [stdout]    --> tracker-engine/src/live_audio.rs:170:12
[INFO] [stdout]     |
[INFO] [stdout] 26  | impl LiveAudio {
[INFO] [stdout]     | -------------- method in this implementation
[INFO] [stdout] ...
[INFO] [stdout] 170 |     pub fn get_typed_callback<S: cpal::SizedSample + cpal::FromSample<f32>>(
[INFO] [stdout]     |            ^^^^^^^^^^^^^^^^^^
[INFO] [stdout] 
[INFO] [stdout] 
[INFO] [stdout] warning: function `sine` is never used
[INFO] [stdout]    --> tracker-engine/src/live_audio.rs:187:4
[INFO] [stdout]     |
[INFO] [stdout] 187 | fn sine(output: &mut [[f32; 2]], sample_rate: f32) {
[INFO] [stdout]     |    ^^^^
[INFO] [stdout] 
[INFO] [stdout] 
[INFO] [stderr]    Compiling impulse-engine v0.1.0 (/opt/rustwide/workdir/tracker-engine)
[INFO] [stdout] warning: unused variable: `info`
[INFO] [stdout]    --> tracker-engine/src/live_audio.rs:173:21
[INFO] [stdout]     |
[INFO] [stdout] 173 |         move |data, info| {
[INFO] [stdout]     |                     ^^^^ help: if this is intentional, prefix it with an underscore: `_info`
[INFO] [stdout]     |
[INFO] [stdout]     = note: `#[warn(unused_variables)]` on by default
[INFO] [stdout] 
[INFO] [stdout] 
[INFO] [stdout] warning: unused variable: `command_value`
[INFO] [stdout]   --> tracker-engine/src/song/event_command.rs:12:28
[INFO] [stdout]    |
[INFO] [stdout] 12 |         let (command_type, command_value) = value;
[INFO] [stdout]    |                            ^^^^^^^^^^^^^ help: if this is intentional, prefix it with an underscore: `_command_value`
[INFO] [stdout] 
[INFO] [stdout] 
[INFO] [stdout] warning: method `pad_needed` is never used
[INFO] [stdout]   --> tracker-engine/src/audio_processing/sample.rs:29:18
[INFO] [stdout]    |
[INFO] [stdout] 26 | impl Interpolation {
[INFO] [stdout]    | ------------------ method in this implementation
[INFO] [stdout] ...
[INFO] [stdout] 29 |     pub const fn pad_needed(&self) -> usize {
[INFO] [stdout]    |                  ^^^^^^^^^^
[INFO] [stdout]    |
[INFO] [stdout]    = note: `#[warn(dead_code)]` on by default
[INFO] [stdout] 
[INFO] [stdout] 
[INFO] [stdout] warning: multiple fields are never read
[INFO] [stdout]    --> tracker-engine/src/file/impulse_format/instrument.rs:240:5
[INFO] [stdout]     |
[INFO] [stdout] 239 | pub struct ImpulseEnvelope {
[INFO] [stdout]     |            --------------- fields in this struct
[INFO] [stdout] 240 |     flags: u8,
[INFO] [stdout]     |     ^^^^^
[INFO] [stdout] 241 |     num_node_points: u8,
[INFO] [stdout]     |     ^^^^^^^^^^^^^^^
[INFO] [stdout] 242 |     loop_start: u8,
[INFO] [stdout]     |     ^^^^^^^^^^
[INFO] [stdout] 243 |     loop_end: u8,
[INFO] [stdout]     |     ^^^^^^^^
[INFO] [stdout] 244 |     sustain_loop_start: u8,
[INFO] [stdout]     |     ^^^^^^^^^^^^^^^^^^
[INFO] [stdout] 245 |     sustain_loop_end: u8,
[INFO] [stdout]     |     ^^^^^^^^^^^^^^^^
[INFO] [stdout] 246 |     nodes: [(u8, u16); 25],
[INFO] [stdout]     |     ^^^^^
[INFO] [stdout]     |
[INFO] [stdout]     = note: `ImpulseEnvelope` has a derived impl for the trait `Debug`, but this is intentionally ignored during dead code analysis
[INFO] [stdout] 
[INFO] [stdout] 
[INFO] [stdout] warning: variants `Seven`, `Eight`, `Sixteen`, `TwentyFour`, and `ThirtyTwo` are never constructed
[INFO] [stdout]   --> tracker-engine/src/file/impulse_format/sample.rs:31:5
[INFO] [stdout]    |
[INFO] [stdout] 30 | enum ImpulseSampleBitWidth {
[INFO] [stdout]    |      --------------------- variants in this enum
[INFO] [stdout] 31 |     Seven,
[INFO] [stdout]    |     ^^^^^
[INFO] [stdout] 32 |     Eight,
[INFO] [stdout]    |     ^^^^^
[INFO] [stdout] 33 |     Sixteen,
[INFO] [stdout]    |     ^^^^^^^
[INFO] [stdout] 34 |     TwentyFour,
[INFO] [stdout]    |     ^^^^^^^^^^
[INFO] [stdout] 35 |     ThirtyTwo,
[INFO] [stdout]    |     ^^^^^^^^^
[INFO] [stdout] 
[INFO] [stdout] 
[INFO] [stdout] warning: enum `ImpulseSampleChannels` is never used
[INFO] [stdout]   --> tracker-engine/src/file/impulse_format/sample.rs:50:6
[INFO] [stdout]    |
[INFO] [stdout] 50 | enum ImpulseSampleChannels {
[INFO] [stdout]    |      ^^^^^^^^^^^^^^^^^^^^^
[INFO] [stdout] 
[INFO] [stdout] 
[INFO] [stdout] warning: enum `ImpulseSampleEndianness` is never used
[INFO] [stdout]   --> tracker-engine/src/file/impulse_format/sample.rs:56:6
[INFO] [stdout]    |
[INFO] [stdout] 56 | enum ImpulseSampleEndianness {
[INFO] [stdout]    |      ^^^^^^^^^^^^^^^^^^^^^^^
[INFO] [stdout] 
[INFO] [stdout] 
[INFO] [stdout] warning: enum `ImpulseSampleEncoding` is never used
[INFO] [stdout]   --> tracker-engine/src/file/impulse_format/sample.rs:62:6
[INFO] [stdout]    |
[INFO] [stdout] 62 | enum ImpulseSampleEncoding {
[INFO] [stdout]    |      ^^^^^^^^^^^^^^^^^^^^^
[INFO] [stdout] 
[INFO] [stdout] 
[INFO] [stdout] warning: struct `SampleFormatConvert` is never constructed
[INFO] [stdout]   --> tracker-engine/src/file/impulse_format/sample.rs:77:8
[INFO] [stdout]    |
[INFO] [stdout] 77 | struct SampleFormatConvert(u8);
[INFO] [stdout]    |        ^^^^^^^^^^^^^^^^^^^
[INFO] [stdout] 
[INFO] [stdout] 
[INFO] [stdout] warning: methods `samples_signed`, `is_big_endian`, `delta_samples`, `tx_wave_12bit`, and `should_show_stereo_prompt` are never used
[INFO] [stdout]   --> tracker-engine/src/file/impulse_format/sample.rs:79:12
[INFO] [stdout]    |
[INFO] [stdout] 78 | impl SampleFormatConvert {
[INFO] [stdout]    | ------------------------ methods in this implementation
[INFO] [stdout] 79 |     pub fn samples_signed(&self) -> bool {
[INFO] [stdout]    |            ^^^^^^^^^^^^^^
[INFO] [stdout] ...
[INFO] [stdout] 83 |     pub fn is_big_endian(&self) -> bool {
[INFO] [stdout]    |            ^^^^^^^^^^^^^
[INFO] [stdout] ...
[INFO] [stdout] 87 |     pub fn delta_samples(&self) -> bool {
[INFO] [stdout]    |            ^^^^^^^^^^^^^
[INFO] [stdout] ...
[INFO] [stdout] 90 |     pub fn tx_wave_12bit(&self) -> bool {
[INFO] [stdout]    |            ^^^^^^^^^^^^^
[INFO] [stdout] ...
[INFO] [stdout] 94 |     pub fn should_show_stereo_prompt(&self) -> bool {
[INFO] [stdout]    |            ^^^^^^^^^^^^^^^^^^^^^^^^^
[INFO] [stdout] 
[INFO] [stdout] 
[INFO] [stdout] warning: method `get_typed_callback` is never used
[INFO] [stdout]    --> tracker-engine/src/live_audio.rs:170:12
[INFO] [stdout]     |
[INFO] [stdout] 26  | impl LiveAudio {
[INFO] [stdout]     | -------------- method in this implementation
[INFO] [stdout] ...
[INFO] [stdout] 170 |     pub fn get_typed_callback<S: cpal::SizedSample + cpal::FromSample<f32>>(
[INFO] [stdout]     |            ^^^^^^^^^^^^^^^^^^
[INFO] [stdout] 
[INFO] [stdout] 
[INFO] [stdout] warning: function `sine` is never used
[INFO] [stdout]    --> tracker-engine/src/live_audio.rs:187:4
[INFO] [stdout]     |
[INFO] [stdout] 187 | fn sine(output: &mut [[f32; 2]], sample_rate: f32) {
[INFO] [stdout]     |    ^^^^
[INFO] [stdout] 
[INFO] [stdout] 
[INFO] [stderr]     Finished `test` profile [unoptimized + debuginfo] target(s) in 2.26s
[INFO] running `Command { std: "docker" "inspect" "ebede05b556996bd4df69d5e6dab48940cab88723fc4eac1427d1ddffa0f872e", kill_on_drop: false }`
[INFO] running `Command { std: "docker" "rm" "-f" "ebede05b556996bd4df69d5e6dab48940cab88723fc4eac1427d1ddffa0f872e", kill_on_drop: false }`
[INFO] [stdout] ebede05b556996bd4df69d5e6dab48940cab88723fc4eac1427d1ddffa0f872e
[INFO] running `Command { std: "docker" "create" "-v" "/var/lib/crater-agent-workspace/builds/worker-7-tc1/target:/opt/rustwide/target:rw,Z" "-v" "/var/lib/crater-agent-workspace/builds/worker-7-tc1/source:/opt/rustwide/workdir:ro,Z" "-v" "/var/lib/crater-agent-workspace/cargo-home:/opt/rustwide/cargo-home:ro,Z" "-v" "/var/lib/crater-agent-workspace/rustup-home:/opt/rustwide/rustup-home:ro,Z" "-e" "SOURCE_DIR=/opt/rustwide/workdir" "-e" "CARGO_TARGET_DIR=/opt/rustwide/target" "-e" "CARGO_INCREMENTAL=0" "-e" "RUST_BACKTRACE=full" "-e" "RUSTFLAGS=--cap-lints=warn" "-e" "RUSTDOCFLAGS=--cap-lints=warn" "-e" "CARGO_HOME=/opt/rustwide/cargo-home" "-e" "RUSTUP_HOME=/opt/rustwide/rustup-home" "-w" "/opt/rustwide/workdir" "-m" "1610612736" "--user" "0:0" "--network" "none" "ghcr.io/rust-lang/crates-build-env/linux@sha256:f3a9d4ad9d972b27faf3965f35b62e55ba32bbce8f20bc8fe909558a86702fde" "/opt/rustwide/cargo-home/bin/cargo" "+1.83.0" "test" "--frozen", kill_on_drop: false }`
[INFO] [stdout] dba92bd6c50d10f135cdc61b6123c67bdbaac6c91849c3fb30bf0b60fc664fbf
[INFO] running `Command { std: "docker" "start" "-a" "dba92bd6c50d10f135cdc61b6123c67bdbaac6c91849c3fb30bf0b60fc664fbf", kill_on_drop: false }`
[INFO] [stderr] warning: unused variable: `info`
[INFO] [stderr]    --> tracker-engine/src/live_audio.rs:173:21
[INFO] [stderr]     |
[INFO] [stderr] 173 |         move |data, info| {
[INFO] [stderr]     |                     ^^^^ help: if this is intentional, prefix it with an underscore: `_info`
[INFO] [stderr]     |
[INFO] [stderr]     = note: `#[warn(unused_variables)]` on by default
[INFO] [stderr] 
[INFO] [stderr] warning: unused variable: `command_value`
[INFO] [stderr]   --> tracker-engine/src/song/event_command.rs:12:28
[INFO] [stderr]    |
[INFO] [stderr] 12 |         let (command_type, command_value) = value;
[INFO] [stderr]    |                            ^^^^^^^^^^^^^ help: if this is intentional, prefix it with an underscore: `_command_value`
[INFO] [stderr] 
[INFO] [stderr] warning: method `pad_needed` is never used
[INFO] [stderr]   --> tracker-engine/src/audio_processing/sample.rs:29:18
[INFO] [stderr]    |
[INFO] [stderr] 26 | impl Interpolation {
[INFO] [stderr]    | ------------------ method in this implementation
[INFO] [stderr] ...
[INFO] [stderr] 29 |     pub const fn pad_needed(&self) -> usize {
[INFO] [stderr]    |                  ^^^^^^^^^^
[INFO] [stderr]    |
[INFO] [stderr]    = note: `#[warn(dead_code)]` on by default
[INFO] [stderr] 
[INFO] [stderr] warning: multiple fields are never read
[INFO] [stderr]    --> tracker-engine/src/file/impulse_format/instrument.rs:240:5
[INFO] [stderr]     |
[INFO] [stderr] 239 | pub struct ImpulseEnvelope {
[INFO] [stderr]     |            --------------- fields in this struct
[INFO] [stderr] 240 |     flags: u8,
[INFO] [stderr]     |     ^^^^^
[INFO] [stderr] 241 |     num_node_points: u8,
[INFO] [stderr]     |     ^^^^^^^^^^^^^^^
[INFO] [stderr] 242 |     loop_start: u8,
[INFO] [stderr]     |     ^^^^^^^^^^
[INFO] [stderr] 243 |     loop_end: u8,
[INFO] [stderr]     |     ^^^^^^^^
[INFO] [stderr] 244 |     sustain_loop_start: u8,
[INFO] [stderr]     |     ^^^^^^^^^^^^^^^^^^
[INFO] [stderr] 245 |     sustain_loop_end: u8,
[INFO] [stderr]     |     ^^^^^^^^^^^^^^^^
[INFO] [stderr] 246 |     nodes: [(u8, u16); 25],
[INFO] [stderr]     |     ^^^^^
[INFO] [stderr]     |
[INFO] [stderr]     = note: `ImpulseEnvelope` has a derived impl for the trait `Debug`, but this is intentionally ignored during dead code analysis
[INFO] [stderr] 
[INFO] [stderr] warning: variants `Seven`, `Eight`, `Sixteen`, `TwentyFour`, and `ThirtyTwo` are never constructed
[INFO] [stderr]   --> tracker-engine/src/file/impulse_format/sample.rs:31:5
[INFO] [stderr]    |
[INFO] [stderr] 30 | enum ImpulseSampleBitWidth {
[INFO] [stderr]    |      --------------------- variants in this enum
[INFO] [stderr] 31 |     Seven,
[INFO] [stderr]    |     ^^^^^
[INFO] [stderr] 32 |     Eight,
[INFO] [stderr]    |     ^^^^^
[INFO] [stderr] 33 |     Sixteen,
[INFO] [stderr]    |     ^^^^^^^
[INFO] [stderr] 34 |     TwentyFour,
[INFO] [stderr]    |     ^^^^^^^^^^
[INFO] [stderr] 35 |     ThirtyTwo,
[INFO] [stderr]    |     ^^^^^^^^^
[INFO] [stderr] 
[INFO] [stderr] warning: enum `ImpulseSampleChannels` is never used
[INFO] [stderr]   --> tracker-engine/src/file/impulse_format/sample.rs:50:6
[INFO] [stderr]    |
[INFO] [stderr] 50 | enum ImpulseSampleChannels {
[INFO] [stderr]    |      ^^^^^^^^^^^^^^^^^^^^^
[INFO] [stderr] 
[INFO] [stderr] warning: enum `ImpulseSampleEndianness` is never used
[INFO] [stderr]   --> tracker-engine/src/file/impulse_format/sample.rs:56:6
[INFO] [stderr]    |
[INFO] [stderr] 56 | enum ImpulseSampleEndianness {
[INFO] [stderr]    |      ^^^^^^^^^^^^^^^^^^^^^^^
[INFO] [stderr] 
[INFO] [stderr] warning: enum `ImpulseSampleEncoding` is never used
[INFO] [stderr]   --> tracker-engine/src/file/impulse_format/sample.rs:62:6
[INFO] [stderr]    |
[INFO] [stderr] 62 | enum ImpulseSampleEncoding {
[INFO] [stderr]    |      ^^^^^^^^^^^^^^^^^^^^^
[INFO] [stderr] 
[INFO] [stderr] warning: struct `SampleFormatConvert` is never constructed
[INFO] [stderr]   --> tracker-engine/src/file/impulse_format/sample.rs:77:8
[INFO] [stderr]    |
[INFO] [stderr] 77 | struct SampleFormatConvert(u8);
[INFO] [stderr]    |        ^^^^^^^^^^^^^^^^^^^
[INFO] [stderr] 
[INFO] [stderr] warning: methods `samples_signed`, `is_big_endian`, `delta_samples`, `tx_wave_12bit`, and `should_show_stereo_prompt` are never used
[INFO] [stderr]   --> tracker-engine/src/file/impulse_format/sample.rs:79:12
[INFO] [stderr]    |
[INFO] [stderr] 78 | impl SampleFormatConvert {
[INFO] [stderr]    | ------------------------ methods in this implementation
[INFO] [stderr] 79 |     pub fn samples_signed(&self) -> bool {
[INFO] [stderr]    |            ^^^^^^^^^^^^^^
[INFO] [stderr] ...
[INFO] [stderr] 83 |     pub fn is_big_endian(&self) -> bool {
[INFO] [stderr]    |            ^^^^^^^^^^^^^
[INFO] [stderr] ...
[INFO] [stderr] 87 |     pub fn delta_samples(&self) -> bool {
[INFO] [stderr]    |            ^^^^^^^^^^^^^
[INFO] [stderr] ...
[INFO] [stderr] 90 |     pub fn tx_wave_12bit(&self) -> bool {
[INFO] [stderr]    |            ^^^^^^^^^^^^^
[INFO] [stderr] ...
[INFO] [stderr] 94 |     pub fn should_show_stereo_prompt(&self) -> bool {
[INFO] [stderr]    |            ^^^^^^^^^^^^^^^^^^^^^^^^^
[INFO] [stderr] 
[INFO] [stderr] warning: method `get_typed_callback` is never used
[INFO] [stderr]    --> tracker-engine/src/live_audio.rs:170:12
[INFO] [stderr]     |
[INFO] [stderr] 26  | impl LiveAudio {
[INFO] [stderr]     | -------------- method in this implementation
[INFO] [stderr] ...
[INFO] [stderr] 170 |     pub fn get_typed_callback<S: cpal::SizedSample + cpal::FromSample<f32>>(
[INFO] [stderr]     |            ^^^^^^^^^^^^^^^^^^
[INFO] [stderr] 
[INFO] [stderr] warning: function `sine` is never used
[INFO] [stderr]    --> tracker-engine/src/live_audio.rs:187:4
[INFO] [stderr]     |
[INFO] [stderr] 187 | fn sine(output: &mut [[f32; 2]], sample_rate: f32) {
[INFO] [stderr]     |    ^^^^
[INFO] [stderr] 
[INFO] [stderr] warning: `impulse-engine` (lib) generated 12 warnings
[INFO] [stderr] warning: `impulse-engine` (lib test) generated 12 warnings (12 duplicates)
[INFO] [stderr]     Finished `test` profile [unoptimized + debuginfo] target(s) in 0.07s
[INFO] [stderr]      Running unittests src/lib.rs (/opt/rustwide/target/debug/deps/impulse_engine-961b5dae9e01f146)
[INFO] [stdout] 
[INFO] [stdout] running 2 tests
[INFO] [stdout] test song::pattern::test::position_ord ... ok
[INFO] [stdout] test tests::live_note ... FAILED
[INFO] [stdout] 
[INFO] [stdout] failures:
[INFO] [stdout] 
[INFO] [stdout] ---- tests::live_note stdout ----
[INFO] [stdout] thread 'tests::live_note' panicked at tracker-engine/src/lib.rs:25:87:
[INFO] [stdout] called `Result::unwrap()` on an `Err` value: IoError(Os { code: 2, kind: NotFound, message: "No such file or directory" })
[INFO] [stdout] stack backtrace:
[INFO] [stdout]    0:     0x595b98e4c41a - std::backtrace_rs::backtrace::libunwind::trace::h5a5b8284f2d0c266
[INFO] [stdout]                                at /rustc/90b35a6239c3d8bdabc530a6a0816f7ff89a0aaf/library/std/src/../../backtrace/src/backtrace/libunwind.rs:116:5
[INFO] [stdout]    1:     0x595b98e4c41a - std::backtrace_rs::backtrace::trace_unsynchronized::h76d4f1c9b0b875e3
[INFO] [stdout]                                at /rustc/90b35a6239c3d8bdabc530a6a0816f7ff89a0aaf/library/std/src/../../backtrace/src/backtrace/mod.rs:66:5
[INFO] [stdout]    2:     0x595b98e4c41a - std::sys::backtrace::_print_fmt::hc4546b8364a537c6
[INFO] [stdout]                                at /rustc/90b35a6239c3d8bdabc530a6a0816f7ff89a0aaf/library/std/src/sys/backtrace.rs:66:9
[INFO] [stdout]    3:     0x595b98e4c41a - <std::sys::backtrace::BacktraceLock::print::DisplayBacktrace as core::fmt::Display>::fmt::h5b6bd5631a6d1f6b
[INFO] [stdout]                                at /rustc/90b35a6239c3d8bdabc530a6a0816f7ff89a0aaf/library/std/src/sys/backtrace.rs:39:26
[INFO] [stdout]    4:     0x595b98e718c3 - core::fmt::rt::Argument::fmt::h270f6602a2b96f62
[INFO] [stdout]                                at /rustc/90b35a6239c3d8bdabc530a6a0816f7ff89a0aaf/library/core/src/fmt/rt.rs:177:76
[INFO] [stdout]    5:     0x595b98e718c3 - core::fmt::write::h7550c97b06c86515
[INFO] [stdout]                                at /rustc/90b35a6239c3d8bdabc530a6a0816f7ff89a0aaf/library/core/src/fmt/mod.rs:1186:21
[INFO] [stdout]    6:     0x595b98e495a3 - std::io::Write::write_fmt::h509ff860e5956e5e
[INFO] [stdout]                                at /rustc/90b35a6239c3d8bdabc530a6a0816f7ff89a0aaf/library/std/src/io/mod.rs:1839:15
[INFO] [stdout]    7:     0x595b98e4c262 - std::sys::backtrace::BacktraceLock::print::h2395ccd2c84ba3aa
[INFO] [stdout]                                at /rustc/90b35a6239c3d8bdabc530a6a0816f7ff89a0aaf/library/std/src/sys/backtrace.rs:42:9
[INFO] [stdout]    8:     0x595b98e4d87a - std::panicking::default_hook::{{closure}}::he19d4c7230e07961
[INFO] [stdout]                                at /rustc/90b35a6239c3d8bdabc530a6a0816f7ff89a0aaf/library/std/src/panicking.rs:268:22
[INFO] [stdout]    9:     0x595b98e4d684 - std::panicking::default_hook::hf614597d3c67bbdb
[INFO] [stdout]                                at /rustc/90b35a6239c3d8bdabc530a6a0816f7ff89a0aaf/library/std/src/panicking.rs:292:9
[INFO] [stdout]   10:     0x595b98df6669 - <alloc::boxed::Box<F,A> as core::ops::function::Fn<Args>>::call::h39b51ce4599c23d1
[INFO] [stdout]                                at /rustc/90b35a6239c3d8bdabc530a6a0816f7ff89a0aaf/library/alloc/src/boxed.rs:2468:9
[INFO] [stdout]   11:     0x595b98df6669 - test::test_main::{{closure}}::he977ae839a582784
[INFO] [stdout]                                at /rustc/90b35a6239c3d8bdabc530a6a0816f7ff89a0aaf/library/test/src/lib.rs:133:21
[INFO] [stdout]   12:     0x595b98e4df18 - <alloc::boxed::Box<F,A> as core::ops::function::Fn<Args>>::call::h9455091b6b06f9fb
[INFO] [stdout]                                at /rustc/90b35a6239c3d8bdabc530a6a0816f7ff89a0aaf/library/alloc/src/boxed.rs:2468:9
[INFO] [stdout]   13:     0x595b98e4df18 - std::panicking::rust_panic_with_hook::h8942133a8b252070
[INFO] [stdout]                                at /rustc/90b35a6239c3d8bdabc530a6a0816f7ff89a0aaf/library/std/src/panicking.rs:809:13
[INFO] [stdout]   14:     0x595b98e4dcda - std::panicking::begin_panic_handler::{{closure}}::hb5f5963570096b29
[INFO] [stdout]                                at /rustc/90b35a6239c3d8bdabc530a6a0816f7ff89a0aaf/library/std/src/panicking.rs:674:13
[INFO] [stdout]   15:     0x595b98e4c8f9 - std::sys::backtrace::__rust_end_short_backtrace::h6208cedc1922feda
[INFO] [stdout]                                at /rustc/90b35a6239c3d8bdabc530a6a0816f7ff89a0aaf/library/std/src/sys/backtrace.rs:170:18
[INFO] [stdout]   16:     0x595b98e4d96c - rust_begin_unwind
[INFO] [stdout]                                at /rustc/90b35a6239c3d8bdabc530a6a0816f7ff89a0aaf/library/std/src/panicking.rs:665:5
[INFO] [stdout]   17:     0x595b98d7db00 - core::panicking::panic_fmt::h0c3082644d1bf418
[INFO] [stdout]                                at /rustc/90b35a6239c3d8bdabc530a6a0816f7ff89a0aaf/library/core/src/panicking.rs:74:14
[INFO] [stdout]   18:     0x595b98d7dfa6 - core::result::unwrap_failed::hd20b4aa073bda1e2
[INFO] [stdout]                                at /rustc/90b35a6239c3d8bdabc530a6a0816f7ff89a0aaf/library/core/src/result.rs:1700:5
[INFO] [stdout]   19:     0x595b98da9b00 - core::result::Result<T,E>::unwrap::h838e887e80e2ec68
[INFO] [stdout]                                at /rustc/90b35a6239c3d8bdabc530a6a0816f7ff89a0aaf/library/core/src/result.rs:1104:23
[INFO] [stdout]   20:     0x595b98da9b00 - impulse_engine::tests::live_note::h80a69e215f9b5ed2
[INFO] [stdout]                                at /opt/rustwide/workdir/tracker-engine/src/lib.rs:25:26
[INFO] [stdout]   21:     0x595b98da9997 - impulse_engine::tests::live_note::{{closure}}::h96e30ffe1d75cccf
[INFO] [stdout]                                at /opt/rustwide/workdir/tracker-engine/src/lib.rs:23:19
[INFO] [stdout]   22:     0x595b98d90426 - core::ops::function::FnOnce::call_once::ha9c40f55117283a9
[INFO] [stdout]                                at /rustc/90b35a6239c3d8bdabc530a6a0816f7ff89a0aaf/library/core/src/ops/function.rs:250:5
[INFO] [stdout]   23:     0x595b98dfb02b - core::ops::function::FnOnce::call_once::h109cf8051a59b34e
[INFO] [stdout]                                at /rustc/90b35a6239c3d8bdabc530a6a0816f7ff89a0aaf/library/core/src/ops/function.rs:250:5
[INFO] [stdout]   24:     0x595b98dfb02b - test::__rust_begin_short_backtrace::hf4fff89d377446ba
[INFO] [stdout]                                at /rustc/90b35a6239c3d8bdabc530a6a0816f7ff89a0aaf/library/test/src/lib.rs:621:18
[INFO] [stdout]   25:     0x595b98dfa867 - test::run_test_in_process::{{closure}}::h0e39181dd7ee5a43
[INFO] [stdout]                                at /rustc/90b35a6239c3d8bdabc530a6a0816f7ff89a0aaf/library/test/src/lib.rs:644:60
[INFO] [stdout]   26:     0x595b98dfa867 - <core::panic::unwind_safe::AssertUnwindSafe<F> as core::ops::function::FnOnce<()>>::call_once::hc5a66a30f0bdfd1f
[INFO] [stdout]                                at /rustc/90b35a6239c3d8bdabc530a6a0816f7ff89a0aaf/library/core/src/panic/unwind_safe.rs:272:9
[INFO] [stdout]   27:     0x595b98dfa867 - std::panicking::try::do_call::h873b7cf639554a5e
[INFO] [stdout]                                at /rustc/90b35a6239c3d8bdabc530a6a0816f7ff89a0aaf/library/std/src/panicking.rs:557:40
[INFO] [stdout]   28:     0x595b98dfa867 - std::panicking::try::hdb19862fad9c8bd1
[INFO] [stdout]                                at /rustc/90b35a6239c3d8bdabc530a6a0816f7ff89a0aaf/library/std/src/panicking.rs:520:19
[INFO] [stdout]   29:     0x595b98dfa867 - std::panic::catch_unwind::h281fe732d236d260
[INFO] [stdout]                                at /rustc/90b35a6239c3d8bdabc530a6a0816f7ff89a0aaf/library/std/src/panic.rs:358:14
[INFO] [stdout]   30:     0x595b98dfa867 - test::run_test_in_process::h949b6df8457ed338
[INFO] [stdout]                                at /rustc/90b35a6239c3d8bdabc530a6a0816f7ff89a0aaf/library/test/src/lib.rs:644:27
[INFO] [stdout]   31:     0x595b98dfa867 - test::run_test::{{closure}}::h52c556a6d4740e10
[INFO] [stdout]                                at /rustc/90b35a6239c3d8bdabc530a6a0816f7ff89a0aaf/library/test/src/lib.rs:565:43
[INFO] [stdout]   32:     0x595b98dbfb44 - test::run_test::{{closure}}::h4237f6381c45ccb9
[INFO] [stdout]                                at /rustc/90b35a6239c3d8bdabc530a6a0816f7ff89a0aaf/library/test/src/lib.rs:595:41
[INFO] [stdout]   33:     0x595b98dbfb44 - std::sys::backtrace::__rust_begin_short_backtrace::h505c97a579eca628
[INFO] [stdout]                                at /rustc/90b35a6239c3d8bdabc530a6a0816f7ff89a0aaf/library/std/src/sys/backtrace.rs:154:18
[INFO] [stdout]   34:     0x595b98dc320e - std::thread::Builder::spawn_unchecked_::{{closure}}::{{closure}}::h9e86b2e2bc107ea3
[INFO] [stdout]                                at /rustc/90b35a6239c3d8bdabc530a6a0816f7ff89a0aaf/library/std/src/thread/mod.rs:538:17
[INFO] [stdout]   35:     0x595b98dc320e - <core::panic::unwind_safe::AssertUnwindSafe<F> as core::ops::function::FnOnce<()>>::call_once::h8b06ddb275ff4a25
[INFO] [stdout]                                at /rustc/90b35a6239c3d8bdabc530a6a0816f7ff89a0aaf/library/core/src/panic/unwind_safe.rs:272:9
[INFO] [stdout]   36:     0x595b98dc320e - std::panicking::try::do_call::hb26ecd7cd9a9355d
[INFO] [stdout]                                at /rustc/90b35a6239c3d8bdabc530a6a0816f7ff89a0aaf/library/std/src/panicking.rs:557:40
[INFO] [stdout]   37:     0x595b98dc320e - std::panicking::try::h8ddeca9d705f9069
[INFO] [stdout]                                at /rustc/90b35a6239c3d8bdabc530a6a0816f7ff89a0aaf/library/std/src/panicking.rs:520:19
[INFO] [stdout]   38:     0x595b98dc320e - std::panic::catch_unwind::h49e1c33078844c46
[INFO] [stdout]                                at /rustc/90b35a6239c3d8bdabc530a6a0816f7ff89a0aaf/library/std/src/panic.rs:358:14
[INFO] [stdout]   39:     0x595b98dc320e - std::thread::Builder::spawn_unchecked_::{{closure}}::h6073db6ff56ad35d
[INFO] [stdout]                                at /rustc/90b35a6239c3d8bdabc530a6a0816f7ff89a0aaf/library/std/src/thread/mod.rs:537:30
[INFO] [stdout]   40:     0x595b98dc320e - core::ops::function::FnOnce::call_once{{vtable.shim}}::h2c5a5f3779c774f1
[INFO] [stdout]                                at /rustc/90b35a6239c3d8bdabc530a6a0816f7ff89a0aaf/library/core/src/ops/function.rs:250:5
[INFO] [stdout]   41:     0x595b98e51c7b - <alloc::boxed::Box<F,A> as core::ops::function::FnOnce<Args>>::call_once::hf75717d9f28faebf
[INFO] [stdout]                                at /rustc/90b35a6239c3d8bdabc530a6a0816f7ff89a0aaf/library/alloc/src/boxed.rs:2454:9
[INFO] [stdout]   42:     0x595b98e51c7b - <alloc::boxed::Box<F,A> as core::ops::function::FnOnce<Args>>::call_once::h7bd883a5f3c5f3c1
[INFO] [stdout]                                at /rustc/90b35a6239c3d8bdabc530a6a0816f7ff89a0aaf/library/alloc/src/boxed.rs:2454:9
[INFO] [stdout]   43:     0x595b98e51c7b - std::sys::pal::unix::thread::Thread::new::thread_start::hcc78f3943333fa94
[INFO] [stdout]                                at /rustc/90b35a6239c3d8bdabc530a6a0816f7ff89a0aaf/library/std/src/sys/pal/unix/thread.rs:105:17
[INFO] [stdout]   44:     0x78afccd10ac3 - <unknown>
[INFO] [stdout]   45:     0x78afccda1a04 - clone
[INFO] [stdout]   46:                0x0 - <unknown>
[INFO] [stdout] 
[INFO] [stdout] 
[INFO] [stdout] failures:
[INFO] [stdout]     tests::live_note
[INFO] [stdout] 
[INFO] [stdout] test result: FAILED. 1 passed; 1 failed; 0 ignored; 0 measured; 0 filtered out; finished in 0.02s
[INFO] [stdout] 
[INFO] [stderr] error: test failed, to rerun pass `-p impulse-engine --lib`
[INFO] running `Command { std: "docker" "inspect" "dba92bd6c50d10f135cdc61b6123c67bdbaac6c91849c3fb30bf0b60fc664fbf", kill_on_drop: false }`
[INFO] running `Command { std: "docker" "rm" "-f" "dba92bd6c50d10f135cdc61b6123c67bdbaac6c91849c3fb30bf0b60fc664fbf", kill_on_drop: false }`
[INFO] [stdout] dba92bd6c50d10f135cdc61b6123c67bdbaac6c91849c3fb30bf0b60fc664fbf
