[INFO] cloning repository https://github.com/lowcarboncode/gitdis
[INFO] running `Command { std: "git" "-c" "credential.helper=" "-c" "credential.helper=/workspace/cargo-home/bin/git-credential-null" "clone" "--bare" "https://github.com/lowcarboncode/gitdis" "/workspace/cache/git-repos/https%3A%2F%2Fgithub.com%2Flowcarboncode%2Fgitdis", kill_on_drop: false }`
[INFO] [stderr] Cloning into bare repository '/workspace/cache/git-repos/https%3A%2F%2Fgithub.com%2Flowcarboncode%2Fgitdis'...
[INFO] running `Command { std: "git" "rev-parse" "HEAD", kill_on_drop: false }`
[INFO] [stdout] 5b126fbbeae493d02f678c243bc600e377a28f45
[INFO] testing lowcarboncode/gitdis against 1.83.0 for beta-1.84.0-4-retry
[INFO] running `Command { std: "git" "clone" "/workspace/cache/git-repos/https%3A%2F%2Fgithub.com%2Flowcarboncode%2Fgitdis" "/workspace/builds/worker-5-tc1/source", kill_on_drop: false }`
[INFO] [stderr] Cloning into '/workspace/builds/worker-5-tc1/source'...
[INFO] [stderr] done.
[INFO] validating manifest of git repo https://github.com/lowcarboncode/gitdis on toolchain 1.83.0
[INFO] running `Command { std: CARGO_HOME="/workspace/cargo-home" RUSTUP_HOME="/workspace/rustup-home" "/workspace/cargo-home/bin/cargo" "+1.83.0" "metadata" "--manifest-path" "Cargo.toml" "--no-deps", kill_on_drop: false }`
[INFO] started tweaking git repo https://github.com/lowcarboncode/gitdis
[INFO] finished tweaking git repo https://github.com/lowcarboncode/gitdis
[INFO] tweaked toml for git repo https://github.com/lowcarboncode/gitdis written to /workspace/builds/worker-5-tc1/source/Cargo.toml
[INFO] crate git repo https://github.com/lowcarboncode/gitdis already has a lockfile, it will not be regenerated
[INFO] running `Command { std: CARGO_HOME="/workspace/cargo-home" RUSTUP_HOME="/workspace/rustup-home" "/workspace/cargo-home/bin/cargo" "+1.83.0" "fetch" "--manifest-path" "Cargo.toml", kill_on_drop: false }`
[INFO] [stderr]     Updating crates.io index
[INFO] [stderr]  Downloading crates ...
[INFO] [stderr]   Downloaded cc v1.0.101
[INFO] [stderr]   Downloaded hyper v1.4.0
[INFO] [stderr]   Downloaded serde_json v1.0.118
[INFO] [stderr]   Downloaded object v0.36.0
[INFO] [stderr]   Downloaded valu3-derive v0.5.2
[INFO] [stderr]   Downloaded valu3 v0.5.2
[INFO] running `Command { std: "docker" "create" "-v" "/var/lib/crater-agent-workspace/builds/worker-5-tc1/target:/opt/rustwide/target:rw,Z" "-v" "/var/lib/crater-agent-workspace/builds/worker-5-tc1/source:/opt/rustwide/workdir:ro,Z" "-v" "/var/lib/crater-agent-workspace/cargo-home:/opt/rustwide/cargo-home:ro,Z" "-v" "/var/lib/crater-agent-workspace/rustup-home:/opt/rustwide/rustup-home:ro,Z" "-e" "SOURCE_DIR=/opt/rustwide/workdir" "-e" "CARGO_TARGET_DIR=/opt/rustwide/target" "-e" "CARGO_HOME=/opt/rustwide/cargo-home" "-e" "RUSTUP_HOME=/opt/rustwide/rustup-home" "-w" "/opt/rustwide/workdir" "-m" "1610612736" "--user" "0:0" "--network" "none" "ghcr.io/rust-lang/crates-build-env/linux@sha256:f3a9d4ad9d972b27faf3965f35b62e55ba32bbce8f20bc8fe909558a86702fde" "/opt/rustwide/cargo-home/bin/cargo" "+1.83.0" "metadata" "--no-deps" "--format-version=1", kill_on_drop: false }`
[INFO] [stdout] 63e7998491e668de1926967dbe8f79dbac6a7af00771cb314cfd096d63a61fc4
[INFO] running `Command { std: "docker" "start" "-a" "63e7998491e668de1926967dbe8f79dbac6a7af00771cb314cfd096d63a61fc4", kill_on_drop: false }`
[INFO] running `Command { std: "docker" "inspect" "63e7998491e668de1926967dbe8f79dbac6a7af00771cb314cfd096d63a61fc4", kill_on_drop: false }`
[INFO] running `Command { std: "docker" "rm" "-f" "63e7998491e668de1926967dbe8f79dbac6a7af00771cb314cfd096d63a61fc4", kill_on_drop: false }`
[INFO] [stdout] 63e7998491e668de1926967dbe8f79dbac6a7af00771cb314cfd096d63a61fc4
[INFO] running `Command { std: "docker" "create" "-v" "/var/lib/crater-agent-workspace/builds/worker-5-tc1/target:/opt/rustwide/target:rw,Z" "-v" "/var/lib/crater-agent-workspace/builds/worker-5-tc1/source:/opt/rustwide/workdir:ro,Z" "-v" "/var/lib/crater-agent-workspace/cargo-home:/opt/rustwide/cargo-home:ro,Z" "-v" "/var/lib/crater-agent-workspace/rustup-home:/opt/rustwide/rustup-home:ro,Z" "-e" "SOURCE_DIR=/opt/rustwide/workdir" "-e" "CARGO_TARGET_DIR=/opt/rustwide/target" "-e" "CARGO_INCREMENTAL=0" "-e" "RUST_BACKTRACE=full" "-e" "RUSTFLAGS=--cap-lints=warn" "-e" "RUSTDOCFLAGS=--cap-lints=warn" "-e" "CARGO_HOME=/opt/rustwide/cargo-home" "-e" "RUSTUP_HOME=/opt/rustwide/rustup-home" "-w" "/opt/rustwide/workdir" "-m" "1610612736" "--user" "0:0" "--network" "none" "ghcr.io/rust-lang/crates-build-env/linux@sha256:f3a9d4ad9d972b27faf3965f35b62e55ba32bbce8f20bc8fe909558a86702fde" "/opt/rustwide/cargo-home/bin/cargo" "+1.83.0" "build" "--frozen" "--message-format=json", kill_on_drop: false }`
[INFO] [stdout] b82eaa1fda499464d214d9e1b5cfa1dd4ef5931c7102b29f2b2b7c284f74c590
[INFO] running `Command { std: "docker" "start" "-a" "b82eaa1fda499464d214d9e1b5cfa1dd4ef5931c7102b29f2b2b7c284f74c590", kill_on_drop: false }`
[INFO] [stderr]    Compiling proc-macro2 v1.0.86
[INFO] [stderr]    Compiling autocfg v1.3.0
[INFO] [stderr]    Compiling once_cell v1.19.0
[INFO] [stderr]    Compiling itoa v1.0.11
[INFO] [stderr]    Compiling serde v1.0.203
[INFO] [stderr]    Compiling rustversion v1.0.17
[INFO] [stderr]    Compiling smallvec v1.13.2
[INFO] [stderr]    Compiling futures-task v0.3.30
[INFO] [stderr]    Compiling log v0.4.22
[INFO] [stderr]    Compiling regex-syntax v0.8.4
[INFO] [stderr]    Compiling ucd-trie v0.1.6
[INFO] [stderr]    Compiling httparse v1.9.4
[INFO] [stderr]    Compiling iana-time-zone v0.1.60
[INFO] [stderr]    Compiling futures-channel v0.3.30
[INFO] [stderr]    Compiling tower-service v0.3.2
[INFO] [stderr]    Compiling signal-hook-registry v1.4.2
[INFO] [stderr]    Compiling http v1.1.0
[INFO] [stderr]    Compiling futures-util v0.3.30
[INFO] [stderr]    Compiling tracing-core v0.1.32
[INFO] [stderr]    Compiling tower-layer v0.3.2
[INFO] [stderr]    Compiling httpdate v1.0.3
[INFO] [stderr]    Compiling utf8parse v0.2.2
[INFO] [stderr]    Compiling parking_lot_core v0.9.10
[INFO] [stderr]    Compiling serde_json v1.0.118
[INFO] [stderr]    Compiling anstyle-parse v0.2.4
[INFO] [stderr]    Compiling mime v0.3.17
[INFO] [stderr]    Compiling sync_wrapper v0.1.2
[INFO] [stderr]    Compiling anstyle-query v1.1.0
[INFO] [stderr]    Compiling byte v0.2.7
[INFO] [stderr]    Compiling sync_wrapper v1.0.1
[INFO] [stderr]    Compiling anstream v0.6.14
[INFO] [stderr]    Compiling matchit v0.7.3
[INFO] [stderr]    Compiling dotenv v0.15.0
[INFO] [stderr]    Compiling lock_api v0.4.12
[INFO] [stderr]    Compiling num-traits v0.2.19
[INFO] [stderr]    Compiling tracing v0.1.40
[INFO] [stderr]    Compiling axum-core v0.4.3
[INFO] [stderr]    Compiling axum v0.7.5
[INFO] [stderr]    Compiling quote v1.0.36
[INFO] [stderr]    Compiling parking_lot v0.12.3
[INFO] [stderr]    Compiling syn v2.0.68
[INFO] [stderr]    Compiling http-body v1.0.0
[INFO] [stderr]    Compiling chrono v0.4.38
[INFO] [stderr]    Compiling regex-automata v0.4.7
[INFO] [stderr]    Compiling http-body-util v0.1.2
[INFO] [stderr]    Compiling regex v1.10.5
[INFO] [stderr]    Compiling env_filter v0.1.0
[INFO] [stderr]    Compiling env_logger v0.11.3
[INFO] [stderr]    Compiling serde_derive v1.0.203
[INFO] [stderr]    Compiling thiserror-impl v1.0.61
[INFO] [stderr]    Compiling tokio-macros v2.3.0
[INFO] [stderr]    Compiling valu3-derive v0.5.2
[INFO] [stderr]    Compiling pin-project-internal v1.1.5
[INFO] [stderr]    Compiling async-trait v0.1.80
[INFO] [stderr]    Compiling tokio v1.38.0
[INFO] [stderr]    Compiling pin-project v1.1.5
[INFO] [stderr]    Compiling thiserror v1.0.61
[INFO] [stderr]    Compiling pest v2.7.11
[INFO] [stderr]    Compiling pest_meta v2.7.11
[INFO] [stderr]    Compiling pest_generator v2.7.11
[INFO] [stderr]    Compiling bincode v1.3.3
[INFO] [stderr]    Compiling serde_urlencoded v0.7.1
[INFO] [stderr]    Compiling serde_path_to_error v0.1.16
[INFO] [stderr]    Compiling pest_derive v2.7.11
[INFO] [stderr]    Compiling hyper v1.4.0
[INFO] [stderr]    Compiling tower v0.4.13
[INFO] [stderr]    Compiling valu3 v0.5.2
[INFO] [stderr]    Compiling hyper-util v0.1.6
[INFO] [stderr]    Compiling memotree v0.0.1 (/opt/rustwide/workdir/memotree)
[INFO] [stderr]    Compiling gitdis v0.0.1 (/opt/rustwide/workdir/gitdis)
[INFO] [stderr]    Compiling gitdis-http v0.0.1 (/opt/rustwide/workdir/gitdis-http)
[INFO] [stderr]     Finished `dev` profile [unoptimized + debuginfo] target(s) in 52.14s
[INFO] running `Command { std: "docker" "inspect" "b82eaa1fda499464d214d9e1b5cfa1dd4ef5931c7102b29f2b2b7c284f74c590", kill_on_drop: false }`
[INFO] running `Command { std: "docker" "rm" "-f" "b82eaa1fda499464d214d9e1b5cfa1dd4ef5931c7102b29f2b2b7c284f74c590", kill_on_drop: false }`
[INFO] [stdout] b82eaa1fda499464d214d9e1b5cfa1dd4ef5931c7102b29f2b2b7c284f74c590
[INFO] running `Command { std: "docker" "create" "-v" "/var/lib/crater-agent-workspace/builds/worker-5-tc1/target:/opt/rustwide/target:rw,Z" "-v" "/var/lib/crater-agent-workspace/builds/worker-5-tc1/source:/opt/rustwide/workdir:ro,Z" "-v" "/var/lib/crater-agent-workspace/cargo-home:/opt/rustwide/cargo-home:ro,Z" "-v" "/var/lib/crater-agent-workspace/rustup-home:/opt/rustwide/rustup-home:ro,Z" "-e" "SOURCE_DIR=/opt/rustwide/workdir" "-e" "CARGO_TARGET_DIR=/opt/rustwide/target" "-e" "CARGO_INCREMENTAL=0" "-e" "RUST_BACKTRACE=full" "-e" "RUSTFLAGS=--cap-lints=warn" "-e" "RUSTDOCFLAGS=--cap-lints=warn" "-e" "CARGO_HOME=/opt/rustwide/cargo-home" "-e" "RUSTUP_HOME=/opt/rustwide/rustup-home" "-w" "/opt/rustwide/workdir" "-m" "1610612736" "--user" "0:0" "--network" "none" "ghcr.io/rust-lang/crates-build-env/linux@sha256:f3a9d4ad9d972b27faf3965f35b62e55ba32bbce8f20bc8fe909558a86702fde" "/opt/rustwide/cargo-home/bin/cargo" "+1.83.0" "test" "--frozen" "--no-run" "--message-format=json", kill_on_drop: false }`
[INFO] [stdout] 351d23e5cea61e3f713bb1095ade39e73e0da141e74d790737fd6d934c942372
[INFO] running `Command { std: "docker" "start" "-a" "351d23e5cea61e3f713bb1095ade39e73e0da141e74d790737fd6d934c942372", kill_on_drop: false }`
[INFO] [stderr]    Compiling memotree v0.0.1 (/opt/rustwide/workdir/memotree)
[INFO] [stderr]    Compiling gitdis v0.0.1 (/opt/rustwide/workdir/gitdis)
[INFO] [stderr]    Compiling gitdis-http v0.0.1 (/opt/rustwide/workdir/gitdis-http)
[INFO] [stderr]     Finished `test` profile [unoptimized + debuginfo] target(s) in 4.54s
[INFO] running `Command { std: "docker" "inspect" "351d23e5cea61e3f713bb1095ade39e73e0da141e74d790737fd6d934c942372", kill_on_drop: false }`
[INFO] running `Command { std: "docker" "rm" "-f" "351d23e5cea61e3f713bb1095ade39e73e0da141e74d790737fd6d934c942372", kill_on_drop: false }`
[INFO] [stdout] 351d23e5cea61e3f713bb1095ade39e73e0da141e74d790737fd6d934c942372
[INFO] running `Command { std: "docker" "create" "-v" "/var/lib/crater-agent-workspace/builds/worker-5-tc1/target:/opt/rustwide/target:rw,Z" "-v" "/var/lib/crater-agent-workspace/builds/worker-5-tc1/source:/opt/rustwide/workdir:ro,Z" "-v" "/var/lib/crater-agent-workspace/cargo-home:/opt/rustwide/cargo-home:ro,Z" "-v" "/var/lib/crater-agent-workspace/rustup-home:/opt/rustwide/rustup-home:ro,Z" "-e" "SOURCE_DIR=/opt/rustwide/workdir" "-e" "CARGO_TARGET_DIR=/opt/rustwide/target" "-e" "CARGO_INCREMENTAL=0" "-e" "RUST_BACKTRACE=full" "-e" "RUSTFLAGS=--cap-lints=warn" "-e" "RUSTDOCFLAGS=--cap-lints=warn" "-e" "CARGO_HOME=/opt/rustwide/cargo-home" "-e" "RUSTUP_HOME=/opt/rustwide/rustup-home" "-w" "/opt/rustwide/workdir" "-m" "1610612736" "--user" "0:0" "--network" "none" "ghcr.io/rust-lang/crates-build-env/linux@sha256:f3a9d4ad9d972b27faf3965f35b62e55ba32bbce8f20bc8fe909558a86702fde" "/opt/rustwide/cargo-home/bin/cargo" "+1.83.0" "test" "--frozen", kill_on_drop: false }`
[INFO] [stdout] 7544ad5ddabb4dbb68992080f8ea78d5425beeca5277f2c0de849f4623d46775
[INFO] running `Command { std: "docker" "start" "-a" "7544ad5ddabb4dbb68992080f8ea78d5425beeca5277f2c0de849f4623d46775", kill_on_drop: false }`
[INFO] [stderr]     Finished `test` profile [unoptimized + debuginfo] target(s) in 0.30s
[INFO] [stderr]      Running unittests src/lib.rs (/opt/rustwide/target/debug/deps/gitdis-0ce091240c1d7b10)
[INFO] [stdout] 
[INFO] [stdout] running 0 tests
[INFO] [stdout] 
[INFO] [stdout] test result: ok. 0 passed; 0 failed; 0 ignored; 0 measured; 0 filtered out; finished in 0.00s
[INFO] [stdout] 
[INFO] [stderr]      Running unittests src/main.rs (/opt/rustwide/target/debug/deps/gitdis_http-3644698ded28bf6d)
[INFO] [stdout] 
[INFO] [stdout] running 0 tests
[INFO] [stdout] 
[INFO] [stdout] test result: ok. 0 passed; 0 failed; 0 ignored; 0 measured; 0 filtered out; finished in 0.00s
[INFO] [stdout] 
[INFO] [stderr]      Running unittests src/lib.rs (/opt/rustwide/target/debug/deps/memotree-d1cb71f8439178a5)
[INFO] [stdout] 
[INFO] [stdout] running 35 tests
[INFO] [stdout] test branch::tests::test_branch_remove ... ok
[INFO] [stdout] test branch::tests::test_branch_clear ... ok
[INFO] [stdout] test cache::test::test_cache_list_asc ... ok
[INFO] [stdout] test branch::tests::test_branch_new ... ok
[INFO] [stdout] test cache::test::test_cache_list_desc ... ok
[INFO] [stdout] test cache::test::test_cache_clear ... ok
[INFO] [stdout] test branch::tests::test_branch_insert_and_get ... ok
[INFO] [stdout] test cache::test::test_cache_remove ... ok
[INFO] [stdout] test cache::test::test_filter_ends_with ... ok
[INFO] [stdout] test condition::condition::tests::test_condition_greater_than ... ok
[INFO] [stdout] test condition::condition::tests::test_condition_greater_than_or_equal ... ok
[INFO] [stdout] test condition::condition::tests::test_condition_in ... ok
[INFO] [stdout] test condition::condition::tests::test_condition_less_than_or_equal ... ok
[INFO] [stdout] test condition::condition::tests::test_condition_is_not_null ... ok
[INFO] [stdout] test condition::condition::tests::test_condition_equal ... ok
[INFO] [stdout] test cache::test::test_filter_start_with ... ok
[INFO] [stdout] test condition::condition::tests::test_condition_not_between ... ok
[INFO] [stdout] test condition::condition::tests::test_condition_not_equal ... ok
[INFO] [stdout] test cache::test::test_cache_insert ... ok
[INFO] [stdout] test condition::condition::tests::test_condition_not_in ... ok
[INFO] [stdout] test condition::condition::tests::test_condition_not_like ... ok
[INFO] [stdout] test condition::parser::tests::test_parse_json_to_clause_and ... ok
[INFO] [stderr]    Doc-tests gitdis
[INFO] [stdout] test condition::condition::tests::test_condition_less_than ... ok
[INFO] [stdout] test condition::condition::tests::test_condition_like ... ok
[INFO] [stdout] test condition::parser::tests::test_parse_json_to_clause_default_equal ... ok
[INFO] [stdout] test condition::parser::tests::test_parse_json_to_clause_or ... ok
[INFO] [stdout] test condition::parser::tests::test_parse_json_to_clause_complex ... ok
[INFO] [stdout] test tree::tests::test_tree_new ... ok
[INFO] [stdout] test condition::condition::tests::test_condition_not_regex ... ok
[INFO] [stdout] test condition::condition::tests::test_condition_regex ... ok
[INFO] [stdout] test condition::condition::tests::test_condition_between ... ok
[INFO] [stdout] test condition::condition::tests::test_condition_complex ... ok
[INFO] [stdout] test condition::condition::tests::test_condition_equal_array ... ok
[INFO] [stdout] test condition::condition::tests::test_condition_is_null ... ok
[INFO] [stdout] test condition::parser::tests::test_parse_json_to_clause_and_and_or ... ok
[INFO] [stdout] 
[INFO] [stdout] test result: ok. 35 passed; 0 failed; 0 ignored; 0 measured; 0 filtered out; finished in 0.04s
[INFO] [stdout] 
[INFO] [stdout] 
[INFO] [stdout] running 0 tests
[INFO] [stdout] 
[INFO] [stdout] test result: ok. 0 passed; 0 failed; 0 ignored; 0 measured; 0 filtered out; finished in 0.00s
[INFO] [stdout] 
[INFO] [stderr]    Doc-tests memotree
[INFO] [stdout] 
[INFO] [stdout] running 1 test
[INFO] [stdout] test memotree/src/cache.rs - cache (line 16) ... FAILED
[INFO] [stdout] 
[INFO] [stdout] failures:
[INFO] [stdout] 
[INFO] [stdout] ---- memotree/src/cache.rs - cache (line 16) stdout ----
[INFO] [stdout] error[E0432]: unresolved import `rust_cache`
[INFO] [stdout]  --> memotree/src/cache.rs:17:5
[INFO] [stdout]   |
[INFO] [stdout] 2 | use rust_cache::{Cache, ListProps, Order, Filter, StartAfter};
[INFO] [stdout]   |     ^^^^^^^^^^ use of undeclared crate or module `rust_cache`
[INFO] [stdout] 
[INFO] [stdout] error: aborting due to 1 previous error
[INFO] [stdout] 
[INFO] [stdout] For more information about this error, try `rustc --explain E0432`.
[INFO] [stdout] Couldn't compile the test.
[INFO] [stdout] 
[INFO] [stdout] failures:
[INFO] [stdout]     memotree/src/cache.rs - cache (line 16)
[INFO] [stdout] 
[INFO] [stdout] test result: FAILED. 0 passed; 1 failed; 0 ignored; 0 measured; 0 filtered out; finished in 0.10s
[INFO] [stdout] 
[INFO] [stderr] error: doctest failed, to rerun pass `-p memotree --doc`
[INFO] running `Command { std: "docker" "inspect" "7544ad5ddabb4dbb68992080f8ea78d5425beeca5277f2c0de849f4623d46775", kill_on_drop: false }`
[INFO] running `Command { std: "docker" "rm" "-f" "7544ad5ddabb4dbb68992080f8ea78d5425beeca5277f2c0de849f4623d46775", kill_on_drop: false }`
[INFO] [stdout] 7544ad5ddabb4dbb68992080f8ea78d5425beeca5277f2c0de849f4623d46775
