[INFO] cloning repository https://github.com/lmapii/run-clang-tidy
[INFO] running `Command { std: "git" "-c" "credential.helper=" "-c" "credential.helper=/workspace/cargo-home/bin/git-credential-null" "clone" "--bare" "https://github.com/lmapii/run-clang-tidy" "/workspace/cache/git-repos/https%3A%2F%2Fgithub.com%2Flmapii%2Frun-clang-tidy", kill_on_drop: false }`
[INFO] [stderr] Cloning into bare repository '/workspace/cache/git-repos/https%3A%2F%2Fgithub.com%2Flmapii%2Frun-clang-tidy'...
[INFO] running `Command { std: "git" "rev-parse" "HEAD", kill_on_drop: false }`
[INFO] [stdout] 4dfa419241129c603e15f6b058175b6af09c4050
[INFO] testing lmapii/run-clang-tidy against beta-2024-12-08 for beta-1.84.0-4-retry
[INFO] running `Command { std: "git" "clone" "/workspace/cache/git-repos/https%3A%2F%2Fgithub.com%2Flmapii%2Frun-clang-tidy" "/workspace/builds/worker-5-tc2/source", kill_on_drop: false }`
[INFO] [stderr] Cloning into '/workspace/builds/worker-5-tc2/source'...
[INFO] [stderr] done.
[INFO] validating manifest of git repo https://github.com/lmapii/run-clang-tidy on toolchain beta-2024-12-08
[INFO] running `Command { std: CARGO_HOME="/workspace/cargo-home" RUSTUP_HOME="/workspace/rustup-home" "/workspace/cargo-home/bin/cargo" "+beta-2024-12-08" "metadata" "--manifest-path" "Cargo.toml" "--no-deps", kill_on_drop: false }`
[INFO] started tweaking git repo https://github.com/lmapii/run-clang-tidy
[INFO] finished tweaking git repo https://github.com/lmapii/run-clang-tidy
[INFO] tweaked toml for git repo https://github.com/lmapii/run-clang-tidy written to /workspace/builds/worker-5-tc2/source/Cargo.toml
[INFO] crate git repo https://github.com/lmapii/run-clang-tidy already has a lockfile, it will not be regenerated
[INFO] running `Command { std: CARGO_HOME="/workspace/cargo-home" RUSTUP_HOME="/workspace/rustup-home" "/workspace/cargo-home/bin/cargo" "+beta-2024-12-08" "fetch" "--manifest-path" "Cargo.toml", kill_on_drop: false }`
[INFO] [stderr]     Blocking waiting for file lock on package cache
[INFO] [stderr]     Blocking waiting for file lock on package cache
[INFO] running `Command { std: "docker" "create" "-v" "/var/lib/crater-agent-workspace/builds/worker-5-tc2/target:/opt/rustwide/target:rw,Z" "-v" "/var/lib/crater-agent-workspace/builds/worker-5-tc2/source:/opt/rustwide/workdir:ro,Z" "-v" "/var/lib/crater-agent-workspace/cargo-home:/opt/rustwide/cargo-home:ro,Z" "-v" "/var/lib/crater-agent-workspace/rustup-home:/opt/rustwide/rustup-home:ro,Z" "-e" "SOURCE_DIR=/opt/rustwide/workdir" "-e" "CARGO_TARGET_DIR=/opt/rustwide/target" "-e" "CARGO_HOME=/opt/rustwide/cargo-home" "-e" "RUSTUP_HOME=/opt/rustwide/rustup-home" "-w" "/opt/rustwide/workdir" "-m" "1610612736" "--user" "0:0" "--network" "none" "ghcr.io/rust-lang/crates-build-env/linux@sha256:f3a9d4ad9d972b27faf3965f35b62e55ba32bbce8f20bc8fe909558a86702fde" "/opt/rustwide/cargo-home/bin/cargo" "+beta-2024-12-08" "metadata" "--no-deps" "--format-version=1", kill_on_drop: false }`
[INFO] [stdout] 9f0621c625c420e2cde321bdde79baea8985b204fa5b929ea3628dcf1672c3d3
[INFO] running `Command { std: "docker" "start" "-a" "9f0621c625c420e2cde321bdde79baea8985b204fa5b929ea3628dcf1672c3d3", kill_on_drop: false }`
[INFO] running `Command { std: "docker" "inspect" "9f0621c625c420e2cde321bdde79baea8985b204fa5b929ea3628dcf1672c3d3", kill_on_drop: false }`
[INFO] running `Command { std: "docker" "rm" "-f" "9f0621c625c420e2cde321bdde79baea8985b204fa5b929ea3628dcf1672c3d3", kill_on_drop: false }`
[INFO] [stdout] 9f0621c625c420e2cde321bdde79baea8985b204fa5b929ea3628dcf1672c3d3
[INFO] running `Command { std: "docker" "create" "-v" "/var/lib/crater-agent-workspace/builds/worker-5-tc2/target:/opt/rustwide/target:rw,Z" "-v" "/var/lib/crater-agent-workspace/builds/worker-5-tc2/source:/opt/rustwide/workdir:ro,Z" "-v" "/var/lib/crater-agent-workspace/cargo-home:/opt/rustwide/cargo-home:ro,Z" "-v" "/var/lib/crater-agent-workspace/rustup-home:/opt/rustwide/rustup-home:ro,Z" "-e" "SOURCE_DIR=/opt/rustwide/workdir" "-e" "CARGO_TARGET_DIR=/opt/rustwide/target" "-e" "CARGO_INCREMENTAL=0" "-e" "RUST_BACKTRACE=full" "-e" "RUSTFLAGS=--cap-lints=warn" "-e" "RUSTDOCFLAGS=--cap-lints=warn" "-e" "CARGO_HOME=/opt/rustwide/cargo-home" "-e" "RUSTUP_HOME=/opt/rustwide/rustup-home" "-w" "/opt/rustwide/workdir" "-m" "1610612736" "--user" "0:0" "--network" "none" "ghcr.io/rust-lang/crates-build-env/linux@sha256:f3a9d4ad9d972b27faf3965f35b62e55ba32bbce8f20bc8fe909558a86702fde" "/opt/rustwide/cargo-home/bin/cargo" "+beta-2024-12-08" "build" "--frozen" "--message-format=json", kill_on_drop: false }`
[INFO] [stdout] 1688a4420cb9ff4bb8b5cad3bcbae6906c8933a3831e2760bf43e365ed592d85
[INFO] running `Command { std: "docker" "start" "-a" "1688a4420cb9ff4bb8b5cad3bcbae6906c8933a3831e2760bf43e365ed592d85", kill_on_drop: false }`
[INFO] [stderr]    Compiling proc-macro2 v1.0.88
[INFO] [stderr]    Compiling memchr v2.7.4
[INFO] [stderr]    Compiling unicode-ident v1.0.13
[INFO] [stderr]    Compiling libc v0.2.161
[INFO] [stderr]    Compiling once_cell v1.20.2
[INFO] [stderr]    Compiling lazy_static v1.5.0
[INFO] [stderr]    Compiling crossbeam-utils v0.8.20
[INFO] [stderr]    Compiling regex-syntax v0.8.5
[INFO] [stderr]    Compiling shlex v1.3.0
[INFO] [stderr]    Compiling rustix v0.38.37
[INFO] [stderr]    Compiling pin-project-lite v0.2.14
[INFO] [stderr]    Compiling bitflags v2.6.0
[INFO] [stderr]    Compiling serde v1.0.210
[INFO] [stderr]    Compiling linux-raw-sys v0.4.14
[INFO] [stderr]    Compiling utf8parse v0.2.2
[INFO] [stderr]    Compiling rayon-core v1.12.1
[INFO] [stderr]    Compiling sharded-slab v0.1.7
[INFO] [stderr]    Compiling anstyle-parse v0.2.5
[INFO] [stderr]    Compiling gimli v0.28.1
[INFO] [stderr]    Compiling cc v1.1.30
[INFO] [stderr]    Compiling anstyle-query v1.1.1
[INFO] [stderr]    Compiling aho-corasick v1.1.3
[INFO] [stderr]    Compiling log v0.4.22
[INFO] [stderr]    Compiling anstyle v1.0.8
[INFO] [stderr]    Compiling tracing-core v0.1.32
[INFO] [stderr]    Compiling thread_local v1.1.8
[INFO] [stderr]    Compiling colorchoice v1.0.2
[INFO] [stderr]    Compiling serde_json v1.0.129
[INFO] [stderr]    Compiling tracing-subscriber v0.3.18
[INFO] [stderr]    Compiling tracing v0.1.40
[INFO] [stderr]    Compiling portable-atomic v1.9.0
[INFO] [stderr]    Compiling eyre v0.6.12
[INFO] [stderr]    Compiling is_terminal_polyfill v1.70.1
[INFO] [stderr]    Compiling anstream v0.6.15
[INFO] [stderr]    Compiling miniz_oxide v0.7.4
[INFO] [stderr]    Compiling quote v1.0.37
[INFO] [stderr]    Compiling crossbeam-epoch v0.9.18
[INFO] [stderr]    Compiling syn v2.0.79
[INFO] [stderr]    Compiling object v0.32.2
[INFO] [stderr]    Compiling bstr v1.10.0
[INFO] [stderr]    Compiling heck v0.5.0
[INFO] [stderr]    Compiling itoa v1.0.11
[INFO] [stderr]    Compiling same-file v1.0.6
[INFO] [stderr]    Compiling owo-colors v3.5.0
[INFO] [stderr]    Compiling unicode-width v0.1.14
[INFO] [stderr]    Compiling strsim v0.11.1
[INFO] [stderr]    Compiling crossbeam-deque v0.8.5
[INFO] [stderr]    Compiling rustc-demangle v0.1.24
[INFO] [stderr]    Compiling clap_lex v0.7.2
[INFO] [stderr]    Compiling schemars v0.8.21
[INFO] [stderr]    Compiling ryu v1.0.18
[INFO] [stderr]    Compiling terminal_size v0.4.0
[INFO] [stderr]    Compiling indenter v0.3.3
[INFO] [stderr]    Compiling clap_builder v4.5.20
[INFO] [stderr]    Compiling console v0.15.8
[INFO] [stderr]    Compiling backtrace v0.3.71
[INFO] [stderr]    Compiling is-terminal v0.4.13
[INFO] [stderr]    Compiling walkdir v2.5.0
[INFO] [stderr]    Compiling run-clang-tidy v0.3.1 (/opt/rustwide/workdir)
[INFO] [stderr]    Compiling either v1.13.0
[INFO] [stderr]    Compiling termcolor v1.4.1
[INFO] [stderr]    Compiling dyn-clone v1.0.17
[INFO] [stderr]    Compiling number_prefix v0.4.0
[INFO] [stderr]    Compiling rayon v1.10.0
[INFO] [stderr]    Compiling scopeguard v1.2.0
[INFO] [stderr]    Compiling regex-automata v0.4.8
[INFO] [stderr]    Compiling tracing-error v0.2.0
[INFO] [stderr]    Compiling addr2line v0.21.0
[INFO] [stderr]    Compiling color-spantrace v0.2.1
[INFO] [stderr]    Compiling indicatif v0.17.8
[INFO] [stderr]    Compiling serde_derive_internals v0.29.1
[INFO] [stderr]    Compiling globset v0.4.15
[INFO] [stderr]    Compiling regex v1.11.0
[INFO] [stderr]    Compiling globmatch v0.3.0
[INFO] [stderr]    Compiling color-eyre v0.6.3
[INFO] [stderr]    Compiling env_logger v0.10.2
[INFO] [stderr]    Compiling serde_derive v1.0.210
[INFO] [stderr]    Compiling schemars_derive v0.8.21
[INFO] [stderr]    Compiling clap_derive v4.5.18
[INFO] [stderr]    Compiling clap v4.5.20
[INFO] [stderr]     Finished `dev` profile [unoptimized + debuginfo] target(s) in 1m 07s
[INFO] running `Command { std: "docker" "inspect" "1688a4420cb9ff4bb8b5cad3bcbae6906c8933a3831e2760bf43e365ed592d85", kill_on_drop: false }`
[INFO] running `Command { std: "docker" "rm" "-f" "1688a4420cb9ff4bb8b5cad3bcbae6906c8933a3831e2760bf43e365ed592d85", kill_on_drop: false }`
[INFO] [stdout] 1688a4420cb9ff4bb8b5cad3bcbae6906c8933a3831e2760bf43e365ed592d85
[INFO] running `Command { std: "docker" "create" "-v" "/var/lib/crater-agent-workspace/builds/worker-5-tc2/target:/opt/rustwide/target:rw,Z" "-v" "/var/lib/crater-agent-workspace/builds/worker-5-tc2/source:/opt/rustwide/workdir:ro,Z" "-v" "/var/lib/crater-agent-workspace/cargo-home:/opt/rustwide/cargo-home:ro,Z" "-v" "/var/lib/crater-agent-workspace/rustup-home:/opt/rustwide/rustup-home:ro,Z" "-e" "SOURCE_DIR=/opt/rustwide/workdir" "-e" "CARGO_TARGET_DIR=/opt/rustwide/target" "-e" "CARGO_INCREMENTAL=0" "-e" "RUST_BACKTRACE=full" "-e" "RUSTFLAGS=--cap-lints=warn" "-e" "RUSTDOCFLAGS=--cap-lints=warn" "-e" "CARGO_HOME=/opt/rustwide/cargo-home" "-e" "RUSTUP_HOME=/opt/rustwide/rustup-home" "-w" "/opt/rustwide/workdir" "-m" "1610612736" "--user" "0:0" "--network" "none" "ghcr.io/rust-lang/crates-build-env/linux@sha256:f3a9d4ad9d972b27faf3965f35b62e55ba32bbce8f20bc8fe909558a86702fde" "/opt/rustwide/cargo-home/bin/cargo" "+beta-2024-12-08" "test" "--frozen" "--no-run" "--message-format=json", kill_on_drop: false }`
[INFO] [stdout] e6f5c6f783995420e28e9303df1465ca67a3cb9207f8916d6af25713c9c65e74
[INFO] running `Command { std: "docker" "start" "-a" "e6f5c6f783995420e28e9303df1465ca67a3cb9207f8916d6af25713c9c65e74", kill_on_drop: false }`
[INFO] [stderr]    Compiling regex-automata v0.4.8
[INFO] [stderr]    Compiling predicates-core v1.0.8
[INFO] [stderr]    Compiling doc-comment v0.3.3
[INFO] [stderr]    Compiling run-clang-tidy v0.3.1 (/opt/rustwide/workdir)
[INFO] [stderr]    Compiling assert_cmd v2.0.16
[INFO] [stderr]    Compiling termtree v0.4.1
[INFO] [stderr]    Compiling difflib v0.4.0
[INFO] [stderr]    Compiling wait-timeout v0.2.0
[INFO] [stderr]    Compiling predicates-tree v1.0.11
[INFO] [stderr]    Compiling predicates v3.1.2
[INFO] [stderr]    Compiling bstr v1.10.0
[INFO] [stderr]    Compiling regex v1.11.0
[INFO] [stderr]    Compiling env_logger v0.10.2
[INFO] [stderr]    Compiling globset v0.4.15
[INFO] [stderr]    Compiling globmatch v0.3.0
[INFO] [stderr]     Finished `test` profile [unoptimized + debuginfo] target(s) in 22.08s
[INFO] running `Command { std: "docker" "inspect" "e6f5c6f783995420e28e9303df1465ca67a3cb9207f8916d6af25713c9c65e74", kill_on_drop: false }`
[INFO] running `Command { std: "docker" "rm" "-f" "e6f5c6f783995420e28e9303df1465ca67a3cb9207f8916d6af25713c9c65e74", kill_on_drop: false }`
[INFO] [stdout] e6f5c6f783995420e28e9303df1465ca67a3cb9207f8916d6af25713c9c65e74
[INFO] running `Command { std: "docker" "create" "-v" "/var/lib/crater-agent-workspace/builds/worker-5-tc2/target:/opt/rustwide/target:rw,Z" "-v" "/var/lib/crater-agent-workspace/builds/worker-5-tc2/source:/opt/rustwide/workdir:ro,Z" "-v" "/var/lib/crater-agent-workspace/cargo-home:/opt/rustwide/cargo-home:ro,Z" "-v" "/var/lib/crater-agent-workspace/rustup-home:/opt/rustwide/rustup-home:ro,Z" "-e" "SOURCE_DIR=/opt/rustwide/workdir" "-e" "CARGO_TARGET_DIR=/opt/rustwide/target" "-e" "CARGO_INCREMENTAL=0" "-e" "RUST_BACKTRACE=full" "-e" "RUSTFLAGS=--cap-lints=warn" "-e" "RUSTDOCFLAGS=--cap-lints=warn" "-e" "CARGO_HOME=/opt/rustwide/cargo-home" "-e" "RUSTUP_HOME=/opt/rustwide/rustup-home" "-w" "/opt/rustwide/workdir" "-m" "1610612736" "--user" "0:0" "--network" "none" "ghcr.io/rust-lang/crates-build-env/linux@sha256:f3a9d4ad9d972b27faf3965f35b62e55ba32bbce8f20bc8fe909558a86702fde" "/opt/rustwide/cargo-home/bin/cargo" "+beta-2024-12-08" "test" "--frozen", kill_on_drop: false }`
[INFO] [stdout] c41c6a04fdbf4ef55da8d03ac71002a4c69bf38f404bc6d513fd3cdb3c4a8248
[INFO] running `Command { std: "docker" "start" "-a" "c41c6a04fdbf4ef55da8d03ac71002a4c69bf38f404bc6d513fd3cdb3c4a8248", kill_on_drop: false }`
[INFO] [stderr]    Compiling run-clang-tidy v0.3.1 (/opt/rustwide/workdir)
[INFO] [stderr]     Finished `test` profile [unoptimized + debuginfo] target(s) in 10.54s
[INFO] [stderr]      Running unittests src/lib.rs (/opt/rustwide/target/debug/deps/run_clang_tidy-bc21cf7af2ffde7f)
[INFO] [stdout] 
[INFO] [stdout] running 2 tests
[INFO] [stdout] test cli::utils::tests::test_path ... ok
[INFO] [stdout] test resolve::tests::test_command_path ... ok
[INFO] [stdout] 
[INFO] [stdout] test result: ok. 2 passed; 0 failed; 0 ignored; 0 measured; 0 filtered out; finished in 0.01s
[INFO] [stdout] 
[INFO] [stderr]      Running unittests src/main.rs (/opt/rustwide/target/debug/deps/run_clang_tidy-67eb1015becbd3d0)
[INFO] [stdout] 
[INFO] [stdout] running 0 tests
[INFO] [stdout] 
[INFO] [stdout] test result: ok. 0 passed; 0 failed; 0 ignored; 0 measured; 0 filtered out; finished in 0.00s
[INFO] [stdout] 
[INFO] [stderr]      Running tests/invoke.rs (/opt/rustwide/target/debug/deps/invoke-9a51749fe226d122)
[INFO] [stdout] 
[INFO] [stdout] running 10 tests
[INFO] [stdout] test invoke_json_glob ... ok
[INFO] [stdout] test invoke_subs ... ok
[INFO] [stdout] test invoke_quiet ... FAILED
[INFO] [stdout] test invoke_arg_tidy ... FAILED
[INFO] [stdout] test invoke_arg_root ... FAILED
[INFO] [stdout] test invoke_arg_command ... FAILED
[INFO] [stderr] thread 'invoke_arg_fix' panicked at core/src/panicking.rs:231:5:
[INFO] [stderr] panic in a destructor during cleanup
[INFO] [stderr] thread caused non-unwinding panic. aborting.
[INFO] [stdout] test invoke_json_and_bin ... FAILED
[INFO] [stdout] test-err-fix has a fixable bugprone error, so the execution fails
[INFO] [stdout] command Command { cmd: env -i PATH="/opt/rustwide/workdir/artifacts/clang" "/opt/rustwide/target/debug/run-clang-tidy" "/opt/rustwide/workdir/test-files/json/test-err-fix.json", stdin: None, timeout: None } should pass false
[INFO] [stdout] status.success: false, should_pass: false
[INFO] [stdout] status: exit status: 1
[INFO] [stdout] 
[INFO] [stdout]   
[INFO] [stdout]  [ 1/6 ] Found tidy file /opt/rustwide/workdir/test-files/clang-tidy/.clang-tidy
[INFO] [stdout] Error: 
[INFO] [stdout]    0: [91mInvalid configuration for 'buildRoot'[0m
[INFO] [stdout]    1: [91m'/opt/rustwide/workdir/test-files/json/../c-demo/_bld/out' is not a directory[0m
[INFO] [stdout]    2: [91mNo such file or directory (os error 2)[0m
[INFO] [stdout] 
[INFO] [stdout] [96mSuggestion[0m: Check the content of the field 'buildRoot' in /opt/rustwide/workdir/test-files/json/test-err-fix.json.
[INFO] [stdout] 
[INFO] [stdout] FIX #1 will apply parenthesis around the expression, but still fails.
[INFO] [stdout] command Command { cmd: env -i PATH="/opt/rustwide/workdir/artifacts/clang" "/opt/rustwide/target/debug/run-clang-tidy" "/opt/rustwide/workdir/test-files/json/test-err-fix.json" "--fix", stdin: None, timeout: None } should pass false
[INFO] [stdout] status.success: false, should_pass: false
[INFO] [stdout] status: exit status: 1
[INFO] [stdout] 
[INFO] [stdout]   
[INFO] [stdout]  [ 1/6 ] Found tidy file /opt/rustwide/workdir/test-files/clang-tidy/.clang-tidy
[INFO] [stdout] Error: 
[INFO] [stdout]    0: [91mInvalid configuration for 'buildRoot'[0m
[INFO] [stdout]    1: [91m'/opt/rustwide/workdir/test-files/json/../c-demo/_bld/out' is not a directory[0m
[INFO] [stdout]    2: [91mNo such file or directory (os error 2)[0m
[INFO] [stdout] 
[INFO] [stdout] [96mSuggestion[0m: Check the content of the field 'buildRoot' in /opt/rustwide/workdir/test-files/json/test-err-fix.json.
[INFO] [stdout] 
[INFO] [stdout] File contents of /opt/rustwide/workdir/test-files/c-demo/pkg_b/module_fix/module_fix.h: 
[INFO] [stdout] /**
[INFO] [stdout]  * \file module_fix.h
[INFO] [stdout]  *
[INFO] [stdout]  * \brief dummy module
[INFO] [stdout]  *
[INFO] [stdout]  * Copyright (c) 2022 Martin Lampacher. All rights reserved.
[INFO] [stdout]  */
[INFO] [stdout] 
[INFO] [stdout] #ifndef _MODULE_FIX_H_
[INFO] [stdout] #define _MODULE_FIX_H_
[INFO] [stdout] 
[INFO] [stdout] /***********************************************************************************************************************
[INFO] [stdout]  * Includes
[INFO] [stdout]  **********************************************************************************************************************/
[INFO] [stdout] 
[INFO] [stdout] #include "module_sub_a.h"
[INFO] [stdout] #include "std_types.h"
[INFO] [stdout] 
[INFO] [stdout] #ifdef __cplusplus
[INFO] [stdout] extern "C" {
[INFO] [stdout] #endif
[INFO] [stdout] 
[INFO] [stdout] /***********************************************************************************************************************
[INFO] [stdout]  * Definitions
[INFO] [stdout]  **********************************************************************************************************************/
[INFO] [stdout] 
[INFO] [stdout] // triggers bugprone-macro-parentheses, which is fixable
[INFO] [stdout] #define MODULE_FIX_EXPRESSION(a, b) a + b
[INFO] [stdout] 
[INFO] [stdout] /***********************************************************************************************************************
[INFO] [stdout]  * Functions
[INFO] [stdout]  **********************************************************************************************************************/
[INFO] [stdout] 
[INFO] [stdout] void module_fix_init (void);
[INFO] [stdout] 
[INFO] [stdout] #ifdef __cplusplus
[INFO] [stdout] }
[INFO] [stdout] #endif
[INFO] [stdout] 
[INFO] [stdout] #endif /* _MODULE_FIX_H_ */
[INFO] [stdout] 
[INFO] [stdout] FIX #2 will apply parenthesis around the parameters, but still fails.
[INFO] [stdout] command Command { cmd: env -i PATH="/opt/rustwide/workdir/artifacts/clang" "/opt/rustwide/target/debug/run-clang-tidy" "/opt/rustwide/workdir/test-files/json/test-err-fix.json" "--fix", stdin: None, timeout: None } should pass false
[INFO] [stdout] status.success: false, should_pass: false
[INFO] [stdout] status: exit status: 1
[INFO] [stdout] 
[INFO] [stdout]   
[INFO] [stdout]  [ 1/6 ] Found tidy file /opt/rustwide/workdir/test-files/clang-tidy/.clang-tidy
[INFO] [stdout] Error: 
[INFO] [stdout]    0: [91mInvalid configuration for 'buildRoot'[0m
[INFO] [stdout]    1: [91m'/opt/rustwide/workdir/test-files/json/../c-demo/_bld/out' is not a directory[0m
[INFO] [stdout]    2: [91mNo such file or directory (os error 2)[0m
[INFO] [stdout] 
[INFO] [stdout] [96mSuggestion[0m: Check the content of the field 'buildRoot' in /opt/rustwide/workdir/test-files/json/test-err-fix.json.
[INFO] [stdout] 
[INFO] [stdout] File contents of /opt/rustwide/workdir/test-files/c-demo/pkg_b/module_fix/module_fix.h: 
[INFO] [stdout] /**
[INFO] [stdout]  * \file module_fix.h
[INFO] [stdout]  *
[INFO] [stdout]  * \brief dummy module
[INFO] [stdout]  *
[INFO] [stdout]  * Copyright (c) 2022 Martin Lampacher. All rights reserved.
[INFO] [stdout]  */
[INFO] [stdout] 
[INFO] [stdout] #ifndef _MODULE_FIX_H_
[INFO] [stdout] #define _MODULE_FIX_H_
[INFO] [stdout] 
[INFO] [stdout] /***********************************************************************************************************************
[INFO] [stdout]  * Includes
[INFO] [stdout]  **********************************************************************************************************************/
[INFO] [stdout] 
[INFO] [stdout] #include "module_sub_a.h"
[INFO] [stdout] #include "std_types.h"
[INFO] [stdout] 
[INFO] [stdout] #ifdef __cplusplus
[INFO] [stdout] extern "C" {
[INFO] [stdout] #endif
[INFO] [stdout] 
[INFO] [stdout] /***********************************************************************************************************************
[INFO] [stdout]  * Definitions
[INFO] [stdout]  **********************************************************************************************************************/
[INFO] [stdout] 
[INFO] [stdout] // triggers bugprone-macro-parentheses, which is fixable
[INFO] [stdout] #define MODULE_FIX_EXPRESSION(a, b) a + b
[INFO] [stdout] 
[INFO] [stdout] /***********************************************************************************************************************
[INFO] [stdout]  * Functions
[INFO] [stdout]  **********************************************************************************************************************/
[INFO] [stdout] 
[INFO] [stdout] void module_fix_init (void);
[INFO] [stdout] 
[INFO] [stdout] #ifdef __cplusplus
[INFO] [stdout] }
[INFO] [stdout] #endif
[INFO] [stdout] 
[INFO] [stdout] #endif /* _MODULE_FIX_H_ */
[INFO] [stdout] 
[INFO] [stdout] after all fixes have been applied, the check should pass
[INFO] [stdout] command Command { cmd: env -i PATH="/opt/rustwide/workdir/artifacts/clang" "/opt/rustwide/target/debug/run-clang-tidy" "/opt/rustwide/workdir/test-files/json/test-err-fix.json", stdin: None, timeout: None } should pass true
[INFO] [stdout] status.success: false, should_pass: true
[INFO] [stdout] status: exit status: 1
[INFO] [stdout] 
[INFO] [stdout]   
[INFO] [stdout]  [ 1/6 ] Found tidy file /opt/rustwide/workdir/test-files/clang-tidy/.clang-tidy
[INFO] [stdout] Error: 
[INFO] [stdout]    0: [91mInvalid configuration for 'buildRoot'[0m
[INFO] [stdout]    1: [91m'/opt/rustwide/workdir/test-files/json/../c-demo/_bld/out' is not a directory[0m
[INFO] [stdout]    2: [91mNo such file or directory (os error 2)[0m
[INFO] [stdout] 
[INFO] [stdout] [96mSuggestion[0m: Check the content of the field 'buildRoot' in /opt/rustwide/workdir/test-files/json/test-err-fix.json.
[INFO] [stdout] 
[INFO] [stdout] thread 'invoke_arg_fix' panicked at tests/invoke.rs:72:5:
[INFO] [stdout] assertion `left == right` failed
[INFO] [stdout]   left: false
[INFO] [stdout]  right: true
[INFO] [stdout] stack backtrace:
[INFO] [stdout]    0:     0x651f0970db1a - std::backtrace_rs::backtrace::libunwind::trace::h8810477743020387
[INFO] [stdout]                                at /rustc/202008a1b8de96d2e5b6bc02d379db03a877d34d/library/std/src/../../backtrace/src/backtrace/libunwind.rs:116:5
[INFO] [stdout]    1:     0x651f0970db1a - std::backtrace_rs::backtrace::trace_unsynchronized::h3aa55355dd6c54a6
[INFO] [stdout]                                at /rustc/202008a1b8de96d2e5b6bc02d379db03a877d34d/library/std/src/../../backtrace/src/backtrace/mod.rs:66:5
[INFO] [stdout]    2:     0x651f0970db1a - std::sys::backtrace::_print_fmt::h8588b0f62410823f
[INFO] [stdout]                                at /rustc/202008a1b8de96d2e5b6bc02d379db03a877d34d/library/std/src/sys/backtrace.rs:66:9
[INFO] [stdout]    3:     0x651f0970db1a - <std::sys::backtrace::BacktraceLock::print::DisplayBacktrace as core::fmt::Display>::fmt::h98c26ac25ffe89bb
[INFO] [stdout]                                at /rustc/202008a1b8de96d2e5b6bc02d379db03a877d34d/library/std/src/sys/backtrace.rs:39:26
[INFO] [stdout]    4:     0x651f09735853 - core::fmt::rt::Argument::fmt::hf95377f4aebd453b
[INFO] [stdout]                                at /rustc/202008a1b8de96d2e5b6bc02d379db03a877d34d/library/core/src/fmt/rt.rs:177:76
[INFO] [stdout]    5:     0x651f09735853 - core::fmt::write::h0dd5f6e2238c7982
[INFO] [stdout]                                at /rustc/202008a1b8de96d2e5b6bc02d379db03a877d34d/library/core/src/fmt/mod.rs:1189:21
[INFO] [stdout]    6:     0x651f0970a5a3 - std::io::Write::write_fmt::h03bb0ca26e6faf8c
[INFO] [stdout]                                at /rustc/202008a1b8de96d2e5b6bc02d379db03a877d34d/library/std/src/io/mod.rs:1884:15
[INFO] [stdout]    7:     0x651f0970d962 - std::sys::backtrace::BacktraceLock::print::h5c19c1c038ee186d
[INFO] [stdout]                                at /rustc/202008a1b8de96d2e5b6bc02d379db03a877d34d/library/std/src/sys/backtrace.rs:42:9
[INFO] [stdout]    8:     0x651f0970f61d - std::panicking::default_hook::{{closure}}::h77172f079a1fcb13
[INFO] [stdout]                                at /rustc/202008a1b8de96d2e5b6bc02d379db03a877d34d/library/std/src/panicking.rs:268:22
[INFO] [stdout]    9:     0x651f0970f427 - std::panicking::default_hook::he5f8e3b203ccddba
[INFO] [stdout]                                at /rustc/202008a1b8de96d2e5b6bc02d379db03a877d34d/library/std/src/panicking.rs:292:9
[INFO] [stdout]   10:     0x651f096953b7 - <alloc::boxed::Box<F,A> as core::ops::function::Fn<Args>>::call::h7a3c7b4a1ae77f2f
[INFO] [stdout]                                at /rustc/202008a1b8de96d2e5b6bc02d379db03a877d34d/library/alloc/src/boxed.rs:1986:9
[INFO] [stdout]   11:     0x651f096953b7 - test::test_main::{{closure}}::hf0d3b69ae9b353d1
[INFO] [stdout]                                at /rustc/202008a1b8de96d2e5b6bc02d379db03a877d34d/library/test/src/lib.rs:134:21
[INFO] [stdout]   12:     0x651f0970fcc8 - <alloc::boxed::Box<F,A> as core::ops::function::Fn<Args>>::call::h6332e82e7b189abd
[INFO] [stdout]                                at /rustc/202008a1b8de96d2e5b6bc02d379db03a877d34d/library/alloc/src/boxed.rs:1986:9
[INFO] [stdout]   13:     0x651f0970fcc8 - std::panicking::rust_panic_with_hook::h53863d4e9018df39
[INFO] [stdout]                                at /rustc/202008a1b8de96d2e5b6bc02d379db03a877d34d/library/std/src/panicking.rs:809:13
[INFO] [stdout]   14:     0x651f0970fa8a - std::panicking::begin_panic_handler::{{closure}}::h67280e6fa0757873
[INFO] [stdout]                                at /rustc/202008a1b8de96d2e5b6bc02d379db03a877d34d/library/std/src/panicking.rs:674:13
[INFO] [stdout]   15:     0x651f0970dff9 - std::sys::backtrace::__rust_end_short_backtrace::h1dac3f54d6fbbeb2
[INFO] [stdout]                                at /rustc/202008a1b8de96d2e5b6bc02d379db03a877d34d/library/std/src/sys/backtrace.rs:170:18
[INFO] [stdout]   16:     0x651f0970f71c - rust_begin_unwind
[INFO] [stdout]                                at /rustc/202008a1b8de96d2e5b6bc02d379db03a877d34d/library/std/src/panicking.rs:665:5
[INFO] [stdout]   17:     0x651f09652020 - core::panicking::panic_fmt::h6792bd1b2bf01041
[INFO] [stdout]                                at /rustc/202008a1b8de96d2e5b6bc02d379db03a877d34d/library/core/src/panicking.rs:76:14
[INFO] [stdout]   18:     0x651f096523eb - core::panicking::assert_failed_inner::hf2c17e6d30928787
[INFO] [stdout]   19:     0x651f0969fde6 - core::panicking::assert_failed::h791e178b400d214c
[INFO] [stdout]                                at /rustc/202008a1b8de96d2e5b6bc02d379db03a877d34d/library/core/src/panicking.rs:373:5
[INFO] [stdout]   20:     0x651f09656fd2 - invoke::run_cmd_and_assert::h9d10d3e1af4e4445
[INFO] [stdout]                                at /opt/rustwide/workdir/tests/invoke.rs:72:5
[INFO] [stdout]   21:     0x651f0965b433 - invoke::invoke_arg_fix::ha3aa11c8fab537d4
[INFO] [stdout]                                at /opt/rustwide/workdir/tests/invoke.rs:369:5
[INFO] [stdout]   22:     0x651f0965ae37 - invoke::invoke_arg_fix::{{closure}}::h10662c8f0c66a120
[INFO] [stdout]                                at /opt/rustwide/workdir/tests/invoke.rs:327:20
[INFO] [stdout]   23:     0x651f09654236 - core::ops::function::FnOnce::call_once::h59af31d36919b0eb
[INFO] [stdout]                                at /rustc/202008a1b8de96d2e5b6bc02d379db03a877d34d/library/core/src/ops/function.rs:250:5
[INFO] [stdout]   24:     0x651f09699edb - core::ops::function::FnOnce::call_once::h871bf86719ec9aa4
[INFO] [stdout]                                at /rustc/202008a1b8de96d2e5b6bc02d379db03a877d34d/library/core/src/ops/function.rs:250:5
[INFO] [stdout]   25:     0x651f09699edb - test::__rust_begin_short_backtrace::h2167df1e2b7d76fd
[INFO] [stdout]                                at /rustc/202008a1b8de96d2e5b6bc02d379db03a877d34d/library/test/src/lib.rs:632:18
[INFO] [stdout]   26:     0x651f096998c8 - test::run_test_in_process::{{closure}}::h15d92f75a3adfb79
[INFO] [stdout]                                at /rustc/202008a1b8de96d2e5b6bc02d379db03a877d34d/library/test/src/lib.rs:655:60
[INFO] [stdout]   27:     0x651f096998c8 - <core::panic::unwind_safe::AssertUnwindSafe<F> as core::ops::function::FnOnce<()>>::call_once::hb6c8955835a8dbbb
[INFO] [stdout]                                at /rustc/202008a1b8de96d2e5b6bc02d379db03a877d34d/library/core/src/panic/unwind_safe.rs:272:9
[INFO] [stdout]   28:     0x651f096998c8 - std::panicking::try::do_call::hc79d0fc888a0bd30
[INFO] [stdout]                                at /rustc/202008a1b8de96d2e5b6bc02d379db03a877d34d/library/std/src/panicking.rs:557:40
[INFO] [stdout]   29:     0x651f096998c8 - std::panicking::try::hb8a7878e3a8589d6
[INFO] [stdout]                                at /rustc/202008a1b8de96d2e5b6bc02d379db03a877d34d/library/std/src/panicking.rs:520:19
[INFO] [stdout]   30:     0x651f096998c8 - std::panic::catch_unwind::hb8e4600ff0ff5cfa
[INFO] [stdout]                                at /rustc/202008a1b8de96d2e5b6bc02d379db03a877d34d/library/std/src/panic.rs:358:14
[INFO] [stdout]   31:     0x651f096998c8 - test::run_test_in_process::hc2900b0b18688dd6
[INFO] [stdout]                                at /rustc/202008a1b8de96d2e5b6bc02d379db03a877d34d/library/test/src/lib.rs:655:27
[INFO] [stdout]   32:     0x651f096998c8 - test::run_test::{{closure}}::hac2a9cb07be3d48d
[INFO] [stdout]                                at /rustc/202008a1b8de96d2e5b6bc02d379db03a877d34d/library/test/src/lib.rs:576:43
[INFO] [stdout]   33:     0x651f0965d36a - test::run_test::{{closure}}::h4a5b729e66a38cd8
[INFO] [stdout]                                at /rustc/202008a1b8de96d2e5b6bc02d379db03a877d34d/library/test/src/lib.rs:606:41
[INFO] [stdout]   34:     0x651f0965d36a - std::sys::backtrace::__rust_begin_short_backtrace::h0496fb742492f573
[INFO] [stdout]                                at /rustc/202008a1b8de96d2e5b6bc02d379db03a877d34d/library/std/src/sys/backtrace.rs:154:18
[INFO] [stdout]   35:     0x651f09660ce4 - std::thread::Builder::spawn_unchecked_::{{closure}}::{{closure}}::hbb6d257c550a54bd
[INFO] [stdout]                                at /rustc/202008a1b8de96d2e5b6bc02d379db03a877d34d/library/std/src/thread/mod.rs:561:17
[INFO] [stdout]   36:     0x651f09660ce4 - <core::panic::unwind_safe::AssertUnwindSafe<F> as core::ops::function::FnOnce<()>>::call_once::h46696fe4a6832328
[INFO] [stdout]                                at /rustc/202008a1b8de96d2e5b6bc02d379db03a877d34d/library/core/src/panic/unwind_safe.rs:272:9
[INFO] [stdout]   37:     0x651f09660ce4 - std::panicking::try::do_call::h2625a51b667bfb64
[INFO] [stdout]                                at /rustc/202008a1b8de96d2e5b6bc02d379db03a877d34d/library/std/src/panicking.rs:557:40
[INFO] [stdout]   38:     0x651f09660ce4 - std::panicking::try::hb956a59a1973aa4c
[INFO] [stdout]                                at /rustc/202008a1b8de96d2e5b6bc02d379db03a877d34d/library/std/src/panicking.rs:520:19
[INFO] [stdout]   39:     0x651f09660ce4 - std::panic::catch_unwind::h64f3b9d1067ef6a0
[INFO] [stdout]                                at /rustc/202008a1b8de96d2e5b6bc02d379db03a877d34d/library/std/src/panic.rs:358:14
[INFO] [stdout]   40:     0x651f09660ce4 - std::thread::Builder::spawn_unchecked_::{{closure}}::h42b2841295b6c0b2
[INFO] [stdout]                                at /rustc/202008a1b8de96d2e5b6bc02d379db03a877d34d/library/std/src/thread/mod.rs:559:30
[INFO] [stdout]   41:     0x651f09660ce4 - core::ops::function::FnOnce::call_once{{vtable.shim}}::h6127de71b8124639
[INFO] [stdout]                                at /rustc/202008a1b8de96d2e5b6bc02d379db03a877d34d/library/core/src/ops/function.rs:250:5
[INFO] [stdout]   42:     0x651f0971476b - <alloc::boxed::Box<F,A> as core::ops::function::FnOnce<Args>>::call_once::h42f0ba71002a1b2c
[INFO] [stdout]                                at /rustc/202008a1b8de96d2e5b6bc02d379db03a877d34d/library/alloc/src/boxed.rs:1972:9
[INFO] [stdout]   43:     0x651f0971476b - <alloc::boxed::Box<F,A> as core::ops::function::FnOnce<Args>>::call_once::had9e47d7a3dcecb8
[INFO] [stdout]                                at /rustc/202008a1b8de96d2e5b6bc02d379db03a877d34d/library/alloc/src/boxed.rs:1972:9
[INFO] [stdout]   44:     0x651f0971476b - std::sys::pal::unix::thread::Thread::new::thread_start::h48cf765408f6f5f2
[INFO] [stdout]                                at /rustc/202008a1b8de96d2e5b6bc02d379db03a877d34d/library/std/src/sys/pal/unix/thread.rs:105:17
[INFO] [stdout]   45:     0x7bbf08fcdac3 - <unknown>
[INFO] [stdout]   46:     0x7bbf0905ea04 - clone
[INFO] [stdout]   47:                0x0 - <unknown>
[INFO] [stdout] restoring /opt/rustwide/workdir/test-files/c-demo/pkg_b/module_fix/module_fix.h
[INFO] [stdout] thread 'invoke_arg_fix' panicked at tests/invoke.rs:354:44:
[INFO] [stdout] failed to restore module_fix.h: Os { code: 30, kind: ReadOnlyFilesystem, message: "Read-only file system" }
[INFO] [stdout] stack backtrace:
[INFO] [stdout]    0:     0x651f0970db1a - std::backtrace_rs::backtrace::libunwind::trace::h8810477743020387
[INFO] [stdout]                                at /rustc/202008a1b8de96d2e5b6bc02d379db03a877d34d/library/std/src/../../backtrace/src/backtrace/libunwind.rs:116:5
[INFO] [stdout]    1:     0x651f0970db1a - std::backtrace_rs::backtrace::trace_unsynchronized::h3aa55355dd6c54a6
[INFO] [stdout]                                at /rustc/202008a1b8de96d2e5b6bc02d379db03a877d34d/library/std/src/../../backtrace/src/backtrace/mod.rs:66:5
[INFO] [stdout]    2:     0x651f0970db1a - std::sys::backtrace::_print_fmt::h8588b0f62410823f
[INFO] [stdout]                                at /rustc/202008a1b8de96d2e5b6bc02d379db03a877d34d/library/std/src/sys/backtrace.rs:66:9
[INFO] [stdout]    3:     0x651f0970db1a - <std::sys::backtrace::BacktraceLock::print::DisplayBacktrace as core::fmt::Display>::fmt::h98c26ac25ffe89bb
[INFO] [stdout]                                at /rustc/202008a1b8de96d2e5b6bc02d379db03a877d34d/library/std/src/sys/backtrace.rs:39:26
[INFO] [stdout]    4:     0x651f09735853 - core::fmt::rt::Argument::fmt::hf95377f4aebd453b
[INFO] [stdout]                                at /rustc/202008a1b8de96d2e5b6bc02d379db03a877d34d/library/core/src/fmt/rt.rs:177:76
[INFO] [stdout]    5:     0x651f09735853 - core::fmt::write::h0dd5f6e2238c7982
[INFO] [stdout]                                at /rustc/202008a1b8de96d2e5b6bc02d379db03a877d34d/library/core/src/fmt/mod.rs:1189:21
[INFO] [stdout]    6:     0x651f0970a5a3 - std::io::Write::write_fmt::h03bb0ca26e6faf8c
[INFO] [stdout]                                at /rustc/202008a1b8de96d2e5b6bc02d379db03a877d34d/library/std/src/io/mod.rs:1884:15
[INFO] [stdout]    7:     0x651f0970d962 - std::sys::backtrace::BacktraceLock::print::h5c19c1c038ee186d
[INFO] [stdout]                                at /rustc/202008a1b8de96d2e5b6bc02d379db03a877d34d/library/std/src/sys/backtrace.rs:42:9
[INFO] [stdout]    8:     0x651f0970f61d - std::panicking::default_hook::{{closure}}::h77172f079a1fcb13
[INFO] [stdout]                                at /rustc/202008a1b8de96d2e5b6bc02d379db03a877d34d/library/std/src/panicking.rs:268:22
[INFO] [stdout]    9:     0x651f0970f427 - std::panicking::default_hook::he5f8e3b203ccddba
[INFO] [stdout]                                at /rustc/202008a1b8de96d2e5b6bc02d379db03a877d34d/library/std/src/panicking.rs:292:9
[INFO] [stdout]   10:     0x651f096953b7 - <alloc::boxed::Box<F,A> as core::ops::function::Fn<Args>>::call::h7a3c7b4a1ae77f2f
[INFO] [stdout]                                at /rustc/202008a1b8de96d2e5b6bc02d379db03a877d34d/library/alloc/src/boxed.rs:1986:9
[INFO] [stdout]   11:     0x651f096953b7 - test::test_main::{{closure}}::hf0d3b69ae9b353d1
[INFO] [stdout]                                at /rustc/202008a1b8de96d2e5b6bc02d379db03a877d34d/library/test/src/lib.rs:134:21
[INFO] [stdout]   12:     0x651f0970fcc8 - <alloc::boxed::Box<F,A> as core::ops::function::Fn<Args>>::call::h6332e82e7b189abd
[INFO] [stdout]                                at /rustc/202008a1b8de96d2e5b6bc02d379db03a877d34d/library/alloc/src/boxed.rs:1986:9
[INFO] [stdout]   13:     0x651f0970fcc8 - std::panicking::rust_panic_with_hook::h53863d4e9018df39
[INFO] [stdout]                                at /rustc/202008a1b8de96d2e5b6bc02d379db03a877d34d/library/std/src/panicking.rs:809:13
[INFO] [stdout]   14:     0x651f0970fa8a - std::panicking::begin_panic_handler::{{closure}}::h67280e6fa0757873
[INFO] [stdout]                                at /rustc/202008a1b8de96d2e5b6bc02d379db03a877d34d/library/std/src/panicking.rs:674:13
[INFO] [stdout]   15:     0x651f0970dff9 - std::sys::backtrace::__rust_end_short_backtrace::h1dac3f54d6fbbeb2
[INFO] [stdout]                                at /rustc/202008a1b8de96d2e5b6bc02d379db03a877d34d/library/std/src/sys/backtrace.rs:170:18
[INFO] [stdout]   16:     0x651f0970f71c - rust_begin_unwind
[INFO] [stdout]                                at /rustc/202008a1b8de96d2e5b6bc02d379db03a877d34d/library/std/src/panicking.rs:665:5
[INFO] [stdout]   17:     0x651f09652020 - core::panicking::panic_fmt::h6792bd1b2bf01041
[INFO] [stdout]                                at /rustc/202008a1b8de96d2e5b6bc02d379db03a877d34d/library/core/src/panicking.rs:76:14
[INFO] [stdout]   18:     0x651f09652466 - core::result::unwrap_failed::h05e0602ed34287c5
[INFO] [stdout]                                at /rustc/202008a1b8de96d2e5b6bc02d379db03a877d34d/library/core/src/result.rs:1699:5
[INFO] [stdout]   19:     0x651f09654aef - core::result::Result<T,E>::expect::h29ed39fb3800bc53
[INFO] [stdout]                                at /rustc/202008a1b8de96d2e5b6bc02d379db03a877d34d/library/core/src/result.rs:1061:23
[INFO] [stdout]   20:     0x651f0965bad2 - invoke::invoke_arg_fix::{{closure}}::h80f6d173c26d3a3c
[INFO] [stdout]                                at /opt/rustwide/workdir/tests/invoke.rs:354:9
[INFO] [stdout]   21:     0x651f09655e96 - <scopeguard::ScopeGuard<T,F,S> as core::ops::drop::Drop>::drop::h494b68ee1d7cd239
[INFO] [stdout]                                at /opt/rustwide/cargo-home/registry/src/index.crates.io-6f17d22bba15001f/scopeguard-1.2.0/src/lib.rs:475:13
[INFO] [stdout]   22:     0x651f096543fa - core::ptr::drop_in_place<scopeguard::ScopeGuard<alloc::string::String,invoke::invoke_arg_fix::{{closure}}>>::h1169b1d9c4ea0455
[INFO] [stdout]                                at /rustc/202008a1b8de96d2e5b6bc02d379db03a877d34d/library/core/src/ptr/mod.rs:521:1
[INFO] [stdout]   23:     0x651f0965b075 - invoke::invoke_arg_fix::ha3aa11c8fab537d4
[INFO] [stdout]                                at /opt/rustwide/workdir/tests/invoke.rs:370:1
[INFO] [stdout]   24:     0x651f0965ae37 - invoke::invoke_arg_fix::{{closure}}::h10662c8f0c66a120
[INFO] [stdout]                                at /opt/rustwide/workdir/tests/invoke.rs:327:20
[INFO] [stdout]   25:     0x651f09654236 - core::ops::function::FnOnce::call_once::h59af31d36919b0eb
[INFO] [stdout]                                at /rustc/202008a1b8de96d2e5b6bc02d379db03a877d34d/library/core/src/ops/function.rs:250:5
[INFO] [stdout]   26:     0x651f09699edb - core::ops::function::FnOnce::call_once::h871bf86719ec9aa4
[INFO] [stdout]                                at /rustc/202008a1b8de96d2e5b6bc02d379db03a877d34d/library/core/src/ops/function.rs:250:5
[INFO] [stdout]   27:     0x651f09699edb - test::__rust_begin_short_backtrace::h2167df1e2b7d76fd
[INFO] [stdout]                                at /rustc/202008a1b8de96d2e5b6bc02d379db03a877d34d/library/test/src/lib.rs:632:18
[INFO] [stdout]   28:     0x651f096998c8 - test::run_test_in_process::{{closure}}::h15d92f75a3adfb79
[INFO] [stdout]                                at /rustc/202008a1b8de96d2e5b6bc02d379db03a877d34d/library/test/src/lib.rs:655:60
[INFO] [stdout]   29:     0x651f096998c8 - <core::panic::unwind_safe::AssertUnwindSafe<F> as core::ops::function::FnOnce<()>>::call_once::hb6c8955835a8dbbb
[INFO] [stdout]                                at /rustc/202008a1b8de96d2e5b6bc02d379db03a877d34d/library/core/src/panic/unwind_safe.rs:272:9
[INFO] [stdout]   30:     0x651f096998c8 - std::panicking::try::do_call::hc79d0fc888a0bd30
[INFO] [stdout]                                at /rustc/202008a1b8de96d2e5b6bc02d379db03a877d34d/library/std/src/panicking.rs:557:40
[INFO] [stdout]   31:     0x651f096998c8 - std::panicking::try::hb8a7878e3a8589d6
[INFO] [stdout]                                at /rustc/202008a1b8de96d2e5b6bc02d379db03a877d34d/library/std/src/panicking.rs:520:19
[INFO] [stdout]   32:     0x651f096998c8 - std::panic::catch_unwind::hb8e4600ff0ff5cfa
[INFO] [stdout]                                at /rustc/202008a1b8de96d2e5b6bc02d379db03a877d34d/library/std/src/panic.rs:358:14
[INFO] [stdout]   33:     0x651f096998c8 - test::run_test_in_process::hc2900b0b18688dd6
[INFO] [stdout]                                at /rustc/202008a1b8de96d2e5b6bc02d379db03a877d34d/library/test/src/lib.rs:655:27
[INFO] [stdout]   34:     0x651f096998c8 - test::run_test::{{closure}}::hac2a9cb07be3d48d
[INFO] [stdout]                                at /rustc/202008a1b8de96d2e5b6bc02d379db03a877d34d/library/test/src/lib.rs:576:43
[INFO] [stdout]   35:     0x651f0965d36a - test::run_test::{{closure}}::h4a5b729e66a38cd8
[INFO] [stdout]                                at /rustc/202008a1b8de96d2e5b6bc02d379db03a877d34d/library/test/src/lib.rs:606:41
[INFO] [stdout]   36:     0x651f0965d36a - std::sys::backtrace::__rust_begin_short_backtrace::h0496fb742492f573
[INFO] [stdout]                                at /rustc/202008a1b8de96d2e5b6bc02d379db03a877d34d/library/std/src/sys/backtrace.rs:154:18
[INFO] [stdout]   37:     0x651f09660ce4 - std::thread::Builder::spawn_unchecked_::{{closure}}::{{closure}}::hbb6d257c550a54bd
[INFO] [stdout]                                at /rustc/202008a1b8de96d2e5b6bc02d379db03a877d34d/library/std/src/thread/mod.rs:561:17
[INFO] [stdout]   38:     0x651f09660ce4 - <core::panic::unwind_safe::AssertUnwindSafe<F> as core::ops::function::FnOnce<()>>::call_once::h46696fe4a6832328
[INFO] [stdout]                                at /rustc/202008a1b8de96d2e5b6bc02d379db03a877d34d/library/core/src/panic/unwind_safe.rs:272:9
[INFO] [stdout]   39:     0x651f09660ce4 - std::panicking::try::do_call::h2625a51b667bfb64
[INFO] [stdout]                                at /rustc/202008a1b8de96d2e5b6bc02d379db03a877d34d/library/std/src/panicking.rs:557:40
[INFO] [stdout]   40:     0x651f09660ce4 - std::panicking::try::hb956a59a1973aa4c
[INFO] [stdout]                                at /rustc/202008a1b8de96d2e5b6bc02d379db03a877d34d/library/std/src/panicking.rs:520:19
[INFO] [stdout]   41:     0x651f09660ce4 - std::panic::catch_unwind::h64f3b9d1067ef6a0
[INFO] [stdout]                                at /rustc/202008a1b8de96d2e5b6bc02d379db03a877d34d/library/std/src/panic.rs:358:14
[INFO] [stdout]   42:     0x651f09660ce4 - std::thread::Builder::spawn_unchecked_::{{closure}}::h42b2841295b6c0b2
[INFO] [stdout]                                at /rustc/202008a1b8de96d2e5b6bc02d379db03a877d34d/library/std/src/thread/mod.rs:559:30
[INFO] [stdout]   43:     0x651f09660ce4 - core::ops::function::FnOnce::call_once{{vtable.shim}}::h6127de71b8124639
[INFO] [stdout]                                at /rustc/202008a1b8de96d2e5b6bc02d379db03a877d34d/library/core/src/ops/function.rs:250:5
[INFO] [stdout]   44:     0x651f0971476b - <alloc::boxed::Box<F,A> as core::ops::function::FnOnce<Args>>::call_once::h42f0ba71002a1b2c
[INFO] [stdout]                                at /rustc/202008a1b8de96d2e5b6bc02d379db03a877d34d/library/alloc/src/boxed.rs:1972:9
[INFO] [stdout]   45:     0x651f0971476b - <alloc::boxed::Box<F,A> as core::ops::function::FnOnce<Args>>::call_once::had9e47d7a3dcecb8
[INFO] [stdout]                                at /rustc/202008a1b8de96d2e5b6bc02d379db03a877d34d/library/alloc/src/boxed.rs:1972:9
[INFO] [stdout]   46:     0x651f0971476b - std::sys::pal::unix::thread::Thread::new::thread_start::h48cf765408f6f5f2
[INFO] [stdout]                                at /rustc/202008a1b8de96d2e5b6bc02d379db03a877d34d/library/std/src/sys/pal/unix/thread.rs:105:17
[INFO] [stdout]   47:     0x7bbf08fcdac3 - <unknown>
[INFO] [stdout]   48:     0x7bbf0905ea04 - clone
[INFO] [stdout]   49:                0x0 - <unknown>
[INFO] [stderr] error: test failed, to rerun pass `--test invoke`
[INFO] [stderr] 
[INFO] [stderr] Caused by:
[INFO] [stderr]   process didn't exit successfully: `/opt/rustwide/target/debug/deps/invoke-9a51749fe226d122` (signal: 6, SIGABRT: process abort signal)
[INFO] running `Command { std: "docker" "inspect" "c41c6a04fdbf4ef55da8d03ac71002a4c69bf38f404bc6d513fd3cdb3c4a8248", kill_on_drop: false }`
[INFO] running `Command { std: "docker" "rm" "-f" "c41c6a04fdbf4ef55da8d03ac71002a4c69bf38f404bc6d513fd3cdb3c4a8248", kill_on_drop: false }`
[INFO] [stdout] c41c6a04fdbf4ef55da8d03ac71002a4c69bf38f404bc6d513fd3cdb3c4a8248
