[INFO] cloning repository https://github.com/llllllluc/cw-friend
[INFO] running `Command { std: "git" "-c" "credential.helper=" "-c" "credential.helper=/workspace/cargo-home/bin/git-credential-null" "clone" "--bare" "https://github.com/llllllluc/cw-friend" "/workspace/cache/git-repos/https%3A%2F%2Fgithub.com%2Fllllllluc%2Fcw-friend", kill_on_drop: false }`
[INFO] [stderr] Cloning into bare repository '/workspace/cache/git-repos/https%3A%2F%2Fgithub.com%2Fllllllluc%2Fcw-friend'...
[INFO] running `Command { std: "git" "rev-parse" "HEAD", kill_on_drop: false }`
[INFO] [stdout] 378f4f8e1367d0bbcf5b50b5dc272a81086d3909
[INFO] testing llllllluc/cw-friend against 1.83.0 for beta-1.84.0-4-retry
[INFO] running `Command { std: "git" "clone" "/workspace/cache/git-repos/https%3A%2F%2Fgithub.com%2Fllllllluc%2Fcw-friend" "/workspace/builds/worker-3-tc1/source", kill_on_drop: false }`
[INFO] [stderr] Cloning into '/workspace/builds/worker-3-tc1/source'...
[INFO] [stderr] done.
[INFO] validating manifest of git repo https://github.com/llllllluc/cw-friend on toolchain 1.83.0
[INFO] running `Command { std: CARGO_HOME="/workspace/cargo-home" RUSTUP_HOME="/workspace/rustup-home" "/workspace/cargo-home/bin/cargo" "+1.83.0" "metadata" "--manifest-path" "Cargo.toml" "--no-deps", kill_on_drop: false }`
[INFO] started tweaking git repo https://github.com/llllllluc/cw-friend
[INFO] finished tweaking git repo https://github.com/llllllluc/cw-friend
[INFO] tweaked toml for git repo https://github.com/llllllluc/cw-friend written to /workspace/builds/worker-3-tc1/source/Cargo.toml
[INFO] crate git repo https://github.com/llllllluc/cw-friend already has a lockfile, it will not be regenerated
[INFO] running `Command { std: CARGO_HOME="/workspace/cargo-home" RUSTUP_HOME="/workspace/rustup-home" "/workspace/cargo-home/bin/cargo" "+1.83.0" "fetch" "--manifest-path" "Cargo.toml", kill_on_drop: false }`
[INFO] [stderr] warning: virtual workspace defaulting to `resolver = "1"` despite one or more workspace members being on edition 2021 which implies `resolver = "2"`
[INFO] [stderr] note: to keep the current resolver, specify `workspace.resolver = "1"` in the workspace root's manifest
[INFO] [stderr] note: to use the edition 2021 resolver, specify `workspace.resolver = "2"` in the workspace root's manifest
[INFO] [stderr] note: for more details see https://doc.rust-lang.org/cargo/reference/resolver.html#resolver-versions
[INFO] [stderr]     Blocking waiting for file lock on package cache
[INFO] [stderr]     Blocking waiting for file lock on package cache
[INFO] [stderr]  Downloading crates ...
[INFO] [stderr]   Downloaded cosmwasm-derive v1.4.1
[INFO] [stderr]   Downloaded cosmwasm-crypto v1.3.3
[INFO] [stderr]   Downloaded cosmwasm-storage v1.2.7
[INFO] [stderr]   Downloaded cosmwasm-schema-derive v1.2.7
[INFO] [stderr]   Downloaded dyn-clone v1.0.10
[INFO] [stderr]   Downloaded cosmwasm-schema v1.2.7
[INFO] [stderr]   Downloaded cosmwasm-std v1.2.7
[INFO] [stderr]   Downloaded cw-multi-test v0.16.5
[INFO] [stderr]   Downloaded cw-storage-plus v1.0.1
[INFO] running `Command { std: "docker" "create" "-v" "/var/lib/crater-agent-workspace/builds/worker-3-tc1/target:/opt/rustwide/target:rw,Z" "-v" "/var/lib/crater-agent-workspace/builds/worker-3-tc1/source:/opt/rustwide/workdir:ro,Z" "-v" "/var/lib/crater-agent-workspace/cargo-home:/opt/rustwide/cargo-home:ro,Z" "-v" "/var/lib/crater-agent-workspace/rustup-home:/opt/rustwide/rustup-home:ro,Z" "-e" "SOURCE_DIR=/opt/rustwide/workdir" "-e" "CARGO_TARGET_DIR=/opt/rustwide/target" "-e" "CARGO_HOME=/opt/rustwide/cargo-home" "-e" "RUSTUP_HOME=/opt/rustwide/rustup-home" "-w" "/opt/rustwide/workdir" "-m" "1610612736" "--user" "0:0" "--network" "none" "ghcr.io/rust-lang/crates-build-env/linux@sha256:f3a9d4ad9d972b27faf3965f35b62e55ba32bbce8f20bc8fe909558a86702fde" "/opt/rustwide/cargo-home/bin/cargo" "+1.83.0" "metadata" "--no-deps" "--format-version=1", kill_on_drop: false }`
[INFO] [stdout] cbb3b61808f95e1ce3ec142a0c03b849cf2f9ed8f34e7373bb70df95b88d30b9
[INFO] running `Command { std: "docker" "start" "-a" "cbb3b61808f95e1ce3ec142a0c03b849cf2f9ed8f34e7373bb70df95b88d30b9", kill_on_drop: false }`
[INFO] running `Command { std: "docker" "inspect" "cbb3b61808f95e1ce3ec142a0c03b849cf2f9ed8f34e7373bb70df95b88d30b9", kill_on_drop: false }`
[INFO] running `Command { std: "docker" "rm" "-f" "cbb3b61808f95e1ce3ec142a0c03b849cf2f9ed8f34e7373bb70df95b88d30b9", kill_on_drop: false }`
[INFO] [stdout] cbb3b61808f95e1ce3ec142a0c03b849cf2f9ed8f34e7373bb70df95b88d30b9
[INFO] running `Command { std: "docker" "create" "-v" "/var/lib/crater-agent-workspace/builds/worker-3-tc1/target:/opt/rustwide/target:rw,Z" "-v" "/var/lib/crater-agent-workspace/builds/worker-3-tc1/source:/opt/rustwide/workdir:ro,Z" "-v" "/var/lib/crater-agent-workspace/cargo-home:/opt/rustwide/cargo-home:ro,Z" "-v" "/var/lib/crater-agent-workspace/rustup-home:/opt/rustwide/rustup-home:ro,Z" "-e" "SOURCE_DIR=/opt/rustwide/workdir" "-e" "CARGO_TARGET_DIR=/opt/rustwide/target" "-e" "CARGO_INCREMENTAL=0" "-e" "RUST_BACKTRACE=full" "-e" "RUSTFLAGS=--cap-lints=warn" "-e" "RUSTDOCFLAGS=--cap-lints=warn" "-e" "CARGO_HOME=/opt/rustwide/cargo-home" "-e" "RUSTUP_HOME=/opt/rustwide/rustup-home" "-w" "/opt/rustwide/workdir" "-m" "1610612736" "--user" "0:0" "--network" "none" "ghcr.io/rust-lang/crates-build-env/linux@sha256:f3a9d4ad9d972b27faf3965f35b62e55ba32bbce8f20bc8fe909558a86702fde" "/opt/rustwide/cargo-home/bin/cargo" "+1.83.0" "build" "--frozen" "--message-format=json", kill_on_drop: false }`
[INFO] [stdout] 455b3a6317b8143da8ded76a4adfd987ca0c60c0919920ed4f660cc3ed47de3a
[INFO] running `Command { std: "docker" "start" "-a" "455b3a6317b8143da8ded76a4adfd987ca0c60c0919920ed4f660cc3ed47de3a", kill_on_drop: false }`
[INFO] [stderr] warning: virtual workspace defaulting to `resolver = "1"` despite one or more workspace members being on edition 2021 which implies `resolver = "2"`
[INFO] [stderr] note: to keep the current resolver, specify `workspace.resolver = "1"` in the workspace root's manifest
[INFO] [stderr] note: to use the edition 2021 resolver, specify `workspace.resolver = "2"` in the workspace root's manifest
[INFO] [stderr] note: for more details see https://doc.rust-lang.org/cargo/reference/resolver.html#resolver-versions
[INFO] [stderr]    Compiling generic-array v0.14.6
[INFO] [stderr]    Compiling proc-macro2 v1.0.69
[INFO] [stderr]    Compiling unicode-ident v1.0.6
[INFO] [stderr]    Compiling libc v0.2.138
[INFO] [stderr]    Compiling subtle v2.4.1
[INFO] [stderr]    Compiling zeroize v1.5.7
[INFO] [stderr]    Compiling syn v1.0.107
[INFO] [stderr]    Compiling serde_derive v1.0.160
[INFO] [stderr]    Compiling const-oid v0.9.1
[INFO] [stderr]    Compiling serde v1.0.160
[INFO] [stderr]    Compiling base64ct v1.5.3
[INFO] [stderr]    Compiling ahash v0.7.6
[INFO] [stderr]    Compiling cpufeatures v0.2.5
[INFO] [stderr]    Compiling base16ct v0.1.1
[INFO] [stderr]    Compiling thiserror v1.0.49
[INFO] [stderr]    Compiling once_cell v1.16.0
[INFO] [stderr]    Compiling serde_json v1.0.91
[INFO] [stderr]    Compiling der v0.6.1
[INFO] [stderr]    Compiling byteorder v1.4.3
[INFO] [stderr]    Compiling rand_core v0.5.1
[INFO] [stderr]    Compiling hex v0.4.3
[INFO] [stderr]    Compiling itoa v1.0.5
[INFO] [stderr]    Compiling schemars v0.8.11
[INFO] [stderr]    Compiling ryu v1.0.12
[INFO] [stderr]    Compiling crunchy v0.2.2
[INFO] [stderr]    Compiling dyn-clone v1.0.10
[INFO] [stderr]    Compiling static_assertions v1.1.0
[INFO] [stderr]    Compiling forward_ref v1.0.0
[INFO] [stderr]    Compiling semver v1.0.16
[INFO] [stderr]    Compiling uint v0.9.5
[INFO] [stderr]    Compiling getrandom v0.2.8
[INFO] [stderr]    Compiling rand_core v0.6.4
[INFO] [stderr]    Compiling quote v1.0.33
[INFO] [stderr]    Compiling spki v0.6.0
[INFO] [stderr]    Compiling block-buffer v0.10.3
[INFO] [stderr]    Compiling crypto-common v0.1.6
[INFO] [stderr]    Compiling digest v0.9.0
[INFO] [stderr]    Compiling block-buffer v0.9.0
[INFO] [stderr]    Compiling sha2 v0.9.9
[INFO] [stderr]    Compiling curve25519-dalek v3.2.0
[INFO] [stderr]    Compiling digest v0.10.6
[INFO] [stderr]    Compiling hashbrown v0.12.3
[INFO] [stderr]    Compiling pkcs8 v0.9.0
[INFO] [stderr]    Compiling ff v0.12.1
[INFO] [stderr]    Compiling crypto-bigint v0.4.9
[INFO] [stderr]    Compiling syn v2.0.38
[INFO] [stderr]    Compiling group v0.12.1
[INFO] [stderr]    Compiling hmac v0.12.1
[INFO] [stderr]    Compiling signature v1.6.4
[INFO] [stderr]    Compiling sha2 v0.10.6
[INFO] [stderr]    Compiling sec1 v0.3.0
[INFO] [stderr]    Compiling rfc6979 v0.3.1
[INFO] [stderr]    Compiling elliptic-curve v0.12.3
[INFO] [stderr]    Compiling ecdsa v0.14.8
[INFO] [stderr]    Compiling k256 v0.11.6
[INFO] [stderr]    Compiling thiserror-impl v1.0.49
[INFO] [stderr]    Compiling serde_derive_internals v0.26.0
[INFO] [stderr]    Compiling derivative v2.2.0
[INFO] [stderr]    Compiling cosmwasm-derive v1.4.1
[INFO] [stderr]    Compiling cosmwasm-schema-derive v1.2.7
[INFO] [stderr]    Compiling schemars_derive v0.8.11
[INFO] [stderr]    Compiling ed25519-zebra v3.1.0
[INFO] [stderr]    Compiling serde-json-wasm v0.5.1
[INFO] [stderr]    Compiling cosmwasm-crypto v1.3.3
[INFO] [stderr]    Compiling cosmwasm-std v1.2.7
[INFO] [stderr]    Compiling cosmwasm-schema v1.2.7
[INFO] [stderr]    Compiling cosmwasm-storage v1.2.7
[INFO] [stderr]    Compiling cw-storage-plus v1.0.1
[INFO] [stderr]    Compiling shared-pkg v0.1.0 (/opt/rustwide/workdir/packages/shared-pkg)
[INFO] [stderr]    Compiling distribution-pkg v0.1.0 (/opt/rustwide/workdir/packages/distribution-pkg)
[INFO] [stderr]    Compiling member-pkg v0.1.0 (/opt/rustwide/workdir/packages/member-pkg)
[INFO] [stderr]    Compiling cw2 v1.1.0
[INFO] [stderr]    Compiling cw-utils v1.0.1
[INFO] [stderr]    Compiling thread-pkg v0.1.0 (/opt/rustwide/workdir/packages/thread-pkg)
[INFO] [stderr]    Compiling distribution v0.1.0 (/opt/rustwide/workdir/contracts/distribution)
[INFO] [stderr]    Compiling member v0.1.0 (/opt/rustwide/workdir/contracts/member)
[INFO] [stderr]    Compiling thread v0.1.0 (/opt/rustwide/workdir/contracts/thread)
[INFO] [stderr]     Finished `dev` profile [unoptimized + debuginfo] target(s) in 37.97s
[INFO] running `Command { std: "docker" "inspect" "455b3a6317b8143da8ded76a4adfd987ca0c60c0919920ed4f660cc3ed47de3a", kill_on_drop: false }`
[INFO] running `Command { std: "docker" "rm" "-f" "455b3a6317b8143da8ded76a4adfd987ca0c60c0919920ed4f660cc3ed47de3a", kill_on_drop: false }`
[INFO] [stdout] 455b3a6317b8143da8ded76a4adfd987ca0c60c0919920ed4f660cc3ed47de3a
[INFO] running `Command { std: "docker" "create" "-v" "/var/lib/crater-agent-workspace/builds/worker-3-tc1/target:/opt/rustwide/target:rw,Z" "-v" "/var/lib/crater-agent-workspace/builds/worker-3-tc1/source:/opt/rustwide/workdir:ro,Z" "-v" "/var/lib/crater-agent-workspace/cargo-home:/opt/rustwide/cargo-home:ro,Z" "-v" "/var/lib/crater-agent-workspace/rustup-home:/opt/rustwide/rustup-home:ro,Z" "-e" "SOURCE_DIR=/opt/rustwide/workdir" "-e" "CARGO_TARGET_DIR=/opt/rustwide/target" "-e" "CARGO_INCREMENTAL=0" "-e" "RUST_BACKTRACE=full" "-e" "RUSTFLAGS=--cap-lints=warn" "-e" "RUSTDOCFLAGS=--cap-lints=warn" "-e" "CARGO_HOME=/opt/rustwide/cargo-home" "-e" "RUSTUP_HOME=/opt/rustwide/rustup-home" "-w" "/opt/rustwide/workdir" "-m" "1610612736" "--user" "0:0" "--network" "none" "ghcr.io/rust-lang/crates-build-env/linux@sha256:f3a9d4ad9d972b27faf3965f35b62e55ba32bbce8f20bc8fe909558a86702fde" "/opt/rustwide/cargo-home/bin/cargo" "+1.83.0" "test" "--frozen" "--no-run" "--message-format=json", kill_on_drop: false }`
[INFO] [stdout] 813f19b69259da0dbcc79510b99041c85cd0282b5e293669888a4ca9212b8b37
[INFO] running `Command { std: "docker" "start" "-a" "813f19b69259da0dbcc79510b99041c85cd0282b5e293669888a4ca9212b8b37", kill_on_drop: false }`
[INFO] [stderr] warning: virtual workspace defaulting to `resolver = "1"` despite one or more workspace members being on edition 2021 which implies `resolver = "2"`
[INFO] [stderr] note: to keep the current resolver, specify `workspace.resolver = "1"` in the workspace root's manifest
[INFO] [stderr] note: to use the edition 2021 resolver, specify `workspace.resolver = "2"` in the workspace root's manifest
[INFO] [stderr] note: for more details see https://doc.rust-lang.org/cargo/reference/resolver.html#resolver-versions
[INFO] [stderr] warning: output filename collision.
[INFO] [stderr] The example target `schema` in package `member v0.1.0 (/opt/rustwide/workdir/contracts/member)` has the same output filename as the example target `schema` in package `distribution v0.1.0 (/opt/rustwide/workdir/contracts/distribution)`.
[INFO] [stderr] Colliding filename is: /opt/rustwide/target/debug/examples/schema
[INFO] [stderr] The targets should have unique names.
[INFO] [stderr] Consider changing their names to be unique or compiling them separately.
[INFO] [stderr] This may become a hard error in the future; see <https://github.com/rust-lang/cargo/issues/6313>.
[INFO] [stderr] warning: output filename collision.
[INFO] [stderr] The example target `schema` in package `member v0.1.0 (/opt/rustwide/workdir/contracts/member)` has the same output filename as the example target `schema` in package `distribution v0.1.0 (/opt/rustwide/workdir/contracts/distribution)`.
[INFO] [stderr] Colliding filename is: /opt/rustwide/target/debug/examples/schema.dwp
[INFO] [stderr] The targets should have unique names.
[INFO] [stderr] Consider changing their names to be unique or compiling them separately.
[INFO] [stderr] This may become a hard error in the future; see <https://github.com/rust-lang/cargo/issues/6313>.
[INFO] [stderr] warning: output filename collision.
[INFO] [stderr] The example target `schema` in package `thread v0.1.0 (/opt/rustwide/workdir/contracts/thread)` has the same output filename as the example target `schema` in package `member v0.1.0 (/opt/rustwide/workdir/contracts/member)`.
[INFO] [stderr] Colliding filename is: /opt/rustwide/target/debug/examples/schema
[INFO] [stderr] The targets should have unique names.
[INFO] [stderr] Consider changing their names to be unique or compiling them separately.
[INFO] [stderr] This may become a hard error in the future; see <https://github.com/rust-lang/cargo/issues/6313>.
[INFO] [stderr] warning: output filename collision.
[INFO] [stderr] The example target `schema` in package `thread v0.1.0 (/opt/rustwide/workdir/contracts/thread)` has the same output filename as the example target `schema` in package `member v0.1.0 (/opt/rustwide/workdir/contracts/member)`.
[INFO] [stderr] Colliding filename is: /opt/rustwide/target/debug/examples/schema.dwp
[INFO] [stderr] The targets should have unique names.
[INFO] [stderr] Consider changing their names to be unique or compiling them separately.
[INFO] [stderr] This may become a hard error in the future; see <https://github.com/rust-lang/cargo/issues/6313>.
[INFO] [stderr]    Compiling anyhow v1.0.75
[INFO] [stderr]    Compiling either v1.8.0
[INFO] [stderr]    Compiling bytes v1.3.0
[INFO] [stderr]    Compiling shared-pkg v0.1.0 (/opt/rustwide/workdir/packages/shared-pkg)
[INFO] [stderr]    Compiling distribution-pkg v0.1.0 (/opt/rustwide/workdir/packages/distribution-pkg)
[INFO] [stderr]    Compiling member-pkg v0.1.0 (/opt/rustwide/workdir/packages/member-pkg)
[INFO] [stderr]    Compiling thread-pkg v0.1.0 (/opt/rustwide/workdir/packages/thread-pkg)
[INFO] [stderr]    Compiling itertools v0.10.5
[INFO] [stderr]    Compiling prost-derive v0.9.0
[INFO] [stderr]    Compiling prost v0.9.0
[INFO] [stderr]    Compiling cw-multi-test v0.16.5
[INFO] [stderr]    Compiling member v0.1.0 (/opt/rustwide/workdir/contracts/member)
[INFO] [stderr]    Compiling distribution v0.1.0 (/opt/rustwide/workdir/contracts/distribution)
[INFO] [stderr]    Compiling thread v0.1.0 (/opt/rustwide/workdir/contracts/thread)
[INFO] [stderr]     Finished `test` profile [unoptimized + debuginfo] target(s) in 13.80s
[INFO] running `Command { std: "docker" "inspect" "813f19b69259da0dbcc79510b99041c85cd0282b5e293669888a4ca9212b8b37", kill_on_drop: false }`
[INFO] running `Command { std: "docker" "rm" "-f" "813f19b69259da0dbcc79510b99041c85cd0282b5e293669888a4ca9212b8b37", kill_on_drop: false }`
[INFO] [stdout] 813f19b69259da0dbcc79510b99041c85cd0282b5e293669888a4ca9212b8b37
[INFO] running `Command { std: "docker" "create" "-v" "/var/lib/crater-agent-workspace/builds/worker-3-tc1/target:/opt/rustwide/target:rw,Z" "-v" "/var/lib/crater-agent-workspace/builds/worker-3-tc1/source:/opt/rustwide/workdir:ro,Z" "-v" "/var/lib/crater-agent-workspace/cargo-home:/opt/rustwide/cargo-home:ro,Z" "-v" "/var/lib/crater-agent-workspace/rustup-home:/opt/rustwide/rustup-home:ro,Z" "-e" "SOURCE_DIR=/opt/rustwide/workdir" "-e" "CARGO_TARGET_DIR=/opt/rustwide/target" "-e" "CARGO_INCREMENTAL=0" "-e" "RUST_BACKTRACE=full" "-e" "RUSTFLAGS=--cap-lints=warn" "-e" "RUSTDOCFLAGS=--cap-lints=warn" "-e" "CARGO_HOME=/opt/rustwide/cargo-home" "-e" "RUSTUP_HOME=/opt/rustwide/rustup-home" "-w" "/opt/rustwide/workdir" "-m" "1610612736" "--user" "0:0" "--network" "none" "ghcr.io/rust-lang/crates-build-env/linux@sha256:f3a9d4ad9d972b27faf3965f35b62e55ba32bbce8f20bc8fe909558a86702fde" "/opt/rustwide/cargo-home/bin/cargo" "+1.83.0" "test" "--frozen", kill_on_drop: false }`
[INFO] [stdout] 5ec4b8bcd979581f70acde59013da84e4339f5337f3bd29e937ec08139b203bd
[INFO] running `Command { std: "docker" "start" "-a" "5ec4b8bcd979581f70acde59013da84e4339f5337f3bd29e937ec08139b203bd", kill_on_drop: false }`
[INFO] [stderr] warning: virtual workspace defaulting to `resolver = "1"` despite one or more workspace members being on edition 2021 which implies `resolver = "2"`
[INFO] [stderr] note: to keep the current resolver, specify `workspace.resolver = "1"` in the workspace root's manifest
[INFO] [stderr] note: to use the edition 2021 resolver, specify `workspace.resolver = "2"` in the workspace root's manifest
[INFO] [stderr] note: for more details see https://doc.rust-lang.org/cargo/reference/resolver.html#resolver-versions
[INFO] [stderr] warning: output filename collision.
[INFO] [stderr] The example target `schema` in package `member v0.1.0 (/opt/rustwide/workdir/contracts/member)` has the same output filename as the example target `schema` in package `distribution v0.1.0 (/opt/rustwide/workdir/contracts/distribution)`.
[INFO] [stderr] Colliding filename is: /opt/rustwide/target/debug/examples/schema
[INFO] [stderr] The targets should have unique names.
[INFO] [stderr] Consider changing their names to be unique or compiling them separately.
[INFO] [stderr] This may become a hard error in the future; see <https://github.com/rust-lang/cargo/issues/6313>.
[INFO] [stderr] warning: output filename collision.
[INFO] [stderr] The example target `schema` in package `member v0.1.0 (/opt/rustwide/workdir/contracts/member)` has the same output filename as the example target `schema` in package `distribution v0.1.0 (/opt/rustwide/workdir/contracts/distribution)`.
[INFO] [stderr] Colliding filename is: /opt/rustwide/target/debug/examples/schema.dwp
[INFO] [stderr] The targets should have unique names.
[INFO] [stderr] Consider changing their names to be unique or compiling them separately.
[INFO] [stderr] This may become a hard error in the future; see <https://github.com/rust-lang/cargo/issues/6313>.
[INFO] [stderr] warning: output filename collision.
[INFO] [stderr] The example target `schema` in package `thread v0.1.0 (/opt/rustwide/workdir/contracts/thread)` has the same output filename as the example target `schema` in package `member v0.1.0 (/opt/rustwide/workdir/contracts/member)`.
[INFO] [stderr] Colliding filename is: /opt/rustwide/target/debug/examples/schema
[INFO] [stderr] The targets should have unique names.
[INFO] [stderr] Consider changing their names to be unique or compiling them separately.
[INFO] [stderr] This may become a hard error in the future; see <https://github.com/rust-lang/cargo/issues/6313>.
[INFO] [stderr] warning: output filename collision.
[INFO] [stderr] The example target `schema` in package `thread v0.1.0 (/opt/rustwide/workdir/contracts/thread)` has the same output filename as the example target `schema` in package `member v0.1.0 (/opt/rustwide/workdir/contracts/member)`.
[INFO] [stderr] Colliding filename is: /opt/rustwide/target/debug/examples/schema.dwp
[INFO] [stderr] The targets should have unique names.
[INFO] [stderr] Consider changing their names to be unique or compiling them separately.
[INFO] [stderr] This may become a hard error in the future; see <https://github.com/rust-lang/cargo/issues/6313>.
[INFO] [stderr]     Finished `test` profile [unoptimized + debuginfo] target(s) in 0.40s
[INFO] [stderr]      Running unittests src/lib.rs (/opt/rustwide/target/debug/deps/distribution-f0d871974c77b908)
[INFO] [stdout] 
[INFO] [stdout] running 0 tests
[INFO] [stdout] 
[INFO] [stdout] test result: ok. 0 passed; 0 failed; 0 ignored; 0 measured; 0 filtered out; finished in 0.00s
[INFO] [stdout] 
[INFO] [stderr]      Running unittests src/lib.rs (/opt/rustwide/target/debug/deps/distribution_pkg-45646393079f0cb6)
[INFO] [stdout] 
[INFO] [stdout] running 0 tests
[INFO] [stdout] 
[INFO] [stdout] test result: ok. 0 passed; 0 failed; 0 ignored; 0 measured; 0 filtered out; finished in 0.00s
[INFO] [stdout] 
[INFO] [stderr]      Running unittests src/lib.rs (/opt/rustwide/target/debug/deps/member-c2eb795071371ea3)
[INFO] [stdout] 
[INFO] [stdout] running 0 tests
[INFO] [stdout] 
[INFO] [stdout] test result: ok. 0 passed; 0 failed; 0 ignored; 0 measured; 0 filtered out; finished in 0.00s
[INFO] [stdout] 
[INFO] [stderr]      Running tests/helpers.rs (/opt/rustwide/target/debug/deps/helpers-e25bc78a0f13af42)
[INFO] [stdout] 
[INFO] [stdout] running 0 tests
[INFO] [stdout] 
[INFO] [stdout] test result: ok. 0 passed; 0 failed; 0 ignored; 0 measured; 0 filtered out; finished in 0.00s
[INFO] [stdout] 
[INFO] [stderr]      Running tests/mod.rs (/opt/rustwide/target/debug/deps/mod-be30086b62ca9623)
[INFO] [stdout] 
[INFO] [stdout] running 14 tests
[INFO] [stdout] test admin::test_fee_share_must_sum_100::test_only_admin_can_update_config ... ok
[INFO] [stdout] test admin::test_admin_update_happy_case::test_only_admin_can_update_config ... ok
[INFO] [stdout] test admin::test_default_config::test_default_config ... ok
[INFO] [stdout] test admin::test_only_admin_can_update_config::test_only_admin_can_update_config ... ok
[INFO] [stdout] test user::test_user_cannot_enable_membership_by_itself::test_user_cannot_enable_membership_by_itself ... ok
[INFO] [stdout] test user::test_user_can_register_itself::test_user_can_register_itself ... ok
[INFO] [stdout] test membership::test_2_users_buy_and_sell_membership::test_2_users_buy_and_sell_memberships ... FAILED
[INFO] [stdout] test membership::test_buy_membership_insufficient_funds::test_buy_membership_insufficient_funds ... FAILED
[INFO] [stdout] test membership::test_sell_membership_insufficient_funds::test_sell_membership_insufficient_funds ... FAILED
[INFO] [stdout] test registration_admin::test_registration_admin_can_enable_membership_on_behalf_of_user::test_registration_admin_can_enable_membership_on_behalf_of_user ... FAILED
[INFO] [stdout] test membership::test_query_cost_to_buy_membership::test_query_cost_to_buy_membership ... FAILED
[INFO] [stdout] test membership::test_sell_membership_cannot_sell_last_membership::test_sell_membership_cannot_sell_last_key ... FAILED
[INFO] [stdout] test membership::test_buy_and_sell_membership::test_buy_and_sell_membership ... FAILED
[INFO] [stdout] test membership::test_buy_membership_happy_case::test_buy_membership_happy_case ... FAILED
[INFO] [stdout] 
[INFO] [stdout] failures:
[INFO] [stdout] 
[INFO] [stdout] ---- membership::test_2_users_buy_and_sell_membership::test_2_users_buy_and_sell_memberships stdout ----
[INFO] [stdout] thread 'membership::test_2_users_buy_and_sell_membership::test_2_users_buy_and_sell_memberships' panicked at contracts/member/src/execute/user.rs:176:72:
[INFO] [stdout] called `Option::unwrap()` on a `None` value
[INFO] [stdout] stack backtrace:
[INFO] [stdout]    0:     0x655310adb70a - std::backtrace_rs::backtrace::libunwind::trace::h5a5b8284f2d0c266
[INFO] [stdout]                                at /rustc/90b35a6239c3d8bdabc530a6a0816f7ff89a0aaf/library/std/src/../../backtrace/src/backtrace/libunwind.rs:116:5
[INFO] [stdout]    1:     0x655310adb70a - std::backtrace_rs::backtrace::trace_unsynchronized::h76d4f1c9b0b875e3
[INFO] [stdout]                                at /rustc/90b35a6239c3d8bdabc530a6a0816f7ff89a0aaf/library/std/src/../../backtrace/src/backtrace/mod.rs:66:5
[INFO] [stdout]    2:     0x655310adb70a - std::sys::backtrace::_print_fmt::hc4546b8364a537c6
[INFO] [stdout]                                at /rustc/90b35a6239c3d8bdabc530a6a0816f7ff89a0aaf/library/std/src/sys/backtrace.rs:66:9
[INFO] [stdout]    3:     0x655310adb70a - <std::sys::backtrace::BacktraceLock::print::DisplayBacktrace as core::fmt::Display>::fmt::h5b6bd5631a6d1f6b
[INFO] [stdout]                                at /rustc/90b35a6239c3d8bdabc530a6a0816f7ff89a0aaf/library/std/src/sys/backtrace.rs:39:26
[INFO] [stdout]    4:     0x655310b01d03 - core::fmt::rt::Argument::fmt::h270f6602a2b96f62
[INFO] [stdout]                                at /rustc/90b35a6239c3d8bdabc530a6a0816f7ff89a0aaf/library/core/src/fmt/rt.rs:177:76
[INFO] [stdout]    5:     0x655310b01d03 - core::fmt::write::h7550c97b06c86515
[INFO] [stdout]                                at /rustc/90b35a6239c3d8bdabc530a6a0816f7ff89a0aaf/library/core/src/fmt/mod.rs:1186:21
[INFO] [stdout]    6:     0x655310ad88d3 - std::io::Write::write_fmt::h509ff860e5956e5e
[INFO] [stdout]                                at /rustc/90b35a6239c3d8bdabc530a6a0816f7ff89a0aaf/library/std/src/io/mod.rs:1839:15
[INFO] [stdout]    7:     0x655310adb552 - std::sys::backtrace::BacktraceLock::print::h2395ccd2c84ba3aa
[INFO] [stdout]                                at /rustc/90b35a6239c3d8bdabc530a6a0816f7ff89a0aaf/library/std/src/sys/backtrace.rs:42:9
[INFO] [stdout]    8:     0x655310adcb6a - std::panicking::default_hook::{{closure}}::he19d4c7230e07961
[INFO] [stdout]                                at /rustc/90b35a6239c3d8bdabc530a6a0816f7ff89a0aaf/library/std/src/panicking.rs:268:22
[INFO] [stdout]    9:     0x655310adc974 - std::panicking::default_hook::hf614597d3c67bbdb
[INFO] [stdout]                                at /rustc/90b35a6239c3d8bdabc530a6a0816f7ff89a0aaf/library/std/src/panicking.rs:292:9
[INFO] [stdout]   10:     0x6553108e6929 - <alloc::boxed::Box<F,A> as core::ops::function::Fn<Args>>::call::h39b51ce4599c23d1
[INFO] [stdout]                                at /rustc/90b35a6239c3d8bdabc530a6a0816f7ff89a0aaf/library/alloc/src/boxed.rs:2468:9
[INFO] [stdout]   11:     0x6553108e6929 - test::test_main::{{closure}}::he977ae839a582784
[INFO] [stdout]                                at /rustc/90b35a6239c3d8bdabc530a6a0816f7ff89a0aaf/library/test/src/lib.rs:133:21
[INFO] [stdout]   12:     0x655310add208 - <alloc::boxed::Box<F,A> as core::ops::function::Fn<Args>>::call::h9455091b6b06f9fb
[INFO] [stdout]                                at /rustc/90b35a6239c3d8bdabc530a6a0816f7ff89a0aaf/library/alloc/src/boxed.rs:2468:9
[INFO] [stdout]   13:     0x655310add208 - std::panicking::rust_panic_with_hook::h8942133a8b252070
[INFO] [stdout]                                at /rustc/90b35a6239c3d8bdabc530a6a0816f7ff89a0aaf/library/std/src/panicking.rs:809:13
[INFO] [stdout]   14:     0x655310adcf96 - std::panicking::begin_panic_handler::{{closure}}::hb5f5963570096b29
[INFO] [stdout]                                at /rustc/90b35a6239c3d8bdabc530a6a0816f7ff89a0aaf/library/std/src/panicking.rs:667:13
[INFO] [stdout]   15:     0x655310adbbe9 - std::sys::backtrace::__rust_end_short_backtrace::h6208cedc1922feda
[INFO] [stdout]                                at /rustc/90b35a6239c3d8bdabc530a6a0816f7ff89a0aaf/library/std/src/sys/backtrace.rs:170:18
[INFO] [stdout]   16:     0x655310adcc5c - rust_begin_unwind
[INFO] [stdout]                                at /rustc/90b35a6239c3d8bdabc530a6a0816f7ff89a0aaf/library/std/src/panicking.rs:665:5
[INFO] [stdout]   17:     0x6553107f8b60 - core::panicking::panic_fmt::h0c3082644d1bf418
[INFO] [stdout]                                at /rustc/90b35a6239c3d8bdabc530a6a0816f7ff89a0aaf/library/core/src/panicking.rs:74:14
[INFO] [stdout]   18:     0x6553107f8bec - core::panicking::panic::h957f98c65a3b3074
[INFO] [stdout]                                at /rustc/90b35a6239c3d8bdabc530a6a0816f7ff89a0aaf/library/core/src/panicking.rs:148:5
[INFO] [stdout]   19:     0x6553107f8ad9 - core::option::unwrap_failed::h098b0d47c83374d6
[INFO] [stdout]                                at /rustc/90b35a6239c3d8bdabc530a6a0816f7ff89a0aaf/library/core/src/option.rs:2012:5
[INFO] [stdout]   20:     0x65531099f5a8 - core::option::Option<T>::unwrap::hb49d73e7425f53b1
[INFO] [stdout]                                at /rustc/90b35a6239c3d8bdabc530a6a0816f7ff89a0aaf/library/core/src/option.rs:972:21
[INFO] [stdout]   21:     0x65531099f5a8 - member::execute::user::enable_membership::hec993cb793fb8781
[INFO] [stdout]                                at /opt/rustwide/workdir/contracts/member/src/execute/user.rs:176:38
[INFO] [stdout]   22:     0x655310981af5 - member::contract::execute::hfd188c9bcc6a2987
[INFO] [stdout]                                at /opt/rustwide/workdir/contracts/member/src/contract.rs:131:13
[INFO] [stdout]   23:     0x65531089a676 - core::ops::function::Fn::call::hf7974d1e3bf39f14
[INFO] [stdout]                                at /rustc/90b35a6239c3d8bdabc530a6a0816f7ff89a0aaf/library/core/src/ops/function.rs:79:5
[INFO] [stdout]   24:     0x65531085cb4e - <alloc::boxed::Box<F,A> as core::ops::function::Fn<Args>>::call::h40f073314015c83f
[INFO] [stdout]                                at /rustc/90b35a6239c3d8bdabc530a6a0816f7ff89a0aaf/library/alloc/src/boxed.rs:2468:9
[INFO] [stdout]   25:     0x65531087b424 - <cw_multi_test::contracts::ContractWrapper<T1,T2,T3,E1,E2,E3,C,Q,T4,E4,E5,T6,E6> as cw_multi_test::contracts::Contract<C,Q>>::execute::h18a31e3d8b58897a
[INFO] [stdout]                                at /opt/rustwide/cargo-home/registry/src/index.crates.io-6f17d22bba15001f/cw-multi-test-0.16.5/src/contracts.rs:393:9
[INFO] [stdout]   26:     0x65531084e9fc - cw_multi_test::wasm::WasmKeeper<ExecC,QueryC>::call_execute::{{closure}}::h128043929fcabfdc
[INFO] [stdout]                                at /opt/rustwide/cargo-home/registry/src/index.crates.io-6f17d22bba15001f/cw-multi-test-0.16.5/src/wasm.rs:751:35
[INFO] [stdout]   27:     0x655310855998 - cw_multi_test::wasm::WasmKeeper<ExecC,QueryC>::with_storage::{{closure}}::hd198ef54c6bd8809
[INFO] [stdout]                                at /opt/rustwide/cargo-home/registry/src/index.crates.io-6f17d22bba15001f/cw-multi-test-0.16.5/src/wasm.rs:903:13
[INFO] [stdout]   28:     0x6553108725a7 - cw_multi_test::transactions::transactional::h30863dc0a1f19d17
[INFO] [stdout]                                at /opt/rustwide/cargo-home/registry/src/index.crates.io-6f17d22bba15001f/cw-multi-test-0.16.5/src/transactions.rs:27:15
[INFO] [stdout]   29:     0x6553108533dd - cw_multi_test::wasm::WasmKeeper<ExecC,QueryC>::with_storage::h4880df902becde18
[INFO] [stdout]                                at /opt/rustwide/cargo-home/registry/src/index.crates.io-6f17d22bba15001f/cw-multi-test-0.16.5/src/wasm.rs:893:9
[INFO] [stdout]   30:     0x65531084e8d1 - cw_multi_test::wasm::WasmKeeper<ExecC,QueryC>::call_execute::hcb0d9890f3631b2c
[INFO] [stdout]                                at /opt/rustwide/cargo-home/registry/src/index.crates.io-6f17d22bba15001f/cw-multi-test-0.16.5/src/wasm.rs:745:31
[INFO] [stdout]   31:     0x65531084f6a7 - cw_multi_test::wasm::WasmKeeper<ExecC,QueryC>::execute_wasm::h4ca48038f59b4922
[INFO] [stdout]                                at /opt/rustwide/cargo-home/registry/src/index.crates.io-6f17d22bba15001f/cw-multi-test-0.16.5/src/wasm.rs:422:27
[INFO] [stdout]   32:     0x65531084db00 - <cw_multi_test::wasm::WasmKeeper<ExecC,QueryC> as cw_multi_test::wasm::Wasm<ExecC,QueryC>>::execute::h2cde5fd0a77f625a
[INFO] [stdout]                                at /opt/rustwide/cargo-home/registry/src/index.crates.io-6f17d22bba15001f/cw-multi-test-0.16.5/src/wasm.rs:183:9
[INFO] [stdout]   33:     0x65531087609d - <cw_multi_test::app::Router<BankT,CustomT,WasmT,StakingT,DistrT,IbcT,GovT> as cw_multi_test::app::CosmosRouter>::execute::h612a05348251d484
[INFO] [stdout]                                at /opt/rustwide/cargo-home/registry/src/index.crates.io-6f17d22bba15001f/cw-multi-test-0.16.5/src/app.rs:947:37
[INFO] [stdout]   34:     0x655310873ecd - cw_multi_test::app::App<BankT,ApiT,StorageT,CustomT,WasmT,StakingT,DistrT,IbcT,GovT>::execute_multi::{{closure}}::{{closure}}::hbf07bfcd0530a642
[INFO] [stdout]                                at /opt/rustwide/cargo-home/registry/src/index.crates.io-6f17d22bba15001f/cw-multi-test-0.16.5/src/app.rs:775:28
[INFO] [stdout]   35:     0x65531084a7f9 - core::iter::adapters::map::map_try_fold::{{closure}}::h965772f422e61a71
[INFO] [stdout]                                at /rustc/90b35a6239c3d8bdabc530a6a0816f7ff89a0aaf/library/core/src/iter/adapters/map.rs:95:28
[INFO] [stdout]   36:     0x655310847e14 - <alloc::vec::into_iter::IntoIter<T,A> as core::iter::traits::iterator::Iterator>::try_fold::h60b387d6abf03b07
[INFO] [stdout]                                at /rustc/90b35a6239c3d8bdabc530a6a0816f7ff89a0aaf/library/alloc/src/vec/into_iter.rs:346:25
[INFO] [stdout]   37:     0x65531084759f - <core::iter::adapters::map::Map<I,F> as core::iter::traits::iterator::Iterator>::try_fold::ha693d5c0fb6b8722
[INFO] [stdout]                                at /rustc/90b35a6239c3d8bdabc530a6a0816f7ff89a0aaf/library/core/src/iter/adapters/map.rs:121:9
[INFO] [stdout]   38:     0x655310868168 - <core::iter::adapters::GenericShunt<I,R> as core::iter::traits::iterator::Iterator>::try_fold::hec4042ecdfb613f4
[INFO] [stdout]                                at /rustc/90b35a6239c3d8bdabc530a6a0816f7ff89a0aaf/library/core/src/iter/adapters/mod.rs:191:9
[INFO] [stdout]   39:     0x6553108680a0 - core::iter::traits::iterator::Iterator::try_for_each::h5a6e12358ef52db4
[INFO] [stdout]                                at /rustc/90b35a6239c3d8bdabc530a6a0816f7ff89a0aaf/library/core/src/iter/traits/iterator.rs:2468:9
[INFO] [stdout]   40:     0x6553108680a0 - <core::iter::adapters::GenericShunt<I,R> as core::iter::traits::iterator::Iterator>::next::hbb27412abbfdd892
[INFO] [stdout]                                at /rustc/90b35a6239c3d8bdabc530a6a0816f7ff89a0aaf/library/core/src/iter/adapters/mod.rs:174:14
[INFO] [stdout]   41:     0x6553108a0e58 - <alloc::vec::Vec<T> as alloc::vec::spec_from_iter_nested::SpecFromIterNested<T,I>>::from_iter::h88951bed7868e3bd
[INFO] [stdout]                                at /rustc/90b35a6239c3d8bdabc530a6a0816f7ff89a0aaf/library/alloc/src/vec/spec_from_iter_nested.rs:24:32
[INFO] [stdout]   42:     0x6553108a2f8d - alloc::vec::in_place_collect::<impl alloc::vec::spec_from_iter::SpecFromIter<T,I> for alloc::vec::Vec<T>>::from_iter::h007e383f64badfb5
[INFO] [stdout]                                at /rustc/90b35a6239c3d8bdabc530a6a0816f7ff89a0aaf/library/alloc/src/vec/in_place_collect.rs:245:9
[INFO] [stdout]   43:     0x6553108a41b5 - <alloc::vec::Vec<T> as core::iter::traits::collect::FromIterator<T>>::from_iter::hdbcb3bde3c21d4a8
[INFO] [stdout]                                at /rustc/90b35a6239c3d8bdabc530a6a0816f7ff89a0aaf/library/alloc/src/vec/mod.rs:3388:9
[INFO] [stdout]   44:     0x65531082e281 - core::iter::traits::iterator::Iterator::collect::h34d314c40e0e437d
[INFO] [stdout]                                at /rustc/90b35a6239c3d8bdabc530a6a0816f7ff89a0aaf/library/core/src/iter/traits/iterator.rs:2001:9
[INFO] [stdout]   45:     0x65531082e281 - <core::result::Result<V,E> as core::iter::traits::collect::FromIterator<core::result::Result<A,E>>>::from_iter::{{closure}}::hc52282d2711558f8
[INFO] [stdout]                                at /rustc/90b35a6239c3d8bdabc530a6a0816f7ff89a0aaf/library/core/src/result.rs:1981:51
[INFO] [stdout]   46:     0x655310868dcc - core::iter::adapters::try_process::h93f525119ab79dbc
[INFO] [stdout]                                at /rustc/90b35a6239c3d8bdabc530a6a0816f7ff89a0aaf/library/core/src/iter/adapters/mod.rs:160:17
[INFO] [stdout]   47:     0x65531082e247 - <core::result::Result<V,E> as core::iter::traits::collect::FromIterator<core::result::Result<A,E>>>::from_iter::h457fe49a282a1dd5
[INFO] [stdout]                                at /rustc/90b35a6239c3d8bdabc530a6a0816f7ff89a0aaf/library/core/src/result.rs:1981:9
[INFO] [stdout]   48:     0x65531084a6dd - core::iter::traits::iterator::Iterator::collect::h92b79931cbdb8bed
[INFO] [stdout]                                at /rustc/90b35a6239c3d8bdabc530a6a0816f7ff89a0aaf/library/core/src/iter/traits/iterator.rs:2001:9
[INFO] [stdout]   49:     0x655310873dc1 - cw_multi_test::app::App<BankT,ApiT,StorageT,CustomT,WasmT,StakingT,DistrT,IbcT,GovT>::execute_multi::{{closure}}::h4454f863db1e1da2
[INFO] [stdout]                                at /opt/rustwide/cargo-home/registry/src/index.crates.io-6f17d22bba15001f/cw-multi-test-0.16.5/src/app.rs:774:13
[INFO] [stdout]   50:     0x655310873010 - cw_multi_test::transactions::transactional::h60e9d091b8f05760
[INFO] [stdout]                                at /opt/rustwide/cargo-home/registry/src/index.crates.io-6f17d22bba15001f/cw-multi-test-0.16.5/src/transactions.rs:27:15
[INFO] [stdout]   51:     0x655310873c81 - cw_multi_test::app::App<BankT,ApiT,StorageT,CustomT,WasmT,StakingT,DistrT,IbcT,GovT>::execute_multi::h47f656eb63fb8126
[INFO] [stdout]                                at /opt/rustwide/cargo-home/registry/src/index.crates.io-6f17d22bba15001f/cw-multi-test-0.16.5/src/app.rs:773:9
[INFO] [stdout]   52:     0x655310876cc0 - <cw_multi_test::app::App<BankT,ApiT,StorageT,CustomT,WasmT,StakingT,DistrT,IbcT,GovT> as cw_multi_test::executor::Executor<<CustomT as cw_multi_test::module::Module>::ExecT>>::execute::h3148a5f890b5631f
[INFO] [stdout]                                at /opt/rustwide/cargo-home/registry/src/index.crates.io-6f17d22bba15001f/cw-multi-test-0.16.5/src/app.rs:163:23
[INFO] [stdout]   53:     0x6553108746e0 - cw_multi_test::executor::Executor::execute_contract::he14962370b7f445f
[INFO] [stdout]                                at /opt/rustwide/cargo-home/registry/src/index.crates.io-6f17d22bba15001f/cw-multi-test-0.16.5/src/executor.rs:113:23
[INFO] [stdout]   54:     0x655310886832 - mod::helpers::enable_membership::h4646278986ca4049
[INFO] [stdout]                                at /opt/rustwide/workdir/contracts/member/tests/helpers.rs:176:5
[INFO] [stdout]   55:     0x65531085d71d - mod::membership::test_2_users_buy_and_sell_membership::test_2_users_buy_and_sell_memberships::h0b3d3d9536070054
[INFO] [stdout]                                at /opt/rustwide/workdir/contracts/member/tests/membership/test_2_users_buy_and_sell_membership.rs:51:5
[INFO] [stdout]   56:     0x65531085d037 - mod::membership::test_2_users_buy_and_sell_membership::test_2_users_buy_and_sell_memberships::{{closure}}::h7baa63b50eb472f0
[INFO] [stdout]                                at /opt/rustwide/workdir/contracts/member/tests/membership/test_2_users_buy_and_sell_membership.rs:19:43
[INFO] [stdout]   57:     0x65531089b576 - core::ops::function::FnOnce::call_once::h6f7be51f976057d9
[INFO] [stdout]                                at /rustc/90b35a6239c3d8bdabc530a6a0816f7ff89a0aaf/library/core/src/ops/function.rs:250:5
[INFO] [stdout]   58:     0x6553108eb2eb - core::ops::function::FnOnce::call_once::h109cf8051a59b34e
[INFO] [stdout]                                at /rustc/90b35a6239c3d8bdabc530a6a0816f7ff89a0aaf/library/core/src/ops/function.rs:250:5
[INFO] [stdout]   59:     0x6553108eb2eb - test::__rust_begin_short_backtrace::hf4fff89d377446ba
[INFO] [stdout]                                at /rustc/90b35a6239c3d8bdabc530a6a0816f7ff89a0aaf/library/test/src/lib.rs:621:18
[INFO] [stdout]   60:     0x6553108eab27 - test::run_test_in_process::{{closure}}::h0e39181dd7ee5a43
[INFO] [stdout]                                at /rustc/90b35a6239c3d8bdabc530a6a0816f7ff89a0aaf/library/test/src/lib.rs:644:60
[INFO] [stdout]   61:     0x6553108eab27 - <core::panic::unwind_safe::AssertUnwindSafe<F> as core::ops::function::FnOnce<()>>::call_once::hc5a66a30f0bdfd1f
[INFO] [stdout]                                at /rustc/90b35a6239c3d8bdabc530a6a0816f7ff89a0aaf/library/core/src/panic/unwind_safe.rs:272:9
[INFO] [stdout]   62:     0x6553108eab27 - std::panicking::try::do_call::h873b7cf639554a5e
[INFO] [stdout]                                at /rustc/90b35a6239c3d8bdabc530a6a0816f7ff89a0aaf/library/std/src/panicking.rs:557:40
[INFO] [stdout]   63:     0x6553108eab27 - std::panicking::try::hdb19862fad9c8bd1
[INFO] [stdout]                                at /rustc/90b35a6239c3d8bdabc530a6a0816f7ff89a0aaf/library/std/src/panicking.rs:520:19
[INFO] [stdout]   64:     0x6553108eab27 - std::panic::catch_unwind::h281fe732d236d260
[INFO] [stdout]                                at /rustc/90b35a6239c3d8bdabc530a6a0816f7ff89a0aaf/library/std/src/panic.rs:358:14
[INFO] [stdout]   65:     0x6553108eab27 - test::run_test_in_process::h949b6df8457ed338
[INFO] [stdout]                                at /rustc/90b35a6239c3d8bdabc530a6a0816f7ff89a0aaf/library/test/src/lib.rs:644:27
[INFO] [stdout]   66:     0x6553108eab27 - test::run_test::{{closure}}::h52c556a6d4740e10
[INFO] [stdout]                                at /rustc/90b35a6239c3d8bdabc530a6a0816f7ff89a0aaf/library/test/src/lib.rs:565:43
[INFO] [stdout]   67:     0x6553108afe04 - test::run_test::{{closure}}::h4237f6381c45ccb9
[INFO] [stdout]                                at /rustc/90b35a6239c3d8bdabc530a6a0816f7ff89a0aaf/library/test/src/lib.rs:595:41
[INFO] [stdout]   68:     0x6553108afe04 - std::sys::backtrace::__rust_begin_short_backtrace::h505c97a579eca628
[INFO] [stdout]                                at /rustc/90b35a6239c3d8bdabc530a6a0816f7ff89a0aaf/library/std/src/sys/backtrace.rs:154:18
[INFO] [stdout]   69:     0x6553108b34ce - std::thread::Builder::spawn_unchecked_::{{closure}}::{{closure}}::h9e86b2e2bc107ea3
[INFO] [stdout]                                at /rustc/90b35a6239c3d8bdabc530a6a0816f7ff89a0aaf/library/std/src/thread/mod.rs:538:17
[INFO] [stdout]   70:     0x6553108b34ce - <core::panic::unwind_safe::AssertUnwindSafe<F> as core::ops::function::FnOnce<()>>::call_once::h8b06ddb275ff4a25
[INFO] [stdout]                                at /rustc/90b35a6239c3d8bdabc530a6a0816f7ff89a0aaf/library/core/src/panic/unwind_safe.rs:272:9
[INFO] [stdout]   71:     0x6553108b34ce - std::panicking::try::do_call::hb26ecd7cd9a9355d
[INFO] [stdout]                                at /rustc/90b35a6239c3d8bdabc530a6a0816f7ff89a0aaf/library/std/src/panicking.rs:557:40
[INFO] [stdout]   72:     0x6553108b34ce - std::panicking::try::h8ddeca9d705f9069
[INFO] [stdout]                                at /rustc/90b35a6239c3d8bdabc530a6a0816f7ff89a0aaf/library/std/src/panicking.rs:520:19
[INFO] [stdout]   73:     0x6553108b34ce - std::panic::catch_unwind::h49e1c33078844c46
[INFO] [stdout]                                at /rustc/90b35a6239c3d8bdabc530a6a0816f7ff89a0aaf/library/std/src/panic.rs:358:14
[INFO] [stdout]   74:     0x6553108b34ce - std::thread::Builder::spawn_unchecked_::{{closure}}::h6073db6ff56ad35d
[INFO] [stdout]                                at /rustc/90b35a6239c3d8bdabc530a6a0816f7ff89a0aaf/library/std/src/thread/mod.rs:537:30
[INFO] [stdout]   75:     0x6553108b34ce - core::ops::function::FnOnce::call_once{{vtable.shim}}::h2c5a5f3779c774f1
[INFO] [stdout]                                at /rustc/90b35a6239c3d8bdabc530a6a0816f7ff89a0aaf/library/core/src/ops/function.rs:250:5
[INFO] [stdout]   76:     0x655310ae0f5b - <alloc::boxed::Box<F,A> as core::ops::function::FnOnce<Args>>::call_once::hf75717d9f28faebf
[INFO] [stdout]                                at /rustc/90b35a6239c3d8bdabc530a6a0816f7ff89a0aaf/library/alloc/src/boxed.rs:2454:9
[INFO] [stdout]   77:     0x655310ae0f5b - <alloc::boxed::Box<F,A> as core::ops::function::FnOnce<Args>>::call_once::h7bd883a5f3c5f3c1
[INFO] [stdout]                                at /rustc/90b35a6239c3d8bdabc530a6a0816f7ff89a0aaf/library/alloc/src/boxed.rs:2454:9
[INFO] [stdout]   78:     0x655310ae0f5b - std::sys::pal::unix::thread::Thread::new::thread_start::hcc78f3943333fa94
[INFO] [stdout]                                at /rustc/90b35a6239c3d8bdabc530a6a0816f7ff89a0aaf/library/std/src/sys/pal/unix/thread.rs:105:17
[INFO] [stdout]   79:     0x7c7b03565ac3 - <unknown>
[INFO] [stdout]   80:     0x7c7b035f6a04 - clone
[INFO] [stdout]   81:                0x0 - <unknown>
[INFO] [stdout] 
[INFO] [stdout] ---- membership::test_buy_membership_insufficient_funds::test_buy_membership_insufficient_funds stdout ----
[INFO] [stdout] thread 'membership::test_buy_membership_insufficient_funds::test_buy_membership_insufficient_funds' panicked at contracts/member/src/execute/user.rs:176:72:
[INFO] [stdout] called `Option::unwrap()` on a `None` value
[INFO] [stdout] stack backtrace:
[INFO] [stdout]    0:     0x655310adb70a - std::backtrace_rs::backtrace::libunwind::trace::h5a5b8284f2d0c266
[INFO] [stdout]                                at /rustc/90b35a6239c3d8bdabc530a6a0816f7ff89a0aaf/library/std/src/../../backtrace/src/backtrace/libunwind.rs:116:5
[INFO] [stdout]    1:     0x655310adb70a - std::backtrace_rs::backtrace::trace_unsynchronized::h76d4f1c9b0b875e3
[INFO] [stdout]                                at /rustc/90b35a6239c3d8bdabc530a6a0816f7ff89a0aaf/library/std/src/../../backtrace/src/backtrace/mod.rs:66:5
[INFO] [stdout]    2:     0x655310adb70a - std::sys::backtrace::_print_fmt::hc4546b8364a537c6
[INFO] [stdout]                                at /rustc/90b35a6239c3d8bdabc530a6a0816f7ff89a0aaf/library/std/src/sys/backtrace.rs:66:9
[INFO] [stdout]    3:     0x655310adb70a - <std::sys::backtrace::BacktraceLock::print::DisplayBacktrace as core::fmt::Display>::fmt::h5b6bd5631a6d1f6b
[INFO] [stdout]                                at /rustc/90b35a6239c3d8bdabc530a6a0816f7ff89a0aaf/library/std/src/sys/backtrace.rs:39:26
[INFO] [stdout]    4:     0x655310b01d03 - core::fmt::rt::Argument::fmt::h270f6602a2b96f62
[INFO] [stdout]                                at /rustc/90b35a6239c3d8bdabc530a6a0816f7ff89a0aaf/library/core/src/fmt/rt.rs:177:76
[INFO] [stdout]    5:     0x655310b01d03 - core::fmt::write::h7550c97b06c86515
[INFO] [stdout]                                at /rustc/90b35a6239c3d8bdabc530a6a0816f7ff89a0aaf/library/core/src/fmt/mod.rs:1186:21
[INFO] [stdout]    6:     0x655310ad88d3 - std::io::Write::write_fmt::h509ff860e5956e5e
[INFO] [stdout]                                at /rustc/90b35a6239c3d8bdabc530a6a0816f7ff89a0aaf/library/std/src/io/mod.rs:1839:15
[INFO] [stdout]    7:     0x655310adb552 - std::sys::backtrace::BacktraceLock::print::h2395ccd2c84ba3aa
[INFO] [stdout]                                at /rustc/90b35a6239c3d8bdabc530a6a0816f7ff89a0aaf/library/std/src/sys/backtrace.rs:42:9
[INFO] [stdout]    8:     0x655310adcb6a - std::panicking::default_hook::{{closure}}::he19d4c7230e07961
[INFO] [stdout]                                at /rustc/90b35a6239c3d8bdabc530a6a0816f7ff89a0aaf/library/std/src/panicking.rs:268:22
[INFO] [stdout]    9:     0x655310adc974 - std::panicking::default_hook::hf614597d3c67bbdb
[INFO] [stdout]                                at /rustc/90b35a6239c3d8bdabc530a6a0816f7ff89a0aaf/library/std/src/panicking.rs:292:9
[INFO] [stdout]   10:     0x6553108e6929 - <alloc::boxed::Box<F,A> as core::ops::function::Fn<Args>>::call::h39b51ce4599c23d1
[INFO] [stdout]                                at /rustc/90b35a6239c3d8bdabc530a6a0816f7ff89a0aaf/library/alloc/src/boxed.rs:2468:9
[INFO] [stdout]   11:     0x6553108e6929 - test::test_main::{{closure}}::he977ae839a582784
[INFO] [stdout]                                at /rustc/90b35a6239c3d8bdabc530a6a0816f7ff89a0aaf/library/test/src/lib.rs:133:21
[INFO] [stdout]   12:     0x655310add208 - <alloc::boxed::Box<F,A> as core::ops::function::Fn<Args>>::call::h9455091b6b06f9fb
[INFO] [stdout]                                at /rustc/90b35a6239c3d8bdabc530a6a0816f7ff89a0aaf/library/alloc/src/boxed.rs:2468:9
[INFO] [stdout]   13:     0x655310add208 - std::panicking::rust_panic_with_hook::h8942133a8b252070
[INFO] [stdout]                                at /rustc/90b35a6239c3d8bdabc530a6a0816f7ff89a0aaf/library/std/src/panicking.rs:809:13
[INFO] [stdout]   14:     0x655310adcf96 - std::panicking::begin_panic_handler::{{closure}}::hb5f5963570096b29
[INFO] [stdout]                                at /rustc/90b35a6239c3d8bdabc530a6a0816f7ff89a0aaf/library/std/src/panicking.rs:667:13
[INFO] [stdout]   15:     0x655310adbbe9 - std::sys::backtrace::__rust_end_short_backtrace::h6208cedc1922feda
[INFO] [stdout]                                at /rustc/90b35a6239c3d8bdabc530a6a0816f7ff89a0aaf/library/std/src/sys/backtrace.rs:170:18
[INFO] [stdout]   16:     0x655310adcc5c - rust_begin_unwind
[INFO] [stdout]                                at /rustc/90b35a6239c3d8bdabc530a6a0816f7ff89a0aaf/library/std/src/panicking.rs:665:5
[INFO] [stdout]   17:     0x6553107f8b60 - core::panicking::panic_fmt::h0c3082644d1bf418
[INFO] [stdout]                                at /rustc/90b35a6239c3d8bdabc530a6a0816f7ff89a0aaf/library/core/src/panicking.rs:74:14
[INFO] [stdout]   18:     0x6553107f8bec - core::panicking::panic::h957f98c65a3b3074
[INFO] [stdout]                                at /rustc/90b35a6239c3d8bdabc530a6a0816f7ff89a0aaf/library/core/src/panicking.rs:148:5
[INFO] [stdout]   19:     0x6553107f8ad9 - core::option::unwrap_failed::h098b0d47c83374d6
[INFO] [stdout]                                at /rustc/90b35a6239c3d8bdabc530a6a0816f7ff89a0aaf/library/core/src/option.rs:2012:5
[INFO] [stdout]   20:     0x65531099f5a8 - core::option::Option<T>::unwrap::hb49d73e7425f53b1
[INFO] [stdout]                                at /rustc/90b35a6239c3d8bdabc530a6a0816f7ff89a0aaf/library/core/src/option.rs:972:21
[INFO] [stdout]   21:     0x65531099f5a8 - member::execute::user::enable_membership::hec993cb793fb8781
[INFO] [stdout]                                at /opt/rustwide/workdir/contracts/member/src/execute/user.rs:176:38
[INFO] [stdout]   22:     0x655310981af5 - member::contract::execute::hfd188c9bcc6a2987
[INFO] [stdout]                                at /opt/rustwide/workdir/contracts/member/src/contract.rs:131:13
[INFO] [stdout]   23:     0x65531089a676 - core::ops::function::Fn::call::hf7974d1e3bf39f14
[INFO] [stdout]                                at /rustc/90b35a6239c3d8bdabc530a6a0816f7ff89a0aaf/library/core/src/ops/function.rs:79:5
[INFO] [stdout]   24:     0x65531085cb4e - <alloc::boxed::Box<F,A> as core::ops::function::Fn<Args>>::call::h40f073314015c83f
[INFO] [stdout]                                at /rustc/90b35a6239c3d8bdabc530a6a0816f7ff89a0aaf/library/alloc/src/boxed.rs:2468:9
[INFO] [stdout]   25:     0x65531087b424 - <cw_multi_test::contracts::ContractWrapper<T1,T2,T3,E1,E2,E3,C,Q,T4,E4,E5,T6,E6> as cw_multi_test::contracts::Contract<C,Q>>::execute::h18a31e3d8b58897a
[INFO] [stdout]                                at /opt/rustwide/cargo-home/registry/src/index.crates.io-6f17d22bba15001f/cw-multi-test-0.16.5/src/contracts.rs:393:9
[INFO] [stdout]   26:     0x65531084e9fc - cw_multi_test::wasm::WasmKeeper<ExecC,QueryC>::call_execute::{{closure}}::h128043929fcabfdc
[INFO] [stdout]                                at /opt/rustwide/cargo-home/registry/src/index.crates.io-6f17d22bba15001f/cw-multi-test-0.16.5/src/wasm.rs:751:35
[INFO] [stdout]   27:     0x655310855998 - cw_multi_test::wasm::WasmKeeper<ExecC,QueryC>::with_storage::{{closure}}::hd198ef54c6bd8809
[INFO] [stdout]                                at /opt/rustwide/cargo-home/registry/src/index.crates.io-6f17d22bba15001f/cw-multi-test-0.16.5/src/wasm.rs:903:13
[INFO] [stdout]   28:     0x6553108725a7 - cw_multi_test::transactions::transactional::h30863dc0a1f19d17
[INFO] [stdout]                                at /opt/rustwide/cargo-home/registry/src/index.crates.io-6f17d22bba15001f/cw-multi-test-0.16.5/src/transactions.rs:27:15
[INFO] [stdout]   29:     0x6553108533dd - cw_multi_test::wasm::WasmKeeper<ExecC,QueryC>::with_storage::h4880df902becde18
[INFO] [stdout]                                at /opt/rustwide/cargo-home/registry/src/index.crates.io-6f17d22bba15001f/cw-multi-test-0.16.5/src/wasm.rs:893:9
[INFO] [stdout]   30:     0x65531084e8d1 - cw_multi_test::wasm::WasmKeeper<ExecC,QueryC>::call_execute::hcb0d9890f3631b2c
[INFO] [stdout]                                at /opt/rustwide/cargo-home/registry/src/index.crates.io-6f17d22bba15001f/cw-multi-test-0.16.5/src/wasm.rs:745:31
[INFO] [stdout]   31:     0x65531084f6a7 - cw_multi_test::wasm::WasmKeeper<ExecC,QueryC>::execute_wasm::h4ca48038f59b4922
[INFO] [stdout]                                at /opt/rustwide/cargo-home/registry/src/index.crates.io-6f17d22bba15001f/cw-multi-test-0.16.5/src/wasm.rs:422:27
[INFO] [stdout]   32:     0x65531084db00 - <cw_multi_test::wasm::WasmKeeper<ExecC,QueryC> as cw_multi_test::wasm::Wasm<ExecC,QueryC>>::execute::h2cde5fd0a77f625a
[INFO] [stdout]                                at /opt/rustwide/cargo-home/registry/src/index.crates.io-6f17d22bba15001f/cw-multi-test-0.16.5/src/wasm.rs:183:9
[INFO] [stdout]   33:     0x65531087609d - <cw_multi_test::app::Router<BankT,CustomT,WasmT,StakingT,DistrT,IbcT,GovT> as cw_multi_test::app::CosmosRouter>::execute::h612a05348251d484
[INFO] [stdout]                                at /opt/rustwide/cargo-home/registry/src/index.crates.io-6f17d22bba15001f/cw-multi-test-0.16.5/src/app.rs:947:37
[INFO] [stdout]   34:     0x655310873ecd - cw_multi_test::app::App<BankT,ApiT,StorageT,CustomT,WasmT,StakingT,DistrT,IbcT,GovT>::execute_multi::{{closure}}::{{closure}}::hbf07bfcd0530a642
[INFO] [stdout]                                at /opt/rustwide/cargo-home/registry/src/index.crates.io-6f17d22bba15001f/cw-multi-test-0.16.5/src/app.rs:775:28
[INFO] [stdout]   35:     0x65531084a7f9 - core::iter::adapters::map::map_try_fold::{{closure}}::h965772f422e61a71
[INFO] [stdout]                                at /rustc/90b35a6239c3d8bdabc530a6a0816f7ff89a0aaf/library/core/src/iter/adapters/map.rs:95:28
[INFO] [stdout]   36:     0x655310847e14 - <alloc::vec::into_iter::IntoIter<T,A> as core::iter::traits::iterator::Iterator>::try_fold::h60b387d6abf03b07
[INFO] [stdout]                                at /rustc/90b35a6239c3d8bdabc530a6a0816f7ff89a0aaf/library/alloc/src/vec/into_iter.rs:346:25
[INFO] [stdout]   37:     0x65531084759f - <core::iter::adapters::map::Map<I,F> as core::iter::traits::iterator::Iterator>::try_fold::ha693d5c0fb6b8722
[INFO] [stdout]                                at /rustc/90b35a6239c3d8bdabc530a6a0816f7ff89a0aaf/library/core/src/iter/adapters/map.rs:121:9
[INFO] [stdout]   38:     0x655310868168 - <core::iter::adapters::GenericShunt<I,R> as core::iter::traits::iterator::Iterator>::try_fold::hec4042ecdfb613f4
[INFO] [stdout]                                at /rustc/90b35a6239c3d8bdabc530a6a0816f7ff89a0aaf/library/core/src/iter/adapters/mod.rs:191:9
[INFO] [stdout]   39:     0x6553108680a0 - core::iter::traits::iterator::Iterator::try_for_each::h5a6e12358ef52db4
[INFO] [stdout]                                at /rustc/90b35a6239c3d8bdabc530a6a0816f7ff89a0aaf/library/core/src/iter/traits/iterator.rs:2468:9
[INFO] [stdout]   40:     0x6553108680a0 - <core::iter::adapters::GenericShunt<I,R> as core::iter::traits::iterator::Iterator>::next::hbb27412abbfdd892
[INFO] [stdout]                                at /rustc/90b35a6239c3d8bdabc530a6a0816f7ff89a0aaf/library/core/src/iter/adapters/mod.rs:174:14
[INFO] [stdout]   41:     0x6553108a0e58 - <alloc::vec::Vec<T> as alloc::vec::spec_from_iter_nested::SpecFromIterNested<T,I>>::from_iter::h88951bed7868e3bd
[INFO] [stdout]                                at /rustc/90b35a6239c3d8bdabc530a6a0816f7ff89a0aaf/library/alloc/src/vec/spec_from_iter_nested.rs:24:32
[INFO] [stdout]   42:     0x6553108a2f8d - alloc::vec::in_place_collect::<impl alloc::vec::spec_from_iter::SpecFromIter<T,I> for alloc::vec::Vec<T>>::from_iter::h007e383f64badfb5
[INFO] [stdout]                                at /rustc/90b35a6239c3d8bdabc530a6a0816f7ff89a0aaf/library/alloc/src/vec/in_place_collect.rs:245:9
[INFO] [stdout]   43:     0x6553108a41b5 - <alloc::vec::Vec<T> as core::iter::traits::collect::FromIterator<T>>::from_iter::hdbcb3bde3c21d4a8
[INFO] [stdout]                                at /rustc/90b35a6239c3d8bdabc530a6a0816f7ff89a0aaf/library/alloc/src/vec/mod.rs:3388:9
[INFO] [stdout]   44:     0x65531082e281 - core::iter::traits::iterator::Iterator::collect::h34d314c40e0e437d
[INFO] [stdout]                                at /rustc/90b35a6239c3d8bdabc530a6a0816f7ff89a0aaf/library/core/src/iter/traits/iterator.rs:2001:9
[INFO] [stdout]   45:     0x65531082e281 - <core::result::Result<V,E> as core::iter::traits::collect::FromIterator<core::result::Result<A,E>>>::from_iter::{{closure}}::hc52282d2711558f8
[INFO] [stdout]                                at /rustc/90b35a6239c3d8bdabc530a6a0816f7ff89a0aaf/library/core/src/result.rs:1981:51
[INFO] [stdout]   46:     0x655310868dcc - core::iter::adapters::try_process::h93f525119ab79dbc
[INFO] [stdout]                                at /rustc/90b35a6239c3d8bdabc530a6a0816f7ff89a0aaf/library/core/src/iter/adapters/mod.rs:160:17
[INFO] [stdout]   47:     0x65531082e247 - <core::result::Result<V,E> as core::iter::traits::collect::FromIterator<core::result::Result<A,E>>>::from_iter::h457fe49a282a1dd5
[INFO] [stdout]                                at /rustc/90b35a6239c3d8bdabc530a6a0816f7ff89a0aaf/library/core/src/result.rs:1981:9
[INFO] [stdout]   48:     0x65531084a6dd - core::iter::traits::iterator::Iterator::collect::h92b79931cbdb8bed
[INFO] [stdout]                                at /rustc/90b35a6239c3d8bdabc530a6a0816f7ff89a0aaf/library/core/src/iter/traits/iterator.rs:2001:9
[INFO] [stdout]   49:     0x655310873dc1 - cw_multi_test::app::App<BankT,ApiT,StorageT,CustomT,WasmT,StakingT,DistrT,IbcT,GovT>::execute_multi::{{closure}}::h4454f863db1e1da2
[INFO] [stdout]                                at /opt/rustwide/cargo-home/registry/src/index.crates.io-6f17d22bba15001f/cw-multi-test-0.16.5/src/app.rs:774:13
[INFO] [stdout]   50:     0x655310873010 - cw_multi_test::transactions::transactional::h60e9d091b8f05760
[INFO] [stdout]                                at /opt/rustwide/cargo-home/registry/src/index.crates.io-6f17d22bba15001f/cw-multi-test-0.16.5/src/transactions.rs:27:15
[INFO] [stdout]   51:     0x655310873c81 - cw_multi_test::app::App<BankT,ApiT,StorageT,CustomT,WasmT,StakingT,DistrT,IbcT,GovT>::execute_multi::h47f656eb63fb8126
[INFO] [stdout]                                at /opt/rustwide/cargo-home/registry/src/index.crates.io-6f17d22bba15001f/cw-multi-test-0.16.5/src/app.rs:773:9
[INFO] [stdout]   52:     0x655310876cc0 - <cw_multi_test::app::App<BankT,ApiT,StorageT,CustomT,WasmT,StakingT,DistrT,IbcT,GovT> as cw_multi_test::executor::Executor<<CustomT as cw_multi_test::module::Module>::ExecT>>::execute::h3148a5f890b5631f
[INFO] [stdout]                                at /opt/rustwide/cargo-home/registry/src/index.crates.io-6f17d22bba15001f/cw-multi-test-0.16.5/src/app.rs:163:23
[INFO] [stdout]   53:     0x6553108746e0 - cw_multi_test::executor::Executor::execute_contract::he14962370b7f445f
[INFO] [stdout]                                at /opt/rustwide/cargo-home/registry/src/index.crates.io-6f17d22bba15001f/cw-multi-test-0.16.5/src/executor.rs:113:23
[INFO] [stdout]   54:     0x655310886832 - mod::helpers::enable_membership::h4646278986ca4049
[INFO] [stdout]                                at /opt/rustwide/workdir/contracts/member/tests/helpers.rs:176:5
[INFO] [stdout]   55:     0x65531088c42c - mod::membership::test_buy_membership_insufficient_funds::test_buy_membership_insufficient_funds::h7314c288bf051f86
[INFO] [stdout]                                at /opt/rustwide/workdir/contracts/member/tests/membership/test_buy_membership_insufficient_funds.rs:38:5
[INFO] [stdout]   56:     0x65531088bfd7 - mod::membership::test_buy_membership_insufficient_funds::test_buy_membership_insufficient_funds::{{closure}}::h8d7a937c3c7d47ee
[INFO] [stdout]                                at /opt/rustwide/workdir/contracts/member/tests/membership/test_buy_membership_insufficient_funds.rs:14:44
[INFO] [stdout]   57:     0x65531089afc6 - core::ops::function::FnOnce::call_once::h1fc77825612242f5
[INFO] [stdout]                                at /rustc/90b35a6239c3d8bdabc530a6a0816f7ff89a0aaf/library/core/src/ops/function.rs:250:5
[INFO] [stdout]   58:     0x6553108eb2eb - core::ops::function::FnOnce::call_once::h109cf8051a59b34e
[INFO] [stdout]                                at /rustc/90b35a6239c3d8bdabc530a6a0816f7ff89a0aaf/library/core/src/ops/function.rs:250:5
[INFO] [stdout]   59:     0x6553108eb2eb - test::__rust_begin_short_backtrace::hf4fff89d377446ba
[INFO] [stdout]                                at /rustc/90b35a6239c3d8bdabc530a6a0816f7ff89a0aaf/library/test/src/lib.rs:621:18
[INFO] [stdout]   60:     0x6553108eab27 - test::run_test_in_process::{{closure}}::h0e39181dd7ee5a43
[INFO] [stdout]                                at /rustc/90b35a6239c3d8bdabc530a6a0816f7ff89a0aaf/library/test/src/lib.rs:644:60
[INFO] [stdout]   61:     0x6553108eab27 - <core::panic::unwind_safe::AssertUnwindSafe<F> as core::ops::function::FnOnce<()>>::call_once::hc5a66a30f0bdfd1f
[INFO] [stdout]                                at /rustc/90b35a6239c3d8bdabc530a6a0816f7ff89a0aaf/library/core/src/panic/unwind_safe.rs:272:9
[INFO] [stdout]   62:     0x6553108eab27 - std::panicking::try::do_call::h873b7cf639554a5e
[INFO] [stdout]                                at /rustc/90b35a6239c3d8bdabc530a6a0816f7ff89a0aaf/library/std/src/panicking.rs:557:40
[INFO] [stdout]   63:     0x6553108eab27 - std::panicking::try::hdb19862fad9c8bd1
[INFO] [stdout]                                at /rustc/90b35a6239c3d8bdabc530a6a0816f7ff89a0aaf/library/std/src/panicking.rs:520:19
[INFO] [stdout]   64:     0x6553108eab27 - std::panic::catch_unwind::h281fe732d236d260
[INFO] [stdout]                                at /rustc/90b35a6239c3d8bdabc530a6a0816f7ff89a0aaf/library/std/src/panic.rs:358:14
[INFO] [stdout]   65:     0x6553108eab27 - test::run_test_in_process::h949b6df8457ed338
[INFO] [stdout]                                at /rustc/90b35a6239c3d8bdabc530a6a0816f7ff89a0aaf/library/test/src/lib.rs:644:27
[INFO] [stdout]   66:     0x6553108eab27 - test::run_test::{{closure}}::h52c556a6d4740e10
[INFO] [stdout]                                at /rustc/90b35a6239c3d8bdabc530a6a0816f7ff89a0aaf/library/test/src/lib.rs:565:43
[INFO] [stdout]   67:     0x6553108afe04 - test::run_test::{{closure}}::h4237f6381c45ccb9
[INFO] [stdout]                                at /rustc/90b35a6239c3d8bdabc530a6a0816f7ff89a0aaf/library/test/src/lib.rs:595:41
[INFO] [stdout]   68:     0x6553108afe04 - std::sys::backtrace::__rust_begin_short_backtrace::h505c97a579eca628
[INFO] [stdout]                                at /rustc/90b35a6239c3d8bdabc530a6a0816f7ff89a0aaf/library/std/src/sys/backtrace.rs:154:18
[INFO] [stdout]   69:     0x6553108b34ce - std::thread::Builder::spawn_unchecked_::{{closure}}::{{closure}}::h9e86b2e2bc107ea3
[INFO] [stdout]                                at /rustc/90b35a6239c3d8bdabc530a6a0816f7ff89a0aaf/library/std/src/thread/mod.rs:538:17
[INFO] [stdout]   70:     0x6553108b34ce - <core::panic::unwind_safe::AssertUnwindSafe<F> as core::ops::function::FnOnce<()>>::call_once::h8b06ddb275ff4a25
[INFO] [stdout]                                at /rustc/90b35a6239c3d8bdabc530a6a0816f7ff89a0aaf/library/core/src/panic/unwind_safe.rs:272:9
[INFO] [stdout]   71:     0x6553108b34ce - std::panicking::try::do_call::hb26ecd7cd9a9355d
[INFO] [stdout]                                at /rustc/90b35a6239c3d8bdabc530a6a0816f7ff89a0aaf/library/std/src/panicking.rs:557:40
[INFO] [stdout]   72:     0x6553108b34ce - std::panicking::try::h8ddeca9d705f9069
[INFO] [stdout]                                at /rustc/90b35a6239c3d8bdabc530a6a0816f7ff89a0aaf/library/std/src/panicking.rs:520:19
[INFO] [stdout]   73:     0x6553108b34ce - std::panic::catch_unwind::h49e1c33078844c46
[INFO] [stdout]                                at /rustc/90b35a6239c3d8bdabc530a6a0816f7ff89a0aaf/library/std/src/panic.rs:358:14
[INFO] [stdout]   74:     0x6553108b34ce - std::thread::Builder::spawn_unchecked_::{{closure}}::h6073db6ff56ad35d
[INFO] [stdout]                                at /rustc/90b35a6239c3d8bdabc530a6a0816f7ff89a0aaf/library/std/src/thread/mod.rs:537:30
[INFO] [stdout]   75:     0x6553108b34ce - core::ops::function::FnOnce::call_once{{vtable.shim}}::h2c5a5f3779c774f1
[INFO] [stdout]                                at /rustc/90b35a6239c3d8bdabc530a6a0816f7ff89a0aaf/library/core/src/ops/function.rs:250:5
[INFO] [stdout]   76:     0x655310ae0f5b - <alloc::boxed::Box<F,A> as core::ops::function::FnOnce<Args>>::call_once::hf75717d9f28faebf
[INFO] [stdout]                                at /rustc/90b35a6239c3d8bdabc530a6a0816f7ff89a0aaf/library/alloc/src/boxed.rs:2454:9
[INFO] [stdout]   77:     0x655310ae0f5b - <alloc::boxed::Box<F,A> as core::ops::function::FnOnce<Args>>::call_once::h7bd883a5f3c5f3c1
[INFO] [stdout]                                at /rustc/90b35a6239c3d8bdabc530a6a0816f7ff89a0aaf/library/alloc/src/boxed.rs:2454:9
[INFO] [stdout]   78:     0x655310ae0f5b - std::sys::pal::unix::thread::Thread::new::thread_start::hcc78f3943333fa94
[INFO] [stdout]                                at /rustc/90b35a6239c3d8bdabc530a6a0816f7ff89a0aaf/library/std/src/sys/pal/unix/thread.rs:105:17
[INFO] [stdout]   79:     0x7c7b03565ac3 - <unknown>
[INFO] [stdout]   80:     0x7c7b035f6a04 - clone
[INFO] [stdout]   81:                0x0 - <unknown>
[INFO] [stdout] 
[INFO] [stdout] ---- membership::test_sell_membership_insufficient_funds::test_sell_membership_insufficient_funds stdout ----
[INFO] [stdout] thread 'membership::test_sell_membership_insufficient_funds::test_sell_membership_insufficient_funds' panicked at contracts/member/src/execute/user.rs:176:72:
[INFO] [stdout] called `Option::unwrap()` on a `None` value
[INFO] [stdout] stack backtrace:
[INFO] [stdout]    0:     0x655310adb70a - std::backtrace_rs::backtrace::libunwind::trace::h5a5b8284f2d0c266
[INFO] [stdout]                                at /rustc/90b35a6239c3d8bdabc530a6a0816f7ff89a0aaf/library/std/src/../../backtrace/src/backtrace/libunwind.rs:116:5
[INFO] [stdout]    1:     0x655310adb70a - std::backtrace_rs::backtrace::trace_unsynchronized::h76d4f1c9b0b875e3
[INFO] [stdout]                                at /rustc/90b35a6239c3d8bdabc530a6a0816f7ff89a0aaf/library/std/src/../../backtrace/src/backtrace/mod.rs:66:5
[INFO] [stdout]    2:     0x655310adb70a - std::sys::backtrace::_print_fmt::hc4546b8364a537c6
[INFO] [stdout]                                at /rustc/90b35a6239c3d8bdabc530a6a0816f7ff89a0aaf/library/std/src/sys/backtrace.rs:66:9
[INFO] [stdout]    3:     0x655310adb70a - <std::sys::backtrace::BacktraceLock::print::DisplayBacktrace as core::fmt::Display>::fmt::h5b6bd5631a6d1f6b
[INFO] [stdout]                                at /rustc/90b35a6239c3d8bdabc530a6a0816f7ff89a0aaf/library/std/src/sys/backtrace.rs:39:26
[INFO] [stdout]    4:     0x655310b01d03 - core::fmt::rt::Argument::fmt::h270f6602a2b96f62
[INFO] [stdout]                                at /rustc/90b35a6239c3d8bdabc530a6a0816f7ff89a0aaf/library/core/src/fmt/rt.rs:177:76
[INFO] [stdout]    5:     0x655310b01d03 - core::fmt::write::h7550c97b06c86515
[INFO] [stdout]                                at /rustc/90b35a6239c3d8bdabc530a6a0816f7ff89a0aaf/library/core/src/fmt/mod.rs:1186:21
[INFO] [stdout]    6:     0x655310ad88d3 - std::io::Write::write_fmt::h509ff860e5956e5e
[INFO] [stdout]                                at /rustc/90b35a6239c3d8bdabc530a6a0816f7ff89a0aaf/library/std/src/io/mod.rs:1839:15
[INFO] [stdout]    7:     0x655310adb552 - std::sys::backtrace::BacktraceLock::print::h2395ccd2c84ba3aa
[INFO] [stdout]                                at /rustc/90b35a6239c3d8bdabc530a6a0816f7ff89a0aaf/library/std/src/sys/backtrace.rs:42:9
[INFO] [stdout]    8:     0x655310adcb6a - std::panicking::default_hook::{{closure}}::he19d4c7230e07961
[INFO] [stdout]                                at /rustc/90b35a6239c3d8bdabc530a6a0816f7ff89a0aaf/library/std/src/panicking.rs:268:22
[INFO] [stdout]    9:     0x655310adc974 - std::panicking::default_hook::hf614597d3c67bbdb
[INFO] [stdout]                                at /rustc/90b35a6239c3d8bdabc530a6a0816f7ff89a0aaf/library/std/src/panicking.rs:292:9
[INFO] [stdout]   10:     0x6553108e6929 - <alloc::boxed::Box<F,A> as core::ops::function::Fn<Args>>::call::h39b51ce4599c23d1
[INFO] [stdout]                                at /rustc/90b35a6239c3d8bdabc530a6a0816f7ff89a0aaf/library/alloc/src/boxed.rs:2468:9
[INFO] [stdout]   11:     0x6553108e6929 - test::test_main::{{closure}}::he977ae839a582784
[INFO] [stdout]                                at /rustc/90b35a6239c3d8bdabc530a6a0816f7ff89a0aaf/library/test/src/lib.rs:133:21
[INFO] [stdout]   12:     0x655310add208 - <alloc::boxed::Box<F,A> as core::ops::function::Fn<Args>>::call::h9455091b6b06f9fb
[INFO] [stdout]                                at /rustc/90b35a6239c3d8bdabc530a6a0816f7ff89a0aaf/library/alloc/src/boxed.rs:2468:9
[INFO] [stdout]   13:     0x655310add208 - std::panicking::rust_panic_with_hook::h8942133a8b252070
[INFO] [stdout]                                at /rustc/90b35a6239c3d8bdabc530a6a0816f7ff89a0aaf/library/std/src/panicking.rs:809:13
[INFO] [stdout]   14:     0x655310adcf96 - std::panicking::begin_panic_handler::{{closure}}::hb5f5963570096b29
[INFO] [stdout]                                at /rustc/90b35a6239c3d8bdabc530a6a0816f7ff89a0aaf/library/std/src/panicking.rs:667:13
[INFO] [stdout]   15:     0x655310adbbe9 - std::sys::backtrace::__rust_end_short_backtrace::h6208cedc1922feda
[INFO] [stdout]                                at /rustc/90b35a6239c3d8bdabc530a6a0816f7ff89a0aaf/library/std/src/sys/backtrace.rs:170:18
[INFO] [stdout]   16:     0x655310adcc5c - rust_begin_unwind
[INFO] [stdout]                                at /rustc/90b35a6239c3d8bdabc530a6a0816f7ff89a0aaf/library/std/src/panicking.rs:665:5
[INFO] [stdout]   17:     0x6553107f8b60 - core::panicking::panic_fmt::h0c3082644d1bf418
[INFO] [stdout]                                at /rustc/90b35a6239c3d8bdabc530a6a0816f7ff89a0aaf/library/core/src/panicking.rs:74:14
[INFO] [stdout]   18:     0x6553107f8bec - core::panicking::panic::h957f98c65a3b3074
[INFO] [stdout]                                at /rustc/90b35a6239c3d8bdabc530a6a0816f7ff89a0aaf/library/core/src/panicking.rs:148:5
[INFO] [stdout]   19:     0x6553107f8ad9 - core::option::unwrap_failed::h098b0d47c83374d6
[INFO] [stdout]                                at /rustc/90b35a6239c3d8bdabc530a6a0816f7ff89a0aaf/library/core/src/option.rs:2012:5
[INFO] [stdout]   20:     0x65531099f5a8 - core::option::Option<T>::unwrap::hb49d73e7425f53b1
[INFO] [stdout]                                at /rustc/90b35a6239c3d8bdabc530a6a0816f7ff89a0aaf/library/core/src/option.rs:972:21
[INFO] [stdout]   21:     0x65531099f5a8 - member::execute::user::enable_membership::hec993cb793fb8781
[INFO] [stdout]                                at /opt/rustwide/workdir/contracts/member/src/execute/user.rs:176:38
[INFO] [stdout]   22:     0x655310981af5 - member::contract::execute::hfd188c9bcc6a2987
[INFO] [stdout]                                at /opt/rustwide/workdir/contracts/member/src/contract.rs:131:13
[INFO] [stdout]   23:     0x65531089a676 - core::ops::function::Fn::call::hf7974d1e3bf39f14
[INFO] [stdout]                                at /rustc/90b35a6239c3d8bdabc530a6a0816f7ff89a0aaf/library/core/src/ops/function.rs:79:5
[INFO] [stdout]   24:     0x65531085cb4e - <alloc::boxed::Box<F,A> as core::ops::function::Fn<Args>>::call::h40f073314015c83f
[INFO] [stdout]                                at /rustc/90b35a6239c3d8bdabc530a6a0816f7ff89a0aaf/library/alloc/src/boxed.rs:2468:9
[INFO] [stdout]   25:     0x65531087b424 - <cw_multi_test::contracts::ContractWrapper<T1,T2,T3,E1,E2,E3,C,Q,T4,E4,E5,T6,E6> as cw_multi_test::contracts::Contract<C,Q>>::execute::h18a31e3d8b58897a
[INFO] [stdout]                                at /opt/rustwide/cargo-home/registry/src/index.crates.io-6f17d22bba15001f/cw-multi-test-0.16.5/src/contracts.rs:393:9
[INFO] [stdout]   26:     0x65531084e9fc - cw_multi_test::wasm::WasmKeeper<ExecC,QueryC>::call_execute::{{closure}}::h128043929fcabfdc
[INFO] [stdout]                                at /opt/rustwide/cargo-home/registry/src/index.crates.io-6f17d22bba15001f/cw-multi-test-0.16.5/src/wasm.rs:751:35
[INFO] [stdout]   27:     0x655310855998 - cw_multi_test::wasm::WasmKeeper<ExecC,QueryC>::with_storage::{{closure}}::hd198ef54c6bd8809
[INFO] [stdout]                                at /opt/rustwide/cargo-home/registry/src/index.crates.io-6f17d22bba15001f/cw-multi-test-0.16.5/src/wasm.rs:903:13
[INFO] [stdout]   28:     0x6553108725a7 - cw_multi_test::transactions::transactional::h30863dc0a1f19d17
[INFO] [stdout]                                at /opt/rustwide/cargo-home/registry/src/index.crates.io-6f17d22bba15001f/cw-multi-test-0.16.5/src/transactions.rs:27:15
[INFO] [stdout]   29:     0x6553108533dd - cw_multi_test::wasm::WasmKeeper<ExecC,QueryC>::with_storage::h4880df902becde18
[INFO] [stdout]                                at /opt/rustwide/cargo-home/registry/src/index.crates.io-6f17d22bba15001f/cw-multi-test-0.16.5/src/wasm.rs:893:9
[INFO] [stdout]   30:     0x65531084e8d1 - cw_multi_test::wasm::WasmKeeper<ExecC,QueryC>::call_execute::hcb0d9890f3631b2c
[INFO] [stdout]                                at /opt/rustwide/cargo-home/registry/src/index.crates.io-6f17d22bba15001f/cw-multi-test-0.16.5/src/wasm.rs:745:31
[INFO] [stdout]   31:     0x65531084f6a7 - cw_multi_test::wasm::WasmKeeper<ExecC,QueryC>::execute_wasm::h4ca48038f59b4922
[INFO] [stdout]                                at /opt/rustwide/cargo-home/registry/src/index.crates.io-6f17d22bba15001f/cw-multi-test-0.16.5/src/wasm.rs:422:27
[INFO] [stdout]   32:     0x65531084db00 - <cw_multi_test::wasm::WasmKeeper<ExecC,QueryC> as cw_multi_test::wasm::Wasm<ExecC,QueryC>>::execute::h2cde5fd0a77f625a
[INFO] [stdout]                                at /opt/rustwide/cargo-home/registry/src/index.crates.io-6f17d22bba15001f/cw-multi-test-0.16.5/src/wasm.rs:183:9
[INFO] [stdout]   33:     0x65531087609d - <cw_multi_test::app::Router<BankT,CustomT,WasmT,StakingT,DistrT,IbcT,GovT> as cw_multi_test::app::CosmosRouter>::execute::h612a05348251d484
[INFO] [stdout]                                at /opt/rustwide/cargo-home/registry/src/index.crates.io-6f17d22bba15001f/cw-multi-test-0.16.5/src/app.rs:947:37
[INFO] [stdout]   34:     0x655310873ecd - cw_multi_test::app::App<BankT,ApiT,StorageT,CustomT,WasmT,StakingT,DistrT,IbcT,GovT>::execute_multi::{{closure}}::{{closure}}::hbf07bfcd0530a642
[INFO] [stdout]                                at /opt/rustwide/cargo-home/registry/src/index.crates.io-6f17d22bba15001f/cw-multi-test-0.16.5/src/app.rs:775:28
[INFO] [stdout]   35:     0x65531084a7f9 - core::iter::adapters::map::map_try_fold::{{closure}}::h965772f422e61a71
[INFO] [stdout]                                at /rustc/90b35a6239c3d8bdabc530a6a0816f7ff89a0aaf/library/core/src/iter/adapters/map.rs:95:28
[INFO] [stdout]   36:     0x655310847e14 - <alloc::vec::into_iter::IntoIter<T,A> as core::iter::traits::iterator::Iterator>::try_fold::h60b387d6abf03b07
[INFO] [stdout]                                at /rustc/90b35a6239c3d8bdabc530a6a0816f7ff89a0aaf/library/alloc/src/vec/into_iter.rs:346:25
[INFO] [stdout]   37:     0x65531084759f - <core::iter::adapters::map::Map<I,F> as core::iter::traits::iterator::Iterator>::try_fold::ha693d5c0fb6b8722
[INFO] [stdout]                                at /rustc/90b35a6239c3d8bdabc530a6a0816f7ff89a0aaf/library/core/src/iter/adapters/map.rs:121:9
[INFO] [stdout]   38:     0x655310868168 - <core::iter::adapters::GenericShunt<I,R> as core::iter::traits::iterator::Iterator>::try_fold::hec4042ecdfb613f4
[INFO] [stdout]                                at /rustc/90b35a6239c3d8bdabc530a6a0816f7ff89a0aaf/library/core/src/iter/adapters/mod.rs:191:9
[INFO] [stdout]   39:     0x6553108680a0 - core::iter::traits::iterator::Iterator::try_for_each::h5a6e12358ef52db4
[INFO] [stdout]                                at /rustc/90b35a6239c3d8bdabc530a6a0816f7ff89a0aaf/library/core/src/iter/traits/iterator.rs:2468:9
[INFO] [stdout]   40:     0x6553108680a0 - <core::iter::adapters::GenericShunt<I,R> as core::iter::traits::iterator::Iterator>::next::hbb27412abbfdd892
[INFO] [stdout]                                at /rustc/90b35a6239c3d8bdabc530a6a0816f7ff89a0aaf/library/core/src/iter/adapters/mod.rs:174:14
[INFO] [stdout]   41:     0x6553108a0e58 - <alloc::vec::Vec<T> as alloc::vec::spec_from_iter_nested::SpecFromIterNested<T,I>>::from_iter::h88951bed7868e3bd
[INFO] [stdout]                                at /rustc/90b35a6239c3d8bdabc530a6a0816f7ff89a0aaf/library/alloc/src/vec/spec_from_iter_nested.rs:24:32
[INFO] [stdout]   42:     0x6553108a2f8d - alloc::vec::in_place_collect::<impl alloc::vec::spec_from_iter::SpecFromIter<T,I> for alloc::vec::Vec<T>>::from_iter::h007e383f64badfb5
[INFO] [stdout]                                at /rustc/90b35a6239c3d8bdabc530a6a0816f7ff89a0aaf/library/alloc/src/vec/in_place_collect.rs:245:9
[INFO] [stdout]   43:     0x6553108a41b5 - <alloc::vec::Vec<T> as core::iter::traits::collect::FromIterator<T>>::from_iter::hdbcb3bde3c21d4a8
[INFO] [stdout]                                at /rustc/90b35a6239c3d8bdabc530a6a0816f7ff89a0aaf/library/alloc/src/vec/mod.rs:3388:9
[INFO] [stdout]   44:     0x65531082e281 - core::iter::traits::iterator::Iterator::collect::h34d314c40e0e437d
[INFO] [stdout]                                at /rustc/90b35a6239c3d8bdabc530a6a0816f7ff89a0aaf/library/core/src/iter/traits/iterator.rs:2001:9
[INFO] [stdout]   45:     0x65531082e281 - <core::result::Result<V,E> as core::iter::traits::collect::FromIterator<core::result::Result<A,E>>>::from_iter::{{closure}}::hc52282d2711558f8
[INFO] [stdout]                                at /rustc/90b35a6239c3d8bdabc530a6a0816f7ff89a0aaf/library/core/src/result.rs:1981:51
[INFO] [stdout]   46:     0x655310868dcc - core::iter::adapters::try_process::h93f525119ab79dbc
[INFO] [stdout]                                at /rustc/90b35a6239c3d8bdabc530a6a0816f7ff89a0aaf/library/core/src/iter/adapters/mod.rs:160:17
[INFO] [stdout]   47:     0x65531082e247 - <core::result::Result<V,E> as core::iter::traits::collect::FromIterator<core::result::Result<A,E>>>::from_iter::h457fe49a282a1dd5
[INFO] [stdout]                                at /rustc/90b35a6239c3d8bdabc530a6a0816f7ff89a0aaf/library/core/src/result.rs:1981:9
[INFO] [stdout]   48:     0x65531084a6dd - core::iter::traits::iterator::Iterator::collect::h92b79931cbdb8bed
[INFO] [stdout]                                at /rustc/90b35a6239c3d8bdabc530a6a0816f7ff89a0aaf/library/core/src/iter/traits/iterator.rs:2001:9
[INFO] [stdout]   49:     0x655310873dc1 - cw_multi_test::app::App<BankT,ApiT,StorageT,CustomT,WasmT,StakingT,DistrT,IbcT,GovT>::execute_multi::{{closure}}::h4454f863db1e1da2
[INFO] [stdout]                                at /opt/rustwide/cargo-home/registry/src/index.crates.io-6f17d22bba15001f/cw-multi-test-0.16.5/src/app.rs:774:13
[INFO] [stdout]   50:     0x655310873010 - cw_multi_test::transactions::transactional::h60e9d091b8f05760
[INFO] [stdout]                                at /opt/rustwide/cargo-home/registry/src/index.crates.io-6f17d22bba15001f/cw-multi-test-0.16.5/src/transactions.rs:27:15
[INFO] [stdout]   51:     0x655310873c81 - cw_multi_test::app::App<BankT,ApiT,StorageT,CustomT,WasmT,StakingT,DistrT,IbcT,GovT>::execute_multi::h47f656eb63fb8126
[INFO] [stdout]                                at /opt/rustwide/cargo-home/registry/src/index.crates.io-6f17d22bba15001f/cw-multi-test-0.16.5/src/app.rs:773:9
[INFO] [stdout]   52:     0x655310876cc0 - <cw_multi_test::app::App<BankT,ApiT,StorageT,CustomT,WasmT,StakingT,DistrT,IbcT,GovT> as cw_multi_test::executor::Executor<<CustomT as cw_multi_test::module::Module>::ExecT>>::execute::h3148a5f890b5631f
[INFO] [stdout]                                at /opt/rustwide/cargo-home/registry/src/index.crates.io-6f17d22bba15001f/cw-multi-test-0.16.5/src/app.rs:163:23
[INFO] [stdout]   53:     0x6553108746e0 - cw_multi_test::executor::Executor::execute_contract::he14962370b7f445f
[INFO] [stdout]                                at /opt/rustwide/cargo-home/registry/src/index.crates.io-6f17d22bba15001f/cw-multi-test-0.16.5/src/executor.rs:113:23
[INFO] [stdout]   54:     0x655310886832 - mod::helpers::enable_membership::h4646278986ca4049
[INFO] [stdout]                                at /opt/rustwide/workdir/contracts/member/tests/helpers.rs:176:5
[INFO] [stdout]   55:     0x65531088cfcb - mod::membership::test_sell_membership_insufficient_funds::test_sell_membership_insufficient_funds::h99e29a92f2c4e9f4
[INFO] [stdout]                                at /opt/rustwide/workdir/contracts/member/tests/membership/test_sell_membership_insufficient_funds.rs:40:5
[INFO] [stdout]   56:     0x65531088cb27 - mod::membership::test_sell_membership_insufficient_funds::test_sell_membership_insufficient_funds::{{closure}}::h6d36afe408d28cd6
[INFO] [stdout]                                at /opt/rustwide/workdir/contracts/member/tests/membership/test_sell_membership_insufficient_funds.rs:16:45
[INFO] [stdout]   57:     0x65531089ba96 - core::ops::function::FnOnce::call_once::hc1089e75641543fb
[INFO] [stdout]                                at /rustc/90b35a6239c3d8bdabc530a6a0816f7ff89a0aaf/library/core/src/ops/function.rs:250:5
[INFO] [stdout]   58:     0x6553108eb2eb - core::ops::function::FnOnce::call_once::h109cf8051a59b34e
[INFO] [stdout]                                at /rustc/90b35a6239c3d8bdabc530a6a0816f7ff89a0aaf/library/core/src/ops/function.rs:250:5
[INFO] [stdout]   59:     0x6553108eb2eb - test::__rust_begin_short_backtrace::hf4fff89d377446ba
[INFO] [stdout]                                at /rustc/90b35a6239c3d8bdabc530a6a0816f7ff89a0aaf/library/test/src/lib.rs:621:18
[INFO] [stdout]   60:     0x6553108eab27 - test::run_test_in_process::{{closure}}::h0e39181dd7ee5a43
[INFO] [stdout]                                at /rustc/90b35a6239c3d8bdabc530a6a0816f7ff89a0aaf/library/test/src/lib.rs:644:60
[INFO] [stdout]   61:     0x6553108eab27 - <core::panic::unwind_safe::AssertUnwindSafe<F> as core::ops::function::FnOnce<()>>::call_once::hc5a66a30f0bdfd1f
[INFO] [stdout]                                at /rustc/90b35a6239c3d8bdabc530a6a0816f7ff89a0aaf/library/core/src/panic/unwind_safe.rs:272:9
[INFO] [stdout]   62:     0x6553108eab27 - std::panicking::try::do_call::h873b7cf639554a5e
[INFO] [stdout]                                at /rustc/90b35a6239c3d8bdabc530a6a0816f7ff89a0aaf/library/std/src/panicking.rs:557:40
[INFO] [stdout]   63:     0x6553108eab27 - std::panicking::try::hdb19862fad9c8bd1
[INFO] [stdout]                                at /rustc/90b35a6239c3d8bdabc530a6a0816f7ff89a0aaf/library/std/src/panicking.rs:520:19
[INFO] [stdout]   64:     0x6553108eab27 - std::panic::catch_unwind::h281fe732d236d260
[INFO] [stdout]                                at /rustc/90b35a6239c3d8bdabc530a6a0816f7ff89a0aaf/library/std/src/panic.rs:358:14
[INFO] [stdout]   65:     0x6553108eab27 - test::run_test_in_process::h949b6df8457ed338
[INFO] [stdout]                                at /rustc/90b35a6239c3d8bdabc530a6a0816f7ff89a0aaf/library/test/src/lib.rs:644:27
[INFO] [stdout]   66:     0x6553108eab27 - test::run_test::{{closure}}::h52c556a6d4740e10
[INFO] [stdout]                                at /rustc/90b35a6239c3d8bdabc530a6a0816f7ff89a0aaf/library/test/src/lib.rs:565:43
[INFO] [stdout]   67:     0x6553108afe04 - test::run_test::{{closure}}::h4237f6381c45ccb9
[INFO] [stdout]                                at /rustc/90b35a6239c3d8bdabc530a6a0816f7ff89a0aaf/library/test/src/lib.rs:595:41
[INFO] [stdout]   68:     0x6553108afe04 - std::sys::backtrace::__rust_begin_short_backtrace::h505c97a579eca628
[INFO] [stdout]                                at /rustc/90b35a6239c3d8bdabc530a6a0816f7ff89a0aaf/library/std/src/sys/backtrace.rs:154:18
[INFO] [stdout]   69:     0x6553108b34ce - std::thread::Builder::spawn_unchecked_::{{closure}}::{{closure}}::h9e86b2e2bc107ea3
[INFO] [stdout]                                at /rustc/90b35a6239c3d8bdabc530a6a0816f7ff89a0aaf/library/std/src/thread/mod.rs:538:17
[INFO] [stdout]   70:     0x6553108b34ce - <core::panic::unwind_safe::AssertUnwindSafe<F> as core::ops::function::FnOnce<()>>::call_once::h8b06ddb275ff4a25
[INFO] [stdout]                                at /rustc/90b35a6239c3d8bdabc530a6a0816f7ff89a0aaf/library/core/src/panic/unwind_safe.rs:272:9
[INFO] [stdout]   71:     0x6553108b34ce - std::panicking::try::do_call::hb26ecd7cd9a9355d
[INFO] [stdout]                                at /rustc/90b35a6239c3d8bdabc530a6a0816f7ff89a0aaf/library/std/src/panicking.rs:557:40
[INFO] [stdout]   72:     0x6553108b34ce - std::panicking::try::h8ddeca9d705f9069
[INFO] [stdout]                                at /rustc/90b35a6239c3d8bdabc530a6a0816f7ff89a0aaf/library/std/src/panicking.rs:520:19
[INFO] [stdout]   73:     0x6553108b34ce - std::panic::catch_unwind::h49e1c33078844c46
[INFO] [stdout]                                at /rustc/90b35a6239c3d8bdabc530a6a0816f7ff89a0aaf/library/std/src/panic.rs:358:14
[INFO] [stdout]   74:     0x6553108b34ce - std::thread::Builder::spawn_unchecked_::{{closure}}::h6073db6ff56ad35d
[INFO] [stdout]                                at /rustc/90b35a6239c3d8bdabc530a6a0816f7ff89a0aaf/library/std/src/thread/mod.rs:537:30
[INFO] [stdout]   75:     0x6553108b34ce - core::ops::function::FnOnce::call_once{{vtable.shim}}::h2c5a5f3779c774f1
[INFO] [stdout]                                at /rustc/90b35a6239c3d8bdabc530a6a0816f7ff89a0aaf/library/core/src/ops/function.rs:250:5
[INFO] [stdout]   76:     0x655310ae0f5b - <alloc::boxed::Box<F,A> as core::ops::function::FnOnce<Args>>::call_once::hf75717d9f28faebf
[INFO] [stdout]                                at /rustc/90b35a6239c3d8bdabc530a6a0816f7ff89a0aaf/library/alloc/src/boxed.rs:2454:9
[INFO] [stdout]   77:     0x655310ae0f5b - <alloc::boxed::Box<F,A> as core::ops::function::FnOnce<Args>>::call_once::h7bd883a5f3c5f3c1
[INFO] [stdout]                                at /rustc/90b35a6239c3d8bdabc530a6a0816f7ff89a0aaf/library/alloc/src/boxed.rs:2454:9
[INFO] [stdout]   78:     0x655310ae0f5b - std::sys::pal::unix::thread::Thread::new::thread_start::hcc78f3943333fa94
[INFO] [stdout]                                at /rustc/90b35a6239c3d8bdabc530a6a0816f7ff89a0aaf/library/std/src/sys/pal/unix/thread.rs:105:17
[INFO] [stdout]   79:     0x7c7b03565ac3 - <unknown>
[INFO] [stdout]   80:     0x7c7b035f6a04 - clone
[INFO] [stdout]   81:                0x0 - <unknown>
[INFO] [stdout] 
[INFO] [stdout] ---- registration_admin::test_registration_admin_can_enable_membership_on_behalf_of_user::test_registration_admin_can_enable_membership_on_behalf_of_user stdout ----
[INFO] [stdout] thread 'registration_admin::test_registration_admin_can_enable_membership_on_behalf_of_user::test_registration_admin_can_enable_membership_on_behalf_of_user' panicked at contracts/member/src/execute/user.rs:176:72:
[INFO] [stdout] called `Option::unwrap()` on a `None` value
[INFO] [stdout] stack backtrace:
[INFO] [stdout]    0:     0x655310adb70a - std::backtrace_rs::backtrace::libunwind::trace::h5a5b8284f2d0c266
[INFO] [stdout]                                at /rustc/90b35a6239c3d8bdabc530a6a0816f7ff89a0aaf/library/std/src/../../backtrace/src/backtrace/libunwind.rs:116:5
[INFO] [stdout]    1:     0x655310adb70a - std::backtrace_rs::backtrace::trace_unsynchronized::h76d4f1c9b0b875e3
[INFO] [stdout]                                at /rustc/90b35a6239c3d8bdabc530a6a0816f7ff89a0aaf/library/std/src/../../backtrace/src/backtrace/mod.rs:66:5
[INFO] [stdout]    2:     0x655310adb70a - std::sys::backtrace::_print_fmt::hc4546b8364a537c6
[INFO] [stdout]                                at /rustc/90b35a6239c3d8bdabc530a6a0816f7ff89a0aaf/library/std/src/sys/backtrace.rs:66:9
[INFO] [stdout]    3:     0x655310adb70a - <std::sys::backtrace::BacktraceLock::print::DisplayBacktrace as core::fmt::Display>::fmt::h5b6bd5631a6d1f6b
[INFO] [stdout]                                at /rustc/90b35a6239c3d8bdabc530a6a0816f7ff89a0aaf/library/std/src/sys/backtrace.rs:39:26
[INFO] [stdout]    4:     0x655310b01d03 - core::fmt::rt::Argument::fmt::h270f6602a2b96f62
[INFO] [stdout]                                at /rustc/90b35a6239c3d8bdabc530a6a0816f7ff89a0aaf/library/core/src/fmt/rt.rs:177:76
[INFO] [stdout]    5:     0x655310b01d03 - core::fmt::write::h7550c97b06c86515
[INFO] [stdout]                                at /rustc/90b35a6239c3d8bdabc530a6a0816f7ff89a0aaf/library/core/src/fmt/mod.rs:1186:21
[INFO] [stdout]    6:     0x655310ad88d3 - std::io::Write::write_fmt::h509ff860e5956e5e
[INFO] [stdout]                                at /rustc/90b35a6239c3d8bdabc530a6a0816f7ff89a0aaf/library/std/src/io/mod.rs:1839:15
[INFO] [stdout]    7:     0x655310adb552 - std::sys::backtrace::BacktraceLock::print::h2395ccd2c84ba3aa
[INFO] [stdout]                                at /rustc/90b35a6239c3d8bdabc530a6a0816f7ff89a0aaf/library/std/src/sys/backtrace.rs:42:9
[INFO] [stdout]    8:     0x655310adcb6a - std::panicking::default_hook::{{closure}}::he19d4c7230e07961
[INFO] [stdout]                                at /rustc/90b35a6239c3d8bdabc530a6a0816f7ff89a0aaf/library/std/src/panicking.rs:268:22
[INFO] [stdout]    9:     0x655310adc974 - std::panicking::default_hook::hf614597d3c67bbdb
[INFO] [stdout]                                at /rustc/90b35a6239c3d8bdabc530a6a0816f7ff89a0aaf/library/std/src/panicking.rs:292:9
[INFO] [stdout]   10:     0x6553108e6929 - <alloc::boxed::Box<F,A> as core::ops::function::Fn<Args>>::call::h39b51ce4599c23d1
[INFO] [stdout]                                at /rustc/90b35a6239c3d8bdabc530a6a0816f7ff89a0aaf/library/alloc/src/boxed.rs:2468:9
[INFO] [stdout]   11:     0x6553108e6929 - test::test_main::{{closure}}::he977ae839a582784
[INFO] [stdout]                                at /rustc/90b35a6239c3d8bdabc530a6a0816f7ff89a0aaf/library/test/src/lib.rs:133:21
[INFO] [stdout]   12:     0x655310add208 - <alloc::boxed::Box<F,A> as core::ops::function::Fn<Args>>::call::h9455091b6b06f9fb
[INFO] [stdout]                                at /rustc/90b35a6239c3d8bdabc530a6a0816f7ff89a0aaf/library/alloc/src/boxed.rs:2468:9
[INFO] [stdout]   13:     0x655310add208 - std::panicking::rust_panic_with_hook::h8942133a8b252070
[INFO] [stdout]                                at /rustc/90b35a6239c3d8bdabc530a6a0816f7ff89a0aaf/library/std/src/panicking.rs:809:13
[INFO] [stdout]   14:     0x655310adcf96 - std::panicking::begin_panic_handler::{{closure}}::hb5f5963570096b29
[INFO] [stdout]                                at /rustc/90b35a6239c3d8bdabc530a6a0816f7ff89a0aaf/library/std/src/panicking.rs:667:13
[INFO] [stdout]   15:     0x655310adbbe9 - std::sys::backtrace::__rust_end_short_backtrace::h6208cedc1922feda
[INFO] [stdout]                                at /rustc/90b35a6239c3d8bdabc530a6a0816f7ff89a0aaf/library/std/src/sys/backtrace.rs:170:18
[INFO] [stdout]   16:     0x655310adcc5c - rust_begin_unwind
[INFO] [stdout]                                at /rustc/90b35a6239c3d8bdabc530a6a0816f7ff89a0aaf/library/std/src/panicking.rs:665:5
[INFO] [stdout]   17:     0x6553107f8b60 - core::panicking::panic_fmt::h0c3082644d1bf418
[INFO] [stdout]                                at /rustc/90b35a6239c3d8bdabc530a6a0816f7ff89a0aaf/library/core/src/panicking.rs:74:14
[INFO] [stdout]   18:     0x6553107f8bec - core::panicking::panic::h957f98c65a3b3074
[INFO] [stdout]                                at /rustc/90b35a6239c3d8bdabc530a6a0816f7ff89a0aaf/library/core/src/panicking.rs:148:5
[INFO] [stdout]   19:     0x6553107f8ad9 - core::option::unwrap_failed::h098b0d47c83374d6
[INFO] [stdout]                                at /rustc/90b35a6239c3d8bdabc530a6a0816f7ff89a0aaf/library/core/src/option.rs:2012:5
[INFO] [stdout]   20:     0x65531099f5a8 - core::option::Option<T>::unwrap::hb49d73e7425f53b1
[INFO] [stdout]                                at /rustc/90b35a6239c3d8bdabc530a6a0816f7ff89a0aaf/library/core/src/option.rs:972:21
[INFO] [stdout]   21:     0x65531099f5a8 - member::execute::user::enable_membership::hec993cb793fb8781
[INFO] [stdout]                                at /opt/rustwide/workdir/contracts/member/src/execute/user.rs:176:38
[INFO] [stdout]   22:     0x655310981af5 - member::contract::execute::hfd188c9bcc6a2987
[INFO] [stdout]                                at /opt/rustwide/workdir/contracts/member/src/contract.rs:131:13
[INFO] [stdout]   23:     0x65531089a676 - core::ops::function::Fn::call::hf7974d1e3bf39f14
[INFO] [stdout]                                at /rustc/90b35a6239c3d8bdabc530a6a0816f7ff89a0aaf/library/core/src/ops/function.rs:79:5
[INFO] [stdout]   24:     0x65531085cb4e - <alloc::boxed::Box<F,A> as core::ops::function::Fn<Args>>::call::h40f073314015c83f
[INFO] [stdout]                                at /rustc/90b35a6239c3d8bdabc530a6a0816f7ff89a0aaf/library/alloc/src/boxed.rs:2468:9
[INFO] [stdout]   25:     0x65531087b424 - <cw_multi_test::contracts::ContractWrapper<T1,T2,T3,E1,E2,E3,C,Q,T4,E4,E5,T6,E6> as cw_multi_test::contracts::Contract<C,Q>>::execute::h18a31e3d8b58897a
[INFO] [stdout]                                at /opt/rustwide/cargo-home/registry/src/index.crates.io-6f17d22bba15001f/cw-multi-test-0.16.5/src/contracts.rs:393:9
[INFO] [stdout]   26:     0x65531084e9fc - cw_multi_test::wasm::WasmKeeper<ExecC,QueryC>::call_execute::{{closure}}::h128043929fcabfdc
[INFO] [stdout]                                at /opt/rustwide/cargo-home/registry/src/index.crates.io-6f17d22bba15001f/cw-multi-test-0.16.5/src/wasm.rs:751:35
[INFO] [stdout]   27:     0x655310855998 - cw_multi_test::wasm::WasmKeeper<ExecC,QueryC>::with_storage::{{closure}}::hd198ef54c6bd8809
[INFO] [stdout]                                at /opt/rustwide/cargo-home/registry/src/index.crates.io-6f17d22bba15001f/cw-multi-test-0.16.5/src/wasm.rs:903:13
[INFO] [stdout]   28:     0x6553108725a7 - cw_multi_test::transactions::transactional::h30863dc0a1f19d17
[INFO] [stdout]                                at /opt/rustwide/cargo-home/registry/src/index.crates.io-6f17d22bba15001f/cw-multi-test-0.16.5/src/transactions.rs:27:15
[INFO] [stdout]   29:     0x6553108533dd - cw_multi_test::wasm::WasmKeeper<ExecC,QueryC>::with_storage::h4880df902becde18
[INFO] [stdout]                                at /opt/rustwide/cargo-home/registry/src/index.crates.io-6f17d22bba15001f/cw-multi-test-0.16.5/src/wasm.rs:893:9
[INFO] [stdout]   30:     0x65531084e8d1 - cw_multi_test::wasm::WasmKeeper<ExecC,QueryC>::call_execute::hcb0d9890f3631b2c
[INFO] [stdout]                                at /opt/rustwide/cargo-home/registry/src/index.crates.io-6f17d22bba15001f/cw-multi-test-0.16.5/src/wasm.rs:745:31
[INFO] [stdout]   31:     0x65531084f6a7 - cw_multi_test::wasm::WasmKeeper<ExecC,QueryC>::execute_wasm::h4ca48038f59b4922
[INFO] [stdout]                                at /opt/rustwide/cargo-home/registry/src/index.crates.io-6f17d22bba15001f/cw-multi-test-0.16.5/src/wasm.rs:422:27
[INFO] [stdout]   32:     0x65531084db00 - <cw_multi_test::wasm::WasmKeeper<ExecC,QueryC> as cw_multi_test::wasm::Wasm<ExecC,QueryC>>::execute::h2cde5fd0a77f625a
[INFO] [stdout]                                at /opt/rustwide/cargo-home/registry/src/index.crates.io-6f17d22bba15001f/cw-multi-test-0.16.5/src/wasm.rs:183:9
[INFO] [stdout]   33:     0x65531087609d - <cw_multi_test::app::Router<BankT,CustomT,WasmT,StakingT,DistrT,IbcT,GovT> as cw_multi_test::app::CosmosRouter>::execute::h612a05348251d484
[INFO] [stdout]                                at /opt/rustwide/cargo-home/registry/src/index.crates.io-6f17d22bba15001f/cw-multi-test-0.16.5/src/app.rs:947:37
[INFO] [stdout]   34:     0x655310873ecd - cw_multi_test::app::App<BankT,ApiT,StorageT,CustomT,WasmT,StakingT,DistrT,IbcT,GovT>::execute_multi::{{closure}}::{{closure}}::hbf07bfcd0530a642
[INFO] [stdout]                                at /opt/rustwide/cargo-home/registry/src/index.crates.io-6f17d22bba15001f/cw-multi-test-0.16.5/src/app.rs:775:28
[INFO] [stdout]   35:     0x65531084a7f9 - core::iter::adapters::map::map_try_fold::{{closure}}::h965772f422e61a71
[INFO] [stdout]                                at /rustc/90b35a6239c3d8bdabc530a6a0816f7ff89a0aaf/library/core/src/iter/adapters/map.rs:95:28
[INFO] [stdout]   36:     0x655310847e14 - <alloc::vec::into_iter::IntoIter<T,A> as core::iter::traits::iterator::Iterator>::try_fold::h60b387d6abf03b07
[INFO] [stdout]                                at /rustc/90b35a6239c3d8bdabc530a6a0816f7ff89a0aaf/library/alloc/src/vec/into_iter.rs:346:25
[INFO] [stdout]   37:     0x65531084759f - <core::iter::adapters::map::Map<I,F> as core::iter::traits::iterator::Iterator>::try_fold::ha693d5c0fb6b8722
[INFO] [stdout]                                at /rustc/90b35a6239c3d8bdabc530a6a0816f7ff89a0aaf/library/core/src/iter/adapters/map.rs:121:9
[INFO] [stdout]   38:     0x655310868168 - <core::iter::adapters::GenericShunt<I,R> as core::iter::traits::iterator::Iterator>::try_fold::hec4042ecdfb613f4
[INFO] [stdout]                                at /rustc/90b35a6239c3d8bdabc530a6a0816f7ff89a0aaf/library/core/src/iter/adapters/mod.rs:191:9
[INFO] [stdout]   39:     0x6553108680a0 - core::iter::traits::iterator::Iterator::try_for_each::h5a6e12358ef52db4
[INFO] [stdout]                                at /rustc/90b35a6239c3d8bdabc530a6a0816f7ff89a0aaf/library/core/src/iter/traits/iterator.rs:2468:9
[INFO] [stdout]   40:     0x6553108680a0 - <core::iter::adapters::GenericShunt<I,R> as core::iter::traits::iterator::Iterator>::next::hbb27412abbfdd892
[INFO] [stdout]                                at /rustc/90b35a6239c3d8bdabc530a6a0816f7ff89a0aaf/library/core/src/iter/adapters/mod.rs:174:14
[INFO] [stdout]   41:     0x6553108a0e58 - <alloc::vec::Vec<T> as alloc::vec::spec_from_iter_nested::SpecFromIterNested<T,I>>::from_iter::h88951bed7868e3bd
[INFO] [stdout]                                at /rustc/90b35a6239c3d8bdabc530a6a0816f7ff89a0aaf/library/alloc/src/vec/spec_from_iter_nested.rs:24:32
[INFO] [stdout]   42:     0x6553108a2f8d - alloc::vec::in_place_collect::<impl alloc::vec::spec_from_iter::SpecFromIter<T,I> for alloc::vec::Vec<T>>::from_iter::h007e383f64badfb5
[INFO] [stdout]                                at /rustc/90b35a6239c3d8bdabc530a6a0816f7ff89a0aaf/library/alloc/src/vec/in_place_collect.rs:245:9
[INFO] [stdout]   43:     0x6553108a41b5 - <alloc::vec::Vec<T> as core::iter::traits::collect::FromIterator<T>>::from_iter::hdbcb3bde3c21d4a8
[INFO] [stdout]                                at /rustc/90b35a6239c3d8bdabc530a6a0816f7ff89a0aaf/library/alloc/src/vec/mod.rs:3388:9
[INFO] [stdout]   44:     0x65531082e281 - core::iter::traits::iterator::Iterator::collect::h34d314c40e0e437d
[INFO] [stdout]                                at /rustc/90b35a6239c3d8bdabc530a6a0816f7ff89a0aaf/library/core/src/iter/traits/iterator.rs:2001:9
[INFO] [stdout]   45:     0x65531082e281 - <core::result::Result<V,E> as core::iter::traits::collect::FromIterator<core::result::Result<A,E>>>::from_iter::{{closure}}::hc52282d2711558f8
[INFO] [stdout]                                at /rustc/90b35a6239c3d8bdabc530a6a0816f7ff89a0aaf/library/core/src/result.rs:1981:51
[INFO] [stdout]   46:     0x655310868dcc - core::iter::adapters::try_process::h93f525119ab79dbc
[INFO] [stdout]                                at /rustc/90b35a6239c3d8bdabc530a6a0816f7ff89a0aaf/library/core/src/iter/adapters/mod.rs:160:17
[INFO] [stdout]   47:     0x65531082e247 - <core::result::Result<V,E> as core::iter::traits::collect::FromIterator<core::result::Result<A,E>>>::from_iter::h457fe49a282a1dd5
[INFO] [stdout]                                at /rustc/90b35a6239c3d8bdabc530a6a0816f7ff89a0aaf/library/core/src/result.rs:1981:9
[INFO] [stdout]   48:     0x65531084a6dd - core::iter::traits::iterator::Iterator::collect::h92b79931cbdb8bed
[INFO] [stdout]                                at /rustc/90b35a6239c3d8bdabc530a6a0816f7ff89a0aaf/library/core/src/iter/traits/iterator.rs:2001:9
[INFO] [stdout]   49:     0x655310873dc1 - cw_multi_test::app::App<BankT,ApiT,StorageT,CustomT,WasmT,StakingT,DistrT,IbcT,GovT>::execute_multi::{{closure}}::h4454f863db1e1da2
[INFO] [stdout]                                at /opt/rustwide/cargo-home/registry/src/index.crates.io-6f17d22bba15001f/cw-multi-test-0.16.5/src/app.rs:774:13
[INFO] [stdout]   50:     0x655310873010 - cw_multi_test::transactions::transactional::h60e9d091b8f05760
[INFO] [stdout]                                at /opt/rustwide/cargo-home/registry/src/index.crates.io-6f17d22bba15001f/cw-multi-test-0.16.5/src/transactions.rs:27:15
[INFO] [stdout]   51:     0x655310873c81 - cw_multi_test::app::App<BankT,ApiT,StorageT,CustomT,WasmT,StakingT,DistrT,IbcT,GovT>::execute_multi::h47f656eb63fb8126
[INFO] [stdout]                                at /opt/rustwide/cargo-home/registry/src/index.crates.io-6f17d22bba15001f/cw-multi-test-0.16.5/src/app.rs:773:9
[INFO] [stdout]   52:     0x655310876cc0 - <cw_multi_test::app::App<BankT,ApiT,StorageT,CustomT,WasmT,StakingT,DistrT,IbcT,GovT> as cw_multi_test::executor::Executor<<CustomT as cw_multi_test::module::Module>::ExecT>>::execute::h3148a5f890b5631f
[INFO] [stdout]                                at /opt/rustwide/cargo-home/registry/src/index.crates.io-6f17d22bba15001f/cw-multi-test-0.16.5/src/app.rs:163:23
[INFO] [stdout]   53:     0x6553108746e0 - cw_multi_test::executor::Executor::execute_contract::he14962370b7f445f
[INFO] [stdout]                                at /opt/rustwide/cargo-home/registry/src/index.crates.io-6f17d22bba15001f/cw-multi-test-0.16.5/src/executor.rs:113:23
[INFO] [stdout]   54:     0x655310886832 - mod::helpers::enable_membership::h4646278986ca4049
[INFO] [stdout]                                at /opt/rustwide/workdir/contracts/member/tests/helpers.rs:176:5
[INFO] [stdout]   55:     0x655310862b96 - mod::registration_admin::test_registration_admin_can_enable_membership_on_behalf_of_user::test_registration_admin_can_enable_membership_on_behalf_of_user::h15a25a395e0048f1
[INFO] [stdout]                                at /opt/rustwide/workdir/contracts/member/tests/registration_admin/test_registration_admin_can_enable_membership_on_behalf_of_user.rs:28:5
[INFO] [stdout]   56:     0x655310862757 - mod::registration_admin::test_registration_admin_can_enable_membership_on_behalf_of_user::test_registration_admin_can_enable_membership_on_behalf_of_user::{{closure}}::h5cc83bb661263b60
[INFO] [stdout]                                at /opt/rustwide/workdir/contracts/member/tests/registration_admin/test_registration_admin_can_enable_membership_on_behalf_of_user.rs:14:69
[INFO] [stdout]   57:     0x65531089bda6 - core::ops::function::FnOnce::call_once::hf4bb28e53b48f9e5
[INFO] [stdout]                                at /rustc/90b35a6239c3d8bdabc530a6a0816f7ff89a0aaf/library/core/src/ops/function.rs:250:5
[INFO] [stdout]   58:     0x6553108eb2eb - core::ops::function::FnOnce::call_once::h109cf8051a59b34e
[INFO] [stdout]                                at /rustc/90b35a6239c3d8bdabc530a6a0816f7ff89a0aaf/library/core/src/ops/function.rs:250:5
[INFO] [stdout]   59:     0x6553108eb2eb - test::__rust_begin_short_backtrace::hf4fff89d377446ba
[INFO] [stdout]                                at /rustc/90b35a6239c3d8bdabc530a6a0816f7ff89a0aaf/library/test/src/lib.rs:621:18
[INFO] [stdout]   60:     0x6553108eab27 - test::run_test_in_process::{{closure}}::h0e39181dd7ee5a43
[INFO] [stdout]                                at /rustc/90b35a6239c3d8bdabc530a6a0816f7ff89a0aaf/library/test/src/lib.rs:644:60
[INFO] [stdout]   61:     0x6553108eab27 - <core::panic::unwind_safe::AssertUnwindSafe<F> as core::ops::function::FnOnce<()>>::call_once::hc5a66a30f0bdfd1f
[INFO] [stdout]                                at /rustc/90b35a6239c3d8bdabc530a6a0816f7ff89a0aaf/library/core/src/panic/unwind_safe.rs:272:9
[INFO] [stdout]   62:     0x6553108eab27 - std::panicking::try::do_call::h873b7cf639554a5e
[INFO] [stdout]                                at /rustc/90b35a6239c3d8bdabc530a6a0816f7ff89a0aaf/library/std/src/panicking.rs:557:40
[INFO] [stdout]   63:     0x6553108eab27 - std::panicking::try::hdb19862fad9c8bd1
[INFO] [stdout]                                at /rustc/90b35a6239c3d8bdabc530a6a0816f7ff89a0aaf/library/std/src/panicking.rs:520:19
[INFO] [stdout]   64:     0x6553108eab27 - std::panic::catch_unwind::h281fe732d236d260
[INFO] [stdout]                                at /rustc/90b35a6239c3d8bdabc530a6a0816f7ff89a0aaf/library/std/src/panic.rs:358:14
[INFO] [stdout]   65:     0x6553108eab27 - test::run_test_in_process::h949b6df8457ed338
[INFO] [stdout]                                at /rustc/90b35a6239c3d8bdabc530a6a0816f7ff89a0aaf/library/test/src/lib.rs:644:27
[INFO] [stdout]   66:     0x6553108eab27 - test::run_test::{{closure}}::h52c556a6d4740e10
[INFO] [stdout]                                at /rustc/90b35a6239c3d8bdabc530a6a0816f7ff89a0aaf/library/test/src/lib.rs:565:43
[INFO] [stdout]   67:     0x6553108afe04 - test::run_test::{{closure}}::h4237f6381c45ccb9
[INFO] [stdout]                                at /rustc/90b35a6239c3d8bdabc530a6a0816f7ff89a0aaf/library/test/src/lib.rs:595:41
[INFO] [stdout]   68:     0x6553108afe04 - std::sys::backtrace::__rust_begin_short_backtrace::h505c97a579eca628
[INFO] [stdout]                                at /rustc/90b35a6239c3d8bdabc530a6a0816f7ff89a0aaf/library/std/src/sys/backtrace.rs:154:18
[INFO] [stdout]   69:     0x6553108b34ce - std::thread::Builder::spawn_unchecked_::{{closure}}::{{closure}}::h9e86b2e2bc107ea3
[INFO] [stdout]                                at /rustc/90b35a6239c3d8bdabc530a6a0816f7ff89a0aaf/library/std/src/thread/mod.rs:538:17
[INFO] [stdout]   70:     0x6553108b34ce - <core::panic::unwind_safe::AssertUnwindSafe<F> as core::ops::function::FnOnce<()>>::call_once::h8b06ddb275ff4a25
[INFO] [stdout]                                at /rustc/90b35a6239c3d8bdabc530a6a0816f7ff89a0aaf/library/core/src/panic/unwind_safe.rs:272:9
[INFO] [stdout]   71:     0x6553108b34ce - std::panicking::try::do_call::hb26ecd7cd9a9355d
[INFO] [stdout]                                at /rustc/90b35a6239c3d8bdabc530a6a0816f7ff89a0aaf/library/std/src/panicking.rs:557:40
[INFO] [stdout]   72:     0x6553108b34ce - std::panicking::try::h8ddeca9d705f9069
[INFO] [stdout]                                at /rustc/90b35a6239c3d8bdabc530a6a0816f7ff89a0aaf/library/std/src/panicking.rs:520:19
[INFO] [stdout]   73:     0x6553108b34ce - std::panic::catch_unwind::h49e1c33078844c46
[INFO] [stdout]                                at /rustc/90b35a6239c3d8bdabc530a6a0816f7ff89a0aaf/library/std/src/panic.rs:358:14
[INFO] [stdout]   74:     0x6553108b34ce - std::thread::Builder::spawn_unchecked_::{{closure}}::h6073db6ff56ad35d
[INFO] [stdout]                                at /rustc/90b35a6239c3d8bdabc530a6a0816f7ff89a0aaf/library/std/src/thread/mod.rs:537:30
[INFO] [stdout]   75:     0x6553108b34ce - core::ops::function::FnOnce::call_once{{vtable.shim}}::h2c5a5f3779c774f1
[INFO] [stdout]                                at /rustc/90b35a6239c3d8bdabc530a6a0816f7ff89a0aaf/library/core/src/ops/function.rs:250:5
[INFO] [stdout]   76:     0x655310ae0f5b - <alloc::boxed::Box<F,A> as core::ops::function::FnOnce<Args>>::call_once::hf75717d9f28faebf
[INFO] [stdout]                                at /rustc/90b35a6239c3d8bdabc530a6a0816f7ff89a0aaf/library/alloc/src/boxed.rs:2454:9
[INFO] [stdout]   77:     0x655310ae0f5b - <alloc::boxed::Box<F,A> as core::ops::function::FnOnce<Args>>::call_once::h7bd883a5f3c5f3c1
[INFO] [stdout]                                at /rustc/90b35a6239c3d8bdabc530a6a0816f7ff89a0aaf/library/alloc/src/boxed.rs:2454:9
[INFO] [stdout]   78:     0x655310ae0f5b - std::sys::pal::unix::thread::Thread::new::thread_start::hcc78f3943333fa94
[INFO] [stdout]                                at /rustc/90b35a6239c3d8bdabc530a6a0816f7ff89a0aaf/library/std/src/sys/pal/unix/thread.rs:105:17
[INFO] [stdout]   79:     0x7c7b03565ac3 - <unknown>
[INFO] [stdout]   80:     0x7c7b035f6a04 - clone
[INFO] [stdout]   81:                0x0 - <unknown>
[INFO] [stdout] 
[INFO] [stdout] ---- membership::test_query_cost_to_buy_membership::test_query_cost_to_buy_membership stdout ----
[INFO] [stdout] thread 'membership::test_query_cost_to_buy_membership::test_query_cost_to_buy_membership' panicked at contracts/member/src/execute/user.rs:176:72:
[INFO] [stdout] called `Option::unwrap()` on a `None` value
[INFO] [stdout] stack backtrace:
[INFO] [stdout]    0:     0x655310adb70a - std::backtrace_rs::backtrace::libunwind::trace::h5a5b8284f2d0c266
[INFO] [stdout]                                at /rustc/90b35a6239c3d8bdabc530a6a0816f7ff89a0aaf/library/std/src/../../backtrace/src/backtrace/libunwind.rs:116:5
[INFO] [stdout]    1:     0x655310adb70a - std::backtrace_rs::backtrace::trace_unsynchronized::h76d4f1c9b0b875e3
[INFO] [stdout]                                at /rustc/90b35a6239c3d8bdabc530a6a0816f7ff89a0aaf/library/std/src/../../backtrace/src/backtrace/mod.rs:66:5
[INFO] [stdout]    2:     0x655310adb70a - std::sys::backtrace::_print_fmt::hc4546b8364a537c6
[INFO] [stdout]                                at /rustc/90b35a6239c3d8bdabc530a6a0816f7ff89a0aaf/library/std/src/sys/backtrace.rs:66:9
[INFO] [stdout]    3:     0x655310adb70a - <std::sys::backtrace::BacktraceLock::print::DisplayBacktrace as core::fmt::Display>::fmt::h5b6bd5631a6d1f6b
[INFO] [stdout]                                at /rustc/90b35a6239c3d8bdabc530a6a0816f7ff89a0aaf/library/std/src/sys/backtrace.rs:39:26
[INFO] [stdout]    4:     0x655310b01d03 - core::fmt::rt::Argument::fmt::h270f6602a2b96f62
[INFO] [stdout]                                at /rustc/90b35a6239c3d8bdabc530a6a0816f7ff89a0aaf/library/core/src/fmt/rt.rs:177:76
[INFO] [stdout]    5:     0x655310b01d03 - core::fmt::write::h7550c97b06c86515
[INFO] [stdout]                                at /rustc/90b35a6239c3d8bdabc530a6a0816f7ff89a0aaf/library/core/src/fmt/mod.rs:1186:21
[INFO] [stdout]    6:     0x655310ad88d3 - std::io::Write::write_fmt::h509ff860e5956e5e
[INFO] [stdout]                                at /rustc/90b35a6239c3d8bdabc530a6a0816f7ff89a0aaf/library/std/src/io/mod.rs:1839:15
[INFO] [stdout]    7:     0x655310adb552 - std::sys::backtrace::BacktraceLock::print::h2395ccd2c84ba3aa
[INFO] [stdout]                                at /rustc/90b35a6239c3d8bdabc530a6a0816f7ff89a0aaf/library/std/src/sys/backtrace.rs:42:9
[INFO] [stdout]    8:     0x655310adcb6a - std::panicking::default_hook::{{closure}}::he19d4c7230e07961
[INFO] [stdout]                                at /rustc/90b35a6239c3d8bdabc530a6a0816f7ff89a0aaf/library/std/src/panicking.rs:268:22
[INFO] [stdout]    9:     0x655310adc974 - std::panicking::default_hook::hf614597d3c67bbdb
[INFO] [stdout]                                at /rustc/90b35a6239c3d8bdabc530a6a0816f7ff89a0aaf/library/std/src/panicking.rs:292:9
[INFO] [stdout]   10:     0x6553108e6929 - <alloc::boxed::Box<F,A> as core::ops::function::Fn<Args>>::call::h39b51ce4599c23d1
[INFO] [stdout]                                at /rustc/90b35a6239c3d8bdabc530a6a0816f7ff89a0aaf/library/alloc/src/boxed.rs:2468:9
[INFO] [stdout]   11:     0x6553108e6929 - test::test_main::{{closure}}::he977ae839a582784
[INFO] [stdout]                                at /rustc/90b35a6239c3d8bdabc530a6a0816f7ff89a0aaf/library/test/src/lib.rs:133:21
[INFO] [stdout]   12:     0x655310add208 - <alloc::boxed::Box<F,A> as core::ops::function::Fn<Args>>::call::h9455091b6b06f9fb
[INFO] [stdout]                                at /rustc/90b35a6239c3d8bdabc530a6a0816f7ff89a0aaf/library/alloc/src/boxed.rs:2468:9
[INFO] [stdout]   13:     0x655310add208 - std::panicking::rust_panic_with_hook::h8942133a8b252070
[INFO] [stdout]                                at /rustc/90b35a6239c3d8bdabc530a6a0816f7ff89a0aaf/library/std/src/panicking.rs:809:13
[INFO] [stdout]   14:     0x655310adcf96 - std::panicking::begin_panic_handler::{{closure}}::hb5f5963570096b29
[INFO] [stdout]                                at /rustc/90b35a6239c3d8bdabc530a6a0816f7ff89a0aaf/library/std/src/panicking.rs:667:13
[INFO] [stdout]   15:     0x655310adbbe9 - std::sys::backtrace::__rust_end_short_backtrace::h6208cedc1922feda
[INFO] [stdout]                                at /rustc/90b35a6239c3d8bdabc530a6a0816f7ff89a0aaf/library/std/src/sys/backtrace.rs:170:18
[INFO] [stdout]   16:     0x655310adcc5c - rust_begin_unwind
[INFO] [stdout]                                at /rustc/90b35a6239c3d8bdabc530a6a0816f7ff89a0aaf/library/std/src/panicking.rs:665:5
[INFO] [stdout]   17:     0x6553107f8b60 - core::panicking::panic_fmt::h0c3082644d1bf418
[INFO] [stdout]                                at /rustc/90b35a6239c3d8bdabc530a6a0816f7ff89a0aaf/library/core/src/panicking.rs:74:14
[INFO] [stdout]   18:     0x6553107f8bec - core::panicking::panic::h957f98c65a3b3074
[INFO] [stdout]                                at /rustc/90b35a6239c3d8bdabc530a6a0816f7ff89a0aaf/library/core/src/panicking.rs:148:5
[INFO] [stdout]   19:     0x6553107f8ad9 - core::option::unwrap_failed::h098b0d47c83374d6
[INFO] [stdout]                                at /rustc/90b35a6239c3d8bdabc530a6a0816f7ff89a0aaf/library/core/src/option.rs:2012:5
[INFO] [stdout]   20:     0x65531099f5a8 - core::option::Option<T>::unwrap::hb49d73e7425f53b1
[INFO] [stdout]                                at /rustc/90b35a6239c3d8bdabc530a6a0816f7ff89a0aaf/library/core/src/option.rs:972:21
[INFO] [stdout]   21:     0x65531099f5a8 - member::execute::user::enable_membership::hec993cb793fb8781
[INFO] [stdout]                                at /opt/rustwide/workdir/contracts/member/src/execute/user.rs:176:38
[INFO] [stdout]   22:     0x655310981af5 - member::contract::execute::hfd188c9bcc6a2987
[INFO] [stdout]                                at /opt/rustwide/workdir/contracts/member/src/contract.rs:131:13
[INFO] [stdout]   23:     0x65531089a676 - core::ops::function::Fn::call::hf7974d1e3bf39f14
[INFO] [stdout]                                at /rustc/90b35a6239c3d8bdabc530a6a0816f7ff89a0aaf/library/core/src/ops/function.rs:79:5
[INFO] [stdout]   24:     0x65531085cb4e - <alloc::boxed::Box<F,A> as core::ops::function::Fn<Args>>::call::h40f073314015c83f
[INFO] [stdout]                                at /rustc/90b35a6239c3d8bdabc530a6a0816f7ff89a0aaf/library/alloc/src/boxed.rs:2468:9
[INFO] [stdout]   25:     0x65531087b424 - <cw_multi_test::contracts::ContractWrapper<T1,T2,T3,E1,E2,E3,C,Q,T4,E4,E5,T6,E6> as cw_multi_test::contracts::Contract<C,Q>>::execute::h18a31e3d8b58897a
[INFO] [stdout]                                at /opt/rustwide/cargo-home/registry/src/index.crates.io-6f17d22bba15001f/cw-multi-test-0.16.5/src/contracts.rs:393:9
[INFO] [stdout]   26:     0x65531084e9fc - cw_multi_test::wasm::WasmKeeper<ExecC,QueryC>::call_execute::{{closure}}::h128043929fcabfdc
[INFO] [stdout]                                at /opt/rustwide/cargo-home/registry/src/index.crates.io-6f17d22bba15001f/cw-multi-test-0.16.5/src/wasm.rs:751:35
[INFO] [stdout]   27:     0x655310855998 - cw_multi_test::wasm::WasmKeeper<ExecC,QueryC>::with_storage::{{closure}}::hd198ef54c6bd8809
[INFO] [stdout]                                at /opt/rustwide/cargo-home/registry/src/index.crates.io-6f17d22bba15001f/cw-multi-test-0.16.5/src/wasm.rs:903:13
[INFO] [stdout]   28:     0x6553108725a7 - cw_multi_test::transactions::transactional::h30863dc0a1f19d17
[INFO] [stdout]                                at /opt/rustwide/cargo-home/registry/src/index.crates.io-6f17d22bba15001f/cw-multi-test-0.16.5/src/transactions.rs:27:15
[INFO] [stdout]   29:     0x6553108533dd - cw_multi_test::wasm::WasmKeeper<ExecC,QueryC>::with_storage::h4880df902becde18
[INFO] [stdout]                                at /opt/rustwide/cargo-home/registry/src/index.crates.io-6f17d22bba15001f/cw-multi-test-0.16.5/src/wasm.rs:893:9
[INFO] [stdout]   30:     0x65531084e8d1 - cw_multi_test::wasm::WasmKeeper<ExecC,QueryC>::call_execute::hcb0d9890f3631b2c
[INFO] [stdout]                                at /opt/rustwide/cargo-home/registry/src/index.crates.io-6f17d22bba15001f/cw-multi-test-0.16.5/src/wasm.rs:745:31
[INFO] [stdout]   31:     0x65531084f6a7 - cw_multi_test::wasm::WasmKeeper<ExecC,QueryC>::execute_wasm::h4ca48038f59b4922
[INFO] [stdout]                                at /opt/rustwide/cargo-home/registry/src/index.crates.io-6f17d22bba15001f/cw-multi-test-0.16.5/src/wasm.rs:422:27
[INFO] [stderr] error: test failed, to rerun pass `-p member --test mod`
[INFO] [stdout]   32:     0x65531084db00 - <cw_multi_test::wasm::WasmKeeper<ExecC,QueryC> as cw_multi_test::wasm::Wasm<ExecC,QueryC>>::execute::h2cde5fd0a77f625a
[INFO] [stdout]                                at /opt/rustwide/cargo-home/registry/src/index.crates.io-6f17d22bba15001f/cw-multi-test-0.16.5/src/wasm.rs:183:9
[INFO] [stdout]   33:     0x65531087609d - <cw_multi_test::app::Router<BankT,CustomT,WasmT,StakingT,DistrT,IbcT,GovT> as cw_multi_test::app::CosmosRouter>::execute::h612a05348251d484
[INFO] [stdout]                                at /opt/rustwide/cargo-home/registry/src/index.crates.io-6f17d22bba15001f/cw-multi-test-0.16.5/src/app.rs:947:37
[INFO] [stdout]   34:     0x655310873ecd - cw_multi_test::app::App<BankT,ApiT,StorageT,CustomT,WasmT,StakingT,DistrT,IbcT,GovT>::execute_multi::{{closure}}::{{closure}}::hbf07bfcd0530a642
[INFO] [stdout]                                at /opt/rustwide/cargo-home/registry/src/index.crates.io-6f17d22bba15001f/cw-multi-test-0.16.5/src/app.rs:775:28
[INFO] [stdout]   35:     0x65531084a7f9 - core::iter::adapters::map::map_try_fold::{{closure}}::h965772f422e61a71
[INFO] [stdout]                                at /rustc/90b35a6239c3d8bdabc530a6a0816f7ff89a0aaf/library/core/src/iter/adapters/map.rs:95:28
[INFO] [stdout]   36:     0x655310847e14 - <alloc::vec::into_iter::IntoIter<T,A> as core::iter::traits::iterator::Iterator>::try_fold::h60b387d6abf03b07
[INFO] [stdout]                                at /rustc/90b35a6239c3d8bdabc530a6a0816f7ff89a0aaf/library/alloc/src/vec/into_iter.rs:346:25
[INFO] [stdout]   37:     0x65531084759f - <core::iter::adapters::map::Map<I,F> as core::iter::traits::iterator::Iterator>::try_fold::ha693d5c0fb6b8722
[INFO] [stdout]                                at /rustc/90b35a6239c3d8bdabc530a6a0816f7ff89a0aaf/library/core/src/iter/adapters/map.rs:121:9
[INFO] [stdout]   38:     0x655310868168 - <core::iter::adapters::GenericShunt<I,R> as core::iter::traits::iterator::Iterator>::try_fold::hec4042ecdfb613f4
[INFO] [stdout]                                at /rustc/90b35a6239c3d8bdabc530a6a0816f7ff89a0aaf/library/core/src/iter/adapters/mod.rs:191:9
[INFO] [stdout]   39:     0x6553108680a0 - core::iter::traits::iterator::Iterator::try_for_each::h5a6e12358ef52db4
[INFO] [stdout]                                at /rustc/90b35a6239c3d8bdabc530a6a0816f7ff89a0aaf/library/core/src/iter/traits/iterator.rs:2468:9
[INFO] [stdout]   40:     0x6553108680a0 - <core::iter::adapters::GenericShunt<I,R> as core::iter::traits::iterator::Iterator>::next::hbb27412abbfdd892
[INFO] [stdout]                                at /rustc/90b35a6239c3d8bdabc530a6a0816f7ff89a0aaf/library/core/src/iter/adapters/mod.rs:174:14
[INFO] [stdout]   41:     0x6553108a0e58 - <alloc::vec::Vec<T> as alloc::vec::spec_from_iter_nested::SpecFromIterNested<T,I>>::from_iter::h88951bed7868e3bd
[INFO] [stdout]                                at /rustc/90b35a6239c3d8bdabc530a6a0816f7ff89a0aaf/library/alloc/src/vec/spec_from_iter_nested.rs:24:32
[INFO] [stdout]   42:     0x6553108a2f8d - alloc::vec::in_place_collect::<impl alloc::vec::spec_from_iter::SpecFromIter<T,I> for alloc::vec::Vec<T>>::from_iter::h007e383f64badfb5
[INFO] [stdout]                                at /rustc/90b35a6239c3d8bdabc530a6a0816f7ff89a0aaf/library/alloc/src/vec/in_place_collect.rs:245:9
[INFO] [stdout]   43:     0x6553108a41b5 - <alloc::vec::Vec<T> as core::iter::traits::collect::FromIterator<T>>::from_iter::hdbcb3bde3c21d4a8
[INFO] [stdout]                                at /rustc/90b35a6239c3d8bdabc530a6a0816f7ff89a0aaf/library/alloc/src/vec/mod.rs:3388:9
[INFO] [stdout]   44:     0x65531082e281 - core::iter::traits::iterator::Iterator::collect::h34d314c40e0e437d
[INFO] [stdout]                                at /rustc/90b35a6239c3d8bdabc530a6a0816f7ff89a0aaf/library/core/src/iter/traits/iterator.rs:2001:9
[INFO] [stdout]   45:     0x65531082e281 - <core::result::Result<V,E> as core::iter::traits::collect::FromIterator<core::result::Result<A,E>>>::from_iter::{{closure}}::hc52282d2711558f8
[INFO] [stdout]                                at /rustc/90b35a6239c3d8bdabc530a6a0816f7ff89a0aaf/library/core/src/result.rs:1981:51
[INFO] [stdout]   46:     0x655310868dcc - core::iter::adapters::try_process::h93f525119ab79dbc
[INFO] [stdout]                                at /rustc/90b35a6239c3d8bdabc530a6a0816f7ff89a0aaf/library/core/src/iter/adapters/mod.rs:160:17
[INFO] [stdout]   47:     0x65531082e247 - <core::result::Result<V,E> as core::iter::traits::collect::FromIterator<core::result::Result<A,E>>>::from_iter::h457fe49a282a1dd5
[INFO] [stdout]                                at /rustc/90b35a6239c3d8bdabc530a6a0816f7ff89a0aaf/library/core/src/result.rs:1981:9
[INFO] [stdout]   48:     0x65531084a6dd - core::iter::traits::iterator::Iterator::collect::h92b79931cbdb8bed
[INFO] [stdout]                                at /rustc/90b35a6239c3d8bdabc530a6a0816f7ff89a0aaf/library/core/src/iter/traits/iterator.rs:2001:9
[INFO] [stdout]   49:     0x655310873dc1 - cw_multi_test::app::App<BankT,ApiT,StorageT,CustomT,WasmT,StakingT,DistrT,IbcT,GovT>::execute_multi::{{closure}}::h4454f863db1e1da2
[INFO] [stdout]                                at /opt/rustwide/cargo-home/registry/src/index.crates.io-6f17d22bba15001f/cw-multi-test-0.16.5/src/app.rs:774:13
[INFO] [stdout]   50:     0x655310873010 - cw_multi_test::transactions::transactional::h60e9d091b8f05760
[INFO] [stdout]                                at /opt/rustwide/cargo-home/registry/src/index.crates.io-6f17d22bba15001f/cw-multi-test-0.16.5/src/transactions.rs:27:15
[INFO] [stdout]   51:     0x655310873c81 - cw_multi_test::app::App<BankT,ApiT,StorageT,CustomT,WasmT,StakingT,DistrT,IbcT,GovT>::execute_multi::h47f656eb63fb8126
[INFO] [stdout]                                at /opt/rustwide/cargo-home/registry/src/index.crates.io-6f17d22bba15001f/cw-multi-test-0.16.5/src/app.rs:773:9
[INFO] [stdout]   52:     0x655310876cc0 - <cw_multi_test::app::App<BankT,ApiT,StorageT,CustomT,WasmT,StakingT,DistrT,IbcT,GovT> as cw_multi_test::executor::Executor<<CustomT as cw_multi_test::module::Module>::ExecT>>::execute::h3148a5f890b5631f
[INFO] [stdout]                                at /opt/rustwide/cargo-home/registry/src/index.crates.io-6f17d22bba15001f/cw-multi-test-0.16.5/src/app.rs:163:23
[INFO] [stdout]   53:     0x6553108746e0 - cw_multi_test::executor::Executor::execute_contract::he14962370b7f445f
[INFO] [stdout]                                at /opt/rustwide/cargo-home/registry/src/index.crates.io-6f17d22bba15001f/cw-multi-test-0.16.5/src/executor.rs:113:23
[INFO] [stdout]   54:     0x655310886832 - mod::helpers::enable_membership::h4646278986ca4049
[INFO] [stdout]                                at /opt/rustwide/workdir/contracts/member/tests/helpers.rs:176:5
[INFO] [stdout]   55:     0x65531086168c - mod::membership::test_query_cost_to_buy_membership::test_query_cost_to_buy_membership::h54271a1676c31c93
[INFO] [stdout]                                at /opt/rustwide/workdir/contracts/member/tests/membership/test_query_cost_to_buy_membership.rs:35:5
[INFO] [stdout]   56:     0x655310861237 - mod::membership::test_query_cost_to_buy_membership::test_query_cost_to_buy_membership::{{closure}}::hd09a388c195c3c71
[INFO] [stdout]                                at /opt/rustwide/workdir/contracts/member/tests/membership/test_query_cost_to_buy_membership.rs:11:39
[INFO] [stdout]   57:     0x65531089b506 - core::ops::function::FnOnce::call_once::h66f895b180eea2b5
[INFO] [stdout]                                at /rustc/90b35a6239c3d8bdabc530a6a0816f7ff89a0aaf/library/core/src/ops/function.rs:250:5
[INFO] [stdout]   58:     0x6553108eb2eb - core::ops::function::FnOnce::call_once::h109cf8051a59b34e
[INFO] [stdout]                                at /rustc/90b35a6239c3d8bdabc530a6a0816f7ff89a0aaf/library/core/src/ops/function.rs:250:5
[INFO] [stdout]   59:     0x6553108eb2eb - test::__rust_begin_short_backtrace::hf4fff89d377446ba
[INFO] [stdout]                                at /rustc/90b35a6239c3d8bdabc530a6a0816f7ff89a0aaf/library/test/src/lib.rs:621:18
[INFO] [stdout]   60:     0x6553108eab27 - test::run_test_in_process::{{closure}}::h0e39181dd7ee5a43
[INFO] [stdout]                                at /rustc/90b35a6239c3d8bdabc530a6a0816f7ff89a0aaf/library/test/src/lib.rs:644:60
[INFO] [stdout]   61:     0x6553108eab27 - <core::panic::unwind_safe::AssertUnwindSafe<F> as core::ops::function::FnOnce<()>>::call_once::hc5a66a30f0bdfd1f
[INFO] [stdout]                                at /rustc/90b35a6239c3d8bdabc530a6a0816f7ff89a0aaf/library/core/src/panic/unwind_safe.rs:272:9
[INFO] [stdout]   62:     0x6553108eab27 - std::panicking::try::do_call::h873b7cf639554a5e
[INFO] [stdout]                                at /rustc/90b35a6239c3d8bdabc530a6a0816f7ff89a0aaf/library/std/src/panicking.rs:557:40
[INFO] [stdout]   63:     0x6553108eab27 - std::panicking::try::hdb19862fad9c8bd1
[INFO] [stdout]                                at /rustc/90b35a6239c3d8bdabc530a6a0816f7ff89a0aaf/library/std/src/panicking.rs:520:19
[INFO] [stdout]   64:     0x6553108eab27 - std::panic::catch_unwind::h281fe732d236d260
[INFO] [stdout]                                at /rustc/90b35a6239c3d8bdabc530a6a0816f7ff89a0aaf/library/std/src/panic.rs:358:14
[INFO] [stdout]   65:     0x6553108eab27 - test::run_test_in_process::h949b6df8457ed338
[INFO] [stdout]                                at /rustc/90b35a6239c3d8bdabc530a6a0816f7ff89a0aaf/library/test/src/lib.rs:644:27
[INFO] [stdout]   66:     0x6553108eab27 - test::run_test::{{closure}}::h52c556a6d4740e10
[INFO] [stdout]                                at /rustc/90b35a6239c3d8bdabc530a6a0816f7ff89a0aaf/library/test/src/lib.rs:565:43
[INFO] [stdout]   67:     0x6553108afe04 - test::run_test::{{closure}}::h4237f6381c45ccb9
[INFO] [stdout]                                at /rustc/90b35a6239c3d8bdabc530a6a0816f7ff89a0aaf/library/test/src/lib.rs:595:41
[INFO] [stdout]   68:     0x6553108afe04 - std::sys::backtrace::__rust_begin_short_backtrace::h505c97a579eca628
[INFO] [stdout]                                at /rustc/90b35a6239c3d8bdabc530a6a0816f7ff89a0aaf/library/std/src/sys/backtrace.rs:154:18
[INFO] [stdout]   69:     0x6553108b34ce - std::thread::Builder::spawn_unchecked_::{{closure}}::{{closure}}::h9e86b2e2bc107ea3
[INFO] [stdout]                                at /rustc/90b35a6239c3d8bdabc530a6a0816f7ff89a0aaf/library/std/src/thread/mod.rs:538:17
[INFO] [stdout]   70:     0x6553108b34ce - <core::panic::unwind_safe::AssertUnwindSafe<F> as core::ops::function::FnOnce<()>>::call_once::h8b06ddb275ff4a25
[INFO] [stdout]                                at /rustc/90b35a6239c3d8bdabc530a6a0816f7ff89a0aaf/library/core/src/panic/unwind_safe.rs:272:9
[INFO] [stdout]   71:     0x6553108b34ce - std::panicking::try::do_call::hb26ecd7cd9a9355d
[INFO] [stdout]                                at /rustc/90b35a6239c3d8bdabc530a6a0816f7ff89a0aaf/library/std/src/panicking.rs:557:40
[INFO] [stdout]   72:     0x6553108b34ce - std::panicking::try::h8ddeca9d705f9069
[INFO] [stdout]                                at /rustc/90b35a6239c3d8bdabc530a6a0816f7ff89a0aaf/library/std/src/panicking.rs:520:19
[INFO] [stdout]   73:     0x6553108b34ce - std::panic::catch_unwind::h49e1c33078844c46
[INFO] [stdout]                                at /rustc/90b35a6239c3d8bdabc530a6a0816f7ff89a0aaf/library/std/src/panic.rs:358:14
[INFO] [stdout]   74:     0x6553108b34ce - std::thread::Builder::spawn_unchecked_::{{closure}}::h6073db6ff56ad35d
[INFO] [stdout]                                at /rustc/90b35a6239c3d8bdabc530a6a0816f7ff89a0aaf/library/std/src/thread/mod.rs:537:30
[INFO] [stdout]   75:     0x6553108b34ce - core::ops::function::FnOnce::call_once{{vtable.shim}}::h2c5a5f3779c774f1
[INFO] [stdout]                                at /rustc/90b35a6239c3d8bdabc530a6a0816f7ff89a0aaf/library/core/src/ops/function.rs:250:5
[INFO] [stdout]   76:     0x655310ae0f5b - <alloc::boxed::Box<F,A> as core::ops::function::FnOnce<Args>>::call_once::hf75717d9f28faebf
[INFO] [stdout]                                at /rustc/90b35a6239c3d8bdabc530a6a0816f7ff89a0aaf/library/alloc/src/boxed.rs:2454:9
[INFO] [stdout]   77:     0x655310ae0f5b - <alloc::boxed::Box<F,A> as core::ops::function::FnOnce<Args>>::call_once::h7bd883a5f3c5f3c1
[INFO] [stdout]                                at /rustc/90b35a6239c3d8bdabc530a6a0816f7ff89a0aaf/library/alloc/src/boxed.rs:2454:9
[INFO] [stdout]   78:     0x655310ae0f5b - std::sys::pal::unix::thread::Thread::new::thread_start::hcc78f3943333fa94
[INFO] [stdout]                                at /rustc/90b35a6239c3d8bdabc530a6a0816f7ff89a0aaf/library/std/src/sys/pal/unix/thread.rs:105:17
[INFO] [stdout]   79:     0x7c7b03565ac3 - <unknown>
[INFO] [stdout]   80:     0x7c7b035f6a04 - clone
[INFO] [stdout]   81:                0x0 - <unknown>
[INFO] [stdout] 
[INFO] [stdout] ---- membership::test_sell_membership_cannot_sell_last_membership::test_sell_membership_cannot_sell_last_key stdout ----
[INFO] [stdout] thread 'membership::test_sell_membership_cannot_sell_last_membership::test_sell_membership_cannot_sell_last_key' panicked at contracts/member/src/execute/user.rs:176:72:
[INFO] [stdout] called `Option::unwrap()` on a `None` value
[INFO] [stdout] stack backtrace:
[INFO] [stdout]    0:     0x655310adb70a - std::backtrace_rs::backtrace::libunwind::trace::h5a5b8284f2d0c266
[INFO] [stdout]                                at /rustc/90b35a6239c3d8bdabc530a6a0816f7ff89a0aaf/library/std/src/../../backtrace/src/backtrace/libunwind.rs:116:5
[INFO] [stdout]    1:     0x655310adb70a - std::backtrace_rs::backtrace::trace_unsynchronized::h76d4f1c9b0b875e3
[INFO] [stdout]                                at /rustc/90b35a6239c3d8bdabc530a6a0816f7ff89a0aaf/library/std/src/../../backtrace/src/backtrace/mod.rs:66:5
[INFO] [stdout]    2:     0x655310adb70a - std::sys::backtrace::_print_fmt::hc4546b8364a537c6
[INFO] [stdout]                                at /rustc/90b35a6239c3d8bdabc530a6a0816f7ff89a0aaf/library/std/src/sys/backtrace.rs:66:9
[INFO] [stdout]    3:     0x655310adb70a - <std::sys::backtrace::BacktraceLock::print::DisplayBacktrace as core::fmt::Display>::fmt::h5b6bd5631a6d1f6b
[INFO] [stdout]                                at /rustc/90b35a6239c3d8bdabc530a6a0816f7ff89a0aaf/library/std/src/sys/backtrace.rs:39:26
[INFO] [stdout]    4:     0x655310b01d03 - core::fmt::rt::Argument::fmt::h270f6602a2b96f62
[INFO] [stdout]                                at /rustc/90b35a6239c3d8bdabc530a6a0816f7ff89a0aaf/library/core/src/fmt/rt.rs:177:76
[INFO] [stdout]    5:     0x655310b01d03 - core::fmt::write::h7550c97b06c86515
[INFO] [stdout]                                at /rustc/90b35a6239c3d8bdabc530a6a0816f7ff89a0aaf/library/core/src/fmt/mod.rs:1186:21
[INFO] [stdout]    6:     0x655310ad88d3 - std::io::Write::write_fmt::h509ff860e5956e5e
[INFO] [stdout]                                at /rustc/90b35a6239c3d8bdabc530a6a0816f7ff89a0aaf/library/std/src/io/mod.rs:1839:15
[INFO] [stdout]    7:     0x655310adb552 - std::sys::backtrace::BacktraceLock::print::h2395ccd2c84ba3aa
[INFO] [stdout]                                at /rustc/90b35a6239c3d8bdabc530a6a0816f7ff89a0aaf/library/std/src/sys/backtrace.rs:42:9
[INFO] [stdout]    8:     0x655310adcb6a - std::panicking::default_hook::{{closure}}::he19d4c7230e07961
[INFO] [stdout]                                at /rustc/90b35a6239c3d8bdabc530a6a0816f7ff89a0aaf/library/std/src/panicking.rs:268:22
[INFO] [stdout]    9:     0x655310adc974 - std::panicking::default_hook::hf614597d3c67bbdb
[INFO] [stdout]                                at /rustc/90b35a6239c3d8bdabc530a6a0816f7ff89a0aaf/library/std/src/panicking.rs:292:9
[INFO] [stdout]   10:     0x6553108e6929 - <alloc::boxed::Box<F,A> as core::ops::function::Fn<Args>>::call::h39b51ce4599c23d1
[INFO] [stdout]                                at /rustc/90b35a6239c3d8bdabc530a6a0816f7ff89a0aaf/library/alloc/src/boxed.rs:2468:9
[INFO] [stdout]   11:     0x6553108e6929 - test::test_main::{{closure}}::he977ae839a582784
[INFO] [stdout]                                at /rustc/90b35a6239c3d8bdabc530a6a0816f7ff89a0aaf/library/test/src/lib.rs:133:21
[INFO] [stdout]   12:     0x655310add208 - <alloc::boxed::Box<F,A> as core::ops::function::Fn<Args>>::call::h9455091b6b06f9fb
[INFO] [stdout]                                at /rustc/90b35a6239c3d8bdabc530a6a0816f7ff89a0aaf/library/alloc/src/boxed.rs:2468:9
[INFO] [stdout]   13:     0x655310add208 - std::panicking::rust_panic_with_hook::h8942133a8b252070
[INFO] [stdout]                                at /rustc/90b35a6239c3d8bdabc530a6a0816f7ff89a0aaf/library/std/src/panicking.rs:809:13
[INFO] [stdout]   14:     0x655310adcf96 - std::panicking::begin_panic_handler::{{closure}}::hb5f5963570096b29
[INFO] [stdout]                                at /rustc/90b35a6239c3d8bdabc530a6a0816f7ff89a0aaf/library/std/src/panicking.rs:667:13
[INFO] [stdout]   15:     0x655310adbbe9 - std::sys::backtrace::__rust_end_short_backtrace::h6208cedc1922feda
[INFO] [stdout]                                at /rustc/90b35a6239c3d8bdabc530a6a0816f7ff89a0aaf/library/std/src/sys/backtrace.rs:170:18
[INFO] [stdout]   16:     0x655310adcc5c - rust_begin_unwind
[INFO] [stdout]                                at /rustc/90b35a6239c3d8bdabc530a6a0816f7ff89a0aaf/library/std/src/panicking.rs:665:5
[INFO] [stdout]   17:     0x6553107f8b60 - core::panicking::panic_fmt::h0c3082644d1bf418
[INFO] [stdout]                                at /rustc/90b35a6239c3d8bdabc530a6a0816f7ff89a0aaf/library/core/src/panicking.rs:74:14
[INFO] [stdout]   18:     0x6553107f8bec - core::panicking::panic::h957f98c65a3b3074
[INFO] [stdout]                                at /rustc/90b35a6239c3d8bdabc530a6a0816f7ff89a0aaf/library/core/src/panicking.rs:148:5
[INFO] [stdout]   19:     0x6553107f8ad9 - core::option::unwrap_failed::h098b0d47c83374d6
[INFO] [stdout]                                at /rustc/90b35a6239c3d8bdabc530a6a0816f7ff89a0aaf/library/core/src/option.rs:2012:5
[INFO] [stdout]   20:     0x65531099f5a8 - core::option::Option<T>::unwrap::hb49d73e7425f53b1
[INFO] [stdout]                                at /rustc/90b35a6239c3d8bdabc530a6a0816f7ff89a0aaf/library/core/src/option.rs:972:21
[INFO] [stdout]   21:     0x65531099f5a8 - member::execute::user::enable_membership::hec993cb793fb8781
[INFO] [stdout]                                at /opt/rustwide/workdir/contracts/member/src/execute/user.rs:176:38
[INFO] [stdout]   22:     0x655310981af5 - member::contract::execute::hfd188c9bcc6a2987
[INFO] [stdout]                                at /opt/rustwide/workdir/contracts/member/src/contract.rs:131:13
[INFO] [stdout]   23:     0x65531089a676 - core::ops::function::Fn::call::hf7974d1e3bf39f14
[INFO] [stdout]                                at /rustc/90b35a6239c3d8bdabc530a6a0816f7ff89a0aaf/library/core/src/ops/function.rs:79:5
[INFO] [stdout]   24:     0x65531085cb4e - <alloc::boxed::Box<F,A> as core::ops::function::Fn<Args>>::call::h40f073314015c83f
[INFO] [stdout]                                at /rustc/90b35a6239c3d8bdabc530a6a0816f7ff89a0aaf/library/alloc/src/boxed.rs:2468:9
[INFO] [stdout]   25:     0x65531087b424 - <cw_multi_test::contracts::ContractWrapper<T1,T2,T3,E1,E2,E3,C,Q,T4,E4,E5,T6,E6> as cw_multi_test::contracts::Contract<C,Q>>::execute::h18a31e3d8b58897a
[INFO] [stdout]                                at /opt/rustwide/cargo-home/registry/src/index.crates.io-6f17d22bba15001f/cw-multi-test-0.16.5/src/contracts.rs:393:9
[INFO] [stdout]   26:     0x65531084e9fc - cw_multi_test::wasm::WasmKeeper<ExecC,QueryC>::call_execute::{{closure}}::h128043929fcabfdc
[INFO] [stdout]                                at /opt/rustwide/cargo-home/registry/src/index.crates.io-6f17d22bba15001f/cw-multi-test-0.16.5/src/wasm.rs:751:35
[INFO] [stdout]   27:     0x655310855998 - cw_multi_test::wasm::WasmKeeper<ExecC,QueryC>::with_storage::{{closure}}::hd198ef54c6bd8809
[INFO] [stdout]                                at /opt/rustwide/cargo-home/registry/src/index.crates.io-6f17d22bba15001f/cw-multi-test-0.16.5/src/wasm.rs:903:13
[INFO] [stdout]   28:     0x6553108725a7 - cw_multi_test::transactions::transactional::h30863dc0a1f19d17
[INFO] [stdout]                                at /opt/rustwide/cargo-home/registry/src/index.crates.io-6f17d22bba15001f/cw-multi-test-0.16.5/src/transactions.rs:27:15
[INFO] [stdout]   29:     0x6553108533dd - cw_multi_test::wasm::WasmKeeper<ExecC,QueryC>::with_storage::h4880df902becde18
[INFO] [stdout]                                at /opt/rustwide/cargo-home/registry/src/index.crates.io-6f17d22bba15001f/cw-multi-test-0.16.5/src/wasm.rs:893:9
[INFO] [stdout]   30:     0x65531084e8d1 - cw_multi_test::wasm::WasmKeeper<ExecC,QueryC>::call_execute::hcb0d9890f3631b2c
[INFO] [stdout]                                at /opt/rustwide/cargo-home/registry/src/index.crates.io-6f17d22bba15001f/cw-multi-test-0.16.5/src/wasm.rs:745:31
[INFO] [stdout]   31:     0x65531084f6a7 - cw_multi_test::wasm::WasmKeeper<ExecC,QueryC>::execute_wasm::h4ca48038f59b4922
[INFO] [stdout]                                at /opt/rustwide/cargo-home/registry/src/index.crates.io-6f17d22bba15001f/cw-multi-test-0.16.5/src/wasm.rs:422:27
[INFO] [stdout]   32:     0x65531084db00 - <cw_multi_test::wasm::WasmKeeper<ExecC,QueryC> as cw_multi_test::wasm::Wasm<ExecC,QueryC>>::execute::h2cde5fd0a77f625a
[INFO] [stdout]                                at /opt/rustwide/cargo-home/registry/src/index.crates.io-6f17d22bba15001f/cw-multi-test-0.16.5/src/wasm.rs:183:9
[INFO] [stdout]   33:     0x65531087609d - <cw_multi_test::app::Router<BankT,CustomT,WasmT,StakingT,DistrT,IbcT,GovT> as cw_multi_test::app::CosmosRouter>::execute::h612a05348251d484
[INFO] [stdout]                                at /opt/rustwide/cargo-home/registry/src/index.crates.io-6f17d22bba15001f/cw-multi-test-0.16.5/src/app.rs:947:37
[INFO] [stdout]   34:     0x655310873ecd - cw_multi_test::app::App<BankT,ApiT,StorageT,CustomT,WasmT,StakingT,DistrT,IbcT,GovT>::execute_multi::{{closure}}::{{closure}}::hbf07bfcd0530a642
[INFO] [stdout]                                at /opt/rustwide/cargo-home/registry/src/index.crates.io-6f17d22bba15001f/cw-multi-test-0.16.5/src/app.rs:775:28
[INFO] [stdout]   35:     0x65531084a7f9 - core::iter::adapters::map::map_try_fold::{{closure}}::h965772f422e61a71
[INFO] [stdout]                                at /rustc/90b35a6239c3d8bdabc530a6a0816f7ff89a0aaf/library/core/src/iter/adapters/map.rs:95:28
[INFO] [stdout]   36:     0x655310847e14 - <alloc::vec::into_iter::IntoIter<T,A> as core::iter::traits::iterator::Iterator>::try_fold::h60b387d6abf03b07
[INFO] [stdout]                                at /rustc/90b35a6239c3d8bdabc530a6a0816f7ff89a0aaf/library/alloc/src/vec/into_iter.rs:346:25
[INFO] [stdout]   37:     0x65531084759f - <core::iter::adapters::map::Map<I,F> as core::iter::traits::iterator::Iterator>::try_fold::ha693d5c0fb6b8722
[INFO] [stdout]                                at /rustc/90b35a6239c3d8bdabc530a6a0816f7ff89a0aaf/library/core/src/iter/adapters/map.rs:121:9
[INFO] [stdout]   38:     0x655310868168 - <core::iter::adapters::GenericShunt<I,R> as core::iter::traits::iterator::Iterator>::try_fold::hec4042ecdfb613f4
[INFO] [stdout]                                at /rustc/90b35a6239c3d8bdabc530a6a0816f7ff89a0aaf/library/core/src/iter/adapters/mod.rs:191:9
[INFO] [stdout]   39:     0x6553108680a0 - core::iter::traits::iterator::Iterator::try_for_each::h5a6e12358ef52db4
[INFO] [stdout]                                at /rustc/90b35a6239c3d8bdabc530a6a0816f7ff89a0aaf/library/core/src/iter/traits/iterator.rs:2468:9
[INFO] [stdout]   40:     0x6553108680a0 - <core::iter::adapters::GenericShunt<I,R> as core::iter::traits::iterator::Iterator>::next::hbb27412abbfdd892
[INFO] [stdout]                                at /rustc/90b35a6239c3d8bdabc530a6a0816f7ff89a0aaf/library/core/src/iter/adapters/mod.rs:174:14
[INFO] [stdout]   41:     0x6553108a0e58 - <alloc::vec::Vec<T> as alloc::vec::spec_from_iter_nested::SpecFromIterNested<T,I>>::from_iter::h88951bed7868e3bd
[INFO] [stdout]                                at /rustc/90b35a6239c3d8bdabc530a6a0816f7ff89a0aaf/library/alloc/src/vec/spec_from_iter_nested.rs:24:32
[INFO] [stdout]   42:     0x6553108a2f8d - alloc::vec::in_place_collect::<impl alloc::vec::spec_from_iter::SpecFromIter<T,I> for alloc::vec::Vec<T>>::from_iter::h007e383f64badfb5
[INFO] [stdout]                                at /rustc/90b35a6239c3d8bdabc530a6a0816f7ff89a0aaf/library/alloc/src/vec/in_place_collect.rs:245:9
[INFO] [stdout]   43:     0x6553108a41b5 - <alloc::vec::Vec<T> as core::iter::traits::collect::FromIterator<T>>::from_iter::hdbcb3bde3c21d4a8
[INFO] [stdout]                                at /rustc/90b35a6239c3d8bdabc530a6a0816f7ff89a0aaf/library/alloc/src/vec/mod.rs:3388:9
[INFO] [stdout]   44:     0x65531082e281 - core::iter::traits::iterator::Iterator::collect::h34d314c40e0e437d
[INFO] [stdout]                                at /rustc/90b35a6239c3d8bdabc530a6a0816f7ff89a0aaf/library/core/src/iter/traits/iterator.rs:2001:9
[INFO] [stdout]   45:     0x65531082e281 - <core::result::Result<V,E> as core::iter::traits::collect::FromIterator<core::result::Result<A,E>>>::from_iter::{{closure}}::hc52282d2711558f8
[INFO] [stdout]                                at /rustc/90b35a6239c3d8bdabc530a6a0816f7ff89a0aaf/library/core/src/result.rs:1981:51
[INFO] [stdout]   46:     0x655310868dcc - core::iter::adapters::try_process::h93f525119ab79dbc
[INFO] [stdout]                                at /rustc/90b35a6239c3d8bdabc530a6a0816f7ff89a0aaf/library/core/src/iter/adapters/mod.rs:160:17
[INFO] [stdout]   47:     0x65531082e247 - <core::result::Result<V,E> as core::iter::traits::collect::FromIterator<core::result::Result<A,E>>>::from_iter::h457fe49a282a1dd5
[INFO] [stdout]                                at /rustc/90b35a6239c3d8bdabc530a6a0816f7ff89a0aaf/library/core/src/result.rs:1981:9
[INFO] [stdout]   48:     0x65531084a6dd - core::iter::traits::iterator::Iterator::collect::h92b79931cbdb8bed
[INFO] [stdout]                                at /rustc/90b35a6239c3d8bdabc530a6a0816f7ff89a0aaf/library/core/src/iter/traits/iterator.rs:2001:9
[INFO] [stdout]   49:     0x655310873dc1 - cw_multi_test::app::App<BankT,ApiT,StorageT,CustomT,WasmT,StakingT,DistrT,IbcT,GovT>::execute_multi::{{closure}}::h4454f863db1e1da2
[INFO] [stdout]                                at /opt/rustwide/cargo-home/registry/src/index.crates.io-6f17d22bba15001f/cw-multi-test-0.16.5/src/app.rs:774:13
[INFO] [stdout]   50:     0x655310873010 - cw_multi_test::transactions::transactional::h60e9d091b8f05760
[INFO] [stdout]                                at /opt/rustwide/cargo-home/registry/src/index.crates.io-6f17d22bba15001f/cw-multi-test-0.16.5/src/transactions.rs:27:15
[INFO] [stdout]   51:     0x655310873c81 - cw_multi_test::app::App<BankT,ApiT,StorageT,CustomT,WasmT,StakingT,DistrT,IbcT,GovT>::execute_multi::h47f656eb63fb8126
[INFO] [stdout]                                at /opt/rustwide/cargo-home/registry/src/index.crates.io-6f17d22bba15001f/cw-multi-test-0.16.5/src/app.rs:773:9
[INFO] [stdout]   52:     0x655310876cc0 - <cw_multi_test::app::App<BankT,ApiT,StorageT,CustomT,WasmT,StakingT,DistrT,IbcT,GovT> as cw_multi_test::executor::Executor<<CustomT as cw_multi_test::module::Module>::ExecT>>::execute::h3148a5f890b5631f
[INFO] [stdout]                                at /opt/rustwide/cargo-home/registry/src/index.crates.io-6f17d22bba15001f/cw-multi-test-0.16.5/src/app.rs:163:23
[INFO] [stdout]   53:     0x6553108746e0 - cw_multi_test::executor::Executor::execute_contract::he14962370b7f445f
[INFO] [stdout]                                at /opt/rustwide/cargo-home/registry/src/index.crates.io-6f17d22bba15001f/cw-multi-test-0.16.5/src/executor.rs:113:23
[INFO] [stdout]   54:     0x655310886832 - mod::helpers::enable_membership::h4646278986ca4049
[INFO] [stdout]                                at /opt/rustwide/workdir/contracts/member/tests/helpers.rs:176:5
[INFO] [stdout]   55:     0x655310862159 - mod::membership::test_sell_membership_cannot_sell_last_membership::test_sell_membership_cannot_sell_last_key::h7944f97c2a22cd46
[INFO] [stdout]                                at /opt/rustwide/workdir/contracts/member/tests/membership/test_sell_membership_cannot_sell_last_membership.rs:37:5
[INFO] [stdout]   56:     0x655310861d57 - mod::membership::test_sell_membership_cannot_sell_last_membership::test_sell_membership_cannot_sell_last_key::{{closure}}::hfe8fed9f86c459c5
[INFO] [stdout]                                at /opt/rustwide/workdir/contracts/member/tests/membership/test_sell_membership_cannot_sell_last_membership.rs:13:47
[INFO] [stdout]   57:     0x65531089bb96 - core::ops::function::FnOnce::call_once::hcd4d932dd113c19f
[INFO] [stdout]                                at /rustc/90b35a6239c3d8bdabc530a6a0816f7ff89a0aaf/library/core/src/ops/function.rs:250:5
[INFO] [stdout]   58:     0x6553108eb2eb - core::ops::function::FnOnce::call_once::h109cf8051a59b34e
[INFO] [stdout]                                at /rustc/90b35a6239c3d8bdabc530a6a0816f7ff89a0aaf/library/core/src/ops/function.rs:250:5
[INFO] [stdout]   59:     0x6553108eb2eb - test::__rust_begin_short_backtrace::hf4fff89d377446ba
[INFO] [stdout]                                at /rustc/90b35a6239c3d8bdabc530a6a0816f7ff89a0aaf/library/test/src/lib.rs:621:18
[INFO] [stdout]   60:     0x6553108eab27 - test::run_test_in_process::{{closure}}::h0e39181dd7ee5a43
[INFO] [stdout]                                at /rustc/90b35a6239c3d8bdabc530a6a0816f7ff89a0aaf/library/test/src/lib.rs:644:60
[INFO] [stdout]   61:     0x6553108eab27 - <core::panic::unwind_safe::AssertUnwindSafe<F> as core::ops::function::FnOnce<()>>::call_once::hc5a66a30f0bdfd1f
[INFO] [stdout]                                at /rustc/90b35a6239c3d8bdabc530a6a0816f7ff89a0aaf/library/core/src/panic/unwind_safe.rs:272:9
[INFO] [stdout]   62:     0x6553108eab27 - std::panicking::try::do_call::h873b7cf639554a5e
[INFO] [stdout]                                at /rustc/90b35a6239c3d8bdabc530a6a0816f7ff89a0aaf/library/std/src/panicking.rs:557:40
[INFO] [stdout]   63:     0x6553108eab27 - std::panicking::try::hdb19862fad9c8bd1
[INFO] [stdout]                                at /rustc/90b35a6239c3d8bdabc530a6a0816f7ff89a0aaf/library/std/src/panicking.rs:520:19
[INFO] [stdout]   64:     0x6553108eab27 - std::panic::catch_unwind::h281fe732d236d260
[INFO] [stdout]                                at /rustc/90b35a6239c3d8bdabc530a6a0816f7ff89a0aaf/library/std/src/panic.rs:358:14
[INFO] [stdout]   65:     0x6553108eab27 - test::run_test_in_process::h949b6df8457ed338
[INFO] [stdout]                                at /rustc/90b35a6239c3d8bdabc530a6a0816f7ff89a0aaf/library/test/src/lib.rs:644:27
[INFO] [stdout]   66:     0x6553108eab27 - test::run_test::{{closure}}::h52c556a6d4740e10
[INFO] [stdout]                                at /rustc/90b35a6239c3d8bdabc530a6a0816f7ff89a0aaf/library/test/src/lib.rs:565:43
[INFO] [stdout]   67:     0x6553108afe04 - test::run_test::{{closure}}::h4237f6381c45ccb9
[INFO] [stdout]                                at /rustc/90b35a6239c3d8bdabc530a6a0816f7ff89a0aaf/library/test/src/lib.rs:595:41
[INFO] [stdout]   68:     0x6553108afe04 - std::sys::backtrace::__rust_begin_short_backtrace::h505c97a579eca628
[INFO] [stdout]                                at /rustc/90b35a6239c3d8bdabc530a6a0816f7ff89a0aaf/library/std/src/sys/backtrace.rs:154:18
[INFO] [stdout]   69:     0x6553108b34ce - std::thread::Builder::spawn_unchecked_::{{closure}}::{{closure}}::h9e86b2e2bc107ea3
[INFO] [stdout]                                at /rustc/90b35a6239c3d8bdabc530a6a0816f7ff89a0aaf/library/std/src/thread/mod.rs:538:17
[INFO] [stdout]   70:     0x6553108b34ce - <core::panic::unwind_safe::AssertUnwindSafe<F> as core::ops::function::FnOnce<()>>::call_once::h8b06ddb275ff4a25
[INFO] [stdout]                                at /rustc/90b35a6239c3d8bdabc530a6a0816f7ff89a0aaf/library/core/src/panic/unwind_safe.rs:272:9
[INFO] [stdout]   71:     0x6553108b34ce - std::panicking::try::do_call::hb26ecd7cd9a9355d
[INFO] [stdout]                                at /rustc/90b35a6239c3d8bdabc530a6a0816f7ff89a0aaf/library/std/src/panicking.rs:557:40
[INFO] [stdout]   72:     0x6553108b34ce - std::panicking::try::h8ddeca9d705f9069
[INFO] [stdout]                                at /rustc/90b35a6239c3d8bdabc530a6a0816f7ff89a0aaf/library/std/src/panicking.rs:520:19
[INFO] [stdout]   73:     0x6553108b34ce - std::panic::catch_unwind::h49e1c33078844c46
[INFO] [stdout]                                at /rustc/90b35a6239c3d8bdabc530a6a0816f7ff89a0aaf/library/std/src/panic.rs:358:14
[INFO] [stdout]   74:     0x6553108b34ce - std::thread::Builder::spawn_unchecked_::{{closure}}::h6073db6ff56ad35d
[INFO] [stdout]                                at /rustc/90b35a6239c3d8bdabc530a6a0816f7ff89a0aaf/library/std/src/thread/mod.rs:537:30
[INFO] [stdout]   75:     0x6553108b34ce - core::ops::function::FnOnce::call_once{{vtable.shim}}::h2c5a5f3779c774f1
[INFO] [stdout]                                at /rustc/90b35a6239c3d8bdabc530a6a0816f7ff89a0aaf/library/core/src/ops/function.rs:250:5
[INFO] [stdout]   76:     0x655310ae0f5b - <alloc::boxed::Box<F,A> as core::ops::function::FnOnce<Args>>::call_once::hf75717d9f28faebf
[INFO] [stdout]                                at /rustc/90b35a6239c3d8bdabc530a6a0816f7ff89a0aaf/library/alloc/src/boxed.rs:2454:9
[INFO] [stdout]   77:     0x655310ae0f5b - <alloc::boxed::Box<F,A> as core::ops::function::FnOnce<Args>>::call_once::h7bd883a5f3c5f3c1
[INFO] [stdout]                                at /rustc/90b35a6239c3d8bdabc530a6a0816f7ff89a0aaf/library/alloc/src/boxed.rs:2454:9
[INFO] [stdout]   78:     0x655310ae0f5b - std::sys::pal::unix::thread::Thread::new::thread_start::hcc78f3943333fa94
[INFO] [stdout]                                at /rustc/90b35a6239c3d8bdabc530a6a0816f7ff89a0aaf/library/std/src/sys/pal/unix/thread.rs:105:17
[INFO] [stdout]   79:     0x7c7b03565ac3 - <unknown>
[INFO] [stdout]   80:     0x7c7b035f6a04 - clone
[INFO] [stdout]   81:                0x0 - <unknown>
[INFO] [stdout] 
[INFO] [stdout] ---- membership::test_buy_and_sell_membership::test_buy_and_sell_membership stdout ----
[INFO] [stdout] thread 'membership::test_buy_and_sell_membership::test_buy_and_sell_membership' panicked at contracts/member/src/execute/user.rs:176:72:
[INFO] [stdout] called `Option::unwrap()` on a `None` value
[INFO] [stdout] stack backtrace:
[INFO] [stdout]    0:     0x655310adb70a - std::backtrace_rs::backtrace::libunwind::trace::h5a5b8284f2d0c266
[INFO] [stdout]                                at /rustc/90b35a6239c3d8bdabc530a6a0816f7ff89a0aaf/library/std/src/../../backtrace/src/backtrace/libunwind.rs:116:5
[INFO] [stdout]    1:     0x655310adb70a - std::backtrace_rs::backtrace::trace_unsynchronized::h76d4f1c9b0b875e3
[INFO] [stdout]                                at /rustc/90b35a6239c3d8bdabc530a6a0816f7ff89a0aaf/library/std/src/../../backtrace/src/backtrace/mod.rs:66:5
[INFO] [stdout]    2:     0x655310adb70a - std::sys::backtrace::_print_fmt::hc4546b8364a537c6
[INFO] [stdout]                                at /rustc/90b35a6239c3d8bdabc530a6a0816f7ff89a0aaf/library/std/src/sys/backtrace.rs:66:9
[INFO] [stdout]    3:     0x655310adb70a - <std::sys::backtrace::BacktraceLock::print::DisplayBacktrace as core::fmt::Display>::fmt::h5b6bd5631a6d1f6b
[INFO] [stdout]                                at /rustc/90b35a6239c3d8bdabc530a6a0816f7ff89a0aaf/library/std/src/sys/backtrace.rs:39:26
[INFO] [stdout]    4:     0x655310b01d03 - core::fmt::rt::Argument::fmt::h270f6602a2b96f62
[INFO] [stdout]                                at /rustc/90b35a6239c3d8bdabc530a6a0816f7ff89a0aaf/library/core/src/fmt/rt.rs:177:76
[INFO] [stdout]    5:     0x655310b01d03 - core::fmt::write::h7550c97b06c86515
[INFO] [stdout]                                at /rustc/90b35a6239c3d8bdabc530a6a0816f7ff89a0aaf/library/core/src/fmt/mod.rs:1186:21
[INFO] [stdout]    6:     0x655310ad88d3 - std::io::Write::write_fmt::h509ff860e5956e5e
[INFO] [stdout]                                at /rustc/90b35a6239c3d8bdabc530a6a0816f7ff89a0aaf/library/std/src/io/mod.rs:1839:15
[INFO] [stdout]    7:     0x655310adb552 - std::sys::backtrace::BacktraceLock::print::h2395ccd2c84ba3aa
[INFO] [stdout]                                at /rustc/90b35a6239c3d8bdabc530a6a0816f7ff89a0aaf/library/std/src/sys/backtrace.rs:42:9
[INFO] [stdout]    8:     0x655310adcb6a - std::panicking::default_hook::{{closure}}::he19d4c7230e07961
[INFO] [stdout]                                at /rustc/90b35a6239c3d8bdabc530a6a0816f7ff89a0aaf/library/std/src/panicking.rs:268:22
[INFO] [stdout]    9:     0x655310adc974 - std::panicking::default_hook::hf614597d3c67bbdb
[INFO] [stdout]                                at /rustc/90b35a6239c3d8bdabc530a6a0816f7ff89a0aaf/library/std/src/panicking.rs:292:9
[INFO] [stdout]   10:     0x6553108e6929 - <alloc::boxed::Box<F,A> as core::ops::function::Fn<Args>>::call::h39b51ce4599c23d1
[INFO] [stdout]                                at /rustc/90b35a6239c3d8bdabc530a6a0816f7ff89a0aaf/library/alloc/src/boxed.rs:2468:9
[INFO] [stdout]   11:     0x6553108e6929 - test::test_main::{{closure}}::he977ae839a582784
[INFO] [stdout]                                at /rustc/90b35a6239c3d8bdabc530a6a0816f7ff89a0aaf/library/test/src/lib.rs:133:21
[INFO] [stdout]   12:     0x655310add208 - <alloc::boxed::Box<F,A> as core::ops::function::Fn<Args>>::call::h9455091b6b06f9fb
[INFO] [stdout]                                at /rustc/90b35a6239c3d8bdabc530a6a0816f7ff89a0aaf/library/alloc/src/boxed.rs:2468:9
[INFO] [stdout]   13:     0x655310add208 - std::panicking::rust_panic_with_hook::h8942133a8b252070
[INFO] [stdout]                                at /rustc/90b35a6239c3d8bdabc530a6a0816f7ff89a0aaf/library/std/src/panicking.rs:809:13
[INFO] [stdout]   14:     0x655310adcf96 - std::panicking::begin_panic_handler::{{closure}}::hb5f5963570096b29
[INFO] [stdout]                                at /rustc/90b35a6239c3d8bdabc530a6a0816f7ff89a0aaf/library/std/src/panicking.rs:667:13
[INFO] [stdout]   15:     0x655310adbbe9 - std::sys::backtrace::__rust_end_short_backtrace::h6208cedc1922feda
[INFO] [stdout]                                at /rustc/90b35a6239c3d8bdabc530a6a0816f7ff89a0aaf/library/std/src/sys/backtrace.rs:170:18
[INFO] [stdout]   16:     0x655310adcc5c - rust_begin_unwind
[INFO] [stdout]                                at /rustc/90b35a6239c3d8bdabc530a6a0816f7ff89a0aaf/library/std/src/panicking.rs:665:5
[INFO] [stdout]   17:     0x6553107f8b60 - core::panicking::panic_fmt::h0c3082644d1bf418
[INFO] [stdout]                                at /rustc/90b35a6239c3d8bdabc530a6a0816f7ff89a0aaf/library/core/src/panicking.rs:74:14
[INFO] [stdout]   18:     0x6553107f8bec - core::panicking::panic::h957f98c65a3b3074
[INFO] [stdout]                                at /rustc/90b35a6239c3d8bdabc530a6a0816f7ff89a0aaf/library/core/src/panicking.rs:148:5
[INFO] [stdout]   19:     0x6553107f8ad9 - core::option::unwrap_failed::h098b0d47c83374d6
[INFO] [stdout]                                at /rustc/90b35a6239c3d8bdabc530a6a0816f7ff89a0aaf/library/core/src/option.rs:2012:5
[INFO] [stdout]   20:     0x65531099f5a8 - core::option::Option<T>::unwrap::hb49d73e7425f53b1
[INFO] [stdout]                                at /rustc/90b35a6239c3d8bdabc530a6a0816f7ff89a0aaf/library/core/src/option.rs:972:21
[INFO] [stdout]   21:     0x65531099f5a8 - member::execute::user::enable_membership::hec993cb793fb8781
[INFO] [stdout]                                at /opt/rustwide/workdir/contracts/member/src/execute/user.rs:176:38
[INFO] [stdout]   22:     0x655310981af5 - member::contract::execute::hfd188c9bcc6a2987
[INFO] [stdout]                                at /opt/rustwide/workdir/contracts/member/src/contract.rs:131:13
[INFO] [stdout]   23:     0x65531089a676 - core::ops::function::Fn::call::hf7974d1e3bf39f14
[INFO] [stdout]                                at /rustc/90b35a6239c3d8bdabc530a6a0816f7ff89a0aaf/library/core/src/ops/function.rs:79:5
[INFO] [stdout]   24:     0x65531085cb4e - <alloc::boxed::Box<F,A> as core::ops::function::Fn<Args>>::call::h40f073314015c83f
[INFO] [stdout]                                at /rustc/90b35a6239c3d8bdabc530a6a0816f7ff89a0aaf/library/alloc/src/boxed.rs:2468:9
[INFO] [stdout]   25:     0x65531087b424 - <cw_multi_test::contracts::ContractWrapper<T1,T2,T3,E1,E2,E3,C,Q,T4,E4,E5,T6,E6> as cw_multi_test::contracts::Contract<C,Q>>::execute::h18a31e3d8b58897a
[INFO] [stdout]                                at /opt/rustwide/cargo-home/registry/src/index.crates.io-6f17d22bba15001f/cw-multi-test-0.16.5/src/contracts.rs:393:9
[INFO] [stdout]   26:     0x65531084e9fc - cw_multi_test::wasm::WasmKeeper<ExecC,QueryC>::call_execute::{{closure}}::h128043929fcabfdc
[INFO] [stdout]                                at /opt/rustwide/cargo-home/registry/src/index.crates.io-6f17d22bba15001f/cw-multi-test-0.16.5/src/wasm.rs:751:35
[INFO] [stdout]   27:     0x655310855998 - cw_multi_test::wasm::WasmKeeper<ExecC,QueryC>::with_storage::{{closure}}::hd198ef54c6bd8809
[INFO] [stdout]                                at /opt/rustwide/cargo-home/registry/src/index.crates.io-6f17d22bba15001f/cw-multi-test-0.16.5/src/wasm.rs:903:13
[INFO] [stdout]   28:     0x6553108725a7 - cw_multi_test::transactions::transactional::h30863dc0a1f19d17
[INFO] [stdout]                                at /opt/rustwide/cargo-home/registry/src/index.crates.io-6f17d22bba15001f/cw-multi-test-0.16.5/src/transactions.rs:27:15
[INFO] [stdout]   29:     0x6553108533dd - cw_multi_test::wasm::WasmKeeper<ExecC,QueryC>::with_storage::h4880df902becde18
[INFO] [stdout]                                at /opt/rustwide/cargo-home/registry/src/index.crates.io-6f17d22bba15001f/cw-multi-test-0.16.5/src/wasm.rs:893:9
[INFO] [stdout]   30:     0x65531084e8d1 - cw_multi_test::wasm::WasmKeeper<ExecC,QueryC>::call_execute::hcb0d9890f3631b2c
[INFO] [stdout]                                at /opt/rustwide/cargo-home/registry/src/index.crates.io-6f17d22bba15001f/cw-multi-test-0.16.5/src/wasm.rs:745:31
[INFO] [stdout]   31:     0x65531084f6a7 - cw_multi_test::wasm::WasmKeeper<ExecC,QueryC>::execute_wasm::h4ca48038f59b4922
[INFO] [stdout]                                at /opt/rustwide/cargo-home/registry/src/index.crates.io-6f17d22bba15001f/cw-multi-test-0.16.5/src/wasm.rs:422:27
[INFO] [stdout]   32:     0x65531084db00 - <cw_multi_test::wasm::WasmKeeper<ExecC,QueryC> as cw_multi_test::wasm::Wasm<ExecC,QueryC>>::execute::h2cde5fd0a77f625a
[INFO] [stdout]                                at /opt/rustwide/cargo-home/registry/src/index.crates.io-6f17d22bba15001f/cw-multi-test-0.16.5/src/wasm.rs:183:9
[INFO] [stdout]   33:     0x65531087609d - <cw_multi_test::app::Router<BankT,CustomT,WasmT,StakingT,DistrT,IbcT,GovT> as cw_multi_test::app::CosmosRouter>::execute::h612a05348251d484
[INFO] [stdout]                                at /opt/rustwide/cargo-home/registry/src/index.crates.io-6f17d22bba15001f/cw-multi-test-0.16.5/src/app.rs:947:37
[INFO] [stdout]   34:     0x655310873ecd - cw_multi_test::app::App<BankT,ApiT,StorageT,CustomT,WasmT,StakingT,DistrT,IbcT,GovT>::execute_multi::{{closure}}::{{closure}}::hbf07bfcd0530a642
[INFO] [stdout]                                at /opt/rustwide/cargo-home/registry/src/index.crates.io-6f17d22bba15001f/cw-multi-test-0.16.5/src/app.rs:775:28
[INFO] [stdout]   35:     0x65531084a7f9 - core::iter::adapters::map::map_try_fold::{{closure}}::h965772f422e61a71
[INFO] [stdout]                                at /rustc/90b35a6239c3d8bdabc530a6a0816f7ff89a0aaf/library/core/src/iter/adapters/map.rs:95:28
[INFO] [stdout]   36:     0x655310847e14 - <alloc::vec::into_iter::IntoIter<T,A> as core::iter::traits::iterator::Iterator>::try_fold::h60b387d6abf03b07
[INFO] [stdout]                                at /rustc/90b35a6239c3d8bdabc530a6a0816f7ff89a0aaf/library/alloc/src/vec/into_iter.rs:346:25
[INFO] [stdout]   37:     0x65531084759f - <core::iter::adapters::map::Map<I,F> as core::iter::traits::iterator::Iterator>::try_fold::ha693d5c0fb6b8722
[INFO] [stdout]                                at /rustc/90b35a6239c3d8bdabc530a6a0816f7ff89a0aaf/library/core/src/iter/adapters/map.rs:121:9
[INFO] [stdout]   38:     0x655310868168 - <core::iter::adapters::GenericShunt<I,R> as core::iter::traits::iterator::Iterator>::try_fold::hec4042ecdfb613f4
[INFO] [stdout]                                at /rustc/90b35a6239c3d8bdabc530a6a0816f7ff89a0aaf/library/core/src/iter/adapters/mod.rs:191:9
[INFO] [stdout]   39:     0x6553108680a0 - core::iter::traits::iterator::Iterator::try_for_each::h5a6e12358ef52db4
[INFO] [stdout]                                at /rustc/90b35a6239c3d8bdabc530a6a0816f7ff89a0aaf/library/core/src/iter/traits/iterator.rs:2468:9
[INFO] [stdout]   40:     0x6553108680a0 - <core::iter::adapters::GenericShunt<I,R> as core::iter::traits::iterator::Iterator>::next::hbb27412abbfdd892
[INFO] [stdout]                                at /rustc/90b35a6239c3d8bdabc530a6a0816f7ff89a0aaf/library/core/src/iter/adapters/mod.rs:174:14
[INFO] [stdout]   41:     0x6553108a0e58 - <alloc::vec::Vec<T> as alloc::vec::spec_from_iter_nested::SpecFromIterNested<T,I>>::from_iter::h88951bed7868e3bd
[INFO] [stdout]                                at /rustc/90b35a6239c3d8bdabc530a6a0816f7ff89a0aaf/library/alloc/src/vec/spec_from_iter_nested.rs:24:32
[INFO] [stdout]   42:     0x6553108a2f8d - alloc::vec::in_place_collect::<impl alloc::vec::spec_from_iter::SpecFromIter<T,I> for alloc::vec::Vec<T>>::from_iter::h007e383f64badfb5
[INFO] [stdout]                                at /rustc/90b35a6239c3d8bdabc530a6a0816f7ff89a0aaf/library/alloc/src/vec/in_place_collect.rs:245:9
[INFO] [stdout]   43:     0x6553108a41b5 - <alloc::vec::Vec<T> as core::iter::traits::collect::FromIterator<T>>::from_iter::hdbcb3bde3c21d4a8
[INFO] [stdout]                                at /rustc/90b35a6239c3d8bdabc530a6a0816f7ff89a0aaf/library/alloc/src/vec/mod.rs:3388:9
[INFO] [stdout]   44:     0x65531082e281 - core::iter::traits::iterator::Iterator::collect::h34d314c40e0e437d
[INFO] [stdout]                                at /rustc/90b35a6239c3d8bdabc530a6a0816f7ff89a0aaf/library/core/src/iter/traits/iterator.rs:2001:9
[INFO] [stdout]   45:     0x65531082e281 - <core::result::Result<V,E> as core::iter::traits::collect::FromIterator<core::result::Result<A,E>>>::from_iter::{{closure}}::hc52282d2711558f8
[INFO] [stdout]                                at /rustc/90b35a6239c3d8bdabc530a6a0816f7ff89a0aaf/library/core/src/result.rs:1981:51
[INFO] [stdout]   46:     0x655310868dcc - core::iter::adapters::try_process::h93f525119ab79dbc
[INFO] [stdout]                                at /rustc/90b35a6239c3d8bdabc530a6a0816f7ff89a0aaf/library/core/src/iter/adapters/mod.rs:160:17
[INFO] [stdout]   47:     0x65531082e247 - <core::result::Result<V,E> as core::iter::traits::collect::FromIterator<core::result::Result<A,E>>>::from_iter::h457fe49a282a1dd5
[INFO] [stdout]                                at /rustc/90b35a6239c3d8bdabc530a6a0816f7ff89a0aaf/library/core/src/result.rs:1981:9
[INFO] [stdout]   48:     0x65531084a6dd - core::iter::traits::iterator::Iterator::collect::h92b79931cbdb8bed
[INFO] [stdout]                                at /rustc/90b35a6239c3d8bdabc530a6a0816f7ff89a0aaf/library/core/src/iter/traits/iterator.rs:2001:9
[INFO] [stdout]   49:     0x655310873dc1 - cw_multi_test::app::App<BankT,ApiT,StorageT,CustomT,WasmT,StakingT,DistrT,IbcT,GovT>::execute_multi::{{closure}}::h4454f863db1e1da2
[INFO] [stdout]                                at /opt/rustwide/cargo-home/registry/src/index.crates.io-6f17d22bba15001f/cw-multi-test-0.16.5/src/app.rs:774:13
[INFO] [stdout]   50:     0x655310873010 - cw_multi_test::transactions::transactional::h60e9d091b8f05760
[INFO] [stdout]                                at /opt/rustwide/cargo-home/registry/src/index.crates.io-6f17d22bba15001f/cw-multi-test-0.16.5/src/transactions.rs:27:15
[INFO] [stdout]   51:     0x655310873c81 - cw_multi_test::app::App<BankT,ApiT,StorageT,CustomT,WasmT,StakingT,DistrT,IbcT,GovT>::execute_multi::h47f656eb63fb8126
[INFO] [stdout]                                at /opt/rustwide/cargo-home/registry/src/index.crates.io-6f17d22bba15001f/cw-multi-test-0.16.5/src/app.rs:773:9
[INFO] [stdout]   52:     0x655310876cc0 - <cw_multi_test::app::App<BankT,ApiT,StorageT,CustomT,WasmT,StakingT,DistrT,IbcT,GovT> as cw_multi_test::executor::Executor<<CustomT as cw_multi_test::module::Module>::ExecT>>::execute::h3148a5f890b5631f
[INFO] [stdout]                                at /opt/rustwide/cargo-home/registry/src/index.crates.io-6f17d22bba15001f/cw-multi-test-0.16.5/src/app.rs:163:23
[INFO] [stdout]   53:     0x6553108746e0 - cw_multi_test::executor::Executor::execute_contract::he14962370b7f445f
[INFO] [stdout]                                at /opt/rustwide/cargo-home/registry/src/index.crates.io-6f17d22bba15001f/cw-multi-test-0.16.5/src/executor.rs:113:23
[INFO] [stdout]   54:     0x655310886832 - mod::helpers::enable_membership::h4646278986ca4049
[INFO] [stdout]                                at /opt/rustwide/workdir/contracts/member/tests/helpers.rs:176:5
[INFO] [stdout]   55:     0x655310860122 - mod::membership::test_buy_and_sell_membership::test_buy_and_sell_membership::h8c31c276e86a1f2f
[INFO] [stdout]                                at /opt/rustwide/workdir/contracts/member/tests/membership/test_buy_and_sell_membership.rs:44:5
[INFO] [stdout]   56:     0x65531085fc97 - mod::membership::test_buy_and_sell_membership::test_buy_and_sell_membership::{{closure}}::hd0a7d472d39269fd
[INFO] [stdout]                                at /opt/rustwide/workdir/contracts/member/tests/membership/test_buy_and_sell_membership.rs:19:34
[INFO] [stdout]   57:     0x65531089be26 - core::ops::function::FnOnce::call_once::hf75a75e62c7cf9ba
[INFO] [stdout]                                at /rustc/90b35a6239c3d8bdabc530a6a0816f7ff89a0aaf/library/core/src/ops/function.rs:250:5
[INFO] [stdout]   58:     0x6553108eb2eb - core::ops::function::FnOnce::call_once::h109cf8051a59b34e
[INFO] [stdout]                                at /rustc/90b35a6239c3d8bdabc530a6a0816f7ff89a0aaf/library/core/src/ops/function.rs:250:5
[INFO] [stdout]   59:     0x6553108eb2eb - test::__rust_begin_short_backtrace::hf4fff89d377446ba
[INFO] [stdout]                                at /rustc/90b35a6239c3d8bdabc530a6a0816f7ff89a0aaf/library/test/src/lib.rs:621:18
[INFO] [stdout]   60:     0x6553108eab27 - test::run_test_in_process::{{closure}}::h0e39181dd7ee5a43
[INFO] [stdout]                                at /rustc/90b35a6239c3d8bdabc530a6a0816f7ff89a0aaf/library/test/src/lib.rs:644:60
[INFO] [stdout]   61:     0x6553108eab27 - <core::panic::unwind_safe::AssertUnwindSafe<F> as core::ops::function::FnOnce<()>>::call_once::hc5a66a30f0bdfd1f
[INFO] [stdout]                                at /rustc/90b35a6239c3d8bdabc530a6a0816f7ff89a0aaf/library/core/src/panic/unwind_safe.rs:272:9
[INFO] [stdout]   62:     0x6553108eab27 - std::panicking::try::do_call::h873b7cf639554a5e
[INFO] [stdout]                                at /rustc/90b35a6239c3d8bdabc530a6a0816f7ff89a0aaf/library/std/src/panicking.rs:557:40
[INFO] [stdout]   63:     0x6553108eab27 - std::panicking::try::hdb19862fad9c8bd1
[INFO] [stdout]                                at /rustc/90b35a6239c3d8bdabc530a6a0816f7ff89a0aaf/library/std/src/panicking.rs:520:19
[INFO] [stdout]   64:     0x6553108eab27 - std::panic::catch_unwind::h281fe732d236d260
[INFO] [stdout]                                at /rustc/90b35a6239c3d8bdabc530a6a0816f7ff89a0aaf/library/std/src/panic.rs:358:14
[INFO] [stdout]   65:     0x6553108eab27 - test::run_test_in_process::h949b6df8457ed338
[INFO] [stdout]                                at /rustc/90b35a6239c3d8bdabc530a6a0816f7ff89a0aaf/library/test/src/lib.rs:644:27
[INFO] [stdout]   66:     0x6553108eab27 - test::run_test::{{closure}}::h52c556a6d4740e10
[INFO] [stdout]                                at /rustc/90b35a6239c3d8bdabc530a6a0816f7ff89a0aaf/library/test/src/lib.rs:565:43
[INFO] [stdout]   67:     0x6553108afe04 - test::run_test::{{closure}}::h4237f6381c45ccb9
[INFO] [stdout]                                at /rustc/90b35a6239c3d8bdabc530a6a0816f7ff89a0aaf/library/test/src/lib.rs:595:41
[INFO] [stdout]   68:     0x6553108afe04 - std::sys::backtrace::__rust_begin_short_backtrace::h505c97a579eca628
[INFO] [stdout]                                at /rustc/90b35a6239c3d8bdabc530a6a0816f7ff89a0aaf/library/std/src/sys/backtrace.rs:154:18
[INFO] [stdout]   69:     0x6553108b34ce - std::thread::Builder::spawn_unchecked_::{{closure}}::{{closure}}::h9e86b2e2bc107ea3
[INFO] [stdout]                                at /rustc/90b35a6239c3d8bdabc530a6a0816f7ff89a0aaf/library/std/src/thread/mod.rs:538:17
[INFO] [stdout]   70:     0x6553108b34ce - <core::panic::unwind_safe::AssertUnwindSafe<F> as core::ops::function::FnOnce<()>>::call_once::h8b06ddb275ff4a25
[INFO] [stdout]                                at /rustc/90b35a6239c3d8bdabc530a6a0816f7ff89a0aaf/library/core/src/panic/unwind_safe.rs:272:9
[INFO] [stdout]   71:     0x6553108b34ce - std::panicking::try::do_call::hb26ecd7cd9a9355d
[INFO] [stdout]                                at /rustc/90b35a6239c3d8bdabc530a6a0816f7ff89a0aaf/library/std/src/panicking.rs:557:40
[INFO] [stdout]   72:     0x6553108b34ce - std::panicking::try::h8ddeca9d705f9069
[INFO] [stdout]                                at /rustc/90b35a6239c3d8bdabc530a6a0816f7ff89a0aaf/library/std/src/panicking.rs:520:19
[INFO] [stdout]   73:     0x6553108b34ce - std::panic::catch_unwind::h49e1c33078844c46
[INFO] [stdout]                                at /rustc/90b35a6239c3d8bdabc530a6a0816f7ff89a0aaf/library/std/src/panic.rs:358:14
[INFO] [stdout]   74:     0x6553108b34ce - std::thread::Builder::spawn_unchecked_::{{closure}}::h6073db6ff56ad35d
[INFO] [stdout]                                at /rustc/90b35a6239c3d8bdabc530a6a0816f7ff89a0aaf/library/std/src/thread/mod.rs:537:30
[INFO] [stdout]   75:     0x6553108b34ce - core::ops::function::FnOnce::call_once{{vtable.shim}}::h2c5a5f3779c774f1
[INFO] [stdout]                                at /rustc/90b35a6239c3d8bdabc530a6a0816f7ff89a0aaf/library/core/src/ops/function.rs:250:5
[INFO] [stdout]   76:     0x655310ae0f5b - <alloc::boxed::Box<F,A> as core::ops::function::FnOnce<Args>>::call_once::hf75717d9f28faebf
[INFO] [stdout]                                at /rustc/90b35a6239c3d8bdabc530a6a0816f7ff89a0aaf/library/alloc/src/boxed.rs:2454:9
[INFO] [stdout]   77:     0x655310ae0f5b - <alloc::boxed::Box<F,A> as core::ops::function::FnOnce<Args>>::call_once::h7bd883a5f3c5f3c1
[INFO] [stdout]                                at /rustc/90b35a6239c3d8bdabc530a6a0816f7ff89a0aaf/library/alloc/src/boxed.rs:2454:9
[INFO] [stdout]   78:     0x655310ae0f5b - std::sys::pal::unix::thread::Thread::new::thread_start::hcc78f3943333fa94
[INFO] [stdout]                                at /rustc/90b35a6239c3d8bdabc530a6a0816f7ff89a0aaf/library/std/src/sys/pal/unix/thread.rs:105:17
[INFO] [stdout]   79:     0x7c7b03565ac3 - <unknown>
[INFO] [stdout]   80:     0x7c7b035f6a04 - clone
[INFO] [stdout]   81:                0x0 - <unknown>
[INFO] [stdout] 
[INFO] [stdout] ---- membership::test_buy_membership_happy_case::test_buy_membership_happy_case stdout ----
[INFO] [stdout] thread 'membership::test_buy_membership_happy_case::test_buy_membership_happy_case' panicked at contracts/member/src/execute/user.rs:176:72:
[INFO] [stdout] called `Option::unwrap()` on a `None` value
[INFO] [stdout] stack backtrace:
[INFO] [stdout]    0:     0x655310adb70a - std::backtrace_rs::backtrace::libunwind::trace::h5a5b8284f2d0c266
[INFO] [stdout]                                at /rustc/90b35a6239c3d8bdabc530a6a0816f7ff89a0aaf/library/std/src/../../backtrace/src/backtrace/libunwind.rs:116:5
[INFO] [stdout]    1:     0x655310adb70a - std::backtrace_rs::backtrace::trace_unsynchronized::h76d4f1c9b0b875e3
[INFO] [stdout]                                at /rustc/90b35a6239c3d8bdabc530a6a0816f7ff89a0aaf/library/std/src/../../backtrace/src/backtrace/mod.rs:66:5
[INFO] [stdout]    2:     0x655310adb70a - std::sys::backtrace::_print_fmt::hc4546b8364a537c6
[INFO] [stdout]                                at /rustc/90b35a6239c3d8bdabc530a6a0816f7ff89a0aaf/library/std/src/sys/backtrace.rs:66:9
[INFO] [stdout]    3:     0x655310adb70a - <std::sys::backtrace::BacktraceLock::print::DisplayBacktrace as core::fmt::Display>::fmt::h5b6bd5631a6d1f6b
[INFO] [stdout]                                at /rustc/90b35a6239c3d8bdabc530a6a0816f7ff89a0aaf/library/std/src/sys/backtrace.rs:39:26
[INFO] [stdout]    4:     0x655310b01d03 - core::fmt::rt::Argument::fmt::h270f6602a2b96f62
[INFO] [stdout]                                at /rustc/90b35a6239c3d8bdabc530a6a0816f7ff89a0aaf/library/core/src/fmt/rt.rs:177:76
[INFO] [stdout]    5:     0x655310b01d03 - core::fmt::write::h7550c97b06c86515
[INFO] [stdout]                                at /rustc/90b35a6239c3d8bdabc530a6a0816f7ff89a0aaf/library/core/src/fmt/mod.rs:1186:21
[INFO] [stdout]    6:     0x655310ad88d3 - std::io::Write::write_fmt::h509ff860e5956e5e
[INFO] [stdout]                                at /rustc/90b35a6239c3d8bdabc530a6a0816f7ff89a0aaf/library/std/src/io/mod.rs:1839:15
[INFO] [stdout]    7:     0x655310adb552 - std::sys::backtrace::BacktraceLock::print::h2395ccd2c84ba3aa
[INFO] [stdout]                                at /rustc/90b35a6239c3d8bdabc530a6a0816f7ff89a0aaf/library/std/src/sys/backtrace.rs:42:9
[INFO] [stdout]    8:     0x655310adcb6a - std::panicking::default_hook::{{closure}}::he19d4c7230e07961
[INFO] [stdout]                                at /rustc/90b35a6239c3d8bdabc530a6a0816f7ff89a0aaf/library/std/src/panicking.rs:268:22
[INFO] [stdout]    9:     0x655310adc974 - std::panicking::default_hook::hf614597d3c67bbdb
[INFO] [stdout]                                at /rustc/90b35a6239c3d8bdabc530a6a0816f7ff89a0aaf/library/std/src/panicking.rs:292:9
[INFO] [stdout]   10:     0x6553108e6929 - <alloc::boxed::Box<F,A> as core::ops::function::Fn<Args>>::call::h39b51ce4599c23d1
[INFO] [stdout]                                at /rustc/90b35a6239c3d8bdabc530a6a0816f7ff89a0aaf/library/alloc/src/boxed.rs:2468:9
[INFO] [stdout]   11:     0x6553108e6929 - test::test_main::{{closure}}::he977ae839a582784
[INFO] [stdout]                                at /rustc/90b35a6239c3d8bdabc530a6a0816f7ff89a0aaf/library/test/src/lib.rs:133:21
[INFO] [stdout]   12:     0x655310add208 - <alloc::boxed::Box<F,A> as core::ops::function::Fn<Args>>::call::h9455091b6b06f9fb
[INFO] [stdout]                                at /rustc/90b35a6239c3d8bdabc530a6a0816f7ff89a0aaf/library/alloc/src/boxed.rs:2468:9
[INFO] [stdout]   13:     0x655310add208 - std::panicking::rust_panic_with_hook::h8942133a8b252070
[INFO] [stdout]                                at /rustc/90b35a6239c3d8bdabc530a6a0816f7ff89a0aaf/library/std/src/panicking.rs:809:13
[INFO] [stdout]   14:     0x655310adcf96 - std::panicking::begin_panic_handler::{{closure}}::hb5f5963570096b29
[INFO] [stdout]                                at /rustc/90b35a6239c3d8bdabc530a6a0816f7ff89a0aaf/library/std/src/panicking.rs:667:13
[INFO] [stdout]   15:     0x655310adbbe9 - std::sys::backtrace::__rust_end_short_backtrace::h6208cedc1922feda
[INFO] [stdout]                                at /rustc/90b35a6239c3d8bdabc530a6a0816f7ff89a0aaf/library/std/src/sys/backtrace.rs:170:18
[INFO] [stdout]   16:     0x655310adcc5c - rust_begin_unwind
[INFO] [stdout]                                at /rustc/90b35a6239c3d8bdabc530a6a0816f7ff89a0aaf/library/std/src/panicking.rs:665:5
[INFO] [stdout]   17:     0x6553107f8b60 - core::panicking::panic_fmt::h0c3082644d1bf418
[INFO] [stdout]                                at /rustc/90b35a6239c3d8bdabc530a6a0816f7ff89a0aaf/library/core/src/panicking.rs:74:14
[INFO] [stdout]   18:     0x6553107f8bec - core::panicking::panic::h957f98c65a3b3074
[INFO] [stdout]                                at /rustc/90b35a6239c3d8bdabc530a6a0816f7ff89a0aaf/library/core/src/panicking.rs:148:5
[INFO] [stdout]   19:     0x6553107f8ad9 - core::option::unwrap_failed::h098b0d47c83374d6
[INFO] [stdout]                                at /rustc/90b35a6239c3d8bdabc530a6a0816f7ff89a0aaf/library/core/src/option.rs:2012:5
[INFO] [stdout]   20:     0x65531099f5a8 - core::option::Option<T>::unwrap::hb49d73e7425f53b1
[INFO] [stdout]                                at /rustc/90b35a6239c3d8bdabc530a6a0816f7ff89a0aaf/library/core/src/option.rs:972:21
[INFO] [stdout]   21:     0x65531099f5a8 - member::execute::user::enable_membership::hec993cb793fb8781
[INFO] [stdout]                                at /opt/rustwide/workdir/contracts/member/src/execute/user.rs:176:38
[INFO] [stdout]   22:     0x655310981af5 - member::contract::execute::hfd188c9bcc6a2987
[INFO] [stdout]                                at /opt/rustwide/workdir/contracts/member/src/contract.rs:131:13
[INFO] [stdout]   23:     0x65531089a676 - core::ops::function::Fn::call::hf7974d1e3bf39f14
[INFO] [stdout]                                at /rustc/90b35a6239c3d8bdabc530a6a0816f7ff89a0aaf/library/core/src/ops/function.rs:79:5
[INFO] [stdout]   24:     0x65531085cb4e - <alloc::boxed::Box<F,A> as core::ops::function::Fn<Args>>::call::h40f073314015c83f
[INFO] [stdout]                                at /rustc/90b35a6239c3d8bdabc530a6a0816f7ff89a0aaf/library/alloc/src/boxed.rs:2468:9
[INFO] [stdout]   25:     0x65531087b424 - <cw_multi_test::contracts::ContractWrapper<T1,T2,T3,E1,E2,E3,C,Q,T4,E4,E5,T6,E6> as cw_multi_test::contracts::Contract<C,Q>>::execute::h18a31e3d8b58897a
[INFO] [stdout]                                at /opt/rustwide/cargo-home/registry/src/index.crates.io-6f17d22bba15001f/cw-multi-test-0.16.5/src/contracts.rs:393:9
[INFO] [stdout]   26:     0x65531084e9fc - cw_multi_test::wasm::WasmKeeper<ExecC,QueryC>::call_execute::{{closure}}::h128043929fcabfdc
[INFO] [stdout]                                at /opt/rustwide/cargo-home/registry/src/index.crates.io-6f17d22bba15001f/cw-multi-test-0.16.5/src/wasm.rs:751:35
[INFO] [stdout]   27:     0x655310855998 - cw_multi_test::wasm::WasmKeeper<ExecC,QueryC>::with_storage::{{closure}}::hd198ef54c6bd8809
[INFO] [stdout]                                at /opt/rustwide/cargo-home/registry/src/index.crates.io-6f17d22bba15001f/cw-multi-test-0.16.5/src/wasm.rs:903:13
[INFO] [stdout]   28:     0x6553108725a7 - cw_multi_test::transactions::transactional::h30863dc0a1f19d17
[INFO] [stdout]                                at /opt/rustwide/cargo-home/registry/src/index.crates.io-6f17d22bba15001f/cw-multi-test-0.16.5/src/transactions.rs:27:15
[INFO] [stdout]   29:     0x6553108533dd - cw_multi_test::wasm::WasmKeeper<ExecC,QueryC>::with_storage::h4880df902becde18
[INFO] [stdout]                                at /opt/rustwide/cargo-home/registry/src/index.crates.io-6f17d22bba15001f/cw-multi-test-0.16.5/src/wasm.rs:893:9
[INFO] [stdout]   30:     0x65531084e8d1 - cw_multi_test::wasm::WasmKeeper<ExecC,QueryC>::call_execute::hcb0d9890f3631b2c
[INFO] [stdout]                                at /opt/rustwide/cargo-home/registry/src/index.crates.io-6f17d22bba15001f/cw-multi-test-0.16.5/src/wasm.rs:745:31
[INFO] [stdout]   31:     0x65531084f6a7 - cw_multi_test::wasm::WasmKeeper<ExecC,QueryC>::execute_wasm::h4ca48038f59b4922
[INFO] [stdout]                                at /opt/rustwide/cargo-home/registry/src/index.crates.io-6f17d22bba15001f/cw-multi-test-0.16.5/src/wasm.rs:422:27
[INFO] [stdout]   32:     0x65531084db00 - <cw_multi_test::wasm::WasmKeeper<ExecC,QueryC> as cw_multi_test::wasm::Wasm<ExecC,QueryC>>::execute::h2cde5fd0a77f625a
[INFO] [stdout]                                at /opt/rustwide/cargo-home/registry/src/index.crates.io-6f17d22bba15001f/cw-multi-test-0.16.5/src/wasm.rs:183:9
[INFO] [stdout]   33:     0x65531087609d - <cw_multi_test::app::Router<BankT,CustomT,WasmT,StakingT,DistrT,IbcT,GovT> as cw_multi_test::app::CosmosRouter>::execute::h612a05348251d484
[INFO] [stdout]                                at /opt/rustwide/cargo-home/registry/src/index.crates.io-6f17d22bba15001f/cw-multi-test-0.16.5/src/app.rs:947:37
[INFO] [stdout]   34:     0x655310873ecd - cw_multi_test::app::App<BankT,ApiT,StorageT,CustomT,WasmT,StakingT,DistrT,IbcT,GovT>::execute_multi::{{closure}}::{{closure}}::hbf07bfcd0530a642
[INFO] [stdout]                                at /opt/rustwide/cargo-home/registry/src/index.crates.io-6f17d22bba15001f/cw-multi-test-0.16.5/src/app.rs:775:28
[INFO] [stdout]   35:     0x65531084a7f9 - core::iter::adapters::map::map_try_fold::{{closure}}::h965772f422e61a71
[INFO] [stdout]                                at /rustc/90b35a6239c3d8bdabc530a6a0816f7ff89a0aaf/library/core/src/iter/adapters/map.rs:95:28
[INFO] [stdout]   36:     0x655310847e14 - <alloc::vec::into_iter::IntoIter<T,A> as core::iter::traits::iterator::Iterator>::try_fold::h60b387d6abf03b07
[INFO] [stdout]                                at /rustc/90b35a6239c3d8bdabc530a6a0816f7ff89a0aaf/library/alloc/src/vec/into_iter.rs:346:25
[INFO] [stdout]   37:     0x65531084759f - <core::iter::adapters::map::Map<I,F> as core::iter::traits::iterator::Iterator>::try_fold::ha693d5c0fb6b8722
[INFO] [stdout]                                at /rustc/90b35a6239c3d8bdabc530a6a0816f7ff89a0aaf/library/core/src/iter/adapters/map.rs:121:9
[INFO] [stdout]   38:     0x655310868168 - <core::iter::adapters::GenericShunt<I,R> as core::iter::traits::iterator::Iterator>::try_fold::hec4042ecdfb613f4
[INFO] [stdout]                                at /rustc/90b35a6239c3d8bdabc530a6a0816f7ff89a0aaf/library/core/src/iter/adapters/mod.rs:191:9
[INFO] [stdout]   39:     0x6553108680a0 - core::iter::traits::iterator::Iterator::try_for_each::h5a6e12358ef52db4
[INFO] [stdout]                                at /rustc/90b35a6239c3d8bdabc530a6a0816f7ff89a0aaf/library/core/src/iter/traits/iterator.rs:2468:9
[INFO] [stdout]   40:     0x6553108680a0 - <core::iter::adapters::GenericShunt<I,R> as core::iter::traits::iterator::Iterator>::next::hbb27412abbfdd892
[INFO] [stdout]                                at /rustc/90b35a6239c3d8bdabc530a6a0816f7ff89a0aaf/library/core/src/iter/adapters/mod.rs:174:14
[INFO] [stdout]   41:     0x6553108a0e58 - <alloc::vec::Vec<T> as alloc::vec::spec_from_iter_nested::SpecFromIterNested<T,I>>::from_iter::h88951bed7868e3bd
[INFO] [stdout]                                at /rustc/90b35a6239c3d8bdabc530a6a0816f7ff89a0aaf/library/alloc/src/vec/spec_from_iter_nested.rs:24:32
[INFO] [stdout]   42:     0x6553108a2f8d - alloc::vec::in_place_collect::<impl alloc::vec::spec_from_iter::SpecFromIter<T,I> for alloc::vec::Vec<T>>::from_iter::h007e383f64badfb5
[INFO] [stdout]                                at /rustc/90b35a6239c3d8bdabc530a6a0816f7ff89a0aaf/library/alloc/src/vec/in_place_collect.rs:245:9
[INFO] [stdout]   43:     0x6553108a41b5 - <alloc::vec::Vec<T> as core::iter::traits::collect::FromIterator<T>>::from_iter::hdbcb3bde3c21d4a8
[INFO] [stdout]                                at /rustc/90b35a6239c3d8bdabc530a6a0816f7ff89a0aaf/library/alloc/src/vec/mod.rs:3388:9
[INFO] [stdout]   44:     0x65531082e281 - core::iter::traits::iterator::Iterator::collect::h34d314c40e0e437d
[INFO] [stdout]                                at /rustc/90b35a6239c3d8bdabc530a6a0816f7ff89a0aaf/library/core/src/iter/traits/iterator.rs:2001:9
[INFO] [stdout]   45:     0x65531082e281 - <core::result::Result<V,E> as core::iter::traits::collect::FromIterator<core::result::Result<A,E>>>::from_iter::{{closure}}::hc52282d2711558f8
[INFO] [stdout]                                at /rustc/90b35a6239c3d8bdabc530a6a0816f7ff89a0aaf/library/core/src/result.rs:1981:51
[INFO] [stdout]   46:     0x655310868dcc - core::iter::adapters::try_process::h93f525119ab79dbc
[INFO] [stdout]                                at /rustc/90b35a6239c3d8bdabc530a6a0816f7ff89a0aaf/library/core/src/iter/adapters/mod.rs:160:17
[INFO] [stdout]   47:     0x65531082e247 - <core::result::Result<V,E> as core::iter::traits::collect::FromIterator<core::result::Result<A,E>>>::from_iter::h457fe49a282a1dd5
[INFO] [stdout]                                at /rustc/90b35a6239c3d8bdabc530a6a0816f7ff89a0aaf/library/core/src/result.rs:1981:9
[INFO] [stdout]   48:     0x65531084a6dd - core::iter::traits::iterator::Iterator::collect::h92b79931cbdb8bed
[INFO] [stdout]                                at /rustc/90b35a6239c3d8bdabc530a6a0816f7ff89a0aaf/library/core/src/iter/traits/iterator.rs:2001:9
[INFO] [stdout]   49:     0x655310873dc1 - cw_multi_test::app::App<BankT,ApiT,StorageT,CustomT,WasmT,StakingT,DistrT,IbcT,GovT>::execute_multi::{{closure}}::h4454f863db1e1da2
[INFO] [stdout]                                at /opt/rustwide/cargo-home/registry/src/index.crates.io-6f17d22bba15001f/cw-multi-test-0.16.5/src/app.rs:774:13
[INFO] [stdout]   50:     0x655310873010 - cw_multi_test::transactions::transactional::h60e9d091b8f05760
[INFO] [stdout]                                at /opt/rustwide/cargo-home/registry/src/index.crates.io-6f17d22bba15001f/cw-multi-test-0.16.5/src/transactions.rs:27:15
[INFO] [stdout]   51:     0x655310873c81 - cw_multi_test::app::App<BankT,ApiT,StorageT,CustomT,WasmT,StakingT,DistrT,IbcT,GovT>::execute_multi::h47f656eb63fb8126
[INFO] [stdout]                                at /opt/rustwide/cargo-home/registry/src/index.crates.io-6f17d22bba15001f/cw-multi-test-0.16.5/src/app.rs:773:9
[INFO] [stdout]   52:     0x655310876cc0 - <cw_multi_test::app::App<BankT,ApiT,StorageT,CustomT,WasmT,StakingT,DistrT,IbcT,GovT> as cw_multi_test::executor::Executor<<CustomT as cw_multi_test::module::Module>::ExecT>>::execute::h3148a5f890b5631f
[INFO] [stdout]                                at /opt/rustwide/cargo-home/registry/src/index.crates.io-6f17d22bba15001f/cw-multi-test-0.16.5/src/app.rs:163:23
[INFO] [stdout]   53:     0x6553108746e0 - cw_multi_test::executor::Executor::execute_contract::he14962370b7f445f
[INFO] [stdout]                                at /opt/rustwide/cargo-home/registry/src/index.crates.io-6f17d22bba15001f/cw-multi-test-0.16.5/src/executor.rs:113:23
[INFO] [stdout]   54:     0x655310886832 - mod::helpers::enable_membership::h4646278986ca4049
[INFO] [stdout]                                at /opt/rustwide/workdir/contracts/member/tests/helpers.rs:176:5
[INFO] [stdout]   55:     0x65531088a43c - mod::membership::test_buy_membership_happy_case::test_buy_membership_happy_case::hbc6f00634bf872d2
[INFO] [stdout]                                at /opt/rustwide/workdir/contracts/member/tests/membership/test_buy_membership_happy_case.rs:48:5
[INFO] [stdout]   56:     0x655310889e07 - mod::membership::test_buy_membership_happy_case::test_buy_membership_happy_case::{{closure}}::h17083a929c932fb5
[INFO] [stdout]                                at /opt/rustwide/workdir/contracts/member/tests/membership/test_buy_membership_happy_case.rs:19:36
[INFO] [stdout]   57:     0x65531089b766 - core::ops::function::FnOnce::call_once::h852adaca1dc75960
[INFO] [stdout]                                at /rustc/90b35a6239c3d8bdabc530a6a0816f7ff89a0aaf/library/core/src/ops/function.rs:250:5
[INFO] [stdout]   58:     0x6553108eb2eb - core::ops::function::FnOnce::call_once::h109cf8051a59b34e
[INFO] [stdout]                                at /rustc/90b35a6239c3d8bdabc530a6a0816f7ff89a0aaf/library/core/src/ops/function.rs:250:5
[INFO] [stdout]   59:     0x6553108eb2eb - test::__rust_begin_short_backtrace::hf4fff89d377446ba
[INFO] [stdout]                                at /rustc/90b35a6239c3d8bdabc530a6a0816f7ff89a0aaf/library/test/src/lib.rs:621:18
[INFO] [stdout]   60:     0x6553108eab27 - test::run_test_in_process::{{closure}}::h0e39181dd7ee5a43
[INFO] [stdout]                                at /rustc/90b35a6239c3d8bdabc530a6a0816f7ff89a0aaf/library/test/src/lib.rs:644:60
[INFO] [stdout]   61:     0x6553108eab27 - <core::panic::unwind_safe::AssertUnwindSafe<F> as core::ops::function::FnOnce<()>>::call_once::hc5a66a30f0bdfd1f
[INFO] [stdout]                                at /rustc/90b35a6239c3d8bdabc530a6a0816f7ff89a0aaf/library/core/src/panic/unwind_safe.rs:272:9
[INFO] [stdout]   62:     0x6553108eab27 - std::panicking::try::do_call::h873b7cf639554a5e
[INFO] [stdout]                                at /rustc/90b35a6239c3d8bdabc530a6a0816f7ff89a0aaf/library/std/src/panicking.rs:557:40
[INFO] [stdout]   63:     0x6553108eab27 - std::panicking::try::hdb19862fad9c8bd1
[INFO] [stdout]                                at /rustc/90b35a6239c3d8bdabc530a6a0816f7ff89a0aaf/library/std/src/panicking.rs:520:19
[INFO] [stdout]   64:     0x6553108eab27 - std::panic::catch_unwind::h281fe732d236d260
[INFO] [stdout]                                at /rustc/90b35a6239c3d8bdabc530a6a0816f7ff89a0aaf/library/std/src/panic.rs:358:14
[INFO] [stdout]   65:     0x6553108eab27 - test::run_test_in_process::h949b6df8457ed338
[INFO] [stdout]                                at /rustc/90b35a6239c3d8bdabc530a6a0816f7ff89a0aaf/library/test/src/lib.rs:644:27
[INFO] [stdout]   66:     0x6553108eab27 - test::run_test::{{closure}}::h52c556a6d4740e10
[INFO] [stdout]                                at /rustc/90b35a6239c3d8bdabc530a6a0816f7ff89a0aaf/library/test/src/lib.rs:565:43
[INFO] [stdout]   67:     0x6553108afe04 - test::run_test::{{closure}}::h4237f6381c45ccb9
[INFO] [stdout]                                at /rustc/90b35a6239c3d8bdabc530a6a0816f7ff89a0aaf/library/test/src/lib.rs:595:41
[INFO] [stdout]   68:     0x6553108afe04 - std::sys::backtrace::__rust_begin_short_backtrace::h505c97a579eca628
[INFO] [stdout]                                at /rustc/90b35a6239c3d8bdabc530a6a0816f7ff89a0aaf/library/std/src/sys/backtrace.rs:154:18
[INFO] [stdout]   69:     0x6553108b34ce - std::thread::Builder::spawn_unchecked_::{{closure}}::{{closure}}::h9e86b2e2bc107ea3
[INFO] [stdout]                                at /rustc/90b35a6239c3d8bdabc530a6a0816f7ff89a0aaf/library/std/src/thread/mod.rs:538:17
[INFO] [stdout]   70:     0x6553108b34ce - <core::panic::unwind_safe::AssertUnwindSafe<F> as core::ops::function::FnOnce<()>>::call_once::h8b06ddb275ff4a25
[INFO] [stdout]                                at /rustc/90b35a6239c3d8bdabc530a6a0816f7ff89a0aaf/library/core/src/panic/unwind_safe.rs:272:9
[INFO] [stdout]   71:     0x6553108b34ce - std::panicking::try::do_call::hb26ecd7cd9a9355d
[INFO] [stdout]                                at /rustc/90b35a6239c3d8bdabc530a6a0816f7ff89a0aaf/library/std/src/panicking.rs:557:40
[INFO] [stdout]   72:     0x6553108b34ce - std::panicking::try::h8ddeca9d705f9069
[INFO] [stdout]                                at /rustc/90b35a6239c3d8bdabc530a6a0816f7ff89a0aaf/library/std/src/panicking.rs:520:19
[INFO] [stdout]   73:     0x6553108b34ce - std::panic::catch_unwind::h49e1c33078844c46
[INFO] [stdout]                                at /rustc/90b35a6239c3d8bdabc530a6a0816f7ff89a0aaf/library/std/src/panic.rs:358:14
[INFO] [stdout]   74:     0x6553108b34ce - std::thread::Builder::spawn_unchecked_::{{closure}}::h6073db6ff56ad35d
[INFO] [stdout]                                at /rustc/90b35a6239c3d8bdabc530a6a0816f7ff89a0aaf/library/std/src/thread/mod.rs:537:30
[INFO] [stdout]   75:     0x6553108b34ce - core::ops::function::FnOnce::call_once{{vtable.shim}}::h2c5a5f3779c774f1
[INFO] [stdout]                                at /rustc/90b35a6239c3d8bdabc530a6a0816f7ff89a0aaf/library/core/src/ops/function.rs:250:5
[INFO] [stdout]   76:     0x655310ae0f5b - <alloc::boxed::Box<F,A> as core::ops::function::FnOnce<Args>>::call_once::hf75717d9f28faebf
[INFO] [stdout]                                at /rustc/90b35a6239c3d8bdabc530a6a0816f7ff89a0aaf/library/alloc/src/boxed.rs:2454:9
[INFO] [stdout]   77:     0x655310ae0f5b - <alloc::boxed::Box<F,A> as core::ops::function::FnOnce<Args>>::call_once::h7bd883a5f3c5f3c1
[INFO] [stdout]                                at /rustc/90b35a6239c3d8bdabc530a6a0816f7ff89a0aaf/library/alloc/src/boxed.rs:2454:9
[INFO] [stdout]   78:     0x655310ae0f5b - std::sys::pal::unix::thread::Thread::new::thread_start::hcc78f3943333fa94
[INFO] [stdout]                                at /rustc/90b35a6239c3d8bdabc530a6a0816f7ff89a0aaf/library/std/src/sys/pal/unix/thread.rs:105:17
[INFO] [stdout]   79:     0x7c7b03565ac3 - <unknown>
[INFO] [stdout]   80:     0x7c7b035f6a04 - clone
[INFO] [stdout]   81:                0x0 - <unknown>
[INFO] [stdout] 
[INFO] [stdout] 
[INFO] [stdout] failures:
[INFO] [stdout]     membership::test_2_users_buy_and_sell_membership::test_2_users_buy_and_sell_memberships
[INFO] [stdout]     membership::test_buy_and_sell_membership::test_buy_and_sell_membership
[INFO] [stdout]     membership::test_buy_membership_happy_case::test_buy_membership_happy_case
[INFO] [stdout]     membership::test_buy_membership_insufficient_funds::test_buy_membership_insufficient_funds
[INFO] [stdout]     membership::test_query_cost_to_buy_membership::test_query_cost_to_buy_membership
[INFO] [stdout]     membership::test_sell_membership_cannot_sell_last_membership::test_sell_membership_cannot_sell_last_key
[INFO] [stdout]     membership::test_sell_membership_insufficient_funds::test_sell_membership_insufficient_funds
[INFO] [stdout]     registration_admin::test_registration_admin_can_enable_membership_on_behalf_of_user::test_registration_admin_can_enable_membership_on_behalf_of_user
[INFO] [stdout] 
[INFO] [stdout] test result: FAILED. 6 passed; 8 failed; 0 ignored; 0 measured; 0 filtered out; finished in 0.14s
[INFO] [stdout] 
[INFO] running `Command { std: "docker" "inspect" "5ec4b8bcd979581f70acde59013da84e4339f5337f3bd29e937ec08139b203bd", kill_on_drop: false }`
[INFO] running `Command { std: "docker" "rm" "-f" "5ec4b8bcd979581f70acde59013da84e4339f5337f3bd29e937ec08139b203bd", kill_on_drop: false }`
[INFO] [stdout] 5ec4b8bcd979581f70acde59013da84e4339f5337f3bd29e937ec08139b203bd
