[INFO] cloning repository https://github.com/lkubicek1/RustDSA
[INFO] running `Command { std: "git" "-c" "credential.helper=" "-c" "credential.helper=/workspace/cargo-home/bin/git-credential-null" "clone" "--bare" "https://github.com/lkubicek1/RustDSA" "/workspace/cache/git-repos/https%3A%2F%2Fgithub.com%2Flkubicek1%2FRustDSA", kill_on_drop: false }`
[INFO] [stderr] Cloning into bare repository '/workspace/cache/git-repos/https%3A%2F%2Fgithub.com%2Flkubicek1%2FRustDSA'...
[INFO] running `Command { std: "git" "rev-parse" "HEAD", kill_on_drop: false }`
[INFO] [stdout] 91a89bf92a40108c190a3dd3d83468c42854ea88
[INFO] testing lkubicek1/RustDSA against beta-2024-12-08 for beta-1.84.0-4-retry
[INFO] running `Command { std: "git" "clone" "/workspace/cache/git-repos/https%3A%2F%2Fgithub.com%2Flkubicek1%2FRustDSA" "/workspace/builds/worker-7-tc2/source", kill_on_drop: false }`
[INFO] [stderr] Cloning into '/workspace/builds/worker-7-tc2/source'...
[INFO] [stderr] done.
[INFO] validating manifest of git repo https://github.com/lkubicek1/RustDSA on toolchain beta-2024-12-08
[INFO] running `Command { std: CARGO_HOME="/workspace/cargo-home" RUSTUP_HOME="/workspace/rustup-home" "/workspace/cargo-home/bin/cargo" "+beta-2024-12-08" "metadata" "--manifest-path" "Cargo.toml" "--no-deps", kill_on_drop: false }`
[INFO] started tweaking git repo https://github.com/lkubicek1/RustDSA
[INFO] finished tweaking git repo https://github.com/lkubicek1/RustDSA
[INFO] tweaked toml for git repo https://github.com/lkubicek1/RustDSA written to /workspace/builds/worker-7-tc2/source/Cargo.toml
[INFO] crate git repo https://github.com/lkubicek1/RustDSA already has a lockfile, it will not be regenerated
[INFO] running `Command { std: CARGO_HOME="/workspace/cargo-home" RUSTUP_HOME="/workspace/rustup-home" "/workspace/cargo-home/bin/cargo" "+beta-2024-12-08" "fetch" "--manifest-path" "Cargo.toml", kill_on_drop: false }`
[INFO] running `Command { std: "docker" "create" "-v" "/var/lib/crater-agent-workspace/builds/worker-7-tc2/target:/opt/rustwide/target:rw,Z" "-v" "/var/lib/crater-agent-workspace/builds/worker-7-tc2/source:/opt/rustwide/workdir:ro,Z" "-v" "/var/lib/crater-agent-workspace/cargo-home:/opt/rustwide/cargo-home:ro,Z" "-v" "/var/lib/crater-agent-workspace/rustup-home:/opt/rustwide/rustup-home:ro,Z" "-e" "SOURCE_DIR=/opt/rustwide/workdir" "-e" "CARGO_TARGET_DIR=/opt/rustwide/target" "-e" "CARGO_HOME=/opt/rustwide/cargo-home" "-e" "RUSTUP_HOME=/opt/rustwide/rustup-home" "-w" "/opt/rustwide/workdir" "-m" "1610612736" "--user" "0:0" "--network" "none" "ghcr.io/rust-lang/crates-build-env/linux@sha256:f3a9d4ad9d972b27faf3965f35b62e55ba32bbce8f20bc8fe909558a86702fde" "/opt/rustwide/cargo-home/bin/cargo" "+beta-2024-12-08" "metadata" "--no-deps" "--format-version=1", kill_on_drop: false }`
[INFO] [stdout] 0b4faf47407eb911a403b1d9e6afaa926d08da5bbb5297b2f9b73ade4708465b
[INFO] running `Command { std: "docker" "start" "-a" "0b4faf47407eb911a403b1d9e6afaa926d08da5bbb5297b2f9b73ade4708465b", kill_on_drop: false }`
[INFO] running `Command { std: "docker" "inspect" "0b4faf47407eb911a403b1d9e6afaa926d08da5bbb5297b2f9b73ade4708465b", kill_on_drop: false }`
[INFO] running `Command { std: "docker" "rm" "-f" "0b4faf47407eb911a403b1d9e6afaa926d08da5bbb5297b2f9b73ade4708465b", kill_on_drop: false }`
[INFO] [stdout] 0b4faf47407eb911a403b1d9e6afaa926d08da5bbb5297b2f9b73ade4708465b
[INFO] running `Command { std: "docker" "create" "-v" "/var/lib/crater-agent-workspace/builds/worker-7-tc2/target:/opt/rustwide/target:rw,Z" "-v" "/var/lib/crater-agent-workspace/builds/worker-7-tc2/source:/opt/rustwide/workdir:ro,Z" "-v" "/var/lib/crater-agent-workspace/cargo-home:/opt/rustwide/cargo-home:ro,Z" "-v" "/var/lib/crater-agent-workspace/rustup-home:/opt/rustwide/rustup-home:ro,Z" "-e" "SOURCE_DIR=/opt/rustwide/workdir" "-e" "CARGO_TARGET_DIR=/opt/rustwide/target" "-e" "CARGO_INCREMENTAL=0" "-e" "RUST_BACKTRACE=full" "-e" "RUSTFLAGS=--cap-lints=warn" "-e" "RUSTDOCFLAGS=--cap-lints=warn" "-e" "CARGO_HOME=/opt/rustwide/cargo-home" "-e" "RUSTUP_HOME=/opt/rustwide/rustup-home" "-w" "/opt/rustwide/workdir" "-m" "1610612736" "--user" "0:0" "--network" "none" "ghcr.io/rust-lang/crates-build-env/linux@sha256:f3a9d4ad9d972b27faf3965f35b62e55ba32bbce8f20bc8fe909558a86702fde" "/opt/rustwide/cargo-home/bin/cargo" "+beta-2024-12-08" "build" "--frozen" "--message-format=json", kill_on_drop: false }`
[INFO] [stdout] 6782632d6be0ca24a88cacabf3fc28d41071907b337f8a48a3743bdf2a997322
[INFO] running `Command { std: "docker" "start" "-a" "6782632d6be0ca24a88cacabf3fc28d41071907b337f8a48a3743bdf2a997322", kill_on_drop: false }`
[INFO] [stderr]    Compiling cfg-if v1.0.0
[INFO] [stderr]    Compiling libc v0.2.155
[INFO] [stderr]    Compiling pkg-config v0.3.30
[INFO] [stderr]    Compiling semver v1.0.23
[INFO] [stderr]    Compiling proc-macro2 v1.0.86
[INFO] [stderr]    Compiling autocfg v1.3.0
[INFO] [stderr]    Compiling simd-adler32 v0.3.7
[INFO] [stderr]    Compiling unicode-ident v1.0.12
[INFO] [stderr]    Compiling adler v1.0.2
[INFO] [stderr]    Compiling cc v1.1.0
[INFO] [stderr]    Compiling crc32fast v1.4.2
[INFO] [stderr]    Compiling miniz_oxide v0.7.4
[INFO] [stderr]    Compiling zerocopy v0.8.0-alpha.6
[INFO] [stderr]    Compiling num-traits v0.2.19
[INFO] [stderr]    Compiling rustc_version v0.4.0
[INFO] [stderr]    Compiling yeslogic-fontconfig-sys v5.0.0
[INFO] [stderr]    Compiling fdeflate v0.3.4
[INFO] [stderr]    Compiling pathfinder_simd v0.5.3
[INFO] [stderr]    Compiling quote v1.0.36
[INFO] [stderr]    Compiling flate2 v1.0.30
[INFO] [stderr]    Compiling libloading v0.8.4
[INFO] [stderr]    Compiling color_quant v1.1.0
[INFO] [stderr]    Compiling byteorder v1.5.0
[INFO] [stderr]    Compiling bitflags v1.3.2
[INFO] [stderr]    Compiling dlib v0.5.2
[INFO] [stderr]    Compiling cstr v0.2.12
[INFO] [stderr]    Compiling dirs-sys-next v0.1.2
[INFO] [stderr]    Compiling getrandom v0.2.15
[INFO] [stderr]    Compiling freetype-sys v0.20.1
[INFO] [stderr]    Compiling png v0.17.13
[INFO] [stderr]    Compiling plotters-backend v0.3.6
[INFO] [stderr]    Compiling once_cell v1.19.0
[INFO] [stderr]    Compiling font-kit v0.13.2
[INFO] [stderr]    Compiling log v0.4.22
[INFO] [stderr]    Compiling bytemuck v1.16.1
[INFO] [stderr]    Compiling jpeg-decoder v0.3.1
[INFO] [stderr]    Compiling weezl v0.1.8
[INFO] [stderr]    Compiling same-file v1.0.6
[INFO] [stderr]    Compiling pathfinder_geometry v0.5.1
[INFO] [stderr]    Compiling walkdir v2.5.0
[INFO] [stderr]    Compiling dirs-next v2.0.0
[INFO] [stderr]    Compiling gif v0.12.0
[INFO] [stderr]    Compiling bitflags v2.6.0
[INFO] [stderr]    Compiling iana-time-zone v0.1.60
[INFO] [stderr]    Compiling float-ord v0.3.2
[INFO] [stderr]    Compiling image v0.24.9
[INFO] [stderr]    Compiling lazy_static v1.5.0
[INFO] [stderr]    Compiling ppv-lite86 v0.2.17
[INFO] [stderr]    Compiling rand_core v0.9.0-alpha.1
[INFO] [stderr]    Compiling chrono v0.4.38
[INFO] [stderr]    Compiling plotters-svg v0.3.6
[INFO] [stderr]    Compiling rand_chacha v0.9.0-alpha.1
[INFO] [stderr]    Compiling ttf-parser v0.20.0
[INFO] [stderr]    Compiling rand v0.9.0-alpha.1
[INFO] [stderr]    Compiling plotters-bitmap v0.3.6
[INFO] [stderr]    Compiling plotters v0.3.6
[INFO] [stderr]    Compiling rust_dsa v0.1.0 (/opt/rustwide/workdir)
[INFO] [stdout] warning: unused import: `BinaryHeap`
[INFO] [stdout]  --> src/trees/heaps/indexed_priority_queue.rs:2:24
[INFO] [stdout]   |
[INFO] [stdout] 2 | use std::collections::{BinaryHeap, HashMap};
[INFO] [stdout]   |                        ^^^^^^^^^^
[INFO] [stdout]   |
[INFO] [stdout]   = note: `#[warn(unused_imports)]` on by default
[INFO] [stdout] 
[INFO] [stdout] 
[INFO] [stdout] warning: enum `Color` is never used
[INFO] [stdout]  --> src/search/graph_depth_first_search.rs:5:6
[INFO] [stdout]   |
[INFO] [stdout] 5 | enum Color {
[INFO] [stdout]   |      ^^^^^
[INFO] [stdout]   |
[INFO] [stdout]   = note: `#[warn(dead_code)]` on by default
[INFO] [stdout] 
[INFO] [stdout] 
[INFO] [stdout] warning: struct `Graph` is never constructed
[INFO] [stdout]   --> src/search/graph_depth_first_search.rs:11:19
[INFO] [stdout]    |
[INFO] [stdout] 11 | pub(crate) struct Graph {
[INFO] [stdout]    |                   ^^^^^
[INFO] [stdout] 
[INFO] [stdout] 
[INFO] [stdout] warning: associated items `new`, `add_edge`, `detect_cycle`, and `dfs_visit_cycle` are never used
[INFO] [stdout]   --> src/search/graph_depth_first_search.rs:16:19
[INFO] [stdout]    |
[INFO] [stdout] 15 | impl Graph {
[INFO] [stdout]    | ---------- associated items in this implementation
[INFO] [stdout] 16 |     pub(crate) fn new() -> Self {
[INFO] [stdout]    |                   ^^^
[INFO] [stdout] ...
[INFO] [stdout] 22 |     pub(crate) fn add_edge(&mut self, u: usize, v: usize) {
[INFO] [stdout]    |                   ^^^^^^^^
[INFO] [stdout] ...
[INFO] [stdout] 28 |     pub(crate) fn detect_cycle(&self) -> Option<Vec<usize>> {
[INFO] [stdout]    |                   ^^^^^^^^^^^^
[INFO] [stdout] ...
[INFO] [stdout] 48 |     fn dfs_visit_cycle(
[INFO] [stdout]    |        ^^^^^^^^^^^^^^^
[INFO] [stdout] 
[INFO] [stdout] 
[INFO] [stderr]     Finished `dev` profile [unoptimized + debuginfo] target(s) in 44.72s
[INFO] running `Command { std: "docker" "inspect" "6782632d6be0ca24a88cacabf3fc28d41071907b337f8a48a3743bdf2a997322", kill_on_drop: false }`
[INFO] running `Command { std: "docker" "rm" "-f" "6782632d6be0ca24a88cacabf3fc28d41071907b337f8a48a3743bdf2a997322", kill_on_drop: false }`
[INFO] [stdout] 6782632d6be0ca24a88cacabf3fc28d41071907b337f8a48a3743bdf2a997322
[INFO] running `Command { std: "docker" "create" "-v" "/var/lib/crater-agent-workspace/builds/worker-7-tc2/target:/opt/rustwide/target:rw,Z" "-v" "/var/lib/crater-agent-workspace/builds/worker-7-tc2/source:/opt/rustwide/workdir:ro,Z" "-v" "/var/lib/crater-agent-workspace/cargo-home:/opt/rustwide/cargo-home:ro,Z" "-v" "/var/lib/crater-agent-workspace/rustup-home:/opt/rustwide/rustup-home:ro,Z" "-e" "SOURCE_DIR=/opt/rustwide/workdir" "-e" "CARGO_TARGET_DIR=/opt/rustwide/target" "-e" "CARGO_INCREMENTAL=0" "-e" "RUST_BACKTRACE=full" "-e" "RUSTFLAGS=--cap-lints=warn" "-e" "RUSTDOCFLAGS=--cap-lints=warn" "-e" "CARGO_HOME=/opt/rustwide/cargo-home" "-e" "RUSTUP_HOME=/opt/rustwide/rustup-home" "-w" "/opt/rustwide/workdir" "-m" "1610612736" "--user" "0:0" "--network" "none" "ghcr.io/rust-lang/crates-build-env/linux@sha256:f3a9d4ad9d972b27faf3965f35b62e55ba32bbce8f20bc8fe909558a86702fde" "/opt/rustwide/cargo-home/bin/cargo" "+beta-2024-12-08" "test" "--frozen" "--no-run" "--message-format=json", kill_on_drop: false }`
[INFO] [stdout] 04cfa8aea28aae2da401f70e51ec63c244ad4e6811ad220fd07e8fa83df827d2
[INFO] running `Command { std: "docker" "start" "-a" "04cfa8aea28aae2da401f70e51ec63c244ad4e6811ad220fd07e8fa83df827d2", kill_on_drop: false }`
[INFO] [stderr]    Compiling rust_dsa v0.1.0 (/opt/rustwide/workdir)
[INFO] [stdout] warning: unused import: `BinaryHeap`
[INFO] [stdout]  --> src/trees/heaps/indexed_priority_queue.rs:2:24
[INFO] [stdout]   |
[INFO] [stdout] 2 | use std::collections::{BinaryHeap, HashMap};
[INFO] [stdout]   |                        ^^^^^^^^^^
[INFO] [stdout]   |
[INFO] [stdout]   = note: `#[warn(unused_imports)]` on by default
[INFO] [stdout] 
[INFO] [stdout] 
[INFO] [stdout] warning: enum `Color` is never used
[INFO] [stdout]  --> src/search/graph_depth_first_search.rs:5:6
[INFO] [stdout]   |
[INFO] [stdout] 5 | enum Color {
[INFO] [stdout]   |      ^^^^^
[INFO] [stdout]   |
[INFO] [stdout]   = note: `#[warn(dead_code)]` on by default
[INFO] [stdout] 
[INFO] [stdout] 
[INFO] [stdout] warning: struct `Graph` is never constructed
[INFO] [stdout]   --> src/search/graph_depth_first_search.rs:11:19
[INFO] [stdout]    |
[INFO] [stdout] 11 | pub(crate) struct Graph {
[INFO] [stdout]    |                   ^^^^^
[INFO] [stdout] 
[INFO] [stdout] 
[INFO] [stdout] warning: associated items `new`, `add_edge`, `detect_cycle`, and `dfs_visit_cycle` are never used
[INFO] [stdout]   --> src/search/graph_depth_first_search.rs:16:19
[INFO] [stdout]    |
[INFO] [stdout] 15 | impl Graph {
[INFO] [stdout]    | ---------- associated items in this implementation
[INFO] [stdout] 16 |     pub(crate) fn new() -> Self {
[INFO] [stdout]    |                   ^^^
[INFO] [stdout] ...
[INFO] [stdout] 22 |     pub(crate) fn add_edge(&mut self, u: usize, v: usize) {
[INFO] [stdout]    |                   ^^^^^^^^
[INFO] [stdout] ...
[INFO] [stdout] 28 |     pub(crate) fn detect_cycle(&self) -> Option<Vec<usize>> {
[INFO] [stdout]    |                   ^^^^^^^^^^^^
[INFO] [stdout] ...
[INFO] [stdout] 48 |     fn dfs_visit_cycle(
[INFO] [stdout]    |        ^^^^^^^^^^^^^^^
[INFO] [stdout] 
[INFO] [stdout] 
[INFO] [stdout] warning: unused import: `BinaryHeap`
[INFO] [stdout]  --> src/trees/heaps/indexed_priority_queue.rs:2:24
[INFO] [stdout]   |
[INFO] [stdout] 2 | use std::collections::{BinaryHeap, HashMap};
[INFO] [stdout]   |                        ^^^^^^^^^^
[INFO] [stdout]   |
[INFO] [stdout]   = note: `#[warn(unused_imports)]` on by default
[INFO] [stdout] 
[INFO] [stdout] 
[INFO] [stderr]     Finished `test` profile [unoptimized + debuginfo] target(s) in 5.56s
[INFO] running `Command { std: "docker" "inspect" "04cfa8aea28aae2da401f70e51ec63c244ad4e6811ad220fd07e8fa83df827d2", kill_on_drop: false }`
[INFO] running `Command { std: "docker" "rm" "-f" "04cfa8aea28aae2da401f70e51ec63c244ad4e6811ad220fd07e8fa83df827d2", kill_on_drop: false }`
[INFO] [stdout] 04cfa8aea28aae2da401f70e51ec63c244ad4e6811ad220fd07e8fa83df827d2
[INFO] running `Command { std: "docker" "create" "-v" "/var/lib/crater-agent-workspace/builds/worker-7-tc2/target:/opt/rustwide/target:rw,Z" "-v" "/var/lib/crater-agent-workspace/builds/worker-7-tc2/source:/opt/rustwide/workdir:ro,Z" "-v" "/var/lib/crater-agent-workspace/cargo-home:/opt/rustwide/cargo-home:ro,Z" "-v" "/var/lib/crater-agent-workspace/rustup-home:/opt/rustwide/rustup-home:ro,Z" "-e" "SOURCE_DIR=/opt/rustwide/workdir" "-e" "CARGO_TARGET_DIR=/opt/rustwide/target" "-e" "CARGO_INCREMENTAL=0" "-e" "RUST_BACKTRACE=full" "-e" "RUSTFLAGS=--cap-lints=warn" "-e" "RUSTDOCFLAGS=--cap-lints=warn" "-e" "CARGO_HOME=/opt/rustwide/cargo-home" "-e" "RUSTUP_HOME=/opt/rustwide/rustup-home" "-w" "/opt/rustwide/workdir" "-m" "1610612736" "--user" "0:0" "--network" "none" "ghcr.io/rust-lang/crates-build-env/linux@sha256:f3a9d4ad9d972b27faf3965f35b62e55ba32bbce8f20bc8fe909558a86702fde" "/opt/rustwide/cargo-home/bin/cargo" "+beta-2024-12-08" "test" "--frozen", kill_on_drop: false }`
[INFO] [stdout] 69c0e742253458cc53c56829310cb0b12e82778e0c53312063b6f1673e0ca980
[INFO] running `Command { std: "docker" "start" "-a" "69c0e742253458cc53c56829310cb0b12e82778e0c53312063b6f1673e0ca980", kill_on_drop: false }`
[INFO] [stderr] warning: unused import: `BinaryHeap`
[INFO] [stderr]  --> src/trees/heaps/indexed_priority_queue.rs:2:24
[INFO] [stderr]   |
[INFO] [stderr] 2 | use std::collections::{BinaryHeap, HashMap};
[INFO] [stderr]   |                        ^^^^^^^^^^
[INFO] [stderr]   |
[INFO] [stderr]   = note: `#[warn(unused_imports)]` on by default
[INFO] [stderr] 
[INFO] [stderr] warning: enum `Color` is never used
[INFO] [stderr]  --> src/search/graph_depth_first_search.rs:5:6
[INFO] [stderr]   |
[INFO] [stderr] 5 | enum Color {
[INFO] [stderr]   |      ^^^^^
[INFO] [stderr]   |
[INFO] [stderr]   = note: `#[warn(dead_code)]` on by default
[INFO] [stderr] 
[INFO] [stderr] warning: struct `Graph` is never constructed
[INFO] [stderr]   --> src/search/graph_depth_first_search.rs:11:19
[INFO] [stderr]    |
[INFO] [stderr] 11 | pub(crate) struct Graph {
[INFO] [stderr]    |                   ^^^^^
[INFO] [stderr] 
[INFO] [stderr] warning: associated items `new`, `add_edge`, `detect_cycle`, and `dfs_visit_cycle` are never used
[INFO] [stderr]   --> src/search/graph_depth_first_search.rs:16:19
[INFO] [stderr]    |
[INFO] [stderr] 15 | impl Graph {
[INFO] [stderr]    | ---------- associated items in this implementation
[INFO] [stderr] 16 |     pub(crate) fn new() -> Self {
[INFO] [stderr]    |                   ^^^
[INFO] [stderr] ...
[INFO] [stderr] 22 |     pub(crate) fn add_edge(&mut self, u: usize, v: usize) {
[INFO] [stderr]    |                   ^^^^^^^^
[INFO] [stderr] ...
[INFO] [stderr] 28 |     pub(crate) fn detect_cycle(&self) -> Option<Vec<usize>> {
[INFO] [stderr]    |                   ^^^^^^^^^^^^
[INFO] [stderr] ...
[INFO] [stderr] 48 |     fn dfs_visit_cycle(
[INFO] [stderr]    |        ^^^^^^^^^^^^^^^
[INFO] [stderr] 
[INFO] [stderr] warning: `rust_dsa` (lib) generated 4 warnings (run `cargo fix --lib -p rust_dsa` to apply 1 suggestion)
[INFO] [stderr] warning: `rust_dsa` (lib test) generated 1 warning (1 duplicate)
[INFO] [stderr]     Finished `test` profile [unoptimized + debuginfo] target(s) in 0.09s
[INFO] [stderr]      Running unittests src/lib.rs (/opt/rustwide/target/debug/deps/rust_dsa-a5803b28c98fb356)
[INFO] [stdout] 
[INFO] [stdout] running 229 tests
[INFO] [stdout] test arrays::tests::reverse_array_tests::reverse_array_tests::test_reverse_array_with_integers_even_length ... ok
[INFO] [stdout] test arrays::tests::reverse_array_tests::reverse_array_tests::test_reverse_array_with_strings_odd_length ... ok
[INFO] [stdout] test arrays::tests::reverse_array_tests::reverse_array_tests::test_reverse_array_with_multiple_types ... ok
[INFO] [stdout] test arrays::tests::reverse_array_tests::reverse_array_tests::test_reverse_array_with_empty_array ... ok
[INFO] [stdout] test arrays::tests::reverse_array_tests::reverse_array_tests::test_reverse_array_with_strings_even_length ... ok
[INFO] [stdout] test arrays::tests::reverse_array_tests::reverse_array_tests::test_reverse_array_with_single_element ... ok
[INFO] [stdout] test search::tests::binary_search_tests::binary_search_tests::test_binary_search_with_integers ... ok
[INFO] [stdout] test search::tests::binary_search_tests::binary_search_tests::test_binary_search_with_strings ... ok
[INFO] [stdout] test search::tests::graph_depth_first_search_tests::graph_depth_first_search_tests::test_complex_cycle ... ok
[INFO] [stdout] test search::tests::graph_depth_first_search_tests::graph_depth_first_search_tests::test_disconnected_graph_no_cycle ... ok
[INFO] [stdout] test search::tests::graph_depth_first_search_tests::graph_depth_first_search_tests::test_disconnected_graph_with_cycle ... ok
[INFO] [stdout] test search::tests::graph_depth_first_search_tests::graph_depth_first_search_tests::test_multiple_cycles ... ok
[INFO] [stdout] test search::tests::graph_depth_first_search_tests::graph_depth_first_search_tests::test_no_cycle ... ok
[INFO] [stdout] test search::tests::graph_depth_first_search_tests::graph_depth_first_search_tests::test_self_loop ... ok
[INFO] [stdout] test search::tests::graph_depth_first_search_tests::graph_depth_first_search_tests::test_single_vertex_no_cycle ... ok
[INFO] [stdout] test search::tests::graph_depth_first_search_tests::graph_depth_first_search_tests::test_simple_cycle ... ok
[INFO] [stdout] test search::tests::graph_depth_first_search_tests::graph_depth_first_search_tests::test_single_vertex_with_cycle ... ok
[INFO] [stdout] test search::tests::linear_search_tests::linear_search_tests::test_linear_search_with_ints ... ok
[INFO] [stdout] test sorting::tests::graph_topological_sort_tests::graph_topological_sort_tests::test_empty_graph ... ok
[INFO] [stdout] test search::tests::graph_depth_first_search_tests::graph_depth_first_search_tests::test_complex_disconnected_graph ... ok
[INFO] [stdout] test sorting::tests::graph_topological_sort_tests::graph_topological_sort_tests::test_complex_graph ... ok
[INFO] [stdout] test search::tests::graph_depth_first_search_tests::graph_depth_first_search_tests::test_no_edges ... ok
[INFO] [stdout] test search::tests::linear_search_tests::linear_search_tests::test_linear_search_with_strings ... ok
[INFO] [stdout] test sorting::tests::graph_topological_sort_tests::graph_topological_sort_tests::test_topological_sort_graph2 ... ok
[INFO] [stdout] test sorting::tests::graph_topological_sort_tests::graph_topological_sort_tests::test_graph_with_cycle ... ok
[INFO] [stdout] test sorting::tests::graph_topological_sort_tests::graph_topological_sort_tests::test_single_vertex ... ok
[INFO] [stdout] test sorting::tests::heap_sort_tests::heap_sort_tests::test_sort_ascending_strings ... ok
[INFO] [stdout] test arrays::tests::reverse_array_tests::reverse_array_tests::test_reverse_array_with_integers_odd_length ... ok
[INFO] [stdout] test sorting::tests::heap_sort_tests::heap_sort_tests::test_sort_descending_array ... ok
[INFO] [stdout] test sorting::tests::heap_sort_tests::heap_sort_tests::test_sort_ascending_array ... ok
[INFO] [stdout] test sorting::tests::heap_sort_tests::heap_sort_tests::test_sort_ascending_chars ... ok
[INFO] [stdout] test sorting::tests::heap_sort_tests::heap_sort_tests::test_sort_descending_strings ... ok
[INFO] [stdout] test sorting::tests::heap_sort_tests::heap_sort_tests::test_sort_descending_chars ... ok
[INFO] [stdout] test sorting::tests::heap_sort_tests::heap_sort_tests::test_sort_unsorted_array ... ok
[INFO] [stdout] test sorting::tests::heap_sort_tests::heap_sort_tests::test_sort_empty_array ... ok
[INFO] [stdout] test sorting::tests::heap_sort_tests::heap_sort_tests::test_sort_unsorted_strings ... ok
[INFO] [stdout] test sorting::tests::graph_topological_sort_tests::graph_topological_sort_tests::test_topological_sort_graph1 ... ok
[INFO] [stdout] test sorting::tests::heap_sort_tests::heap_sort_tests::test_sort_single_element ... ok
[INFO] [stdout] test sorting::tests::heap_sort_with_tracking_tests::heap_sort_with_tracking_tests::test_sort_ascending_chars ... ok
[INFO] [stdout] test sorting::tests::heap_sort_tests::heap_sort_tests::test_sort_unsorted_chars ... ok
[INFO] [stdout] test sorting::tests::heap_sort_with_tracking_tests::heap_sort_with_tracking_tests::test_sort_descending_strings ... ok
[INFO] [stdout] test sorting::tests::heap_sort_with_tracking_tests::heap_sort_with_tracking_tests::test_sort_empty_array ... ok
[INFO] [stdout] test sorting::tests::heap_sort_with_tracking_tests::heap_sort_with_tracking_tests::test_sort_single_element ... ok
[INFO] [stdout] test sorting::tests::heap_sort_with_tracking_tests::heap_sort_with_tracking_tests::test_sort_unsorted_array ... ok
[INFO] [stdout] test sorting::tests::heap_sort_with_tracking_tests::heap_sort_with_tracking_tests::test_sort_unsorted_chars ... ok
[INFO] [stdout] test sorting::tests::heap_sort_with_tracking_tests::heap_sort_with_tracking_tests::test_sort_ascending_array ... ok
[INFO] [stdout] test search::tests::graph_depth_first_search_tests::graph_depth_first_search_tests::test_large_cyclic_graph ... ok
[INFO] [stdout] test sorting::tests::insertion_sort_tests::insertion_sort_tests::test_sort_ascending_array ... ok
[INFO] [stdout] test sorting::tests::heap_sort_with_tracking_tests::heap_sort_with_tracking_tests::test_sort_ascending_strings ... ok
[INFO] [stdout] test sorting::tests::heap_sort_with_tracking_tests::heap_sort_with_tracking_tests::test_sort_descending_array ... ok
[INFO] [stdout] test sorting::tests::heap_sort_with_tracking_tests::heap_sort_with_tracking_tests::test_sort_descending_chars ... ok
[INFO] [stdout] test sorting::tests::insertion_sort_tests::insertion_sort_tests::test_sort_ascending_chars ... ok
[INFO] [stdout] test sorting::tests::insertion_sort_tests::insertion_sort_tests::test_sort_descending_array ... ok
[INFO] [stdout] test sorting::tests::insertion_sort_tests::insertion_sort_tests::test_sort_descending_chars ... ok
[INFO] [stdout] test sorting::tests::insertion_sort_tests::insertion_sort_tests::test_sort_single_element ... ok
[INFO] [stdout] test sorting::tests::insertion_sort_tests::insertion_sort_tests::test_sort_unsorted_array ... ok
[INFO] [stdout] test sorting::tests::insertion_sort_tests::insertion_sort_tests::test_sort_descending_strings ... ok
[INFO] [stdout] test sorting::tests::insertion_sort_tests::insertion_sort_tests::test_sort_unsorted_chars ... ok
[INFO] [stdout] test sorting::tests::insertion_sort_tests::insertion_sort_tests::test_sort_empty_array ... ok
[INFO] [stdout] test sorting::tests::insertion_sort_tests::insertion_sort_tests::test_sort_unsorted_strings ... ok
[INFO] [stdout] test sorting::tests::insertion_sort_with_tracking_tests::insertion_sort_with_tracking_tests::test_sort_ascending_chars ... ok
[INFO] [stdout] test sorting::tests::insertion_sort_with_tracking_tests::insertion_sort_with_tracking_tests::test_sort_ascending_strings ... ok
[INFO] [stdout] test sorting::tests::insertion_sort_tests::insertion_sort_tests::test_sort_ascending_strings ... ok
[INFO] [stdout] test sorting::tests::insertion_sort_with_tracking_tests::insertion_sort_with_tracking_tests::test_sort_ascending_array ... ok
[INFO] [stdout] test sorting::tests::insertion_sort_with_tracking_tests::insertion_sort_with_tracking_tests::test_sort_descending_array ... ok
[INFO] [stdout] test sorting::tests::insertion_sort_with_tracking_tests::insertion_sort_with_tracking_tests::test_sort_empty_array ... ok
[INFO] [stdout] test sorting::tests::insertion_sort_with_tracking_tests::insertion_sort_with_tracking_tests::test_sort_single_element ... ok
[INFO] [stdout] test sorting::tests::insertion_sort_with_tracking_tests::insertion_sort_with_tracking_tests::test_sort_unsorted_array ... ok
[INFO] [stdout] test sorting::tests::insertion_sort_with_tracking_tests::insertion_sort_with_tracking_tests::test_sort_descending_strings ... ok
[INFO] [stdout] test sorting::tests::insertion_sort_with_tracking_tests::insertion_sort_with_tracking_tests::test_sort_unsorted_strings ... ok
[INFO] [stdout] test search::tests::graph_depth_first_search_tests::graph_depth_first_search_tests::test_large_acyclic_graph ... ok
[INFO] [stdout] test sorting::tests::heap_sort_with_tracking_tests::heap_sort_with_tracking_tests::test_sort_unsorted_strings ... ok
[INFO] [stdout] test sorting::tests::insertion_sort_with_tracking_tests::insertion_sort_with_tracking_tests::test_sort_descending_chars ... ok
[INFO] [stdout] test sorting::tests::insertion_sort_with_tracking_tests::insertion_sort_with_tracking_tests::test_sort_unsorted_chars ... ok
[INFO] [stdout] test sorting::tests::merge_sort_tests::merge_sort_tests::test_sort_descending_array ... ok
[INFO] [stdout] test sorting::tests::merge_sort_tests::merge_sort_tests::test_sort_ascending_array ... ok
[INFO] [stdout] test sorting::tests::merge_sort_tests::merge_sort_tests::test_sort_ascending_strings ... ok
[INFO] [stdout] test sorting::tests::merge_sort_tests::merge_sort_tests::test_sort_descending_strings ... ok
[INFO] [stdout] test sorting::tests::merge_sort_tests::merge_sort_tests::test_sort_single_element ... ok
[INFO] [stdout] test sorting::tests::merge_sort_tests::merge_sort_tests::test_sort_unsorted_array ... ok
[INFO] [stdout] test sorting::tests::merge_sort_tests::merge_sort_tests::test_sort_ascending_chars ... ok
[INFO] [stdout] test sorting::tests::merge_sort_tests::merge_sort_tests::test_sort_unsorted_chars ... ok
[INFO] [stdout] test sorting::tests::merge_sort_tests::merge_sort_tests::test_sort_unsorted_strings ... ok
[INFO] [stdout] test sorting::tests::merge_sort_tests::merge_sort_tests::test_sort_descending_chars ... ok
[INFO] [stdout] test sorting::tests::merge_sort_with_tracking_tests::merge_sort_with_tracking_tests::test_sort_ascending_array ... ok
[INFO] [stdout] test sorting::tests::merge_sort_with_tracking_tests::merge_sort_with_tracking_tests::test_sort_descending_array ... ok
[INFO] [stdout] test sorting::tests::merge_sort_with_tracking_tests::merge_sort_with_tracking_tests::test_sort_ascending_chars ... ok
[INFO] [stdout] test sorting::tests::merge_sort_with_tracking_tests::merge_sort_with_tracking_tests::test_sort_ascending_strings ... ok
[INFO] [stdout] test sorting::tests::merge_sort_with_tracking_tests::merge_sort_with_tracking_tests::test_sort_single_element ... ok
[INFO] [stdout] test sorting::tests::merge_sort_with_tracking_tests::merge_sort_with_tracking_tests::test_sort_descending_chars ... ok
[INFO] [stdout] test sorting::tests::merge_sort_with_tracking_tests::merge_sort_with_tracking_tests::test_sort_unsorted_array ... ok
[INFO] [stdout] test sorting::tests::merge_sort_with_tracking_tests::merge_sort_with_tracking_tests::test_sort_unsorted_chars ... ok
[INFO] [stdout] test sorting::tests::merge_sort_with_tracking_tests::merge_sort_with_tracking_tests::test_sort_unsorted_strings ... ok
[INFO] [stdout] test sorting::tests::merge_sort_tests::merge_sort_tests::test_sort_empty_array ... ok
[INFO] [stdout] test sorting::tests::merge_sort_with_tracking_tests::merge_sort_with_tracking_tests::test_sort_descending_strings ... ok
[INFO] [stdout] test sorting::tests::quick_sort_mid_tests::quick_sort_tests::test_sort_ascending_array ... ok
[INFO] [stdout] test sorting::tests::quick_sort_mid_tests::quick_sort_tests::test_sort_descending_array ... ok
[INFO] [stdout] test sorting::tests::quick_sort_mid_tests::quick_sort_tests::test_sort_descending_chars ... ok
[INFO] [stdout] test sorting::tests::merge_sort_with_tracking_tests::merge_sort_with_tracking_tests::test_sort_empty_array ... ok
[INFO] [stdout] test sorting::tests::quick_sort_mid_tests::quick_sort_tests::test_sort_descending_strings ... ok
[INFO] [stdout] test sorting::tests::quick_sort_mid_tests::quick_sort_tests::test_sort_empty_array ... ok
[INFO] [stdout] test sorting::tests::quick_sort_mid_tests::quick_sort_tests::test_sort_single_element ... ok
[INFO] [stdout] test sorting::tests::quick_sort_mid_tests::quick_sort_tests::test_sort_unsorted_array ... ok
[INFO] [stdout] test sorting::tests::quick_sort_mid_tests::quick_sort_tests::test_sort_unsorted_chars ... ok
[INFO] [stdout] test sorting::tests::quick_sort_mid_with_tracking_tests::quick_sort_with_tracking_tests::test_sort_ascending_array ... ok
[INFO] [stdout] test sorting::tests::quick_sort_mid_with_tracking_tests::quick_sort_with_tracking_tests::test_sort_ascending_chars ... ok
[INFO] [stdout] test sorting::tests::quick_sort_mid_with_tracking_tests::quick_sort_with_tracking_tests::test_sort_ascending_strings ... ok
[INFO] [stdout] test sorting::tests::quick_sort_mid_with_tracking_tests::quick_sort_with_tracking_tests::test_sort_descending_array ... ok
[INFO] [stdout] test sorting::tests::quick_sort_mid_tests::quick_sort_tests::test_sort_ascending_chars ... ok
[INFO] [stdout] test sorting::tests::quick_sort_mid_tests::quick_sort_tests::test_sort_ascending_strings ... ok
[INFO] [stdout] test sorting::tests::quick_sort_mid_with_tracking_tests::quick_sort_with_tracking_tests::test_sort_descending_strings ... ok
[INFO] [stdout] test sorting::tests::quick_sort_mid_with_tracking_tests::quick_sort_with_tracking_tests::test_sort_single_element ... ok
[INFO] [stdout] test sorting::tests::quick_sort_mid_with_tracking_tests::quick_sort_with_tracking_tests::test_sort_unsorted_array ... ok
[INFO] [stdout] test sorting::tests::quick_sort_mid_with_tracking_tests::quick_sort_with_tracking_tests::test_sort_unsorted_chars ... ok
[INFO] [stdout] test sorting::tests::quick_sort_mid_with_tracking_tests::quick_sort_with_tracking_tests::test_sort_unsorted_strings ... ok
[INFO] [stdout] test sorting::tests::quick_sort_mid_with_tracking_tests::quick_sort_with_tracking_tests::test_sort_descending_chars ... ok
[INFO] [stdout] test sorting::tests::quick_sort_mid_tests::quick_sort_tests::test_sort_unsorted_strings ... ok
[INFO] [stdout] test sorting::tests::quick_sort_mid_with_tracking_tests::quick_sort_with_tracking_tests::test_sort_empty_array ... ok
[INFO] [stdout] test sorting::tests::quick_sort_mod_tests::quick_sort_tests::test_sort_ascending_strings ... ok
[INFO] [stdout] test sorting::tests::quick_sort_mod_tests::quick_sort_tests::test_sort_ascending_chars ... ok
[INFO] [stdout] test sorting::tests::quick_sort_mod_tests::quick_sort_tests::test_sort_descending_chars ... ok
[INFO] [stdout] test sorting::tests::quick_sort_mod_tests::quick_sort_tests::test_sort_descending_array ... ok
[INFO] [stdout] test sorting::tests::quick_sort_mod_tests::quick_sort_tests::test_sort_descending_strings ... ok
[INFO] [stdout] test sorting::tests::quick_sort_mod_tests::quick_sort_tests::test_sort_single_element ... ok
[INFO] [stdout] test sorting::tests::quick_sort_mod_tests::quick_sort_tests::test_sort_unsorted_array ... ok
[INFO] [stdout] test sorting::tests::quick_sort_mod_tests::quick_sort_tests::test_sort_unsorted_chars ... ok
[INFO] [stdout] test sorting::tests::quick_sort_mod_tests::quick_sort_tests::test_sort_unsorted_strings ... ok
[INFO] [stdout] test sorting::tests::quick_sort_mod_with_tracking_tests::quick_sort_with_tracking_tests::test_sort_ascending_array ... ok
[INFO] [stdout] test sorting::tests::quick_sort_mod_tests::quick_sort_tests::test_sort_ascending_array ... ok
[INFO] [stdout] test sorting::tests::quick_sort_mod_tests::quick_sort_tests::test_sort_empty_array ... ok
[INFO] [stdout] test sorting::tests::quick_sort_mod_with_tracking_tests::quick_sort_with_tracking_tests::test_sort_ascending_chars ... ok
[INFO] [stdout] test sorting::tests::quick_sort_mod_with_tracking_tests::quick_sort_with_tracking_tests::test_sort_ascending_strings ... ok
[INFO] [stdout] test sorting::tests::quick_sort_mod_with_tracking_tests::quick_sort_with_tracking_tests::test_sort_descending_array ... ok
[INFO] [stdout] test sorting::tests::quick_sort_mod_with_tracking_tests::quick_sort_with_tracking_tests::test_sort_empty_array ... ok
[INFO] [stdout] test sorting::tests::quick_sort_mod_with_tracking_tests::quick_sort_with_tracking_tests::test_sort_descending_strings ... ok
[INFO] [stdout] test sorting::tests::quick_sort_mod_with_tracking_tests::quick_sort_with_tracking_tests::test_sort_descending_chars ... ok
[INFO] [stdout] test sorting::tests::quick_sort_mod_with_tracking_tests::quick_sort_with_tracking_tests::test_sort_unsorted_array ... ok
[INFO] [stdout] test sorting::tests::quick_sort_mod_with_tracking_tests::quick_sort_with_tracking_tests::test_sort_unsorted_chars ... ok
[INFO] [stdout] test sorting::tests::quick_sort_mod_with_tracking_tests::quick_sort_with_tracking_tests::test_sort_unsorted_strings ... ok
[INFO] [stdout] test sorting::tests::quick_sort_tests::quick_sort_tests::test_sort_ascending_array ... ok
[INFO] [stdout] test sorting::tests::quick_sort_tests::quick_sort_tests::test_sort_ascending_chars ... ok
[INFO] [stdout] test sorting::tests::quick_sort_tests::quick_sort_tests::test_sort_ascending_strings ... ok
[INFO] [stdout] test sorting::tests::quick_sort_tests::quick_sort_tests::test_sort_descending_array ... ok
[INFO] [stdout] test sorting::tests::quick_sort_tests::quick_sort_tests::test_sort_descending_chars ... ok
[INFO] [stdout] test sorting::tests::quick_sort_tests::quick_sort_tests::test_sort_descending_strings ... ok
[INFO] [stdout] test sorting::tests::quick_sort_tests::quick_sort_tests::test_sort_empty_array ... ok
[INFO] [stdout] test sorting::tests::quick_sort_mod_with_tracking_tests::quick_sort_with_tracking_tests::test_sort_single_element ... ok
[INFO] [stdout] test sorting::tests::quick_sort_tests::quick_sort_tests::test_sort_unsorted_array ... ok
[INFO] [stdout] test sorting::tests::quick_sort_tests::quick_sort_tests::test_sort_unsorted_chars ... ok
[INFO] [stdout] test sorting::tests::quick_sort_with_tracking_tests::quick_sort_with_tracking_tests::test_sort_ascending_array ... ok
[INFO] [stdout] test sorting::tests::quick_sort_tests::quick_sort_tests::test_sort_single_element ... ok
[INFO] [stdout] test sorting::tests::quick_sort_with_tracking_tests::quick_sort_with_tracking_tests::test_sort_ascending_strings ... ok
[INFO] [stdout] test sorting::tests::quick_sort_with_tracking_tests::quick_sort_with_tracking_tests::test_sort_ascending_chars ... ok
[INFO] [stdout] test sorting::tests::quick_sort_with_tracking_tests::quick_sort_with_tracking_tests::test_sort_descending_chars ... ok
[INFO] [stdout] test sorting::tests::quick_sort_tests::quick_sort_tests::test_sort_unsorted_strings ... ok
[INFO] [stdout] test sorting::tests::quick_sort_with_tracking_tests::quick_sort_with_tracking_tests::test_sort_descending_array ... ok
[INFO] [stdout] test sorting::tests::quick_sort_with_tracking_tests::quick_sort_with_tracking_tests::test_sort_descending_strings ... ok
[INFO] [stdout] test sorting::tests::quick_sort_with_tracking_tests::quick_sort_with_tracking_tests::test_sort_empty_array ... ok
[INFO] [stdout] test sorting::tests::quick_sort_with_tracking_tests::quick_sort_with_tracking_tests::test_sort_single_element ... ok
[INFO] [stdout] test sorting::tests::quick_sort_with_tracking_tests::quick_sort_with_tracking_tests::test_sort_unsorted_strings ... ok
[INFO] [stdout] test trees::heaps::tests::indexed_heap_tests::indexed_heap_tests::test_clear ... ok
[INFO] [stdout] test sorting::tests::quick_sort_with_tracking_tests::quick_sort_with_tracking_tests::test_sort_unsorted_chars ... ok
[INFO] [stdout] test sorting::tests::quick_sort_with_tracking_tests::quick_sort_with_tracking_tests::test_sort_unsorted_array ... ok
[INFO] [stdout] test trees::heaps::tests::indexed_heap_tests::indexed_heap_tests::test_increase_key ... ok
[INFO] [stdout] test trees::heaps::tests::indexed_heap_tests::indexed_heap_tests::test_decrease_key ... ok
[INFO] [stdout] test trees::heaps::tests::indexed_heap_tests::indexed_heap_tests::test_len_and_is_empty ... ok
[INFO] [stdout] test trees::heaps::tests::indexed_heap_tests::indexed_heap_tests::test_max_heap ... ok
[INFO] [stdout] test trees::heaps::tests::indexed_heap_tests::indexed_heap_tests::test_push_and_pop ... ok
[INFO] [stdout] test trees::heaps::tests::indexed_heap_tests::indexed_heap_tests::test_peek ... ok
[INFO] [stdout] test trees::heaps::tests::indexed_heap_tests::indexed_heap_tests::test_remove ... ok
[INFO] [stdout] test trees::heaps::tests::indexed_heap_tests::indexed_heap_tests::test_retain ... ok
[INFO] [stdout] test trees::heaps::tests::indexed_heap_tests::indexed_heap_tests::test_drain ... ok
[INFO] [stdout] test trees::heaps::tests::indexed_priority_queue_tests::indexed_priority_queue_tests::test_contains ... ok
[INFO] [stdout] test trees::heaps::tests::indexed_priority_queue_tests::indexed_priority_queue_tests::test_decrease_key_nonexistent ... ok
[INFO] [stdout] test trees::heaps::tests::indexed_priority_queue_tests::indexed_priority_queue_tests::test_duplicate_insert ... ok
[INFO] [stdout] test trees::heaps::tests::indexed_priority_queue_tests::indexed_priority_queue_tests::test_insert_and_pop ... ok
[INFO] [stdout] test trees::heaps::tests::indexed_priority_queue_tests::indexed_priority_queue_tests::test_decrease_key ... ok
[INFO] [stdout] test trees::heaps::tests::indexed_heap_tests::indexed_heap_tests::test_update ... ok
[INFO] [stdout] test trees::heaps::tests::indexed_priority_queue_tests::indexed_priority_queue_tests::test_is_empty_and_len ... ok
[INFO] [stdout] test trees::heaps::tests::indexed_priority_queue_tests::indexed_priority_queue_tests::test_peek ... ok
[INFO] [stdout] test trees::heaps::tests::max_heap_tests::max_heap_tests::test_display_trait ... ok
[INFO] [stdout] test trees::heaps::tests::max_heap_tests::max_heap_tests::test_heap_clear ... ok
[INFO] [stdout] test trees::heaps::tests::max_heap_tests::max_heap_tests::test_heap_drain ... ok
[INFO] [stdout] test trees::heaps::tests::max_heap_tests::max_heap_tests::test_heap_from_iterator ... ok
[INFO] [stdout] test trees::heaps::tests::max_heap_tests::max_heap_tests::test_heap_extend ... ok
[INFO] [stdout] test trees::heaps::tests::max_heap_tests::max_heap_tests::test_heap_ordering ... ok
[INFO] [stdout] test trees::heaps::tests::max_heap_tests::max_heap_tests::test_heap_peek_does_not_remove ... ok
[INFO] [stdout] test trees::heaps::tests::max_heap_tests::max_heap_tests::test_heap_retain ... ok
[INFO] [stdout] test trees::heaps::tests::max_heap_tests::max_heap_tests::test_heap_to_vec ... ok
[INFO] [stdout] test trees::heaps::tests::max_heap_tests::max_heap_tests::test_heap_with_custom_type ... ok
[INFO] [stdout] test trees::heaps::tests::max_heap_tests::max_heap_tests::test_heap_with_duplicates ... ok
[INFO] [stdout] test trees::heaps::tests::indexed_priority_queue_tests::indexed_priority_queue_tests::test_large_dataset ... ok
[INFO] [stdout] test trees::heaps::tests::max_heap_tests::max_heap_tests::test_new_heap_is_empty ... ok
[INFO] [stdout] test trees::heaps::tests::max_heap_tests::max_heap_tests::test_heap_with_negative_numbers ... ok
[INFO] [stdout] test trees::heaps::tests::max_heap_tests::max_heap_tests::test_peek_empty_heap ... ok
[INFO] [stdout] test trees::heaps::tests::max_heap_tests::max_heap_tests::test_pop ... ok
[INFO] [stdout] test trees::heaps::tests::max_heap_tests::max_heap_tests::test_pop_empty_heap ... ok
[INFO] [stdout] test trees::heaps::tests::max_heap_tests::max_heap_tests::test_push_pop_interleaved ... ok
[INFO] [stdout] test trees::heaps::tests::max_heap_tests::max_heap_tests::test_push_and_peek ... ok
[INFO] [stdout] test trees::heaps::tests::min_heap_tests::min_heap_tests::test_heap_clear ... ok
[INFO] [stdout] test trees::heaps::tests::min_heap_tests::min_heap_tests::test_heap_drain ... ok
[INFO] [stdout] test trees::heaps::tests::min_heap_tests::min_heap_tests::test_heap_extend ... ok
[INFO] [stdout] test trees::heaps::tests::min_heap_tests::min_heap_tests::test_heap_from_iterator ... ok
[INFO] [stdout] test trees::heaps::tests::min_heap_tests::min_heap_tests::test_display_trait ... ok
[INFO] [stdout] test trees::heaps::tests::min_heap_tests::min_heap_tests::test_heap_into_vec ... ok
[INFO] [stdout] test trees::heaps::tests::max_heap_tests::max_heap_tests::test_heap_large_number_of_elements ... ok
[INFO] [stdout] test trees::heaps::tests::min_heap_tests::min_heap_tests::test_heap_peek_does_not_remove ... ok
[INFO] [stdout] test trees::heaps::tests::min_heap_tests::min_heap_tests::test_heap_ordering ... ok
[INFO] [stdout] test trees::heaps::tests::min_heap_tests::min_heap_tests::test_heap_retain ... ok
[INFO] [stdout] test trees::heaps::tests::min_heap_tests::min_heap_tests::test_heap_with_duplicates ... ok
[INFO] [stdout] test trees::heaps::tests::min_heap_tests::min_heap_tests::test_heap_with_negative_numbers ... ok
[INFO] [stdout] test trees::heaps::tests::min_heap_tests::min_heap_tests::test_new_heap_is_empty ... ok
[INFO] [stdout] test trees::heaps::tests::min_heap_tests::min_heap_tests::test_peek_empty_heap ... ok
[INFO] [stdout] test trees::heaps::tests::min_heap_tests::min_heap_tests::test_pop ... ok
[INFO] [stdout] test trees::heaps::tests::min_heap_tests::min_heap_tests::test_pop_empty_heap ... ok
[INFO] [stdout] test trees::heaps::tests::min_heap_tests::min_heap_tests::test_push_and_peek ... ok
[INFO] [stdout] test trees::heaps::tests::priority_queue_tests::priority_queue_tests::test_max_priority_queue ... ok
[INFO] [stdout] test trees::heaps::tests::priority_queue_tests::priority_queue_tests::test_min_priority_queue ... ok
[INFO] [stdout] test trees::heaps::tests::priority_queue_tests::priority_queue_tests::test_priority_queue_clear ... ok
[INFO] [stdout] test trees::heaps::tests::priority_queue_tests::priority_queue_tests::test_priority_queue_drain ... ok
[INFO] [stdout] test trees::heaps::tests::priority_queue_tests::priority_queue_tests::test_priority_queue_into_sorted_vec ... ok
[INFO] [stdout] test trees::heaps::tests::priority_queue_tests::priority_queue_tests::test_priority_queue_retain ... ok
[INFO] [stdout] test trees::heaps::tests::min_heap_tests::min_heap_tests::test_heap_with_custom_type ... ok
[INFO] [stdout] test trees::heaps::tests::min_heap_tests::min_heap_tests::test_heap_large_number_of_elements ... ok
[INFO] [stdout] test sorting::tests::quick_sort_mod_benchmarks::quick_sort_with_tracking_tests::benchmark_quick_sort_mod ... FAILED
[INFO] [stdout] test sorting::tests::insertion_sort_benchmarks::insertion_sort_with_tracking_tests::benchmark_insertion_sort ... FAILED
[INFO] [stdout] test sorting::tests::merge_sort_benchmarks::merge_sort_with_tracking_tests::benchmark_merge_sort ... FAILED
[INFO] [stdout] test sorting::tests::quick_sort_benchmarks::quick_sort_with_tracking_tests::benchmark_quick_sort ... FAILED
[INFO] [stdout] test sorting::tests::heap_sort_benchmarks::heap_sort_with_tracking_tests::benchmark_heap_sort ... FAILED
[INFO] [stdout] 
[INFO] [stdout] failures:
[INFO] [stdout] 
[INFO] [stdout] ---- sorting::tests::quick_sort_mod_benchmarks::quick_sort_with_tracking_tests::benchmark_quick_sort_mod stdout ----
[INFO] [stdout] thread 'sorting::tests::quick_sort_mod_benchmarks::quick_sort_with_tracking_tests::benchmark_quick_sort_mod' panicked at src/sorting/tests/quick_sort_mod_benchmarks.rs:31:14:
[INFO] [stdout] Failed to create quick sort benchmark plot: Os { code: 30, kind: ReadOnlyFilesystem, message: "Read-only file system" }
[INFO] [stdout] stack backtrace:
[INFO] [stdout]    0:     0x624e11cee0fa - std::backtrace_rs::backtrace::libunwind::trace::h8810477743020387
[INFO] [stdout]                                at /rustc/202008a1b8de96d2e5b6bc02d379db03a877d34d/library/std/src/../../backtrace/src/backtrace/libunwind.rs:116:5
[INFO] [stdout]    1:     0x624e11cee0fa - std::backtrace_rs::backtrace::trace_unsynchronized::h3aa55355dd6c54a6
[INFO] [stdout]                                at /rustc/202008a1b8de96d2e5b6bc02d379db03a877d34d/library/std/src/../../backtrace/src/backtrace/mod.rs:66:5
[INFO] [stdout]    2:     0x624e11cee0fa - std::sys::backtrace::_print_fmt::h8588b0f62410823f
[INFO] [stdout]                                at /rustc/202008a1b8de96d2e5b6bc02d379db03a877d34d/library/std/src/sys/backtrace.rs:66:9
[INFO] [stdout]    3:     0x624e11cee0fa - <std::sys::backtrace::BacktraceLock::print::DisplayBacktrace as core::fmt::Display>::fmt::h98c26ac25ffe89bb
[INFO] [stdout]                                at /rustc/202008a1b8de96d2e5b6bc02d379db03a877d34d/library/std/src/sys/backtrace.rs:39:26
[INFO] [stdout]    4:     0x624e11d161b3 - core::fmt::rt::Argument::fmt::hf95377f4aebd453b
[INFO] [stdout]                                at /rustc/202008a1b8de96d2e5b6bc02d379db03a877d34d/library/core/src/fmt/rt.rs:177:76
[INFO] [stdout]    5:     0x624e11d161b3 - core::fmt::write::h0dd5f6e2238c7982
[INFO] [stdout]                                at /rustc/202008a1b8de96d2e5b6bc02d379db03a877d34d/library/core/src/fmt/mod.rs:1189:21
[INFO] [stdout]    6:     0x624e11ceb033 - std::io::Write::write_fmt::h03bb0ca26e6faf8c
[INFO] [stdout]                                at /rustc/202008a1b8de96d2e5b6bc02d379db03a877d34d/library/std/src/io/mod.rs:1884:15
[INFO] [stdout]    7:     0x624e11cedf42 - std::sys::backtrace::BacktraceLock::print::h5c19c1c038ee186d
[INFO] [stdout]                                at /rustc/202008a1b8de96d2e5b6bc02d379db03a877d34d/library/std/src/sys/backtrace.rs:42:9
[INFO] [stdout]    8:     0x624e11cef57d - std::panicking::default_hook::{{closure}}::h77172f079a1fcb13
[INFO] [stdout]                                at /rustc/202008a1b8de96d2e5b6bc02d379db03a877d34d/library/std/src/panicking.rs:268:22
[INFO] [stdout]    9:     0x624e11cef387 - std::panicking::default_hook::he5f8e3b203ccddba
[INFO] [stdout]                                at /rustc/202008a1b8de96d2e5b6bc02d379db03a877d34d/library/std/src/panicking.rs:292:9
[INFO] [stdout]   10:     0x624e11ac7557 - <alloc::boxed::Box<F,A> as core::ops::function::Fn<Args>>::call::h7a3c7b4a1ae77f2f
[INFO] [stdout]                                at /rustc/202008a1b8de96d2e5b6bc02d379db03a877d34d/library/alloc/src/boxed.rs:1986:9
[INFO] [stdout]   11:     0x624e11ac7557 - test::test_main::{{closure}}::hf0d3b69ae9b353d1
[INFO] [stdout]                                at /rustc/202008a1b8de96d2e5b6bc02d379db03a877d34d/library/test/src/lib.rs:134:21
[INFO] [stdout]   12:     0x624e11cefc28 - <alloc::boxed::Box<F,A> as core::ops::function::Fn<Args>>::call::h6332e82e7b189abd
[INFO] [stdout]                                at /rustc/202008a1b8de96d2e5b6bc02d379db03a877d34d/library/alloc/src/boxed.rs:1986:9
[INFO] [stdout]   13:     0x624e11cefc28 - std::panicking::rust_panic_with_hook::h53863d4e9018df39
[INFO] [stdout]                                at /rustc/202008a1b8de96d2e5b6bc02d379db03a877d34d/library/std/src/panicking.rs:809:13
[INFO] [stdout]   14:     0x624e11cef9ea - std::panicking::begin_panic_handler::{{closure}}::h67280e6fa0757873
[INFO] [stdout]                                at /rustc/202008a1b8de96d2e5b6bc02d379db03a877d34d/library/std/src/panicking.rs:674:13
[INFO] [stdout]   15:     0x624e11cee5d9 - std::sys::backtrace::__rust_end_short_backtrace::h1dac3f54d6fbbeb2
[INFO] [stdout]                                at /rustc/202008a1b8de96d2e5b6bc02d379db03a877d34d/library/std/src/sys/backtrace.rs:170:18
[INFO] [stdout]   16:     0x624e11cef67c - rust_begin_unwind
[INFO] [stdout]                                at /rustc/202008a1b8de96d2e5b6bc02d379db03a877d34d/library/std/src/panicking.rs:665:5
[INFO] [stdout]   17:     0x624e119b3320 - core::panicking::panic_fmt::h6792bd1b2bf01041
[INFO] [stdout]                                at /rustc/202008a1b8de96d2e5b6bc02d379db03a877d34d/library/core/src/panicking.rs:76:14
[INFO] [stdout]   18:     0x624e119b3766 - core::result::unwrap_failed::h05e0602ed34287c5
[INFO] [stdout]                                at /rustc/202008a1b8de96d2e5b6bc02d379db03a877d34d/library/core/src/result.rs:1699:5
[INFO] [stdout]   19:     0x624e11a7d9ee - core::result::Result<T,E>::expect::h57d0d5740722cdc3
[INFO] [stdout]                                at /rustc/202008a1b8de96d2e5b6bc02d379db03a877d34d/library/core/src/result.rs:1061:23
[INFO] [stdout]   20:     0x624e11a2ebdd - rust_dsa::sorting::tests::quick_sort_mod_benchmarks::quick_sort_with_tracking_tests::benchmark_quick_sort_mod::h5450d7a4e54730c9
[INFO] [stdout]                                at /opt/rustwide/workdir/src/sorting/tests/quick_sort_mod_benchmarks.rs:30:9
[INFO] [stdout]   21:     0x624e11a2e917 - rust_dsa::sorting::tests::quick_sort_mod_benchmarks::quick_sort_with_tracking_tests::benchmark_quick_sort_mod::{{closure}}::hfce5134832973bbc
[INFO] [stdout]                                at /opt/rustwide/workdir/src/sorting/tests/quick_sort_mod_benchmarks.rs:10:38
[INFO] [stdout]   22:     0x624e11a672e6 - core::ops::function::FnOnce::call_once::h5557da3e2427fd4d
[INFO] [stdout]                                at /rustc/202008a1b8de96d2e5b6bc02d379db03a877d34d/library/core/src/ops/function.rs:250:5
[INFO] [stdout]   23:     0x624e11acc07b - core::ops::function::FnOnce::call_once::h871bf86719ec9aa4
[INFO] [stdout]                                at /rustc/202008a1b8de96d2e5b6bc02d379db03a877d34d/library/core/src/ops/function.rs:250:5
[INFO] [stdout]   24:     0x624e11acc07b - test::__rust_begin_short_backtrace::h2167df1e2b7d76fd
[INFO] [stdout]                                at /rustc/202008a1b8de96d2e5b6bc02d379db03a877d34d/library/test/src/lib.rs:632:18
[INFO] [stdout]   25:     0x624e11acba68 - test::run_test_in_process::{{closure}}::h15d92f75a3adfb79
[INFO] [stdout]                                at /rustc/202008a1b8de96d2e5b6bc02d379db03a877d34d/library/test/src/lib.rs:655:60
[INFO] [stdout]   26:     0x624e11acba68 - <core::panic::unwind_safe::AssertUnwindSafe<F> as core::ops::function::FnOnce<()>>::call_once::hb6c8955835a8dbbb
[INFO] [stdout]                                at /rustc/202008a1b8de96d2e5b6bc02d379db03a877d34d/library/core/src/panic/unwind_safe.rs:272:9
[INFO] [stdout]   27:     0x624e11acba68 - std::panicking::try::do_call::hc79d0fc888a0bd30
[INFO] [stdout]                                at /rustc/202008a1b8de96d2e5b6bc02d379db03a877d34d/library/std/src/panicking.rs:557:40
[INFO] [stdout]   28:     0x624e11acba68 - std::panicking::try::hb8a7878e3a8589d6
[INFO] [stdout]                                at /rustc/202008a1b8de96d2e5b6bc02d379db03a877d34d/library/std/src/panicking.rs:520:19
[INFO] [stdout]   29:     0x624e11acba68 - std::panic::catch_unwind::hb8e4600ff0ff5cfa
[INFO] [stdout]                                at /rustc/202008a1b8de96d2e5b6bc02d379db03a877d34d/library/std/src/panic.rs:358:14
[INFO] [stdout]   30:     0x624e11acba68 - test::run_test_in_process::hc2900b0b18688dd6
[INFO] [stdout]                                at /rustc/202008a1b8de96d2e5b6bc02d379db03a877d34d/library/test/src/lib.rs:655:27
[INFO] [stdout]   31:     0x624e11acba68 - test::run_test::{{closure}}::hac2a9cb07be3d48d
[INFO] [stdout]                                at /rustc/202008a1b8de96d2e5b6bc02d379db03a877d34d/library/test/src/lib.rs:576:43
[INFO] [stdout]   32:     0x624e11a8f50a - test::run_test::{{closure}}::h4a5b729e66a38cd8
[INFO] [stdout]                                at /rustc/202008a1b8de96d2e5b6bc02d379db03a877d34d/library/test/src/lib.rs:606:41
[INFO] [stdout]   33:     0x624e11a8f50a - std::sys::backtrace::__rust_begin_short_backtrace::h0496fb742492f573
[INFO] [stdout]                                at /rustc/202008a1b8de96d2e5b6bc02d379db03a877d34d/library/std/src/sys/backtrace.rs:154:18
[INFO] [stdout]   34:     0x624e11a92e84 - std::thread::Builder::spawn_unchecked_::{{closure}}::{{closure}}::hbb6d257c550a54bd
[INFO] [stdout]                                at /rustc/202008a1b8de96d2e5b6bc02d379db03a877d34d/library/std/src/thread/mod.rs:561:17
[INFO] [stdout]   35:     0x624e11a92e84 - <core::panic::unwind_safe::AssertUnwindSafe<F> as core::ops::function::FnOnce<()>>::call_once::h46696fe4a6832328
[INFO] [stdout]                                at /rustc/202008a1b8de96d2e5b6bc02d379db03a877d34d/library/core/src/panic/unwind_safe.rs:272:9
[INFO] [stdout]   36:     0x624e11a92e84 - std::panicking::try::do_call::h2625a51b667bfb64
[INFO] [stdout]                                at /rustc/202008a1b8de96d2e5b6bc02d379db03a877d34d/library/std/src/panicking.rs:557:40
[INFO] [stdout]   37:     0x624e11a92e84 - std::panicking::try::hb956a59a1973aa4c
[INFO] [stdout]                                at /rustc/202008a1b8de96d2e5b6bc02d379db03a877d34d/library/std/src/panicking.rs:520:19
[INFO] [stdout]   38:     0x624e11a92e84 - std::panic::catch_unwind::h64f3b9d1067ef6a0
[INFO] [stdout]                                at /rustc/202008a1b8de96d2e5b6bc02d379db03a877d34d/library/std/src/panic.rs:358:14
[INFO] [stdout]   39:     0x624e11a92e84 - std::thread::Builder::spawn_unchecked_::{{closure}}::h42b2841295b6c0b2
[INFO] [stdout]                                at /rustc/202008a1b8de96d2e5b6bc02d379db03a877d34d/library/std/src/thread/mod.rs:559:30
[INFO] [stdout]   40:     0x624e11a92e84 - core::ops::function::FnOnce::call_once{{vtable.shim}}::h6127de71b8124639
[INFO] [stdout]                                at /rustc/202008a1b8de96d2e5b6bc02d379db03a877d34d/library/core/src/ops/function.rs:250:5
[INFO] [stdout]   41:     0x624e11cf3bab - <alloc::boxed::Box<F,A> as core::ops::function::FnOnce<Args>>::call_once::h42f0ba71002a1b2c
[INFO] [stdout]                                at /rustc/202008a1b8de96d2e5b6bc02d379db03a877d34d/library/alloc/src/boxed.rs:1972:9
[INFO] [stdout]   42:     0x624e11cf3bab - <alloc::boxed::Box<F,A> as core::ops::function::FnOnce<Args>>::call_once::had9e47d7a3dcecb8
[INFO] [stdout]                                at /rustc/202008a1b8de96d2e5b6bc02d379db03a877d34d/library/alloc/src/boxed.rs:1972:9
[INFO] [stdout]   43:     0x624e11cf3bab - std::sys::pal::unix::thread::Thread::new::thread_start::h48cf765408f6f5f2
[INFO] [stdout]                                at /rustc/202008a1b8de96d2e5b6bc02d379db03a877d34d/library/std/src/sys/pal/unix/thread.rs:105:17
[INFO] [stdout]   44:     0x7bab3b987ac3 - <unknown>
[INFO] [stdout]   45:     0x7bab3ba18a04 - clone
[INFO] [stdout]   46:                0x0 - <unknown>
[INFO] [stderr] error: test failed, to rerun pass `--lib`
[INFO] [stdout] 
[INFO] [stdout] ---- sorting::tests::insertion_sort_benchmarks::insertion_sort_with_tracking_tests::benchmark_insertion_sort stdout ----
[INFO] [stdout] Error: Os { code: 30, kind: ReadOnlyFilesystem, message: "Read-only file system" }
[INFO] [stdout] 
[INFO] [stdout] ---- sorting::tests::merge_sort_benchmarks::merge_sort_with_tracking_tests::benchmark_merge_sort stdout ----
[INFO] [stdout] Error: Os { code: 30, kind: ReadOnlyFilesystem, message: "Read-only file system" }
[INFO] [stdout] 
[INFO] [stdout] ---- sorting::tests::quick_sort_benchmarks::quick_sort_with_tracking_tests::benchmark_quick_sort stdout ----
[INFO] [stdout] Error: Os { code: 30, kind: ReadOnlyFilesystem, message: "Read-only file system" }
[INFO] [stdout] 
[INFO] [stdout] ---- sorting::tests::heap_sort_benchmarks::heap_sort_with_tracking_tests::benchmark_heap_sort stdout ----
[INFO] [stdout] Error: Os { code: 30, kind: ReadOnlyFilesystem, message: "Read-only file system" }
[INFO] [stdout] 
[INFO] [stdout] 
[INFO] [stdout] failures:
[INFO] [stdout]     sorting::tests::heap_sort_benchmarks::heap_sort_with_tracking_tests::benchmark_heap_sort
[INFO] [stdout]     sorting::tests::insertion_sort_benchmarks::insertion_sort_with_tracking_tests::benchmark_insertion_sort
[INFO] [stdout]     sorting::tests::merge_sort_benchmarks::merge_sort_with_tracking_tests::benchmark_merge_sort
[INFO] [stdout]     sorting::tests::quick_sort_benchmarks::quick_sort_with_tracking_tests::benchmark_quick_sort
[INFO] [stdout]     sorting::tests::quick_sort_mod_benchmarks::quick_sort_with_tracking_tests::benchmark_quick_sort_mod
[INFO] [stdout] 
[INFO] [stdout] test result: FAILED. 224 passed; 5 failed; 0 ignored; 0 measured; 0 filtered out; finished in 8.10s
[INFO] [stdout] 
[INFO] running `Command { std: "docker" "inspect" "69c0e742253458cc53c56829310cb0b12e82778e0c53312063b6f1673e0ca980", kill_on_drop: false }`
[INFO] running `Command { std: "docker" "rm" "-f" "69c0e742253458cc53c56829310cb0b12e82778e0c53312063b6f1673e0ca980", kill_on_drop: false }`
[INFO] [stdout] 69c0e742253458cc53c56829310cb0b12e82778e0c53312063b6f1673e0ca980
