[INFO] cloning repository https://github.com/lipogem/sys-datetime
[INFO] running `Command { std: "git" "-c" "credential.helper=" "-c" "credential.helper=/workspace/cargo-home/bin/git-credential-null" "clone" "--bare" "https://github.com/lipogem/sys-datetime" "/workspace/cache/git-repos/https%3A%2F%2Fgithub.com%2Flipogem%2Fsys-datetime", kill_on_drop: false }`
[INFO] [stderr] Cloning into bare repository '/workspace/cache/git-repos/https%3A%2F%2Fgithub.com%2Flipogem%2Fsys-datetime'...
[INFO] running `Command { std: "git" "rev-parse" "HEAD", kill_on_drop: false }`
[INFO] [stdout] 7af4bb1cf397bb3796abeed5f74086890a4fb388
[INFO] testing lipogem/sys-datetime against 1.83.0 for beta-1.84.0-4-retry
[INFO] running `Command { std: "git" "clone" "/workspace/cache/git-repos/https%3A%2F%2Fgithub.com%2Flipogem%2Fsys-datetime" "/workspace/builds/worker-3-tc1/source", kill_on_drop: false }`
[INFO] [stderr] Cloning into '/workspace/builds/worker-3-tc1/source'...
[INFO] [stderr] done.
[INFO] validating manifest of git repo https://github.com/lipogem/sys-datetime on toolchain 1.83.0
[INFO] running `Command { std: CARGO_HOME="/workspace/cargo-home" RUSTUP_HOME="/workspace/rustup-home" "/workspace/cargo-home/bin/cargo" "+1.83.0" "metadata" "--manifest-path" "Cargo.toml" "--no-deps", kill_on_drop: false }`
[INFO] started tweaking git repo https://github.com/lipogem/sys-datetime
[INFO] finished tweaking git repo https://github.com/lipogem/sys-datetime
[INFO] tweaked toml for git repo https://github.com/lipogem/sys-datetime written to /workspace/builds/worker-3-tc1/source/Cargo.toml
[INFO] crate git repo https://github.com/lipogem/sys-datetime already has a lockfile, it will not be regenerated
[INFO] running `Command { std: CARGO_HOME="/workspace/cargo-home" RUSTUP_HOME="/workspace/rustup-home" "/workspace/cargo-home/bin/cargo" "+1.83.0" "fetch" "--manifest-path" "Cargo.toml", kill_on_drop: false }`
[INFO] [stderr]  Downloading crates ...
[INFO] [stderr]   Downloaded pem-rfc7468 v0.3.1
[INFO] [stderr]   Downloaded pkcs1 v0.3.3
[INFO] [stderr]   Downloaded rsa v0.6.1
[INFO] running `Command { std: "docker" "create" "-v" "/var/lib/crater-agent-workspace/builds/worker-3-tc1/target:/opt/rustwide/target:rw,Z" "-v" "/var/lib/crater-agent-workspace/builds/worker-3-tc1/source:/opt/rustwide/workdir:ro,Z" "-v" "/var/lib/crater-agent-workspace/cargo-home:/opt/rustwide/cargo-home:ro,Z" "-v" "/var/lib/crater-agent-workspace/rustup-home:/opt/rustwide/rustup-home:ro,Z" "-e" "SOURCE_DIR=/opt/rustwide/workdir" "-e" "CARGO_TARGET_DIR=/opt/rustwide/target" "-e" "CARGO_HOME=/opt/rustwide/cargo-home" "-e" "RUSTUP_HOME=/opt/rustwide/rustup-home" "-w" "/opt/rustwide/workdir" "-m" "1610612736" "--user" "0:0" "--network" "none" "ghcr.io/rust-lang/crates-build-env/linux@sha256:f3a9d4ad9d972b27faf3965f35b62e55ba32bbce8f20bc8fe909558a86702fde" "/opt/rustwide/cargo-home/bin/cargo" "+1.83.0" "metadata" "--no-deps" "--format-version=1", kill_on_drop: false }`
[INFO] [stdout] 09e57d7bdc51cd4aa396b4ba09cc1353fe2b04ea0276e54554df6b8273dbe77f
[INFO] running `Command { std: "docker" "start" "-a" "09e57d7bdc51cd4aa396b4ba09cc1353fe2b04ea0276e54554df6b8273dbe77f", kill_on_drop: false }`
[INFO] running `Command { std: "docker" "inspect" "09e57d7bdc51cd4aa396b4ba09cc1353fe2b04ea0276e54554df6b8273dbe77f", kill_on_drop: false }`
[INFO] running `Command { std: "docker" "rm" "-f" "09e57d7bdc51cd4aa396b4ba09cc1353fe2b04ea0276e54554df6b8273dbe77f", kill_on_drop: false }`
[INFO] [stdout] 09e57d7bdc51cd4aa396b4ba09cc1353fe2b04ea0276e54554df6b8273dbe77f
[INFO] running `Command { std: "docker" "create" "-v" "/var/lib/crater-agent-workspace/builds/worker-3-tc1/target:/opt/rustwide/target:rw,Z" "-v" "/var/lib/crater-agent-workspace/builds/worker-3-tc1/source:/opt/rustwide/workdir:ro,Z" "-v" "/var/lib/crater-agent-workspace/cargo-home:/opt/rustwide/cargo-home:ro,Z" "-v" "/var/lib/crater-agent-workspace/rustup-home:/opt/rustwide/rustup-home:ro,Z" "-e" "SOURCE_DIR=/opt/rustwide/workdir" "-e" "CARGO_TARGET_DIR=/opt/rustwide/target" "-e" "CARGO_INCREMENTAL=0" "-e" "RUST_BACKTRACE=full" "-e" "RUSTFLAGS=--cap-lints=warn" "-e" "RUSTDOCFLAGS=--cap-lints=warn" "-e" "CARGO_HOME=/opt/rustwide/cargo-home" "-e" "RUSTUP_HOME=/opt/rustwide/rustup-home" "-w" "/opt/rustwide/workdir" "-m" "1610612736" "--user" "0:0" "--network" "none" "ghcr.io/rust-lang/crates-build-env/linux@sha256:f3a9d4ad9d972b27faf3965f35b62e55ba32bbce8f20bc8fe909558a86702fde" "/opt/rustwide/cargo-home/bin/cargo" "+1.83.0" "build" "--frozen" "--message-format=json", kill_on_drop: false }`
[INFO] [stdout] 2e24a3a7ca780efdd666b0664e5474dd0c150b286d646c2ccae2bb54916eb058
[INFO] running `Command { std: "docker" "start" "-a" "2e24a3a7ca780efdd666b0664e5474dd0c150b286d646c2ccae2bb54916eb058", kill_on_drop: false }`
[INFO] [stderr]    Compiling memchr v2.5.0
[INFO] [stderr]    Compiling serde v1.0.147
[INFO] [stderr]    Compiling regex-syntax v0.6.28
[INFO] [stderr]    Compiling aho-corasick v0.7.20
[INFO] [stderr]    Compiling regex v1.7.0
[INFO] [stderr]    Compiling sys-datetime v1.0.2 (/opt/rustwide/workdir)
[INFO] [stderr]     Finished `dev` profile [unoptimized + debuginfo] target(s) in 7.55s
[INFO] running `Command { std: "docker" "inspect" "2e24a3a7ca780efdd666b0664e5474dd0c150b286d646c2ccae2bb54916eb058", kill_on_drop: false }`
[INFO] running `Command { std: "docker" "rm" "-f" "2e24a3a7ca780efdd666b0664e5474dd0c150b286d646c2ccae2bb54916eb058", kill_on_drop: false }`
[INFO] [stdout] 2e24a3a7ca780efdd666b0664e5474dd0c150b286d646c2ccae2bb54916eb058
[INFO] running `Command { std: "docker" "create" "-v" "/var/lib/crater-agent-workspace/builds/worker-3-tc1/target:/opt/rustwide/target:rw,Z" "-v" "/var/lib/crater-agent-workspace/builds/worker-3-tc1/source:/opt/rustwide/workdir:ro,Z" "-v" "/var/lib/crater-agent-workspace/cargo-home:/opt/rustwide/cargo-home:ro,Z" "-v" "/var/lib/crater-agent-workspace/rustup-home:/opt/rustwide/rustup-home:ro,Z" "-e" "SOURCE_DIR=/opt/rustwide/workdir" "-e" "CARGO_TARGET_DIR=/opt/rustwide/target" "-e" "CARGO_INCREMENTAL=0" "-e" "RUST_BACKTRACE=full" "-e" "RUSTFLAGS=--cap-lints=warn" "-e" "RUSTDOCFLAGS=--cap-lints=warn" "-e" "CARGO_HOME=/opt/rustwide/cargo-home" "-e" "RUSTUP_HOME=/opt/rustwide/rustup-home" "-w" "/opt/rustwide/workdir" "-m" "1610612736" "--user" "0:0" "--network" "none" "ghcr.io/rust-lang/crates-build-env/linux@sha256:f3a9d4ad9d972b27faf3965f35b62e55ba32bbce8f20bc8fe909558a86702fde" "/opt/rustwide/cargo-home/bin/cargo" "+1.83.0" "test" "--frozen" "--no-run" "--message-format=json", kill_on_drop: false }`
[INFO] [stdout] 1f4d0ef2d147d1a3d2446aece3389a85200169e41cfbe33f955c00dabe8ac050
[INFO] running `Command { std: "docker" "start" "-a" "1f4d0ef2d147d1a3d2446aece3389a85200169e41cfbe33f955c00dabe8ac050", kill_on_drop: false }`
[INFO] [stderr]    Compiling sys-datetime v1.0.2 (/opt/rustwide/workdir)
[INFO] [stderr]     Finished `test` profile [unoptimized + debuginfo] target(s) in 0.47s
[INFO] running `Command { std: "docker" "inspect" "1f4d0ef2d147d1a3d2446aece3389a85200169e41cfbe33f955c00dabe8ac050", kill_on_drop: false }`
[INFO] running `Command { std: "docker" "rm" "-f" "1f4d0ef2d147d1a3d2446aece3389a85200169e41cfbe33f955c00dabe8ac050", kill_on_drop: false }`
[INFO] [stdout] 1f4d0ef2d147d1a3d2446aece3389a85200169e41cfbe33f955c00dabe8ac050
[INFO] running `Command { std: "docker" "create" "-v" "/var/lib/crater-agent-workspace/builds/worker-3-tc1/target:/opt/rustwide/target:rw,Z" "-v" "/var/lib/crater-agent-workspace/builds/worker-3-tc1/source:/opt/rustwide/workdir:ro,Z" "-v" "/var/lib/crater-agent-workspace/cargo-home:/opt/rustwide/cargo-home:ro,Z" "-v" "/var/lib/crater-agent-workspace/rustup-home:/opt/rustwide/rustup-home:ro,Z" "-e" "SOURCE_DIR=/opt/rustwide/workdir" "-e" "CARGO_TARGET_DIR=/opt/rustwide/target" "-e" "CARGO_INCREMENTAL=0" "-e" "RUST_BACKTRACE=full" "-e" "RUSTFLAGS=--cap-lints=warn" "-e" "RUSTDOCFLAGS=--cap-lints=warn" "-e" "CARGO_HOME=/opt/rustwide/cargo-home" "-e" "RUSTUP_HOME=/opt/rustwide/rustup-home" "-w" "/opt/rustwide/workdir" "-m" "1610612736" "--user" "0:0" "--network" "none" "ghcr.io/rust-lang/crates-build-env/linux@sha256:f3a9d4ad9d972b27faf3965f35b62e55ba32bbce8f20bc8fe909558a86702fde" "/opt/rustwide/cargo-home/bin/cargo" "+1.83.0" "test" "--frozen", kill_on_drop: false }`
[INFO] [stdout] 0a02007f008db44bb168b59c39d5325d6c68b39150055bba21f0bcba66598f39
[INFO] running `Command { std: "docker" "start" "-a" "0a02007f008db44bb168b59c39d5325d6c68b39150055bba21f0bcba66598f39", kill_on_drop: false }`
[INFO] [stderr]     Finished `test` profile [unoptimized + debuginfo] target(s) in 0.05s
[INFO] [stderr]      Running unittests src/lib.rs (/opt/rustwide/target/debug/deps/sys_datetime-cdbd8d9ce323bf6a)
[INFO] [stdout] 
[INFO] [stdout] running 0 tests
[INFO] [stdout] 
[INFO] [stdout] test result: ok. 0 passed; 0 failed; 0 ignored; 0 measured; 0 filtered out; finished in 0.00s
[INFO] [stdout] 
[INFO] [stderr]    Doc-tests sys_datetime
[INFO] [stdout] 
[INFO] [stdout] running 2 tests
[INFO] [stdout] test src/lib.rs - Datetime::add_hours (line 226) - compile ... FAILED
[INFO] [stdout] test src/lib.rs - Datetime (line 11) - compile ... FAILED
[INFO] [stdout] 
[INFO] [stdout] failures:
[INFO] [stdout] 
[INFO] [stdout] ---- src/lib.rs - Datetime::add_hours (line 226) stdout ----
[INFO] [stdout] error[E0433]: failed to resolve: use of undeclared type `Datetime`
[INFO] [stdout]  --> src/lib.rs:227:14
[INFO] [stdout]   |
[INFO] [stdout] 3 | let mut dt = Datetime::now();
[INFO] [stdout]   |              ^^^^^^^^ use of undeclared type `Datetime`
[INFO] [stdout]   |
[INFO] [stdout] help: consider importing this struct
[INFO] [stdout]   |
[INFO] [stdout] 2 + use sys_datetime::Datetime;
[INFO] [stdout]   |
[INFO] [stdout] 
[INFO] [stdout] error: aborting due to 1 previous error
[INFO] [stdout] 
[INFO] [stdout] For more information about this error, try `rustc --explain E0433`.
[INFO] [stdout] Couldn't compile the test.
[INFO] [stdout] ---- src/lib.rs - Datetime (line 11) stdout ----
[INFO] [stdout] error[E0433]: failed to resolve: use of undeclared type `Datetime`
[INFO] [stdout]  --> src/lib.rs:12:14
[INFO] [stdout]   |
[INFO] [stdout] 3 | let mut dt = Datetime::default();
[INFO] [stdout]   |              ^^^^^^^^ use of undeclared type `Datetime`
[INFO] [stdout]   |
[INFO] [stdout] help: consider importing this struct
[INFO] [stdout]   |
[INFO] [stdout] 2 + use sys_datetime::Datetime;
[INFO] [stdout]   |
[INFO] [stdout] 
[INFO] [stdout] error[E0433]: failed to resolve: use of undeclared type `Datetime`
[INFO] [stdout]  --> src/lib.rs:14:16
[INFO] [stdout]   |
[INFO] [stdout] 5 | dt.add_seconds(Datetime::timestamp().as_secs() as i64);
[INFO] [stdout]   |                ^^^^^^^^ use of undeclared type `Datetime`
[INFO] [stdout]   |
[INFO] [stdout] help: consider importing this struct
[INFO] [stdout]   |
[INFO] [stdout] 2 + use sys_datetime::Datetime;
[INFO] [stdout]   |
[INFO] [stdout] 
[INFO] [stdout] error[E0433]: failed to resolve: use of undeclared type `Datetime`
[INFO] [stdout]  --> src/lib.rs:16:11
[INFO] [stdout]   |
[INFO] [stdout] 7 | let now = Datetime::now();
[INFO] [stdout]   |           ^^^^^^^^ use of undeclared type `Datetime`
[INFO] [stdout]   |
[INFO] [stdout] help: consider importing this struct
[INFO] [stdout]   |
[INFO] [stdout] 2 + use sys_datetime::Datetime;
[INFO] [stdout]   |
[INFO] [stdout] 
[INFO] [stdout] error: aborting due to 3 previous errors
[INFO] [stdout] 
[INFO] [stdout] For more information about this error, try `rustc --explain E0433`.
[INFO] [stdout] Couldn't compile the test.
[INFO] [stdout] 
[INFO] [stdout] failures:
[INFO] [stdout]     src/lib.rs - Datetime (line 11)
[INFO] [stdout]     src/lib.rs - Datetime::add_hours (line 226)
[INFO] [stdout] 
[INFO] [stdout] test result: FAILED. 0 passed; 2 failed; 0 ignored; 0 measured; 0 filtered out; finished in 0.14s
[INFO] [stdout] 
[INFO] [stderr] error: doctest failed, to rerun pass `--doc`
[INFO] running `Command { std: "docker" "inspect" "0a02007f008db44bb168b59c39d5325d6c68b39150055bba21f0bcba66598f39", kill_on_drop: false }`
[INFO] running `Command { std: "docker" "rm" "-f" "0a02007f008db44bb168b59c39d5325d6c68b39150055bba21f0bcba66598f39", kill_on_drop: false }`
[INFO] [stdout] 0a02007f008db44bb168b59c39d5325d6c68b39150055bba21f0bcba66598f39
