[INFO] cloning repository https://github.com/lifegpc/pixiv_downloader
[INFO] running `Command { std: "git" "-c" "credential.helper=" "-c" "credential.helper=/workspace/cargo-home/bin/git-credential-null" "clone" "--bare" "https://github.com/lifegpc/pixiv_downloader" "/workspace/cache/git-repos/https%3A%2F%2Fgithub.com%2Flifegpc%2Fpixiv_downloader", kill_on_drop: false }`
[INFO] [stderr] Cloning into bare repository '/workspace/cache/git-repos/https%3A%2F%2Fgithub.com%2Flifegpc%2Fpixiv_downloader'...
[INFO] running `Command { std: "git" "rev-parse" "HEAD", kill_on_drop: false }`
[INFO] [stdout] b24632d1d8be9a865c30fbb5a0d0bcbcf17649fe
[INFO] testing lifegpc/pixiv_downloader against 1.83.0 for beta-1.84.0-4-retry
[INFO] running `Command { std: "git" "clone" "/workspace/cache/git-repos/https%3A%2F%2Fgithub.com%2Flifegpc%2Fpixiv_downloader" "/workspace/builds/worker-2-tc1/source", kill_on_drop: false }`
[INFO] [stderr] Cloning into '/workspace/builds/worker-2-tc1/source'...
[INFO] [stderr] done.
[INFO] validating manifest of git repo https://github.com/lifegpc/pixiv_downloader on toolchain 1.83.0
[INFO] running `Command { std: CARGO_HOME="/workspace/cargo-home" RUSTUP_HOME="/workspace/rustup-home" "/workspace/cargo-home/bin/cargo" "+1.83.0" "metadata" "--manifest-path" "Cargo.toml" "--no-deps", kill_on_drop: false }`
[INFO] started tweaking git repo https://github.com/lifegpc/pixiv_downloader
[INFO] finished tweaking git repo https://github.com/lifegpc/pixiv_downloader
[INFO] tweaked toml for git repo https://github.com/lifegpc/pixiv_downloader written to /workspace/builds/worker-2-tc1/source/Cargo.toml
[INFO] crate git repo https://github.com/lifegpc/pixiv_downloader already has a lockfile, it will not be regenerated
[INFO] running `Command { std: CARGO_HOME="/workspace/cargo-home" RUSTUP_HOME="/workspace/rustup-home" "/workspace/cargo-home/bin/cargo" "+1.83.0" "fetch" "--manifest-path" "Cargo.toml", kill_on_drop: false }`
[INFO] [stderr]     Updating git repository `https://github.com/lifegpc/async-trait`
[INFO] [stderr]     Updating git repository `https://github.com/lifegpc/buf_redux`
[INFO] [stderr]     Updating git repository `https://github.com/lifegpc/rust-native-tls`
[INFO] [stderr]     Updating git repository `https://github.com/lifegpc/rust-openssl`
[INFO] [stderr]     Updating git repository `https://github.com/Stebalien/tempfile`
[INFO] [stderr]     Updating crates.io index
[INFO] [stderr]     Updating git repository `https://github.com/lifegpc/multipart`
[INFO] [stderr]  Downloading crates ...
[INFO] [stderr]   Downloaded http-content-range v0.1.2
[INFO] [stderr]   Downloaded utf16string v0.2.0
[INFO] [stderr]   Downloaded derive_builder v0.20.1
[INFO] [stderr]   Downloaded RustyXML v0.3.0
[INFO] [stderr]   Downloaded dateparser v0.2.1
[INFO] [stderr]   Downloaded derive-getters v0.5.0
[INFO] [stderr]   Downloaded derive_builder_core v0.20.1
[INFO] [stderr]   Downloaded gettext v0.4.0
[INFO] [stderr]   Downloaded xml5ever v0.18.1
[INFO] [stderr]   Downloaded markup5ever_rcdom v0.3.0
[INFO] [stderr]   Downloaded urlparse v0.7.3
[INFO] [stderr]   Downloaded derive_builder_macro v0.20.1
[INFO] [stderr]   Downloaded derive_setters v0.1.6
[INFO] [stderr]   Downloaded c_fixed_string v0.2.0
[INFO] running `Command { std: "docker" "create" "-v" "/var/lib/crater-agent-workspace/builds/worker-2-tc1/target:/opt/rustwide/target:rw,Z" "-v" "/var/lib/crater-agent-workspace/builds/worker-2-tc1/source:/opt/rustwide/workdir:ro,Z" "-v" "/var/lib/crater-agent-workspace/cargo-home:/opt/rustwide/cargo-home:ro,Z" "-v" "/var/lib/crater-agent-workspace/rustup-home:/opt/rustwide/rustup-home:ro,Z" "-e" "SOURCE_DIR=/opt/rustwide/workdir" "-e" "CARGO_TARGET_DIR=/opt/rustwide/target" "-e" "CARGO_HOME=/opt/rustwide/cargo-home" "-e" "RUSTUP_HOME=/opt/rustwide/rustup-home" "-w" "/opt/rustwide/workdir" "-m" "1610612736" "--user" "0:0" "--network" "none" "ghcr.io/rust-lang/crates-build-env/linux@sha256:f3a9d4ad9d972b27faf3965f35b62e55ba32bbce8f20bc8fe909558a86702fde" "/opt/rustwide/cargo-home/bin/cargo" "+1.83.0" "metadata" "--no-deps" "--format-version=1", kill_on_drop: false }`
[INFO] [stdout] ccd46b74985514927522712e918aea7425c8e888b6dbb62bec7398914c915c4e
[INFO] running `Command { std: "docker" "start" "-a" "ccd46b74985514927522712e918aea7425c8e888b6dbb62bec7398914c915c4e", kill_on_drop: false }`
[INFO] running `Command { std: "docker" "inspect" "ccd46b74985514927522712e918aea7425c8e888b6dbb62bec7398914c915c4e", kill_on_drop: false }`
[INFO] running `Command { std: "docker" "rm" "-f" "ccd46b74985514927522712e918aea7425c8e888b6dbb62bec7398914c915c4e", kill_on_drop: false }`
[INFO] [stdout] ccd46b74985514927522712e918aea7425c8e888b6dbb62bec7398914c915c4e
[INFO] running `Command { std: "docker" "create" "-v" "/var/lib/crater-agent-workspace/builds/worker-2-tc1/target:/opt/rustwide/target:rw,Z" "-v" "/var/lib/crater-agent-workspace/builds/worker-2-tc1/source:/opt/rustwide/workdir:ro,Z" "-v" "/var/lib/crater-agent-workspace/cargo-home:/opt/rustwide/cargo-home:ro,Z" "-v" "/var/lib/crater-agent-workspace/rustup-home:/opt/rustwide/rustup-home:ro,Z" "-e" "SOURCE_DIR=/opt/rustwide/workdir" "-e" "CARGO_TARGET_DIR=/opt/rustwide/target" "-e" "CARGO_INCREMENTAL=0" "-e" "RUST_BACKTRACE=full" "-e" "RUSTFLAGS=--cap-lints=warn" "-e" "RUSTDOCFLAGS=--cap-lints=warn" "-e" "CARGO_HOME=/opt/rustwide/cargo-home" "-e" "RUSTUP_HOME=/opt/rustwide/rustup-home" "-w" "/opt/rustwide/workdir" "-m" "1610612736" "--user" "0:0" "--network" "none" "ghcr.io/rust-lang/crates-build-env/linux@sha256:f3a9d4ad9d972b27faf3965f35b62e55ba32bbce8f20bc8fe909558a86702fde" "/opt/rustwide/cargo-home/bin/cargo" "+1.83.0" "build" "--frozen" "--message-format=json", kill_on_drop: false }`
[INFO] [stdout] 26b4758ef77a466147d05aaae5e81e4de7dc5df7d48dfd27eb5b48f2035db9d7
[INFO] running `Command { std: "docker" "start" "-a" "26b4758ef77a466147d05aaae5e81e4de7dc5df7d48dfd27eb5b48f2035db9d7", kill_on_drop: false }`
[INFO] [stderr]    Compiling proc-macro2 v1.0.86
[INFO] [stderr]    Compiling unicode-ident v1.0.12
[INFO] [stderr]    Compiling autocfg v1.3.0
[INFO] [stderr]    Compiling libc v0.2.155
[INFO] [stderr]    Compiling cfg-if v1.0.0
[INFO] [stderr]    Compiling serde v1.0.203
[INFO] [stderr]    Compiling once_cell v1.19.0
[INFO] [stderr]    Compiling ppv-lite86 v0.2.17
[INFO] [stderr]    Compiling siphasher v0.3.11
[INFO] [stderr]    Compiling fnv v1.0.7
[INFO] [stderr]    Compiling syn v1.0.109
[INFO] [stderr]    Compiling pin-project-lite v0.2.14
[INFO] [stderr]    Compiling bytes v1.6.0
[INFO] [stderr]    Compiling equivalent v1.0.1
[INFO] [stderr]    Compiling hashbrown v0.14.5
[INFO] [stderr]    Compiling num-traits v0.2.19
[INFO] [stderr]    Compiling cc v1.0.104
[INFO] [stderr]    Compiling pkg-config v0.3.30
[INFO] [stderr]    Compiling itoa v1.0.11
[INFO] [stderr]    Compiling lock_api v0.4.12
[INFO] [stderr]    Compiling quote v1.0.36
[INFO] [stderr]    Compiling indexmap v2.2.6
[INFO] [stderr]    Compiling phf_shared v0.10.0
[INFO] [stderr]    Compiling parking_lot_core v0.9.10
[INFO] [stderr]    Compiling syn v2.0.68
[INFO] [stderr]    Compiling getrandom v0.2.15
[INFO] [stderr]    Compiling socket2 v0.5.7
[INFO] [stderr]    Compiling num_cpus v1.16.0
[INFO] [stderr]    Compiling rand_core v0.6.4
[INFO] [stderr]    Compiling mio v0.8.11
[INFO] [stderr]    Compiling rand_chacha v0.3.1
[INFO] [stderr]    Compiling futures-core v0.3.30
[INFO] [stderr]    Compiling phf_shared v0.11.2
[INFO] [stderr]    Compiling rand v0.8.5
[INFO] [stderr]    Compiling slab v0.4.9
[INFO] [stderr]    Compiling scopeguard v1.2.0
[INFO] [stderr]    Compiling smallvec v1.13.2
[INFO] [stderr]    Compiling openssl-sys v0.9.77 (https://github.com/lifegpc/rust-openssl#6b3a079e)
[INFO] [stderr]    Compiling regex-syntax v0.8.4
[INFO] [stderr]    Compiling encoding_index_tests v0.1.4
[INFO] [stderr]    Compiling phf_generator v0.10.0
[INFO] [stderr]    Compiling phf_generator v0.11.2
[INFO] [stderr]    Compiling new_debug_unreachable v1.0.6
[INFO] [stderr]    Compiling ident_case v1.0.1
[INFO] [stderr]    Compiling version_check v0.9.4
[INFO] [stderr]    Compiling memchr v2.7.4
[INFO] [stderr]    Compiling strsim v0.11.1
[INFO] [stderr]    Compiling phf_codegen v0.11.2
[INFO] [stderr]    Compiling string_cache_codegen v0.5.2
[INFO] [stderr]    Compiling num-integer v0.1.46
[INFO] [stderr]    Compiling parking_lot v0.12.3
[INFO] [stderr]    Compiling unicase v2.7.0
[INFO] [stderr]    Compiling num-bigint v0.2.6
[INFO] [stderr]    Compiling foreign-types-shared v0.1.1
[INFO] [stderr]    Compiling futures-task v0.3.30
[INFO] [stderr]    Compiling openssl v0.10.42 (https://github.com/lifegpc/rust-openssl#6b3a079e)
[INFO] [stderr]    Compiling pin-utils v0.1.0
[INFO] [stderr]    Compiling mac v0.1.1
[INFO] [stderr]    Compiling foreign-types v0.3.2
[INFO] [stderr]    Compiling futf v0.1.5
[INFO] [stderr]    Compiling markup5ever v0.12.1
[INFO] [stderr]    Compiling http v0.2.12
[INFO] [stderr]    Compiling num-complex v0.2.4
[INFO] [stderr]    Compiling num-rational v0.2.4
[INFO] [stderr]    Compiling tracing-core v0.1.32
[INFO] [stderr]    Compiling futures-sink v0.3.30
[INFO] [stderr]    Compiling httparse v1.9.4
[INFO] [stderr]    Compiling precomputed-hash v0.1.1
[INFO] [stderr]    Compiling adler v1.0.2
[INFO] [stderr]    Compiling utf-8 v0.7.6
[INFO] [stderr]    Compiling bitflags v1.3.2
[INFO] [stderr]    Compiling lazy_static v1.5.0
[INFO] [stderr]    Compiling alloc-no-stdlib v2.0.4
[INFO] [stderr]    Compiling native-tls v0.2.11 (https://github.com/lifegpc/rust-native-tls#e1236caa)
[INFO] [stderr]    Compiling thiserror v1.0.61
[INFO] [stderr]    Compiling ryu v1.0.18
[INFO] [stderr]    Compiling tinyvec_macros v0.1.1
[INFO] [stderr]    Compiling tinyvec v1.6.1
[INFO] [stderr]    Compiling alloc-stdlib v0.2.2
[INFO] [stderr]    Compiling tendril v0.4.3
[INFO] [stderr]    Compiling tracing v0.1.40
[INFO] [stderr]    Compiling miniz_oxide v0.7.4
[INFO] [stderr]    Compiling darling_core v0.20.10
[INFO] [stderr]    Compiling aho-corasick v1.1.3
[INFO] [stderr]    Compiling phf v0.11.2
[INFO] [stderr]    Compiling crc32fast v1.4.2
[INFO] [stderr]    Compiling openssl-probe v0.1.5
[INFO] [stderr]    Compiling anyhow v1.0.86
[INFO] [stderr]    Compiling percent-encoding v2.3.1
[INFO] [stderr]    Compiling winnow v0.5.40
[INFO] [stderr]    Compiling try-lock v0.2.5
[INFO] [stderr]    Compiling toml_datetime v0.6.6
[INFO] [stderr]    Compiling want v0.3.1
[INFO] [stderr]    Compiling form_urlencoded v1.2.1
[INFO] [stderr]    Compiling openssl-macros v0.1.0 (https://github.com/lifegpc/rust-openssl#6b3a079e)
[INFO] [stderr]    Compiling regex-automata v0.4.7
[INFO] [stderr]    Compiling serde_derive v1.0.203
[INFO] [stderr]    Compiling tokio-macros v2.3.0
[INFO] [stderr]    Compiling futures-macro v0.3.30
[INFO] [stderr]    Compiling darling_macro v0.20.10
[INFO] [stderr]    Compiling thiserror-impl v1.0.61
[INFO] [stderr]    Compiling tokio v1.38.0
[INFO] [stderr]    Compiling futures-util v0.3.30
[INFO] [stderr]    Compiling darling v0.20.10
[INFO] [stderr]    Compiling toml_edit v0.19.15
[INFO] [stderr]    Compiling html5ever v0.27.0
[INFO] [stderr]    Compiling flate2 v1.0.30
[INFO] [stderr]    Compiling mime_guess v2.0.5
[INFO] [stderr]    Compiling unicode-normalization v0.1.23
[INFO] [stderr]    Compiling brotli-decompressor v4.0.1
[INFO] [stderr]    Compiling http-body v0.4.6
[INFO] [stderr]    Compiling num-iter v0.1.45
[INFO] [stderr]    Compiling futures-channel v0.3.30
[INFO] [stderr]    Compiling destructure_traitobject v0.2.0
[INFO] [stderr]    Compiling iana-time-zone v0.1.60
[INFO] [stderr]    Compiling unicode-bidi v0.3.15
[INFO] [stderr]    Compiling serde_json v1.0.120
[INFO] [stderr]    Compiling tower-service v0.3.2
[INFO] [stderr]    Compiling unicode-width v0.1.13
[INFO] [stderr]    Compiling either v1.13.0
[INFO] [stderr]    Compiling httpdate v1.0.3
[INFO] [stderr]    Compiling portable-atomic v1.6.0
[INFO] [stderr]    Compiling tokio-util v0.7.11
[INFO] [stderr]    Compiling idna v0.5.0
[INFO] [stderr]    Compiling brotli v6.0.0
[INFO] [stderr]    Compiling unsafe-any-ors v1.0.0
[INFO] [stderr]    Compiling regex v1.10.5
[INFO] [stderr]    Compiling h2 v0.3.26
[INFO] [stderr]    Compiling num v0.2.1
[INFO] [stderr]    Compiling proc-macro-crate v1.3.1
[INFO] [stderr]    Compiling derive_builder_core v0.20.1
[INFO] [stderr]    Compiling ordered-float v2.10.1
[INFO] [stderr]    Compiling encoding-index-korean v1.20141219.5
[INFO] [stderr]    Compiling log v0.4.22
[INFO] [stderr]    Compiling string_cache v0.8.7
[INFO] [stderr]    Compiling chrono v0.4.38
[INFO] [stderr]    Compiling encoding-index-simpchinese v1.20141219.5
[INFO] [stderr]    Compiling encoding-index-japanese v1.20141219.5
[INFO] [stderr]    Compiling tokio-native-tls v0.3.1
[INFO] [stderr]    Compiling encoding-index-tradchinese v1.20141219.5
[INFO] [stderr]    Compiling encoding-index-singlebyte v1.20141219.5
[INFO] [stderr]    Compiling base64 v0.21.7
[INFO] [stderr]    Compiling unicode-segmentation v1.11.0
[INFO] [stderr]    Compiling mime v0.3.17
[INFO] [stderr]    Compiling bit-vec v0.6.3
[INFO] [stderr]    Compiling unsafe-libyaml v0.2.11
[INFO] [stderr]    Compiling bit-set v0.5.3
[INFO] [stderr]    Compiling convert_case v0.6.0
[INFO] [stderr]    Compiling hyper v0.14.29
[INFO] [stderr]    Compiling xml5ever v0.18.1
[INFO] [stderr]    Compiling rustls-pemfile v1.0.4
[INFO] [stderr]    Compiling encoding v0.2.33
[INFO] [stderr]    Compiling async-compression v0.4.11
[INFO] [stderr]    Compiling serde_yaml v0.9.34+deprecated
[INFO] [stderr]    Compiling derive_builder_macro v0.20.1
[INFO] [stderr]    Compiling serde-value v0.7.0
[INFO] [stderr]    Compiling serde_urlencoded v0.7.1
[INFO] [stderr]    Compiling int-enum-impl v0.5.0
[INFO] [stderr]    Compiling parse_duration v2.1.1
[INFO] [stderr]    Compiling url v2.5.2
[INFO] [stderr]    Compiling typemap-ors v1.0.0
[INFO] [stderr]    Compiling tokio-socks v0.5.1
[INFO] [stderr]    Compiling console v0.15.8
[INFO] [stderr]    Compiling modular-bitfield-impl v0.11.2
[INFO] [stderr]    Compiling derivative v2.2.0
[INFO] [stderr]    Compiling thread-id v4.2.1
[INFO] [stderr]    Compiling encoding_rs v0.8.34
[INFO] [stderr]    Compiling humantime v2.1.0
[INFO] [stderr]    Compiling hyper-tls v0.5.0
[INFO] [stderr]    Compiling log-mdc v0.1.0
[INFO] [stderr]    Compiling number_prefix v0.4.0
[INFO] [stderr]    Compiling sync_wrapper v0.1.2
[INFO] [stderr]    Compiling arc-swap v1.7.1
[INFO] [stderr]    Compiling json v0.12.4
[INFO] [stderr]    Compiling pixiv_downloader v0.0.1 (/opt/rustwide/workdir)
[INFO] [stderr]    Compiling convert_case v0.4.0
[INFO] [stderr]    Compiling byteorder v1.5.0
[INFO] [stderr]    Compiling static_assertions v1.1.0
[INFO] [stderr]    Compiling ipnet v2.9.0
[INFO] [stderr]    Compiling gettext v0.4.0
[INFO] [stderr]    Compiling derive_more v0.99.18
[INFO] [stderr]    Compiling reqwest v0.11.27
[INFO] [stderr]    Compiling proc_macros v0.0.1 (/opt/rustwide/workdir/proc_macros)
[INFO] [stderr]    Compiling modular-bitfield v0.11.2
[INFO] [stderr]    Compiling indicatif v0.17.8
[INFO] [stderr]    Compiling int-enum v0.5.0
[INFO] [stderr]    Compiling derive_builder v0.20.1
[INFO] [stderr]    Compiling markup5ever_rcdom v0.3.0
[INFO] [stderr]    Compiling dateparser v0.2.1
[INFO] [stderr]    Compiling fancy-regex v0.11.0
[INFO] [stderr]    Compiling log4rs v1.3.0
[INFO] [stderr]    Compiling itertools v0.10.5
[INFO] [stderr]    Compiling getopts v0.2.21
[INFO] [stderr]    Compiling derive_setters v0.1.6
[INFO] [stderr]    Compiling derive-getters v0.5.0
[INFO] [stderr]    Compiling subprocess v0.2.9
[INFO] [stderr]    Compiling is-terminal v0.4.12
[INFO] [stderr]    Compiling RustyXML v0.3.0
[INFO] [stderr]    Compiling md5 v0.7.0
[INFO] [stderr]    Compiling parse-size v1.0.0
[INFO] [stderr]    Compiling urlparse v0.7.3
[INFO] [stderr]    Compiling http-content-range v0.1.2
[INFO] [stdout] warning: unused import: `proc_macros::print_error`
[INFO] [stdout]   --> src/download.rs:43:5
[INFO] [stdout]    |
[INFO] [stdout] 43 | use proc_macros::print_error;
[INFO] [stdout]    |     ^^^^^^^^^^^^^^^^^^^^^^^^
[INFO] [stdout]    |
[INFO] [stdout]    = note: `#[warn(unused_imports)]` on by default
[INFO] [stdout] 
[INFO] [stdout] 
[INFO] [stdout] warning: unused import: `std::path::PathBuf`
[INFO] [stdout]   --> src/opthelper.rs:30:5
[INFO] [stdout]    |
[INFO] [stdout] 30 | use std::path::PathBuf;
[INFO] [stdout]    |     ^^^^^^^^^^^^^^^^^^
[INFO] [stdout] 
[INFO] [stdout] 
[INFO] [stdout] warning: unused import: `crate::ext::cstr::ToCStr`
[INFO] [stdout]  --> src/ugoira.rs:7:5
[INFO] [stdout]   |
[INFO] [stdout] 7 | use crate::ext::cstr::ToCStr;
[INFO] [stdout]   |     ^^^^^^^^^^^^^^^^^^^^^^^^
[INFO] [stdout] 
[INFO] [stdout] 
[INFO] [stdout] warning: unused import: `crate::ext::json::ToJson`
[INFO] [stdout]  --> src/ugoira.rs:9:5
[INFO] [stdout]   |
[INFO] [stdout] 9 | use crate::ext::json::ToJson;
[INFO] [stdout]   |     ^^^^^^^^^^^^^^^^^^^^^^^^
[INFO] [stdout] 
[INFO] [stdout] 
[INFO] [stdout] warning: unused import: `crate::ext::try_err::TryErr`
[INFO] [stdout]   --> src/ugoira.rs:13:5
[INFO] [stdout]    |
[INFO] [stdout] 13 | use crate::ext::try_err::TryErr;
[INFO] [stdout]    |     ^^^^^^^^^^^^^^^^^^^^^^^^^^^
[INFO] [stdout] 
[INFO] [stdout] 
[INFO] [stdout] warning: unused import: `std::ffi::CStr`
[INFO] [stdout]   --> src/ugoira.rs:18:5
[INFO] [stdout]    |
[INFO] [stdout] 18 | use std::ffi::CStr;
[INFO] [stdout]    |     ^^^^^^^^^^^^^^
[INFO] [stdout] 
[INFO] [stdout] 
[INFO] [stdout] warning: unused import: `std::ops::Drop`
[INFO] [stdout]   --> src/ugoira.rs:26:5
[INFO] [stdout]    |
[INFO] [stdout] 26 | use std::ops::Drop;
[INFO] [stdout]    |     ^^^^^^^^^^^^^^
[INFO] [stdout] 
[INFO] [stdout] 
[INFO] [stdout] warning: unused import: `std::os::raw::c_void`
[INFO] [stdout]   --> src/ugoira.rs:28:5
[INFO] [stdout]    |
[INFO] [stdout] 28 | use std::os::raw::c_void;
[INFO] [stdout]    |     ^^^^^^^^^^^^^^^^^^^^
[INFO] [stdout] 
[INFO] [stdout] 
[INFO] [stdout] warning: unused variable: `np`
[INFO] [stdout]    --> src/download.rs:197:5
[INFO] [stdout]     |
[INFO] [stdout] 197 |     np: u16,
[INFO] [stdout]     |     ^^ help: if this is intentional, prefix it with an underscore: `_np`
[INFO] [stdout]     |
[INFO] [stdout]     = note: `#[warn(unused_variables)]` on by default
[INFO] [stdout] 
[INFO] [stdout] 
[INFO] [stdout] warning: unused variable: `datas`
[INFO] [stdout]    --> src/download.rs:199:5
[INFO] [stdout]     |
[INFO] [stdout] 199 |     datas: Arc<PixivData>,
[INFO] [stdout]     |     ^^^^^ help: if this is intentional, prefix it with an underscore: `_datas`
[INFO] [stdout] 
[INFO] [stdout] 
[INFO] [stdout] warning: unused variable: `file_name`
[INFO] [stdout]    --> src/download.rs:833:9
[INFO] [stdout]     |
[INFO] [stdout] 833 |     let file_name = ndh
[INFO] [stdout]     |         ^^^^^^^^^ help: if this is intentional, prefix it with an underscore: `_file_name`
[INFO] [stdout] 
[INFO] [stdout] 
[INFO] [stdout] warning: variable does not need to be mutable
[INFO] [stdout]     --> src/download.rs:1191:9
[INFO] [stdout]      |
[INFO] [stdout] 1191 |     let mut fdata = FanboxData::new(PixivID::FanboxCreator(id.clone()), &*data)
[INFO] [stdout]      |         ----^^^^^
[INFO] [stdout]      |         |
[INFO] [stdout]      |         help: remove this `mut`
[INFO] [stdout]      |
[INFO] [stdout]      = note: `#[warn(unused_mut)]` on by default
[INFO] [stdout] 
[INFO] [stdout] 
[INFO] [stdout] warning: variable does not need to be mutable
[INFO] [stdout]    --> src/download.rs:948:17
[INFO] [stdout]     |
[INFO] [stdout] 948 |             let mut datas = data.clone();
[INFO] [stdout]     |                 ----^^^^^
[INFO] [stdout]     |                 |
[INFO] [stdout]     |                 help: remove this `mut`
[INFO] [stdout] 
[INFO] [stdout] 
[INFO] [stdout] warning: variable does not need to be mutable
[INFO] [stdout]     --> src/download.rs:1086:17
[INFO] [stdout]      |
[INFO] [stdout] 1086 |             let mut datas = data.clone();
[INFO] [stdout]      |                 ----^^^^^
[INFO] [stdout]      |                 |
[INFO] [stdout]      |                 help: remove this `mut`
[INFO] [stdout] 
[INFO] [stdout] 
[INFO] [stdout] warning: method `is_changed` is never used
[INFO] [stdout]    --> src/cookies.rs:436:12
[INFO] [stdout]     |
[INFO] [stdout] 332 | impl CookieJar {
[INFO] [stdout]     | -------------- method in this implementation
[INFO] [stdout] ...
[INFO] [stdout] 436 |     pub fn is_changed(&self) -> bool {
[INFO] [stdout]     |            ^^^^^^^^^^
[INFO] [stdout]     |
[INFO] [stdout]     = note: `#[warn(dead_code)]` on by default
[INFO] [stdout] 
[INFO] [stdout] 
[INFO] [stdout] warning: method `save` is never used
[INFO] [stdout]    --> src/cookies.rs:509:12
[INFO] [stdout]     |
[INFO] [stdout] 502 | impl CookieJarManager {
[INFO] [stdout]     | --------------------- method in this implementation
[INFO] [stdout] ...
[INFO] [stdout] 509 |     pub fn save(&self) {
[INFO] [stdout]     |            ^^^^
[INFO] [stdout] 
[INFO] [stdout] 
[INFO] [stdout] warning: function `save_all_cookies` is never used
[INFO] [stdout]    --> src/cookies.rs:577:8
[INFO] [stdout]     |
[INFO] [stdout] 577 | pub fn save_all_cookies() {
[INFO] [stdout]     |        ^^^^^^^^^^^^^^^^
[INFO] [stdout] 
[INFO] [stdout] 
[INFO] [stdout] warning: method `is_downloading` is never used
[INFO] [stdout]    --> src/downloader/downloader.rs:755:9
[INFO] [stdout]     |
[INFO] [stdout] 626 | / impl<T: Write + Seek + Send + Sync + ClearFile + GetTargetFileName + SetLen + 'static>
[INFO] [stdout] 627 | |     Downloader<T>
[INFO] [stdout]     | |_________________- method in this implementation
[INFO] [stdout] ...
[INFO] [stdout] 755 |           is_downloading,
[INFO] [stdout]     |           ^^^^^^^^^^^^^^
[INFO] [stdout]     |
[INFO] [stdout]     = note: this warning originates in the macro `define_downloader_fn` (in Nightly builds, run with -Z macro-backtrace for more info)
[INFO] [stdout] 
[INFO] [stdout] 
[INFO] [stdout] warning: methods `close` and `get_part_data` are never used
[INFO] [stdout]    --> src/downloader/pd_file/file.rs:126:12
[INFO] [stdout]     |
[INFO] [stdout] 85  | impl PdFile {
[INFO] [stdout]     | ----------- methods in this implementation
[INFO] [stdout] ...
[INFO] [stdout] 126 |     pub fn close(&self) -> Result<(), PdFileError> {
[INFO] [stdout]     |            ^^^^^
[INFO] [stdout] ...
[INFO] [stdout] 234 |     pub fn get_part_data(&self, index: usize) -> Option<Arc<PdFilePartStatus>> {
[INFO] [stdout]     |            ^^^^^^^^^^^^^
[INFO] [stdout] 
[INFO] [stdout] 
[INFO] [stdout] warning: field `client` is never read
[INFO] [stdout]   --> src/fanbox/article/url_embed.rs:70:5
[INFO] [stdout]    |
[INFO] [stdout] 68 | pub struct FanboxArticleUrlEmbedHTML {
[INFO] [stdout]    |            ------------------------- field in this struct
[INFO] [stdout] 69 |     pub data: JsonValue,
[INFO] [stdout] 70 |     client: Arc<FanboxClientInternal>,
[INFO] [stdout]    |     ^^^^^^
[INFO] [stdout] 
[INFO] [stdout] 
[INFO] [stdout] warning: associated items `new`, `data`, `file`, `part`, and `to_form` are never used
[INFO] [stdout]    --> src/formdata.rs:98:12
[INFO] [stdout]     |
[INFO] [stdout] 97  | impl FormData {
[INFO] [stdout]     | ------------- associated items in this implementation
[INFO] [stdout] 98  |     pub fn new() -> Self {
[INFO] [stdout]     |            ^^^
[INFO] [stdout] ...
[INFO] [stdout] 102 |     pub fn data<'a, K: AsRef<str> + ?Sized, V: AsRef<[u8]> + ?Sized>(
[INFO] [stdout]     |            ^^^^
[INFO] [stdout] ...
[INFO] [stdout] 115 |     pub fn file<'a, K: AsRef<str> + ?Sized, P: AsRef<Path> + ?Sized>(
[INFO] [stdout]     |            ^^^^
[INFO] [stdout] ...
[INFO] [stdout] 128 |     pub fn part<'a, K: AsRef<str> + ?Sized>(
[INFO] [stdout]     |            ^^^^
[INFO] [stdout] ...
[INFO] [stdout] 137 |     pub async fn to_form(&self) -> Result<Form, FormDataError> {
[INFO] [stdout]     |                  ^^^^^^^
[INFO] [stdout] 
[INFO] [stdout] 
[INFO] [stdout] warning: methods `ffprobe` and `ffmpeg` are never used
[INFO] [stdout]    --> src/opthelper.rs:720:12
[INFO] [stdout]     |
[INFO] [stdout] 54  | impl OptHelper {
[INFO] [stdout]     | -------------- methods in this implementation
[INFO] [stdout] ...
[INFO] [stdout] 720 |     pub fn ffprobe(&self) -> Option<String> {
[INFO] [stdout]     |            ^^^^^^^
[INFO] [stdout] ...
[INFO] [stdout] 735 |     pub fn ffmpeg(&self) -> Option<String> {
[INFO] [stdout]     |            ^^^^^^
[INFO] [stdout] 
[INFO] [stdout] 
[INFO] [stdout] warning: function `convert_description_to_tg_html` is never used
[INFO] [stdout]    --> src/parser/description.rs:354:8
[INFO] [stdout]     |
[INFO] [stdout] 354 | pub fn convert_description_to_tg_html<S: AsRef<str> + ?Sized>(
[INFO] [stdout]     |        ^^^^^^^^^^^^^^^^^^^^^^^^^^^^^^
[INFO] [stdout] 
[INFO] [stdout] 
[INFO] [stdout] warning: methods `get_follow`, `get_user_bookmarks`, and `get_user_illusts` are never used
[INFO] [stdout]    --> src/pixiv_app.rs:271:18
[INFO] [stdout]     |
[INFO] [stdout] 102 | impl PixivAppClientInternal {
[INFO] [stdout]     | --------------------------- methods in this implementation
[INFO] [stdout] ...
[INFO] [stdout] 271 |     pub async fn get_follow(
[INFO] [stdout]     |                  ^^^^^^^^^^
[INFO] [stdout] ...
[INFO] [stdout] 345 |     pub async fn get_user_bookmarks(
[INFO] [stdout]     |                  ^^^^^^^^^^^^^^^^^^
[INFO] [stdout] ...
[INFO] [stdout] 374 |     pub async fn get_user_illusts(&self, uid: u64) -> Result<JsonValue, PixivDownloaderError> {
[INFO] [stdout]     |                  ^^^^^^^^^^^^^^^^
[INFO] [stdout] 
[INFO] [stdout] 
[INFO] [stdout] warning: methods `get_follow`, `get_user_bookmarks`, and `get_user_illusts` are never used
[INFO] [stdout]    --> src/pixiv_app.rs:429:18
[INFO] [stdout]     |
[INFO] [stdout] 398 | impl PixivAppClient {
[INFO] [stdout]     | ------------------- methods in this implementation
[INFO] [stdout] ...
[INFO] [stdout] 429 |     pub async fn get_follow(
[INFO] [stdout]     |                  ^^^^^^^^^^
[INFO] [stdout] ...
[INFO] [stdout] 437 |     pub async fn get_user_bookmarks(
[INFO] [stdout]     |                  ^^^^^^^^^^^^^^^^^^
[INFO] [stdout] ...
[INFO] [stdout] 447 |     pub async fn get_user_illusts(
[INFO] [stdout]     |                  ^^^^^^^^^^^^^^^^
[INFO] [stdout] 
[INFO] [stdout] 
[INFO] [stdout] warning: methods `get_follow`, `get_user_bookmarks`, and `get_user_works` are never used
[INFO] [stdout]    --> src/pixiv_web.rs:293:18
[INFO] [stdout]     |
[INFO] [stdout] 24  | impl PixivWebClient {
[INFO] [stdout]     | ------------------- methods in this implementation
[INFO] [stdout] ...
[INFO] [stdout] 293 |     pub async fn get_follow(&self, page: u64, r18: bool) -> Option<JsonValue> {
[INFO] [stdout]     |                  ^^^^^^^^^^
[INFO] [stdout] ...
[INFO] [stdout] 328 |     pub async fn get_user_bookmarks(
[INFO] [stdout]     |                  ^^^^^^^^^^^^^^^^^^
[INFO] [stdout] ...
[INFO] [stdout] 368 |     pub async fn get_user_works(&self, uid: u64) -> Option<JsonValue> {
[INFO] [stdout]     |                  ^^^^^^^^^^^^^^
[INFO] [stdout] 
[INFO] [stdout] 
[INFO] [stdout] warning: fields `illusts` and `user` are never read
[INFO] [stdout]   --> src/pixivapp/illusts.rs:9:9
[INFO] [stdout]    |
[INFO] [stdout] 8  | pub struct PixivAppIllusts {
[INFO] [stdout]    |            --------------- fields in this struct
[INFO] [stdout] 9  |     pub illusts: Vec<PixivAppIllust>,
[INFO] [stdout]    |         ^^^^^^^
[INFO] [stdout] ...
[INFO] [stdout] 12 |     pub user: Option<JsonValue>,
[INFO] [stdout]    |         ^^^^
[INFO] [stdout] 
[INFO] [stdout] 
[INFO] [stdout] warning: struct `EveryPushClient` is never constructed
[INFO] [stdout]   --> src/push/every_push.rs:30:12
[INFO] [stdout]    |
[INFO] [stdout] 30 | pub struct EveryPushClient {
[INFO] [stdout]    |            ^^^^^^^^^^^^^^^
[INFO] [stdout] 
[INFO] [stdout] 
[INFO] [stdout] warning: associated items `new` and `push_message` are never used
[INFO] [stdout]   --> src/push/every_push.rs:36:12
[INFO] [stdout]    |
[INFO] [stdout] 35 | impl EveryPushClient {
[INFO] [stdout]    | -------------------- associated items in this implementation
[INFO] [stdout] 36 |     pub fn new<S: AsRef<str> + ?Sized>(server: &S) -> Self {
[INFO] [stdout]    |            ^^^
[INFO] [stdout] ...
[INFO] [stdout] 51 |     pub async fn push_message<
[INFO] [stdout]    |                  ^^^^^^^^^^^^
[INFO] [stdout] 
[INFO] [stdout] 
[INFO] [stdout] warning: struct `PushdeerClient` is never constructed
[INFO] [stdout]  --> src/push/pushdeer.rs:6:12
[INFO] [stdout]   |
[INFO] [stdout] 6 | pub struct PushdeerClient {
[INFO] [stdout]   |            ^^^^^^^^^^^^^^
[INFO] [stdout] 
[INFO] [stdout] 
[INFO] [stdout] warning: associated items `new`, `handle_result`, `push_text_message`, `push_image`, and `push_markdown_message` are never used
[INFO] [stdout]   --> src/push/pushdeer.rs:12:12
[INFO] [stdout]    |
[INFO] [stdout] 11 | impl PushdeerClient {
[INFO] [stdout]    | ------------------- associated items in this implementation
[INFO] [stdout] 12 |     pub fn new<S: AsRef<str> + ?Sized>(server: &S) -> Self {
[INFO] [stdout]    |            ^^^
[INFO] [stdout] ...
[INFO] [stdout] 19 |     async fn handle_result(re: reqwest::Response) -> Result<(), String> {
[INFO] [stdout]    |              ^^^^^^^^^^^^^
[INFO] [stdout] ...
[INFO] [stdout] 40 |     pub async fn push_text_message<P: AsRef<str> + ?Sized, T: AsRef<str> + ?Sized>(
[INFO] [stdout]    |                  ^^^^^^^^^^^^^^^^^
[INFO] [stdout] ...
[INFO] [stdout] 60 |     pub async fn push_image<P: AsRef<str> + ?Sized, I: AsRef<str> + ?Sized>(
[INFO] [stdout]    |                  ^^^^^^^^^^
[INFO] [stdout] ...
[INFO] [stdout] 82 |     pub async fn push_markdown_message<
[INFO] [stdout]    |                  ^^^^^^^^^^^^^^^^^^^^^
[INFO] [stdout] 
[INFO] [stdout] 
[INFO] [stdout] warning: struct `BotapiClient` is never constructed
[INFO] [stdout]   --> src/push/telegram/botapi_client.rs:34:12
[INFO] [stdout]    |
[INFO] [stdout] 34 | pub struct BotapiClient {
[INFO] [stdout]    |            ^^^^^^^^^^^^
[INFO] [stdout] 
[INFO] [stdout] 
[INFO] [stdout] warning: multiple associated items are never used
[INFO] [stdout]    --> src/push/telegram/botapi_client.rs:52:12
[INFO] [stdout]     |
[INFO] [stdout] 51  | impl BotapiClient {
[INFO] [stdout]     | ----------------- associated items in this implementation
[INFO] [stdout] 52  |     pub fn new(cfg: &BotapiClientConfig) -> Self {
[INFO] [stdout]     |            ^^^
[INFO] [stdout] ...
[INFO] [stdout] 66  |     pub fn is_custom(&self) -> bool {
[INFO] [stdout]     |            ^^^^^^^^^
[INFO] [stdout] ...
[INFO] [stdout] 70  |     pub async fn send_animation<T: AsRef<str> + ?Sized>(
[INFO] [stdout]     |                  ^^^^^^^^^^^^^^
[INFO] [stdout] ...
[INFO] [stdout] 201 |     pub async fn send_document(
[INFO] [stdout]     |                  ^^^^^^^^^^^^^
[INFO] [stdout] ...
[INFO] [stdout] 304 |     pub async fn send_photo(
[INFO] [stdout]     |                  ^^^^^^^^^^
[INFO] [stdout] ...
[INFO] [stdout] 402 |     pub async fn send_media_group(
[INFO] [stdout]     |                  ^^^^^^^^^^^^^^^^
[INFO] [stdout] ...
[INFO] [stdout] 469 |     pub async fn send_message<T: AsRef<str> + ?Sized>(
[INFO] [stdout]     |                  ^^^^^^^^^^^^
[INFO] [stdout] ...
[INFO] [stdout] 546 |     pub async fn send_video<T: AsRef<str> + ?Sized>(
[INFO] [stdout]     |                  ^^^^^^^^^^
[INFO] [stdout] 
[INFO] [stdout] 
[INFO] [stdout] warning: constant `MAX_PHOTO_SIZE` is never used
[INFO] [stdout]  --> src/push/telegram/image.rs:8:11
[INFO] [stdout]   |
[INFO] [stdout] 8 | pub const MAX_PHOTO_SIZE: u64 = 10485760;
[INFO] [stdout]   |           ^^^^^^^^^^^^^^
[INFO] [stdout] 
[INFO] [stdout] 
[INFO] [stdout] warning: struct `SupportedImage` is never constructed
[INFO] [stdout]   --> src/push/telegram/image.rs:10:12
[INFO] [stdout]    |
[INFO] [stdout] 10 | pub struct SupportedImage {
[INFO] [stdout]    |            ^^^^^^^^^^^^^^
[INFO] [stdout] 
[INFO] [stdout] 
[INFO] [stdout] warning: associated function `new` is never used
[INFO] [stdout]   --> src/push/telegram/image.rs:16:12
[INFO] [stdout]    |
[INFO] [stdout] 15 | impl SupportedImage {
[INFO] [stdout]    | ------------------- associated function in this implementation
[INFO] [stdout] 16 |     pub fn new(supported: bool, size_too_big: bool) -> Self {
[INFO] [stdout]    |            ^^^
[INFO] [stdout] 
[INFO] [stdout] 
[INFO] [stdout] warning: function `get_image_size` is never used
[INFO] [stdout]   --> src/push/telegram/image.rs:24:14
[INFO] [stdout]    |
[INFO] [stdout] 24 | pub async fn get_image_size<S: AsRef<OsStr> + ?Sized, P: AsRef<OsStr> + ?Sized>(
[INFO] [stdout]    |              ^^^^^^^^^^^^^^
[INFO] [stdout] 
[INFO] [stdout] 
[INFO] [stdout] warning: function `generate_image` is never used
[INFO] [stdout]   --> src/push/telegram/image.rs:83:14
[INFO] [stdout]    |
[INFO] [stdout] 83 | pub async fn generate_image<S: AsRef<OsStr> + ?Sized, D: AsRef<OsStr> + ?Sized>(
[INFO] [stdout]    |              ^^^^^^^^^^^^^^
[INFO] [stdout] 
[INFO] [stdout] 
[INFO] [stdout] warning: function `get_thumbnail_filename` is never used
[INFO] [stdout]    --> src/push/telegram/image.rs:147:8
[INFO] [stdout]     |
[INFO] [stdout] 147 | pub fn get_thumbnail_filename(
[INFO] [stdout]     |        ^^^^^^^^^^^^^^^^^^^^^^
[INFO] [stdout] 
[INFO] [stdout] 
[INFO] [stdout] warning: function `is_supported_image` is never used
[INFO] [stdout]    --> src/push/telegram/image.rs:167:14
[INFO] [stdout]     |
[INFO] [stdout] 167 | pub async fn is_supported_image<S: AsRef<OsStr> + ?Sized>(
[INFO] [stdout]     |              ^^^^^^^^^^^^^^^^^^
[INFO] [stdout] 
[INFO] [stdout] 
[INFO] [stdout] warning: function `encode_data` is never used
[INFO] [stdout]  --> src/push/telegram/text.rs:8:8
[INFO] [stdout]   |
[INFO] [stdout] 8 | pub fn encode_data<S: AsRef<str> + ?Sized>(data: &S) -> String {
[INFO] [stdout]   |        ^^^^^^^^^^^
[INFO] [stdout] 
[INFO] [stdout] 
[INFO] [stdout] warning: multiple variants are never constructed
[INFO] [stdout]   --> src/push/telegram/text.rs:18:5
[INFO] [stdout]    |
[INFO] [stdout] 17 | enum MessageEntityType {
[INFO] [stdout]    |      ----------------- variants in this enum
[INFO] [stdout] 18 |     Url,
[INFO] [stdout]    |     ^^^
[INFO] [stdout] 19 |     /// Bold text
[INFO] [stdout] 20 |     Bold,
[INFO] [stdout]    |     ^^^^
[INFO] [stdout] 21 |     /// Italic text
[INFO] [stdout] 22 |     Italic,
[INFO] [stdout]    |     ^^^^^^
[INFO] [stdout] 23 |     /// Underlined text
[INFO] [stdout] 24 |     Underline,
[INFO] [stdout]    |     ^^^^^^^^^
[INFO] [stdout] 25 |     /// Strikethrough text
[INFO] [stdout] 26 |     Strikethrough,
[INFO] [stdout]    |     ^^^^^^^^^^^^^
[INFO] [stdout] 27 |     /// Spoiler text
[INFO] [stdout] 28 |     Spoiler,
[INFO] [stdout]    |     ^^^^^^^
[INFO] [stdout] 29 |     /// Monowidth string
[INFO] [stdout] 30 |     Code,
[INFO] [stdout]    |     ^^^^
[INFO] [stdout] 31 |     /// Monowidth block
[INFO] [stdout] 32 |     Pre {
[INFO] [stdout]    |     ^^^
[INFO] [stdout] ...
[INFO] [stdout] 37 |     TextLink {
[INFO] [stdout]    |     ^^^^^^^^
[INFO] [stdout] ...
[INFO] [stdout] 41 |     CustomEmoji {
[INFO] [stdout]    |     ^^^^^^^^^^^
[INFO] [stdout]    |
[INFO] [stdout]    = note: `MessageEntityType` has derived impls for the traits `Debug` and `Clone`, but these are intentionally ignored during dead code analysis
[INFO] [stdout] 
[INFO] [stdout] 
[INFO] [stdout] warning: method `is_equal` is never used
[INFO] [stdout]   --> src/push/telegram/text.rs:48:12
[INFO] [stdout]    |
[INFO] [stdout] 47 | impl MessageEntityType {
[INFO] [stdout]    | ---------------------- method in this implementation
[INFO] [stdout] 48 |     pub fn is_equal(&self, s: &str) -> bool {
[INFO] [stdout]    |            ^^^^^^^^
[INFO] [stdout] 
[INFO] [stdout] 
[INFO] [stdout] warning: field `scan_link` is never read
[INFO] [stdout]   --> src/push/telegram/text.rs:80:9
[INFO] [stdout]    |
[INFO] [stdout] 76 | pub struct TextSpliterBuilder {
[INFO] [stdout]    |            ------------------ field in this struct
[INFO] [stdout] ...
[INFO] [stdout] 80 |     pub scan_link: bool,
[INFO] [stdout]    |         ^^^^^^^^^
[INFO] [stdout] 
[INFO] [stdout] 
[INFO] [stdout] warning: methods `disable_scan_link` and `max_length` are never used
[INFO] [stdout]   --> src/push/telegram/text.rs:85:12
[INFO] [stdout]    |
[INFO] [stdout] 83 | impl TextSpliterBuilder {
[INFO] [stdout]    | ----------------------- methods in this implementation
[INFO] [stdout] 84 |     /// Disable scanning links in the message text
[INFO] [stdout] 85 |     pub fn disable_scan_link(mut self) -> Self {
[INFO] [stdout]    |            ^^^^^^^^^^^^^^^^^
[INFO] [stdout] ...
[INFO] [stdout] 91 |     pub fn max_length(mut self, max_length: usize) -> Self {
[INFO] [stdout]    |            ^^^^^^^^^^
[INFO] [stdout] 
[INFO] [stdout] 
[INFO] [stdout] warning: variants `Entity` and `Other` are never constructed
[INFO] [stdout]    --> src/push/telegram/text.rs:111:5
[INFO] [stdout]     |
[INFO] [stdout] 110 | enum Stack {
[INFO] [stdout]     |      ----- variants in this enum
[INFO] [stdout] 111 |     Entity(MessageEntity),
[INFO] [stdout]     |     ^^^^^^
[INFO] [stdout] 112 |     Other(QualName),
[INFO] [stdout]     |     ^^^^^
[INFO] [stdout] 
[INFO] [stdout] 
[INFO] [stdout] warning: method `is_equal` is never used
[INFO] [stdout]    --> src/push/telegram/text.rs:116:12
[INFO] [stdout]     |
[INFO] [stdout] 115 | impl Stack {
[INFO] [stdout]     | ---------- method in this implementation
[INFO] [stdout] 116 |     pub fn is_equal(&self, s: &str) -> bool {
[INFO] [stdout]     |            ^^^^^^^^
[INFO] [stdout] 
[INFO] [stdout] 
[INFO] [stdout] warning: function `push_end` is never used
[INFO] [stdout]    --> src/push/telegram/text.rs:124:4
[INFO] [stdout]     |
[INFO] [stdout] 124 | fn push_end(ends: &mut BTreeMap<usize, Vec<String>>, end: usize, s: String) {
[INFO] [stdout]     |    ^^^^^^^^
[INFO] [stdout] 
[INFO] [stdout] 
[INFO] [stdout] warning: fields `entities`, `text`, `stacks`, and `opts` are never read
[INFO] [stdout]    --> src/push/telegram/text.rs:133:5
[INFO] [stdout]     |
[INFO] [stdout] 132 | pub struct TextSpliter {
[INFO] [stdout]     |            ----------- fields in this struct
[INFO] [stdout] 133 |     entities: Vec<MessageEntity>,
[INFO] [stdout]     |     ^^^^^^^^
[INFO] [stdout] 134 |     text: String,
[INFO] [stdout]     |     ^^^^
[INFO] [stdout] 135 |     stacks: Vec<Stack>,
[INFO] [stdout]     |     ^^^^^^
[INFO] [stdout] 136 |     opts: TextSpliterBuilder,
[INFO] [stdout]     |     ^^^^
[INFO] [stdout] 
[INFO] [stdout] 
[INFO] [stdout] warning: multiple methods are never used
[INFO] [stdout]    --> src/push/telegram/text.rs:144:12
[INFO] [stdout]     |
[INFO] [stdout] 139 | impl TextSpliter {
[INFO] [stdout]     | ---------------- methods in this implementation
[INFO] [stdout] ...
[INFO] [stdout] 144 |     pub fn get_str(&mut self, len: usize) -> String {
[INFO] [stdout]     |            ^^^^^^^
[INFO] [stdout] ...
[INFO] [stdout] 294 |     fn is_conflict_with_link_entities(&self, offset: usize, length: usize) -> bool {
[INFO] [stdout]     |        ^^^^^^^^^^^^^^^^^^^^^^^^^^^^^^
[INFO] [stdout] ...
[INFO] [stdout] 314 |     pub fn is_empty(&self) -> bool {
[INFO] [stdout]     |            ^^^^^^^^
[INFO] [stdout] ...
[INFO] [stdout] 318 |     fn is_in_entities(&self, pos: usize) -> bool {
[INFO] [stdout]     |        ^^^^^^^^^^^^^^
[INFO] [stdout] ...
[INFO] [stdout] 327 |     fn iter(&mut self, node: &Node) {
[INFO] [stdout]     |        ^^^^
[INFO] [stdout] ...
[INFO] [stdout] 494 |     pub fn to_html(&mut self, max_len: Option<usize>) -> String {
[INFO] [stdout]     |            ^^^^^^^
[INFO] [stdout] ...
[INFO] [stdout] 531 |     pub fn parse<S: AsRef<str> + ?Sized>(&mut self, text: &S) -> Result<(), PixivDownloaderError> {
[INFO] [stdout]     |            ^^^^^
[INFO] [stdout] ...
[INFO] [stdout] 547 |     fn scan_link(&mut self) {
[INFO] [stdout]     |        ^^^^^^^^^
[INFO] [stdout] ...
[INFO] [stdout] 583 |     fn sort(&mut self) {
[INFO] [stdout]     |        ^^^^
[INFO] [stdout] ...
[INFO] [stdout] 591 |     fn text_get(&self, start: usize, end: usize) -> String {
[INFO] [stdout]     |        ^^^^^^^^
[INFO] [stdout] ...
[INFO] [stdout] 602 |     fn text_len(&self) -> usize {
[INFO] [stdout]     |        ^^^^^^^^
[INFO] [stdout] 
[INFO] [stdout] 
[INFO] [stdout] warning: methods `unwrap` and `to_result` are never used
[INFO] [stdout]    --> src/push/telegram/tg_type.rs:112:12
[INFO] [stdout]     |
[INFO] [stdout] 108 | / impl<T> BotApiResult<T>
[INFO] [stdout] 109 | | where
[INFO] [stdout] 110 | |     T: Clone + Serialize,
[INFO] [stdout]     | |_________________________- methods in this implementation
[INFO] [stdout] 111 |   {
[INFO] [stdout] 112 |       pub fn unwrap(self) -> T {
[INFO] [stdout]     |              ^^^^^^
[INFO] [stdout] ...
[INFO] [stdout] 123 |       pub fn to_result(self) -> Result<T, String> {
[INFO] [stdout]     |              ^^^^^^^^^
[INFO] [stdout] 
[INFO] [stdout] 
[INFO] [stdout] warning: field `0` is never read
[INFO] [stdout]    --> src/push/telegram/tg_type.rs:185:9
[INFO] [stdout]     |
[INFO] [stdout] 185 |     URL(String),
[INFO] [stdout]     |     --- ^^^^^^
[INFO] [stdout]     |     |
[INFO] [stdout]     |     field in this variant
[INFO] [stdout]     |
[INFO] [stdout]     = note: `InputFile` has a derived impl for the trait `Debug`, but this is intentionally ignored during dead code analysis
[INFO] [stdout] help: consider changing the field to be of unit type to suppress this warning while preserving the field numbering, or remove the field
[INFO] [stdout]     |
[INFO] [stdout] 185 |     URL(()),
[INFO] [stdout]     |         ~~
[INFO] [stdout] 
[INFO] [stdout] 
[INFO] [stdout] warning: field `0` is never read
[INFO] [stdout]    --> src/push/telegram/tg_type.rs:187:13
[INFO] [stdout]     |
[INFO] [stdout] 187 |     Content(FormDataPart),
[INFO] [stdout]     |     ------- ^^^^^^^^^^^^
[INFO] [stdout]     |     |
[INFO] [stdout]     |     field in this variant
[INFO] [stdout]     |
[INFO] [stdout]     = note: `InputFile` has a derived impl for the trait `Debug`, but this is intentionally ignored during dead code analysis
[INFO] [stdout] help: consider changing the field to be of unit type to suppress this warning while preserving the field numbering, or remove the field
[INFO] [stdout]     |
[INFO] [stdout] 187 |     Content(()),
[INFO] [stdout]     |             ~~
[INFO] [stdout] 
[INFO] [stdout] 
[INFO] [stdout] warning: method `get_size` is never used
[INFO] [stdout]    --> src/push/telegram/tg_type.rs:191:18
[INFO] [stdout]     |
[INFO] [stdout] 190 | impl InputFile {
[INFO] [stdout]     | -------------- method in this implementation
[INFO] [stdout] 191 |     pub async fn get_size(&self) -> Result<Option<u64>, std::io::Error> {
[INFO] [stdout]     |                  ^^^^^^^^
[INFO] [stdout] 
[INFO] [stdout] 
[INFO] [stdout] warning: associated function `new` is never used
[INFO] [stdout]   --> src/task_manager.rs:66:12
[INFO] [stdout]    |
[INFO] [stdout] 65 | impl MaxCount {
[INFO] [stdout]    | ------------- associated function in this implementation
[INFO] [stdout] 66 |     pub fn new(max_count: usize) -> Self {
[INFO] [stdout]    |            ^^^
[INFO] [stdout] 
[INFO] [stdout] 
[INFO] [stdout] warning: struct `TaskManagerWithId` is never constructed
[INFO] [stdout]    --> src/task_manager.rs:222:12
[INFO] [stdout]     |
[INFO] [stdout] 222 | pub struct TaskManagerWithId<K, T> {
[INFO] [stdout]     |            ^^^^^^^^^^^^^^^^^
[INFO] [stdout] 
[INFO] [stdout] 
[INFO] [stdout] warning: multiple associated items are never used
[INFO] [stdout]    --> src/task_manager.rs:240:12
[INFO] [stdout]     |
[INFO] [stdout] 234 | / impl<K, O> TaskManagerWithId<K, O>
[INFO] [stdout] 235 | | where
[INFO] [stdout] 236 | |     K: Eq + std::hash::Hash,
[INFO] [stdout] 237 | |     O: Send + 'static,
[INFO] [stdout]     | |______________________- associated items in this implementation
[INFO] [stdout] ...
[INFO] [stdout] 240 |       pub fn new<T: GetMaxCount + Send + Sync + 'static>(
[INFO] [stdout]     |              ^^^
[INFO] [stdout] ...
[INFO] [stdout] 254 |       pub async fn add_pending_task<F>(&self, id: K, future: F)
[INFO] [stdout]     |                    ^^^^^^^^^^^^^^^^
[INFO] [stdout] ...
[INFO] [stdout] 274 |       pub async fn add_task<F>(&self, id: K, future: F, before_pedding: bool)
[INFO] [stdout]     |                    ^^^^^^^^
[INFO] [stdout] ...
[INFO] [stdout] 317 |       pub async fn check_task(&self) {
[INFO] [stdout]     |                    ^^^^^^^^^^
[INFO] [stdout] ...
[INFO] [stdout] 343 |       pub fn is_pending(&self, id: &K) -> bool {
[INFO] [stdout]     |              ^^^^^^^^^^
[INFO] [stdout] ...
[INFO] [stdout] 347 |       pub fn is_pending_or_running(&self, id: &K) -> bool {
[INFO] [stdout]     |              ^^^^^^^^^^^^^^^^^^^^^
[INFO] [stdout] ...
[INFO] [stdout] 351 |       pub fn is_running(&self, id: &K) -> bool {
[INFO] [stdout]     |              ^^^^^^^^^^
[INFO] [stdout] ...
[INFO] [stdout] 356 |       pub async fn join(&self) {
[INFO] [stdout]     |                    ^^^^
[INFO] [stdout] ...
[INFO] [stdout] 391 |       pub fn take_finished_tasks(&self) -> HashMap<K, JoinHandle<O>> {
[INFO] [stdout]     |              ^^^^^^^^^^^^^^^^^^^
[INFO] [stdout] 
[INFO] [stdout] 
[INFO] [stdout] warning: function `parse_pixiv_id` is never used
[INFO] [stdout]   --> src/utils.rs:74:8
[INFO] [stdout]    |
[INFO] [stdout] 74 | pub fn parse_pixiv_id(id: &JsonValue) -> Option<u64> {
[INFO] [stdout]    |        ^^^^^^^^^^^^^^
[INFO] [stdout] 
[INFO] [stdout] 
[INFO] [stdout] warning: method `post_multipart` is never used
[INFO] [stdout]    --> src/webclient.rs:453:18
[INFO] [stdout]     |
[INFO] [stdout] 116 | impl WebClient {
[INFO] [stdout]     | -------------- method in this implementation
[INFO] [stdout] ...
[INFO] [stdout] 453 |     pub async fn post_multipart<U: IntoUrl + Clone, H: ToHeaders + Clone>(
[INFO] [stdout]     |                  ^^^^^^^^^^^^^^
[INFO] [stdout] 
[INFO] [stdout] 
[INFO] [stderr]     Finished `dev` profile [unoptimized + debuginfo] target(s) in 2m 44s
[INFO] running `Command { std: "docker" "inspect" "26b4758ef77a466147d05aaae5e81e4de7dc5df7d48dfd27eb5b48f2035db9d7", kill_on_drop: false }`
[INFO] running `Command { std: "docker" "rm" "-f" "26b4758ef77a466147d05aaae5e81e4de7dc5df7d48dfd27eb5b48f2035db9d7", kill_on_drop: false }`
[INFO] [stdout] 26b4758ef77a466147d05aaae5e81e4de7dc5df7d48dfd27eb5b48f2035db9d7
[INFO] running `Command { std: "docker" "create" "-v" "/var/lib/crater-agent-workspace/builds/worker-2-tc1/target:/opt/rustwide/target:rw,Z" "-v" "/var/lib/crater-agent-workspace/builds/worker-2-tc1/source:/opt/rustwide/workdir:ro,Z" "-v" "/var/lib/crater-agent-workspace/cargo-home:/opt/rustwide/cargo-home:ro,Z" "-v" "/var/lib/crater-agent-workspace/rustup-home:/opt/rustwide/rustup-home:ro,Z" "-e" "SOURCE_DIR=/opt/rustwide/workdir" "-e" "CARGO_TARGET_DIR=/opt/rustwide/target" "-e" "CARGO_INCREMENTAL=0" "-e" "RUST_BACKTRACE=full" "-e" "RUSTFLAGS=--cap-lints=warn" "-e" "RUSTDOCFLAGS=--cap-lints=warn" "-e" "CARGO_HOME=/opt/rustwide/cargo-home" "-e" "RUSTUP_HOME=/opt/rustwide/rustup-home" "-w" "/opt/rustwide/workdir" "-m" "1610612736" "--user" "0:0" "--network" "none" "ghcr.io/rust-lang/crates-build-env/linux@sha256:f3a9d4ad9d972b27faf3965f35b62e55ba32bbce8f20bc8fe909558a86702fde" "/opt/rustwide/cargo-home/bin/cargo" "+1.83.0" "test" "--frozen" "--no-run" "--message-format=json", kill_on_drop: false }`
[INFO] [stdout] 5dc97eae71f3bb243f5e83e063633e4ebccb83a2142f972880a3a8b6d97c85c6
[INFO] running `Command { std: "docker" "start" "-a" "5dc97eae71f3bb243f5e83e063633e4ebccb83a2142f972880a3a8b6d97c85c6", kill_on_drop: false }`
[INFO] [stderr]    Compiling pixiv_downloader v0.0.1 (/opt/rustwide/workdir)
[INFO] [stdout] warning: unused import: `proc_macros::print_error`
[INFO] [stdout]   --> src/download.rs:43:5
[INFO] [stdout]    |
[INFO] [stdout] 43 | use proc_macros::print_error;
[INFO] [stdout]    |     ^^^^^^^^^^^^^^^^^^^^^^^^
[INFO] [stdout]    |
[INFO] [stdout]    = note: `#[warn(unused_imports)]` on by default
[INFO] [stdout] 
[INFO] [stdout] 
[INFO] [stdout] warning: unused import: `std::path::PathBuf`
[INFO] [stdout]   --> src/opthelper.rs:30:5
[INFO] [stdout]    |
[INFO] [stdout] 30 | use std::path::PathBuf;
[INFO] [stdout]    |     ^^^^^^^^^^^^^^^^^^
[INFO] [stdout] 
[INFO] [stdout] 
[INFO] [stdout] warning: unused import: `crate::ext::cstr::ToCStr`
[INFO] [stdout]  --> src/ugoira.rs:7:5
[INFO] [stdout]   |
[INFO] [stdout] 7 | use crate::ext::cstr::ToCStr;
[INFO] [stdout]   |     ^^^^^^^^^^^^^^^^^^^^^^^^
[INFO] [stdout] 
[INFO] [stdout] 
[INFO] [stdout] warning: unused import: `crate::ext::json::ToJson`
[INFO] [stdout]  --> src/ugoira.rs:9:5
[INFO] [stdout]   |
[INFO] [stdout] 9 | use crate::ext::json::ToJson;
[INFO] [stdout]   |     ^^^^^^^^^^^^^^^^^^^^^^^^
[INFO] [stdout] 
[INFO] [stdout] 
[INFO] [stdout] warning: unused import: `crate::ext::try_err::TryErr`
[INFO] [stdout]   --> src/ugoira.rs:13:5
[INFO] [stdout]    |
[INFO] [stdout] 13 | use crate::ext::try_err::TryErr;
[INFO] [stdout]    |     ^^^^^^^^^^^^^^^^^^^^^^^^^^^
[INFO] [stdout] 
[INFO] [stdout] 
[INFO] [stdout] warning: unused import: `std::ffi::CStr`
[INFO] [stdout]   --> src/ugoira.rs:18:5
[INFO] [stdout]    |
[INFO] [stdout] 18 | use std::ffi::CStr;
[INFO] [stdout]    |     ^^^^^^^^^^^^^^
[INFO] [stdout] 
[INFO] [stdout] 
[INFO] [stdout] warning: unused import: `File`
[INFO] [stdout]   --> src/ugoira.rs:24:27
[INFO] [stdout]    |
[INFO] [stdout] 24 | use std::fs::{create_dir, File};
[INFO] [stdout]    |                           ^^^^
[INFO] [stdout] 
[INFO] [stdout] 
[INFO] [stdout] warning: unused import: `std::ops::Drop`
[INFO] [stdout]   --> src/ugoira.rs:26:5
[INFO] [stdout]    |
[INFO] [stdout] 26 | use std::ops::Drop;
[INFO] [stdout]    |     ^^^^^^^^^^^^^^
[INFO] [stdout] 
[INFO] [stdout] 
[INFO] [stdout] warning: unused import: `std::os::raw::c_void`
[INFO] [stdout]   --> src/ugoira.rs:28:5
[INFO] [stdout]    |
[INFO] [stdout] 28 | use std::os::raw::c_void;
[INFO] [stdout]    |     ^^^^^^^^^^^^^^^^^^^^
[INFO] [stdout] 
[INFO] [stdout] 
[INFO] [stdout] warning: unused variable: `np`
[INFO] [stdout]    --> src/download.rs:197:5
[INFO] [stdout]     |
[INFO] [stdout] 197 |     np: u16,
[INFO] [stdout]     |     ^^ help: if this is intentional, prefix it with an underscore: `_np`
[INFO] [stdout]     |
[INFO] [stdout]     = note: `#[warn(unused_variables)]` on by default
[INFO] [stdout] 
[INFO] [stdout] 
[INFO] [stdout] warning: unused variable: `datas`
[INFO] [stdout]    --> src/download.rs:199:5
[INFO] [stdout]     |
[INFO] [stdout] 199 |     datas: Arc<PixivData>,
[INFO] [stdout]     |     ^^^^^ help: if this is intentional, prefix it with an underscore: `_datas`
[INFO] [stdout] 
[INFO] [stdout] 
[INFO] [stdout] warning: unused variable: `file_name`
[INFO] [stdout]    --> src/download.rs:833:9
[INFO] [stdout]     |
[INFO] [stdout] 833 |     let file_name = ndh
[INFO] [stdout]     |         ^^^^^^^^^ help: if this is intentional, prefix it with an underscore: `_file_name`
[INFO] [stdout] 
[INFO] [stdout] 
[INFO] [stdout] warning: variable does not need to be mutable
[INFO] [stdout]     --> src/download.rs:1191:9
[INFO] [stdout]      |
[INFO] [stdout] 1191 |     let mut fdata = FanboxData::new(PixivID::FanboxCreator(id.clone()), &*data)
[INFO] [stdout]      |         ----^^^^^
[INFO] [stdout]      |         |
[INFO] [stdout]      |         help: remove this `mut`
[INFO] [stdout]      |
[INFO] [stdout]      = note: `#[warn(unused_mut)]` on by default
[INFO] [stdout] 
[INFO] [stdout] 
[INFO] [stdout] warning: variable does not need to be mutable
[INFO] [stdout]    --> src/download.rs:948:17
[INFO] [stdout]     |
[INFO] [stdout] 948 |             let mut datas = data.clone();
[INFO] [stdout]     |                 ----^^^^^
[INFO] [stdout]     |                 |
[INFO] [stdout]     |                 help: remove this `mut`
[INFO] [stdout] 
[INFO] [stdout] 
[INFO] [stdout] warning: variable does not need to be mutable
[INFO] [stdout]     --> src/download.rs:1086:17
[INFO] [stdout]      |
[INFO] [stdout] 1086 |             let mut datas = data.clone();
[INFO] [stdout]      |                 ----^^^^^
[INFO] [stdout]      |                 |
[INFO] [stdout]      |                 help: remove this `mut`
[INFO] [stdout] 
[INFO] [stdout] 
[INFO] [stdout] warning: method `is_changed` is never used
[INFO] [stdout]    --> src/cookies.rs:436:12
[INFO] [stdout]     |
[INFO] [stdout] 332 | impl CookieJar {
[INFO] [stdout]     | -------------- method in this implementation
[INFO] [stdout] ...
[INFO] [stdout] 436 |     pub fn is_changed(&self) -> bool {
[INFO] [stdout]     |            ^^^^^^^^^^
[INFO] [stdout]     |
[INFO] [stdout]     = note: `#[warn(dead_code)]` on by default
[INFO] [stdout] 
[INFO] [stdout] 
[INFO] [stdout] warning: method `save` is never used
[INFO] [stdout]    --> src/cookies.rs:509:12
[INFO] [stdout]     |
[INFO] [stdout] 502 | impl CookieJarManager {
[INFO] [stdout]     | --------------------- method in this implementation
[INFO] [stdout] ...
[INFO] [stdout] 509 |     pub fn save(&self) {
[INFO] [stdout]     |            ^^^^
[INFO] [stdout] 
[INFO] [stdout] 
[INFO] [stdout] warning: function `save_all_cookies` is never used
[INFO] [stdout]    --> src/cookies.rs:577:8
[INFO] [stdout]     |
[INFO] [stdout] 577 | pub fn save_all_cookies() {
[INFO] [stdout]     |        ^^^^^^^^^^^^^^^^
[INFO] [stdout] 
[INFO] [stdout] 
[INFO] [stdout] warning: method `is_downloading` is never used
[INFO] [stdout]    --> src/downloader/downloader.rs:755:9
[INFO] [stdout]     |
[INFO] [stdout] 626 | / impl<T: Write + Seek + Send + Sync + ClearFile + GetTargetFileName + SetLen + 'static>
[INFO] [stdout] 627 | |     Downloader<T>
[INFO] [stdout]     | |_________________- method in this implementation
[INFO] [stdout] ...
[INFO] [stdout] 755 |           is_downloading,
[INFO] [stdout]     |           ^^^^^^^^^^^^^^
[INFO] [stdout]     |
[INFO] [stdout]     = note: this warning originates in the macro `define_downloader_fn` (in Nightly builds, run with -Z macro-backtrace for more info)
[INFO] [stdout] 
[INFO] [stdout] 
[INFO] [stdout] warning: methods `close` and `get_part_data` are never used
[INFO] [stdout]    --> src/downloader/pd_file/file.rs:126:12
[INFO] [stdout]     |
[INFO] [stdout] 85  | impl PdFile {
[INFO] [stdout]     | ----------- methods in this implementation
[INFO] [stdout] ...
[INFO] [stdout] 126 |     pub fn close(&self) -> Result<(), PdFileError> {
[INFO] [stdout]     |            ^^^^^
[INFO] [stdout] ...
[INFO] [stdout] 234 |     pub fn get_part_data(&self, index: usize) -> Option<Arc<PdFilePartStatus>> {
[INFO] [stdout]     |            ^^^^^^^^^^^^^
[INFO] [stdout] 
[INFO] [stdout] 
[INFO] [stdout] warning: field `client` is never read
[INFO] [stdout]   --> src/fanbox/article/url_embed.rs:70:5
[INFO] [stdout]    |
[INFO] [stdout] 68 | pub struct FanboxArticleUrlEmbedHTML {
[INFO] [stdout]    |            ------------------------- field in this struct
[INFO] [stdout] 69 |     pub data: JsonValue,
[INFO] [stdout] 70 |     client: Arc<FanboxClientInternal>,
[INFO] [stdout]    |     ^^^^^^
[INFO] [stdout] 
[INFO] [stdout] 
[INFO] [stdout] warning: methods `ffprobe` and `ffmpeg` are never used
[INFO] [stdout]    --> src/opthelper.rs:720:12
[INFO] [stdout]     |
[INFO] [stdout] 54  | impl OptHelper {
[INFO] [stdout]     | -------------- methods in this implementation
[INFO] [stdout] ...
[INFO] [stdout] 720 |     pub fn ffprobe(&self) -> Option<String> {
[INFO] [stdout]     |            ^^^^^^^
[INFO] [stdout] ...
[INFO] [stdout] 735 |     pub fn ffmpeg(&self) -> Option<String> {
[INFO] [stdout]     |            ^^^^^^
[INFO] [stdout] 
[INFO] [stdout] 
[INFO] [stdout] warning: methods `get_follow`, `get_user_bookmarks`, and `get_user_illusts` are never used
[INFO] [stdout]    --> src/pixiv_app.rs:271:18
[INFO] [stdout]     |
[INFO] [stdout] 102 | impl PixivAppClientInternal {
[INFO] [stdout]     | --------------------------- methods in this implementation
[INFO] [stdout] ...
[INFO] [stdout] 271 |     pub async fn get_follow(
[INFO] [stdout]     |                  ^^^^^^^^^^
[INFO] [stdout] ...
[INFO] [stdout] 345 |     pub async fn get_user_bookmarks(
[INFO] [stdout]     |                  ^^^^^^^^^^^^^^^^^^
[INFO] [stdout] ...
[INFO] [stdout] 374 |     pub async fn get_user_illusts(&self, uid: u64) -> Result<JsonValue, PixivDownloaderError> {
[INFO] [stdout]     |                  ^^^^^^^^^^^^^^^^
[INFO] [stdout] 
[INFO] [stdout] 
[INFO] [stdout] warning: methods `get_follow`, `get_user_bookmarks`, and `get_user_illusts` are never used
[INFO] [stdout]    --> src/pixiv_app.rs:429:18
[INFO] [stdout]     |
[INFO] [stdout] 398 | impl PixivAppClient {
[INFO] [stdout]     | ------------------- methods in this implementation
[INFO] [stdout] ...
[INFO] [stdout] 429 |     pub async fn get_follow(
[INFO] [stdout]     |                  ^^^^^^^^^^
[INFO] [stdout] ...
[INFO] [stdout] 437 |     pub async fn get_user_bookmarks(
[INFO] [stdout]     |                  ^^^^^^^^^^^^^^^^^^
[INFO] [stdout] ...
[INFO] [stdout] 447 |     pub async fn get_user_illusts(
[INFO] [stdout]     |                  ^^^^^^^^^^^^^^^^
[INFO] [stdout] 
[INFO] [stdout] 
[INFO] [stdout] warning: methods `get_follow`, `get_user_bookmarks`, and `get_user_works` are never used
[INFO] [stdout]    --> src/pixiv_web.rs:293:18
[INFO] [stdout]     |
[INFO] [stdout] 24  | impl PixivWebClient {
[INFO] [stdout]     | ------------------- methods in this implementation
[INFO] [stdout] ...
[INFO] [stdout] 293 |     pub async fn get_follow(&self, page: u64, r18: bool) -> Option<JsonValue> {
[INFO] [stdout]     |                  ^^^^^^^^^^
[INFO] [stdout] ...
[INFO] [stdout] 328 |     pub async fn get_user_bookmarks(
[INFO] [stdout]     |                  ^^^^^^^^^^^^^^^^^^
[INFO] [stdout] ...
[INFO] [stdout] 368 |     pub async fn get_user_works(&self, uid: u64) -> Option<JsonValue> {
[INFO] [stdout]     |                  ^^^^^^^^^^^^^^
[INFO] [stdout] 
[INFO] [stdout] 
[INFO] [stdout] warning: fields `illusts` and `user` are never read
[INFO] [stdout]   --> src/pixivapp/illusts.rs:9:9
[INFO] [stdout]    |
[INFO] [stdout] 8  | pub struct PixivAppIllusts {
[INFO] [stdout]    |            --------------- fields in this struct
[INFO] [stdout] 9  |     pub illusts: Vec<PixivAppIllust>,
[INFO] [stdout]    |         ^^^^^^^
[INFO] [stdout] ...
[INFO] [stdout] 12 |     pub user: Option<JsonValue>,
[INFO] [stdout]    |         ^^^^
[INFO] [stdout] 
[INFO] [stdout] 
[INFO] [stdout] warning: methods `is_custom`, `send_animation`, `send_document`, `send_media_group`, and `send_video` are never used
[INFO] [stdout]    --> src/push/telegram/botapi_client.rs:66:12
[INFO] [stdout]     |
[INFO] [stdout] 51  | impl BotapiClient {
[INFO] [stdout]     | ----------------- methods in this implementation
[INFO] [stdout] ...
[INFO] [stdout] 66  |     pub fn is_custom(&self) -> bool {
[INFO] [stdout]     |            ^^^^^^^^^
[INFO] [stdout] ...
[INFO] [stdout] 70  |     pub async fn send_animation<T: AsRef<str> + ?Sized>(
[INFO] [stdout]     |                  ^^^^^^^^^^^^^^
[INFO] [stdout] ...
[INFO] [stdout] 201 |     pub async fn send_document(
[INFO] [stdout]     |                  ^^^^^^^^^^^^^
[INFO] [stdout] ...
[INFO] [stdout] 402 |     pub async fn send_media_group(
[INFO] [stdout]     |                  ^^^^^^^^^^^^^^^^
[INFO] [stdout] ...
[INFO] [stdout] 546 |     pub async fn send_video<T: AsRef<str> + ?Sized>(
[INFO] [stdout]     |                  ^^^^^^^^^^
[INFO] [stdout] 
[INFO] [stdout] 
[INFO] [stdout] warning: constant `MAX_PHOTO_SIZE` is never used
[INFO] [stdout]  --> src/push/telegram/image.rs:8:11
[INFO] [stdout]   |
[INFO] [stdout] 8 | pub const MAX_PHOTO_SIZE: u64 = 10485760;
[INFO] [stdout]   |           ^^^^^^^^^^^^^^
[INFO] [stdout] 
[INFO] [stdout] 
[INFO] [stdout] warning: struct `SupportedImage` is never constructed
[INFO] [stdout]   --> src/push/telegram/image.rs:10:12
[INFO] [stdout]    |
[INFO] [stdout] 10 | pub struct SupportedImage {
[INFO] [stdout]    |            ^^^^^^^^^^^^^^
[INFO] [stdout] 
[INFO] [stdout] 
[INFO] [stdout] warning: associated function `new` is never used
[INFO] [stdout]   --> src/push/telegram/image.rs:16:12
[INFO] [stdout]    |
[INFO] [stdout] 15 | impl SupportedImage {
[INFO] [stdout]    | ------------------- associated function in this implementation
[INFO] [stdout] 16 |     pub fn new(supported: bool, size_too_big: bool) -> Self {
[INFO] [stdout]    |            ^^^
[INFO] [stdout] 
[INFO] [stdout] 
[INFO] [stdout] warning: function `get_image_size` is never used
[INFO] [stdout]   --> src/push/telegram/image.rs:24:14
[INFO] [stdout]    |
[INFO] [stdout] 24 | pub async fn get_image_size<S: AsRef<OsStr> + ?Sized, P: AsRef<OsStr> + ?Sized>(
[INFO] [stdout]    |              ^^^^^^^^^^^^^^
[INFO] [stdout] 
[INFO] [stdout] 
[INFO] [stdout] warning: function `generate_image` is never used
[INFO] [stdout]   --> src/push/telegram/image.rs:83:14
[INFO] [stdout]    |
[INFO] [stdout] 83 | pub async fn generate_image<S: AsRef<OsStr> + ?Sized, D: AsRef<OsStr> + ?Sized>(
[INFO] [stdout]    |              ^^^^^^^^^^^^^^
[INFO] [stdout] 
[INFO] [stdout] 
[INFO] [stdout] warning: function `get_thumbnail_filename` is never used
[INFO] [stdout]    --> src/push/telegram/image.rs:147:8
[INFO] [stdout]     |
[INFO] [stdout] 147 | pub fn get_thumbnail_filename(
[INFO] [stdout]     |        ^^^^^^^^^^^^^^^^^^^^^^
[INFO] [stdout] 
[INFO] [stdout] 
[INFO] [stdout] warning: function `is_supported_image` is never used
[INFO] [stdout]    --> src/push/telegram/image.rs:167:14
[INFO] [stdout]     |
[INFO] [stdout] 167 | pub async fn is_supported_image<S: AsRef<OsStr> + ?Sized>(
[INFO] [stdout]     |              ^^^^^^^^^^^^^^^^^^
[INFO] [stdout] 
[INFO] [stdout] 
[INFO] [stdout] warning: method `is_empty` is never used
[INFO] [stdout]    --> src/push/telegram/text.rs:314:12
[INFO] [stdout]     |
[INFO] [stdout] 139 | impl TextSpliter {
[INFO] [stdout]     | ---------------- method in this implementation
[INFO] [stdout] ...
[INFO] [stdout] 314 |     pub fn is_empty(&self) -> bool {
[INFO] [stdout]     |            ^^^^^^^^
[INFO] [stdout] 
[INFO] [stdout] 
[INFO] [stdout] warning: method `to_result` is never used
[INFO] [stdout]    --> src/push/telegram/tg_type.rs:123:12
[INFO] [stdout]     |
[INFO] [stdout] 108 | / impl<T> BotApiResult<T>
[INFO] [stdout] 109 | | where
[INFO] [stdout] 110 | |     T: Clone + Serialize,
[INFO] [stdout]     | |_________________________- method in this implementation
[INFO] [stdout] ...
[INFO] [stdout] 123 |       pub fn to_result(self) -> Result<T, String> {
[INFO] [stdout]     |              ^^^^^^^^^
[INFO] [stdout] 
[INFO] [stdout] 
[INFO] [stdout] warning: method `get_size` is never used
[INFO] [stdout]    --> src/push/telegram/tg_type.rs:191:18
[INFO] [stdout]     |
[INFO] [stdout] 190 | impl InputFile {
[INFO] [stdout]     | -------------- method in this implementation
[INFO] [stdout] 191 |     pub async fn get_size(&self) -> Result<Option<u64>, std::io::Error> {
[INFO] [stdout]     |                  ^^^^^^^^
[INFO] [stdout] 
[INFO] [stdout] 
[INFO] [stdout] warning: associated function `new` is never used
[INFO] [stdout]   --> src/task_manager.rs:66:12
[INFO] [stdout]    |
[INFO] [stdout] 65 | impl MaxCount {
[INFO] [stdout]    | ------------- associated function in this implementation
[INFO] [stdout] 66 |     pub fn new(max_count: usize) -> Self {
[INFO] [stdout]    |            ^^^
[INFO] [stdout] 
[INFO] [stdout] 
[INFO] [stdout] warning: struct `TaskManagerWithId` is never constructed
[INFO] [stdout]    --> src/task_manager.rs:222:12
[INFO] [stdout]     |
[INFO] [stdout] 222 | pub struct TaskManagerWithId<K, T> {
[INFO] [stdout]     |            ^^^^^^^^^^^^^^^^^
[INFO] [stdout] 
[INFO] [stdout] 
[INFO] [stdout] warning: multiple associated items are never used
[INFO] [stdout]    --> src/task_manager.rs:240:12
[INFO] [stdout]     |
[INFO] [stdout] 234 | / impl<K, O> TaskManagerWithId<K, O>
[INFO] [stdout] 235 | | where
[INFO] [stdout] 236 | |     K: Eq + std::hash::Hash,
[INFO] [stdout] 237 | |     O: Send + 'static,
[INFO] [stdout]     | |______________________- associated items in this implementation
[INFO] [stdout] ...
[INFO] [stdout] 240 |       pub fn new<T: GetMaxCount + Send + Sync + 'static>(
[INFO] [stdout]     |              ^^^
[INFO] [stdout] ...
[INFO] [stdout] 254 |       pub async fn add_pending_task<F>(&self, id: K, future: F)
[INFO] [stdout]     |                    ^^^^^^^^^^^^^^^^
[INFO] [stdout] ...
[INFO] [stdout] 274 |       pub async fn add_task<F>(&self, id: K, future: F, before_pedding: bool)
[INFO] [stdout]     |                    ^^^^^^^^
[INFO] [stdout] ...
[INFO] [stdout] 317 |       pub async fn check_task(&self) {
[INFO] [stdout]     |                    ^^^^^^^^^^
[INFO] [stdout] ...
[INFO] [stdout] 343 |       pub fn is_pending(&self, id: &K) -> bool {
[INFO] [stdout]     |              ^^^^^^^^^^
[INFO] [stdout] ...
[INFO] [stdout] 347 |       pub fn is_pending_or_running(&self, id: &K) -> bool {
[INFO] [stdout]     |              ^^^^^^^^^^^^^^^^^^^^^
[INFO] [stdout] ...
[INFO] [stdout] 351 |       pub fn is_running(&self, id: &K) -> bool {
[INFO] [stdout]     |              ^^^^^^^^^^
[INFO] [stdout] ...
[INFO] [stdout] 356 |       pub async fn join(&self) {
[INFO] [stdout]     |                    ^^^^
[INFO] [stdout] ...
[INFO] [stdout] 391 |       pub fn take_finished_tasks(&self) -> HashMap<K, JoinHandle<O>> {
[INFO] [stdout]     |              ^^^^^^^^^^^^^^^^^^^
[INFO] [stdout] 
[INFO] [stdout] 
[INFO] [stdout] warning: function `parse_pixiv_id` is never used
[INFO] [stdout]   --> src/utils.rs:74:8
[INFO] [stdout]    |
[INFO] [stdout] 74 | pub fn parse_pixiv_id(id: &JsonValue) -> Option<u64> {
[INFO] [stdout]    |        ^^^^^^^^^^^^^^
[INFO] [stdout] 
[INFO] [stdout] 
[INFO] [stderr]     Finished `test` profile [unoptimized + debuginfo] target(s) in 17.42s
[INFO] running `Command { std: "docker" "inspect" "5dc97eae71f3bb243f5e83e063633e4ebccb83a2142f972880a3a8b6d97c85c6", kill_on_drop: false }`
[INFO] running `Command { std: "docker" "rm" "-f" "5dc97eae71f3bb243f5e83e063633e4ebccb83a2142f972880a3a8b6d97c85c6", kill_on_drop: false }`
[INFO] [stdout] 5dc97eae71f3bb243f5e83e063633e4ebccb83a2142f972880a3a8b6d97c85c6
[INFO] running `Command { std: "docker" "create" "-v" "/var/lib/crater-agent-workspace/builds/worker-2-tc1/target:/opt/rustwide/target:rw,Z" "-v" "/var/lib/crater-agent-workspace/builds/worker-2-tc1/source:/opt/rustwide/workdir:ro,Z" "-v" "/var/lib/crater-agent-workspace/cargo-home:/opt/rustwide/cargo-home:ro,Z" "-v" "/var/lib/crater-agent-workspace/rustup-home:/opt/rustwide/rustup-home:ro,Z" "-e" "SOURCE_DIR=/opt/rustwide/workdir" "-e" "CARGO_TARGET_DIR=/opt/rustwide/target" "-e" "CARGO_INCREMENTAL=0" "-e" "RUST_BACKTRACE=full" "-e" "RUSTFLAGS=--cap-lints=warn" "-e" "RUSTDOCFLAGS=--cap-lints=warn" "-e" "CARGO_HOME=/opt/rustwide/cargo-home" "-e" "RUSTUP_HOME=/opt/rustwide/rustup-home" "-w" "/opt/rustwide/workdir" "-m" "1610612736" "--user" "0:0" "--network" "none" "ghcr.io/rust-lang/crates-build-env/linux@sha256:f3a9d4ad9d972b27faf3965f35b62e55ba32bbce8f20bc8fe909558a86702fde" "/opt/rustwide/cargo-home/bin/cargo" "+1.83.0" "test" "--frozen", kill_on_drop: false }`
[INFO] [stdout] 0315aa65216726069133e3c54b3e613f520b94bf6d29dbda564517c9ce78a942
[INFO] running `Command { std: "docker" "start" "-a" "0315aa65216726069133e3c54b3e613f520b94bf6d29dbda564517c9ce78a942", kill_on_drop: false }`
[INFO] [stderr] warning: unused import: `proc_macros::print_error`
[INFO] [stderr]   --> src/download.rs:43:5
[INFO] [stderr]    |
[INFO] [stderr] 43 | use proc_macros::print_error;
[INFO] [stderr]    |     ^^^^^^^^^^^^^^^^^^^^^^^^
[INFO] [stderr]    |
[INFO] [stderr]    = note: `#[warn(unused_imports)]` on by default
[INFO] [stderr] 
[INFO] [stderr] warning: unused import: `std::path::PathBuf`
[INFO] [stderr]   --> src/opthelper.rs:30:5
[INFO] [stderr]    |
[INFO] [stderr] 30 | use std::path::PathBuf;
[INFO] [stderr]    |     ^^^^^^^^^^^^^^^^^^
[INFO] [stderr] 
[INFO] [stderr] warning: unused import: `crate::ext::cstr::ToCStr`
[INFO] [stderr]  --> src/ugoira.rs:7:5
[INFO] [stderr]   |
[INFO] [stderr] 7 | use crate::ext::cstr::ToCStr;
[INFO] [stderr]   |     ^^^^^^^^^^^^^^^^^^^^^^^^
[INFO] [stderr] 
[INFO] [stderr] warning: unused import: `crate::ext::json::ToJson`
[INFO] [stderr]  --> src/ugoira.rs:9:5
[INFO] [stderr]   |
[INFO] [stderr] 9 | use crate::ext::json::ToJson;
[INFO] [stderr]   |     ^^^^^^^^^^^^^^^^^^^^^^^^
[INFO] [stderr] 
[INFO] [stderr] warning: unused import: `crate::ext::try_err::TryErr`
[INFO] [stderr]   --> src/ugoira.rs:13:5
[INFO] [stderr]    |
[INFO] [stderr] 13 | use crate::ext::try_err::TryErr;
[INFO] [stderr]    |     ^^^^^^^^^^^^^^^^^^^^^^^^^^^
[INFO] [stderr] 
[INFO] [stderr] warning: unused import: `std::ffi::CStr`
[INFO] [stderr]   --> src/ugoira.rs:18:5
[INFO] [stderr]    |
[INFO] [stderr] 18 | use std::ffi::CStr;
[INFO] [stderr]    |     ^^^^^^^^^^^^^^
[INFO] [stderr] 
[INFO] [stderr] warning: unused import: `File`
[INFO] [stderr]   --> src/ugoira.rs:24:27
[INFO] [stderr]    |
[INFO] [stderr] 24 | use std::fs::{create_dir, File};
[INFO] [stderr]    |                           ^^^^
[INFO] [stderr] 
[INFO] [stderr] warning: unused import: `std::ops::Drop`
[INFO] [stderr]   --> src/ugoira.rs:26:5
[INFO] [stderr]    |
[INFO] [stderr] 26 | use std::ops::Drop;
[INFO] [stderr]    |     ^^^^^^^^^^^^^^
[INFO] [stderr] 
[INFO] [stderr] warning: unused import: `std::os::raw::c_void`
[INFO] [stderr]   --> src/ugoira.rs:28:5
[INFO] [stderr]    |
[INFO] [stderr] 28 | use std::os::raw::c_void;
[INFO] [stderr]    |     ^^^^^^^^^^^^^^^^^^^^
[INFO] [stderr] 
[INFO] [stderr] warning: unused variable: `np`
[INFO] [stderr]    --> src/download.rs:197:5
[INFO] [stderr]     |
[INFO] [stderr] 197 |     np: u16,
[INFO] [stderr]     |     ^^ help: if this is intentional, prefix it with an underscore: `_np`
[INFO] [stderr]     |
[INFO] [stderr]     = note: `#[warn(unused_variables)]` on by default
[INFO] [stderr] 
[INFO] [stderr] warning: unused variable: `datas`
[INFO] [stderr]    --> src/download.rs:199:5
[INFO] [stderr]     |
[INFO] [stderr] 199 |     datas: Arc<PixivData>,
[INFO] [stderr]     |     ^^^^^ help: if this is intentional, prefix it with an underscore: `_datas`
[INFO] [stderr] 
[INFO] [stderr] warning: unused variable: `file_name`
[INFO] [stderr]    --> src/download.rs:833:9
[INFO] [stderr]     |
[INFO] [stderr] 833 |     let file_name = ndh
[INFO] [stderr]     |         ^^^^^^^^^ help: if this is intentional, prefix it with an underscore: `_file_name`
[INFO] [stderr] 
[INFO] [stderr] warning: variable does not need to be mutable
[INFO] [stderr]     --> src/download.rs:1191:9
[INFO] [stderr]      |
[INFO] [stderr] 1191 |     let mut fdata = FanboxData::new(PixivID::FanboxCreator(id.clone()), &*data)
[INFO] [stderr]      |         ----^^^^^
[INFO] [stderr]      |         |
[INFO] [stderr]      |         help: remove this `mut`
[INFO] [stderr]      |
[INFO] [stderr]      = note: `#[warn(unused_mut)]` on by default
[INFO] [stderr] 
[INFO] [stderr] warning: variable does not need to be mutable
[INFO] [stderr]    --> src/download.rs:948:17
[INFO] [stderr]     |
[INFO] [stderr] 948 |             let mut datas = data.clone();
[INFO] [stderr]     |                 ----^^^^^
[INFO] [stderr]     |                 |
[INFO] [stderr]     |                 help: remove this `mut`
[INFO] [stderr] 
[INFO] [stderr] warning: variable does not need to be mutable
[INFO] [stderr]     --> src/download.rs:1086:17
[INFO] [stderr]      |
[INFO] [stderr] 1086 |             let mut datas = data.clone();
[INFO] [stderr]      |                 ----^^^^^
[INFO] [stderr]      |                 |
[INFO] [stderr]      |                 help: remove this `mut`
[INFO] [stderr] 
[INFO] [stderr] warning: method `is_changed` is never used
[INFO] [stderr]    --> src/cookies.rs:436:12
[INFO] [stderr]     |
[INFO] [stderr] 332 | impl CookieJar {
[INFO] [stderr]     | -------------- method in this implementation
[INFO] [stderr] ...
[INFO] [stderr] 436 |     pub fn is_changed(&self) -> bool {
[INFO] [stderr]     |            ^^^^^^^^^^
[INFO] [stderr]     |
[INFO] [stderr]     = note: `#[warn(dead_code)]` on by default
[INFO] [stderr] 
[INFO] [stderr] warning: method `save` is never used
[INFO] [stderr]    --> src/cookies.rs:509:12
[INFO] [stderr]     |
[INFO] [stderr] 502 | impl CookieJarManager {
[INFO] [stderr]     | --------------------- method in this implementation
[INFO] [stderr] ...
[INFO] [stderr] 509 |     pub fn save(&self) {
[INFO] [stderr]     |            ^^^^
[INFO] [stderr] 
[INFO] [stderr] warning: function `save_all_cookies` is never used
[INFO] [stderr]    --> src/cookies.rs:577:8
[INFO] [stderr]     |
[INFO] [stderr] 577 | pub fn save_all_cookies() {
[INFO] [stderr]     |        ^^^^^^^^^^^^^^^^
[INFO] [stderr] 
[INFO] [stderr] warning: method `is_downloading` is never used
[INFO] [stderr]    --> src/downloader/downloader.rs:755:9
[INFO] [stderr]     |
[INFO] [stderr] 626 | / impl<T: Write + Seek + Send + Sync + ClearFile + GetTargetFileName + SetLen + 'static>
[INFO] [stderr] 627 | |     Downloader<T>
[INFO] [stderr]     | |_________________- method in this implementation
[INFO] [stderr] ...
[INFO] [stderr] 755 |           is_downloading,
[INFO] [stderr]     |           ^^^^^^^^^^^^^^
[INFO] [stderr]     |
[INFO] [stderr]     = note: this warning originates in the macro `define_downloader_fn` (in Nightly builds, run with -Z macro-backtrace for more info)
[INFO] [stderr] 
[INFO] [stderr] warning: methods `close` and `get_part_data` are never used
[INFO] [stderr]    --> src/downloader/pd_file/file.rs:126:12
[INFO] [stderr]     |
[INFO] [stderr] 85  | impl PdFile {
[INFO] [stderr]     | ----------- methods in this implementation
[INFO] [stderr] ...
[INFO] [stderr] 126 |     pub fn close(&self) -> Result<(), PdFileError> {
[INFO] [stderr]     |            ^^^^^
[INFO] [stderr] ...
[INFO] [stderr] 234 |     pub fn get_part_data(&self, index: usize) -> Option<Arc<PdFilePartStatus>> {
[INFO] [stderr]     |            ^^^^^^^^^^^^^
[INFO] [stderr] 
[INFO] [stderr] warning: field `client` is never read
[INFO] [stderr]   --> src/fanbox/article/url_embed.rs:70:5
[INFO] [stderr]    |
[INFO] [stderr] 68 | pub struct FanboxArticleUrlEmbedHTML {
[INFO] [stderr]    |            ------------------------- field in this struct
[INFO] [stderr] 69 |     pub data: JsonValue,
[INFO] [stderr] 70 |     client: Arc<FanboxClientInternal>,
[INFO] [stderr]    |     ^^^^^^
[INFO] [stderr] 
[INFO] [stderr] warning: methods `ffprobe` and `ffmpeg` are never used
[INFO] [stderr]    --> src/opthelper.rs:720:12
[INFO] [stderr]     |
[INFO] [stderr] 54  | impl OptHelper {
[INFO] [stderr]     | -------------- methods in this implementation
[INFO] [stderr] ...
[INFO] [stderr] 720 |     pub fn ffprobe(&self) -> Option<String> {
[INFO] [stderr]     |            ^^^^^^^
[INFO] [stderr] ...
[INFO] [stderr] 735 |     pub fn ffmpeg(&self) -> Option<String> {
[INFO] [stderr]     |            ^^^^^^
[INFO] [stderr] 
[INFO] [stderr] warning: methods `get_follow`, `get_user_bookmarks`, and `get_user_illusts` are never used
[INFO] [stderr]    --> src/pixiv_app.rs:271:18
[INFO] [stderr]     |
[INFO] [stderr] 102 | impl PixivAppClientInternal {
[INFO] [stderr]     | --------------------------- methods in this implementation
[INFO] [stderr] ...
[INFO] [stderr] 271 |     pub async fn get_follow(
[INFO] [stderr]     |                  ^^^^^^^^^^
[INFO] [stderr] ...
[INFO] [stderr] 345 |     pub async fn get_user_bookmarks(
[INFO] [stderr]     |                  ^^^^^^^^^^^^^^^^^^
[INFO] [stderr] ...
[INFO] [stderr] 374 |     pub async fn get_user_illusts(&self, uid: u64) -> Result<JsonValue, PixivDownloaderError> {
[INFO] [stderr]     |                  ^^^^^^^^^^^^^^^^
[INFO] [stderr] 
[INFO] [stderr] warning: methods `get_follow`, `get_user_bookmarks`, and `get_user_illusts` are never used
[INFO] [stderr]    --> src/pixiv_app.rs:429:18
[INFO] [stderr]     |
[INFO] [stderr] 398 | impl PixivAppClient {
[INFO] [stderr]     | ------------------- methods in this implementation
[INFO] [stderr] ...
[INFO] [stderr] 429 |     pub async fn get_follow(
[INFO] [stderr]     |                  ^^^^^^^^^^
[INFO] [stderr] ...
[INFO] [stderr] 437 |     pub async fn get_user_bookmarks(
[INFO] [stderr]     |                  ^^^^^^^^^^^^^^^^^^
[INFO] [stderr] ...
[INFO] [stderr] 447 |     pub async fn get_user_illusts(
[INFO] [stderr]     |                  ^^^^^^^^^^^^^^^^
[INFO] [stderr] 
[INFO] [stderr] warning: methods `get_follow`, `get_user_bookmarks`, and `get_user_works` are never used
[INFO] [stderr]    --> src/pixiv_web.rs:293:18
[INFO] [stderr]     |
[INFO] [stderr] 24  | impl PixivWebClient {
[INFO] [stderr]     | ------------------- methods in this implementation
[INFO] [stderr] ...
[INFO] [stderr] 293 |     pub async fn get_follow(&self, page: u64, r18: bool) -> Option<JsonValue> {
[INFO] [stderr]     |                  ^^^^^^^^^^
[INFO] [stderr] ...
[INFO] [stderr] 328 |     pub async fn get_user_bookmarks(
[INFO] [stderr]     |                  ^^^^^^^^^^^^^^^^^^
[INFO] [stderr] ...
[INFO] [stderr] 368 |     pub async fn get_user_works(&self, uid: u64) -> Option<JsonValue> {
[INFO] [stderr]     |                  ^^^^^^^^^^^^^^
[INFO] [stderr] 
[INFO] [stderr] warning: fields `illusts` and `user` are never read
[INFO] [stderr]   --> src/pixivapp/illusts.rs:9:9
[INFO] [stderr]    |
[INFO] [stderr] 8  | pub struct PixivAppIllusts {
[INFO] [stderr]    |            --------------- fields in this struct
[INFO] [stderr] 9  |     pub illusts: Vec<PixivAppIllust>,
[INFO] [stderr]    |         ^^^^^^^
[INFO] [stderr] ...
[INFO] [stderr] 12 |     pub user: Option<JsonValue>,
[INFO] [stderr]    |         ^^^^
[INFO] [stderr] 
[INFO] [stderr] warning: methods `is_custom`, `send_animation`, `send_document`, `send_media_group`, and `send_video` are never used
[INFO] [stderr]    --> src/push/telegram/botapi_client.rs:66:12
[INFO] [stderr]     |
[INFO] [stderr] 51  | impl BotapiClient {
[INFO] [stderr]     | ----------------- methods in this implementation
[INFO] [stderr] ...
[INFO] [stderr] 66  |     pub fn is_custom(&self) -> bool {
[INFO] [stderr]     |            ^^^^^^^^^
[INFO] [stderr] ...
[INFO] [stderr] 70  |     pub async fn send_animation<T: AsRef<str> + ?Sized>(
[INFO] [stderr]     |                  ^^^^^^^^^^^^^^
[INFO] [stderr] ...
[INFO] [stderr] 201 |     pub async fn send_document(
[INFO] [stderr]     |                  ^^^^^^^^^^^^^
[INFO] [stderr] ...
[INFO] [stderr] 402 |     pub async fn send_media_group(
[INFO] [stderr]     |                  ^^^^^^^^^^^^^^^^
[INFO] [stderr] ...
[INFO] [stderr] 546 |     pub async fn send_video<T: AsRef<str> + ?Sized>(
[INFO] [stderr]     |                  ^^^^^^^^^^
[INFO] [stderr] 
[INFO] [stderr] warning: constant `MAX_PHOTO_SIZE` is never used
[INFO] [stderr]  --> src/push/telegram/image.rs:8:11
[INFO] [stderr]   |
[INFO] [stderr] 8 | pub const MAX_PHOTO_SIZE: u64 = 10485760;
[INFO] [stderr]   |           ^^^^^^^^^^^^^^
[INFO] [stderr] 
[INFO] [stderr] warning: struct `SupportedImage` is never constructed
[INFO] [stderr]   --> src/push/telegram/image.rs:10:12
[INFO] [stderr]    |
[INFO] [stderr] 10 | pub struct SupportedImage {
[INFO] [stderr]    |            ^^^^^^^^^^^^^^
[INFO] [stderr] 
[INFO] [stderr] warning: associated function `new` is never used
[INFO] [stderr]   --> src/push/telegram/image.rs:16:12
[INFO] [stderr]    |
[INFO] [stderr] 15 | impl SupportedImage {
[INFO] [stderr]    | ------------------- associated function in this implementation
[INFO] [stderr] 16 |     pub fn new(supported: bool, size_too_big: bool) -> Self {
[INFO] [stderr]    |            ^^^
[INFO] [stderr] 
[INFO] [stderr] warning: function `get_image_size` is never used
[INFO] [stderr]   --> src/push/telegram/image.rs:24:14
[INFO] [stderr]    |
[INFO] [stderr] 24 | pub async fn get_image_size<S: AsRef<OsStr> + ?Sized, P: AsRef<OsStr> + ?Sized>(
[INFO] [stderr]    |              ^^^^^^^^^^^^^^
[INFO] [stderr] 
[INFO] [stderr] warning: function `generate_image` is never used
[INFO] [stderr]   --> src/push/telegram/image.rs:83:14
[INFO] [stderr]    |
[INFO] [stderr] 83 | pub async fn generate_image<S: AsRef<OsStr> + ?Sized, D: AsRef<OsStr> + ?Sized>(
[INFO] [stderr]    |              ^^^^^^^^^^^^^^
[INFO] [stderr] 
[INFO] [stderr] warning: function `get_thumbnail_filename` is never used
[INFO] [stderr]    --> src/push/telegram/image.rs:147:8
[INFO] [stderr]     |
[INFO] [stderr] 147 | pub fn get_thumbnail_filename(
[INFO] [stderr]     |        ^^^^^^^^^^^^^^^^^^^^^^
[INFO] [stderr] 
[INFO] [stderr] warning: function `is_supported_image` is never used
[INFO] [stderr]    --> src/push/telegram/image.rs:167:14
[INFO] [stderr]     |
[INFO] [stderr] 167 | pub async fn is_supported_image<S: AsRef<OsStr> + ?Sized>(
[INFO] [stderr]     |              ^^^^^^^^^^^^^^^^^^
[INFO] [stderr] 
[INFO] [stderr] warning: method `is_empty` is never used
[INFO] [stderr]    --> src/push/telegram/text.rs:314:12
[INFO] [stderr]     |
[INFO] [stderr] 139 | impl TextSpliter {
[INFO] [stderr]     | ---------------- method in this implementation
[INFO] [stderr] ...
[INFO] [stderr] 314 |     pub fn is_empty(&self) -> bool {
[INFO] [stderr]     |            ^^^^^^^^
[INFO] [stderr] 
[INFO] [stderr] warning: method `to_result` is never used
[INFO] [stderr]    --> src/push/telegram/tg_type.rs:123:12
[INFO] [stderr]     |
[INFO] [stderr] 108 | / impl<T> BotApiResult<T>
[INFO] [stderr] 109 | | where
[INFO] [stderr] 110 | |     T: Clone + Serialize,
[INFO] [stderr]     | |_________________________- method in this implementation
[INFO] [stderr] ...
[INFO] [stderr] 123 |       pub fn to_result(self) -> Result<T, String> {
[INFO] [stderr]     |              ^^^^^^^^^
[INFO] [stderr] 
[INFO] [stderr] warning: method `get_size` is never used
[INFO] [stderr]    --> src/push/telegram/tg_type.rs:191:18
[INFO] [stderr]     |
[INFO] [stderr] 190 | impl InputFile {
[INFO] [stderr]     | -------------- method in this implementation
[INFO] [stderr] 191 |     pub async fn get_size(&self) -> Result<Option<u64>, std::io::Error> {
[INFO] [stderr]     |                  ^^^^^^^^
[INFO] [stderr] 
[INFO] [stderr] warning: associated function `new` is never used
[INFO] [stderr]   --> src/task_manager.rs:66:12
[INFO] [stderr]    |
[INFO] [stderr] 65 | impl MaxCount {
[INFO] [stderr]    | ------------- associated function in this implementation
[INFO] [stderr] 66 |     pub fn new(max_count: usize) -> Self {
[INFO] [stderr]    |            ^^^
[INFO] [stderr] 
[INFO] [stderr] warning: struct `TaskManagerWithId` is never constructed
[INFO] [stderr]    --> src/task_manager.rs:222:12
[INFO] [stderr]     |
[INFO] [stderr] 222 | pub struct TaskManagerWithId<K, T> {
[INFO] [stderr]     |            ^^^^^^^^^^^^^^^^^
[INFO] [stderr] 
[INFO] [stderr] warning: multiple associated items are never used
[INFO] [stderr]    --> src/task_manager.rs:240:12
[INFO] [stderr]     |
[INFO] [stderr] 234 | / impl<K, O> TaskManagerWithId<K, O>
[INFO] [stderr] 235 | | where
[INFO] [stderr] 236 | |     K: Eq + std::hash::Hash,
[INFO] [stderr] 237 | |     O: Send + 'static,
[INFO] [stderr]     | |______________________- associated items in this implementation
[INFO] [stderr] ...
[INFO] [stderr] 240 |       pub fn new<T: GetMaxCount + Send + Sync + 'static>(
[INFO] [stderr]     |              ^^^
[INFO] [stderr] ...
[INFO] [stderr] 254 |       pub async fn add_pending_task<F>(&self, id: K, future: F)
[INFO] [stderr]     |                    ^^^^^^^^^^^^^^^^
[INFO] [stderr] ...
[INFO] [stderr] 274 |       pub async fn add_task<F>(&self, id: K, future: F, before_pedding: bool)
[INFO] [stderr]     |                    ^^^^^^^^
[INFO] [stderr] ...
[INFO] [stderr] 317 |       pub async fn check_task(&self) {
[INFO] [stderr]     |                    ^^^^^^^^^^
[INFO] [stderr] ...
[INFO] [stderr] 343 |       pub fn is_pending(&self, id: &K) -> bool {
[INFO] [stderr]     |              ^^^^^^^^^^
[INFO] [stderr] ...
[INFO] [stderr] 347 |       pub fn is_pending_or_running(&self, id: &K) -> bool {
[INFO] [stderr]     |              ^^^^^^^^^^^^^^^^^^^^^
[INFO] [stderr] ...
[INFO] [stderr] 351 |       pub fn is_running(&self, id: &K) -> bool {
[INFO] [stderr]     |              ^^^^^^^^^^
[INFO] [stderr] ...
[INFO] [stderr] 356 |       pub async fn join(&self) {
[INFO] [stderr]     |                    ^^^^
[INFO] [stderr] ...
[INFO] [stderr] 391 |       pub fn take_finished_tasks(&self) -> HashMap<K, JoinHandle<O>> {
[INFO] [stderr]     |              ^^^^^^^^^^^^^^^^^^^
[INFO] [stderr] 
[INFO] [stderr] warning: function `parse_pixiv_id` is never used
[INFO] [stderr]   --> src/utils.rs:74:8
[INFO] [stderr]    |
[INFO] [stderr] 74 | pub fn parse_pixiv_id(id: &JsonValue) -> Option<u64> {
[INFO] [stderr]    |        ^^^^^^^^^^^^^^
[INFO] [stderr] 
[INFO] [stderr] warning: `pixiv_downloader` (bin "pixiv_downloader" test) generated 41 warnings (run `cargo fix --bin "pixiv_downloader" --tests` to apply 12 suggestions)
[INFO] [stderr]     Finished `test` profile [unoptimized + debuginfo] target(s) in 0.45s
[INFO] [stderr]      Running unittests src/main.rs (/opt/rustwide/target/debug/deps/pixiv_downloader-6a6d23d1638e3fb7)
[INFO] [stdout] 
[INFO] [stdout] running 47 tests
[INFO] [stdout] test downloader::pd_file::enums::test_enums ... ok
[INFO] [stdout] test downloader::pd_file::part_status::test_part_status ... ok
[INFO] [stdout] test downloader::pd_file::version::test_pd_file_version ... ok
[INFO] [stdout] test fanbox::article::url_embed::test_html_card ... ok
[INFO] [stdout] test fanbox::comment_list::test_comment_list ... ok
[INFO] [stdout] test fanbox::paginated_creator_posts::test_paginate_creator_posts ... ok
[INFO] [stdout] test fanbox::post::test_get_post_info ... ok
[INFO] [stdout] test fanbox::post::test_get_post_info2 ... ok
[INFO] [stdout] test fanbox::post::test_get_post_info3 ... ok
[INFO] [stdout] test fanbox_api::test_get_creator ... ok
[INFO] [stdout] test fanbox_api::test_list_home_post ... ok
[INFO] [stdout] test fanbox_api::test_list_supporting_plan ... ok
[INFO] [stdout] test fanbox_api::test_list_supporting_post ... ok
[INFO] [stdout] test cookies::test_managed_cookie_jar ... FAILED
[INFO] [stdout] test downloader::downloader::test_failed_multi_downloader ... FAILED
[INFO] [stdout] test downloader::pd_file::file::test_pd_file ... FAILED
[INFO] [stdout] test list::test_non_tail_list ... ok
[INFO] [stdout] test parser::description::test_convert_description_to_md ... ok
[INFO] [stdout] test parser::description::test_convert_description_to_tg_html ... ok
[INFO] [stdout] test parser::description::test_parse_description ... ok
[INFO] [stdout] test downloader::downloader::test_downloader ... FAILED
[INFO] [stdout] test parser::description::test_ensure_link_ascii ... ok
[INFO] [stdout] test opt::author_name_filter::test_author_name_filter ... ok
[INFO] [stdout] test downloader::downloader::test_downloader_dropped ... FAILED
[INFO] [stdout] test push::every_push::test_every_push_push ... ok
[INFO] [stdout] test push::pushdeer::test_push_image ... ok
[INFO] [stdout] test push::pushdeer::test_push_markdown_message ... ok
[INFO] [stdout] test push::telegram::text::test_parse2 ... ok
[INFO] [stdout] test push::telegram::text::test_parse ... ok
[INFO] [stdout] test push::pushdeer::test_push_text_message ... ok
[INFO] [stdout] test downloader::downloader::test_failed_downloader ... FAILED
[INFO] [stdout] test push::telegram::text::test_split ... ok
[INFO] [stdout] test push::telegram::text::test_split2 ... ok
[INFO] [stdout] test downloader::downloader::test_multi_downloader ... FAILED
[INFO] [stdout] test push::telegram::botapi_client::test_telegram_botapi_sendmessage ... ok
[INFO] [stdout] test formdata::test_formdata ... FAILED
[INFO] [stdout] test push::telegram::text::test_split3 ... ok
[INFO] [stdout] test push::telegram::text::test_split5 ... ok
[INFO] [stdout] test push::telegram::text::test_split6 ... ok
[INFO] [stdout] test push::telegram::text::test_split7 ... ok
[INFO] [stdout] test push::telegram::botapi_client::test_telegram_botapi_sendphoto ... ok
[INFO] [stdout] test push::telegram::tg_type::test_chat_id ... ok
[INFO] [stdout] test push::telegram::tg_type::test_parse_mode ... ok
[INFO] [stdout] test retry_interval::test_parse_retry_interval ... ok
[INFO] [stdout] test settings_list::test_get_settings_list ... ok
[INFO] [stdout] test push::telegram::text::test_split4 ... ok
[INFO] [stdout] test ugoira::test_convert_ugoira_to_mp4_subprocess ... ok
[INFO] [stdout] 
[INFO] [stdout] failures:
[INFO] [stdout] 
[INFO] [stdout] ---- cookies::test_managed_cookie_jar stdout ----
[INFO] [stdout] thread 'cookies::test_managed_cookie_jar' panicked at src/cookies.rs:642:9:
[INFO] [stdout] assertion failed: re.is_ok() || p.exists()
[INFO] [stdout] stack backtrace:
[INFO] [stdout]    0:     0x60a04b32a79a - std::backtrace_rs::backtrace::libunwind::trace::h5a5b8284f2d0c266
[INFO] [stdout]                                at /rustc/90b35a6239c3d8bdabc530a6a0816f7ff89a0aaf/library/std/src/../../backtrace/src/backtrace/libunwind.rs:116:5
[INFO] [stdout]    1:     0x60a04b32a79a - std::backtrace_rs::backtrace::trace_unsynchronized::h76d4f1c9b0b875e3
[INFO] [stdout]                                at /rustc/90b35a6239c3d8bdabc530a6a0816f7ff89a0aaf/library/std/src/../../backtrace/src/backtrace/mod.rs:66:5
[INFO] [stdout]    2:     0x60a04b32a79a - std::sys::backtrace::_print_fmt::hc4546b8364a537c6
[INFO] [stdout]                                at /rustc/90b35a6239c3d8bdabc530a6a0816f7ff89a0aaf/library/std/src/sys/backtrace.rs:66:9
[INFO] [stdout]    3:     0x60a04b32a79a - <std::sys::backtrace::BacktraceLock::print::DisplayBacktrace as core::fmt::Display>::fmt::h5b6bd5631a6d1f6b
[INFO] [stdout]                                at /rustc/90b35a6239c3d8bdabc530a6a0816f7ff89a0aaf/library/std/src/sys/backtrace.rs:39:26
[INFO] [stdout]    4:     0x60a04b357553 - core::fmt::rt::Argument::fmt::h270f6602a2b96f62
[INFO] [stdout]                                at /rustc/90b35a6239c3d8bdabc530a6a0816f7ff89a0aaf/library/core/src/fmt/rt.rs:177:76
[INFO] [stdout]    5:     0x60a04b357553 - core::fmt::write::h7550c97b06c86515
[INFO] [stdout]                                at /rustc/90b35a6239c3d8bdabc530a6a0816f7ff89a0aaf/library/core/src/fmt/mod.rs:1186:21
[INFO] [stdout]    6:     0x60a04b326213 - std::io::Write::write_fmt::h509ff860e5956e5e
[INFO] [stdout]                                at /rustc/90b35a6239c3d8bdabc530a6a0816f7ff89a0aaf/library/std/src/io/mod.rs:1839:15
[INFO] [stdout]    7:     0x60a04b32a5e2 - std::sys::backtrace::BacktraceLock::print::h2395ccd2c84ba3aa
[INFO] [stdout]                                at /rustc/90b35a6239c3d8bdabc530a6a0816f7ff89a0aaf/library/std/src/sys/backtrace.rs:42:9
[INFO] [stdout]    8:     0x60a04b32bbfa - std::panicking::default_hook::{{closure}}::he19d4c7230e07961
[INFO] [stdout]                                at /rustc/90b35a6239c3d8bdabc530a6a0816f7ff89a0aaf/library/std/src/panicking.rs:268:22
[INFO] [stdout]    9:     0x60a04b32ba04 - std::panicking::default_hook::hf614597d3c67bbdb
[INFO] [stdout]                                at /rustc/90b35a6239c3d8bdabc530a6a0816f7ff89a0aaf/library/std/src/panicking.rs:292:9
[INFO] [stdout]   10:     0x60a04a89ea99 - <alloc::boxed::Box<F,A> as core::ops::function::Fn<Args>>::call::h39b51ce4599c23d1
[INFO] [stdout]                                at /rustc/90b35a6239c3d8bdabc530a6a0816f7ff89a0aaf/library/alloc/src/boxed.rs:2468:9
[INFO] [stdout]   11:     0x60a04a89ea99 - test::test_main::{{closure}}::he977ae839a582784
[INFO] [stdout]                                at /rustc/90b35a6239c3d8bdabc530a6a0816f7ff89a0aaf/library/test/src/lib.rs:133:21
[INFO] [stdout]   12:     0x60a04b32c298 - <alloc::boxed::Box<F,A> as core::ops::function::Fn<Args>>::call::h9455091b6b06f9fb
[INFO] [stdout]                                at /rustc/90b35a6239c3d8bdabc530a6a0816f7ff89a0aaf/library/alloc/src/boxed.rs:2468:9
[INFO] [stdout]   13:     0x60a04b32c298 - std::panicking::rust_panic_with_hook::h8942133a8b252070
[INFO] [stdout]                                at /rustc/90b35a6239c3d8bdabc530a6a0816f7ff89a0aaf/library/std/src/panicking.rs:809:13
[INFO] [stdout]   14:     0x60a04b32c026 - std::panicking::begin_panic_handler::{{closure}}::hb5f5963570096b29
[INFO] [stdout]                                at /rustc/90b35a6239c3d8bdabc530a6a0816f7ff89a0aaf/library/std/src/panicking.rs:667:13
[INFO] [stdout]   15:     0x60a04b32ac79 - std::sys::backtrace::__rust_end_short_backtrace::h6208cedc1922feda
[INFO] [stdout]                                at /rustc/90b35a6239c3d8bdabc530a6a0816f7ff89a0aaf/library/std/src/sys/backtrace.rs:170:18
[INFO] [stdout]   16:     0x60a04b32bcec - rust_begin_unwind
[INFO] [stdout]                                at /rustc/90b35a6239c3d8bdabc530a6a0816f7ff89a0aaf/library/std/src/panicking.rs:665:5
[INFO] [stdout]   17:     0x60a04a62c4b0 - core::panicking::panic_fmt::h0c3082644d1bf418
[INFO] [stdout]                                at /rustc/90b35a6239c3d8bdabc530a6a0816f7ff89a0aaf/library/core/src/panicking.rs:74:14
[INFO] [stdout]   18:     0x60a04a62c53c - core::panicking::panic::h957f98c65a3b3074
[INFO] [stdout]                                at /rustc/90b35a6239c3d8bdabc530a6a0816f7ff89a0aaf/library/core/src/panicking.rs:148:5
[INFO] [stdout]   19:     0x60a04a839f42 - pixiv_downloader::cookies::test_managed_cookie_jar::hde42d58e51bd80fc
[INFO] [stdout]                                at /opt/rustwide/workdir/src/cookies.rs:642:9
[INFO] [stdout]   20:     0x60a04a839d97 - pixiv_downloader::cookies::test_managed_cookie_jar::{{closure}}::h30e374a399de0373
[INFO] [stdout]                                at /opt/rustwide/workdir/src/cookies.rs:638:29
[INFO] [stdout]   21:     0x60a04a6e6336 - core::ops::function::FnOnce::call_once::hd1432e40a64a5ec7
[INFO] [stdout]                                at /rustc/90b35a6239c3d8bdabc530a6a0816f7ff89a0aaf/library/core/src/ops/function.rs:250:5
[INFO] [stdout]   22:     0x60a04a8a345b - core::ops::function::FnOnce::call_once::h109cf8051a59b34e
[INFO] [stdout]                                at /rustc/90b35a6239c3d8bdabc530a6a0816f7ff89a0aaf/library/core/src/ops/function.rs:250:5
[INFO] [stdout]   23:     0x60a04a8a345b - test::__rust_begin_short_backtrace::hf4fff89d377446ba
[INFO] [stdout]                                at /rustc/90b35a6239c3d8bdabc530a6a0816f7ff89a0aaf/library/test/src/lib.rs:621:18
[INFO] [stdout]   24:     0x60a04a8a2c97 - test::run_test_in_process::{{closure}}::h0e39181dd7ee5a43
[INFO] [stdout]                                at /rustc/90b35a6239c3d8bdabc530a6a0816f7ff89a0aaf/library/test/src/lib.rs:644:60
[INFO] [stdout]   25:     0x60a04a8a2c97 - <core::panic::unwind_safe::AssertUnwindSafe<F> as core::ops::function::FnOnce<()>>::call_once::hc5a66a30f0bdfd1f
[INFO] [stdout]                                at /rustc/90b35a6239c3d8bdabc530a6a0816f7ff89a0aaf/library/core/src/panic/unwind_safe.rs:272:9
[INFO] [stdout]   26:     0x60a04a8a2c97 - std::panicking::try::do_call::h873b7cf639554a5e
[INFO] [stdout]                                at /rustc/90b35a6239c3d8bdabc530a6a0816f7ff89a0aaf/library/std/src/panicking.rs:557:40
[INFO] [stdout]   27:     0x60a04a8a2c97 - std::panicking::try::hdb19862fad9c8bd1
[INFO] [stdout]                                at /rustc/90b35a6239c3d8bdabc530a6a0816f7ff89a0aaf/library/std/src/panicking.rs:520:19
[INFO] [stdout]   28:     0x60a04a8a2c97 - std::panic::catch_unwind::h281fe732d236d260
[INFO] [stdout]                                at /rustc/90b35a6239c3d8bdabc530a6a0816f7ff89a0aaf/library/std/src/panic.rs:358:14
[INFO] [stdout]   29:     0x60a04a8a2c97 - test::run_test_in_process::h949b6df8457ed338
[INFO] [stdout]                                at /rustc/90b35a6239c3d8bdabc530a6a0816f7ff89a0aaf/library/test/src/lib.rs:644:27
[INFO] [stdout]   30:     0x60a04a8a2c97 - test::run_test::{{closure}}::h52c556a6d4740e10
[INFO] [stdout]                                at /rustc/90b35a6239c3d8bdabc530a6a0816f7ff89a0aaf/library/test/src/lib.rs:565:43
[INFO] [stdout]   31:     0x60a04a867f74 - test::run_test::{{closure}}::h4237f6381c45ccb9
[INFO] [stdout]                                at /rustc/90b35a6239c3d8bdabc530a6a0816f7ff89a0aaf/library/test/src/lib.rs:595:41
[INFO] [stdout]   32:     0x60a04a867f74 - std::sys::backtrace::__rust_begin_short_backtrace::h505c97a579eca628
[INFO] [stdout]                                at /rustc/90b35a6239c3d8bdabc530a6a0816f7ff89a0aaf/library/std/src/sys/backtrace.rs:154:18
[INFO] [stdout]   33:     0x60a04a86b63e - std::thread::Builder::spawn_unchecked_::{{closure}}::{{closure}}::h9e86b2e2bc107ea3
[INFO] [stdout]                                at /rustc/90b35a6239c3d8bdabc530a6a0816f7ff89a0aaf/library/std/src/thread/mod.rs:538:17
[INFO] [stdout]   34:     0x60a04a86b63e - <core::panic::unwind_safe::AssertUnwindSafe<F> as core::ops::function::FnOnce<()>>::call_once::h8b06ddb275ff4a25
[INFO] [stdout]                                at /rustc/90b35a6239c3d8bdabc530a6a0816f7ff89a0aaf/library/core/src/panic/unwind_safe.rs:272:9
[INFO] [stdout]   35:     0x60a04a86b63e - std::panicking::try::do_call::hb26ecd7cd9a9355d
[INFO] [stdout]                                at /rustc/90b35a6239c3d8bdabc530a6a0816f7ff89a0aaf/library/std/src/panicking.rs:557:40
[INFO] [stdout]   36:     0x60a04a86b63e - std::panicking::try::h8ddeca9d705f9069
[INFO] [stdout]                                at /rustc/90b35a6239c3d8bdabc530a6a0816f7ff89a0aaf/library/std/src/panicking.rs:520:19
[INFO] [stdout]   37:     0x60a04a86b63e - std::panic::catch_unwind::h49e1c33078844c46
[INFO] [stdout]                                at /rustc/90b35a6239c3d8bdabc530a6a0816f7ff89a0aaf/library/std/src/panic.rs:358:14
[INFO] [stdout]   38:     0x60a04a86b63e - std::thread::Builder::spawn_unchecked_::{{closure}}::h6073db6ff56ad35d
[INFO] [stdout]                                at /rustc/90b35a6239c3d8bdabc530a6a0816f7ff89a0aaf/library/std/src/thread/mod.rs:537:30
[INFO] [stdout]   39:     0x60a04a86b63e - core::ops::function::FnOnce::call_once{{vtable.shim}}::h2c5a5f3779c774f1
[INFO] [stdout]                                at /rustc/90b35a6239c3d8bdabc530a6a0816f7ff89a0aaf/library/core/src/ops/function.rs:250:5
[INFO] [stdout]   40:     0x60a04b3317cb - <alloc::boxed::Box<F,A> as core::ops::function::FnOnce<Args>>::call_once::hf75717d9f28faebf
[INFO] [stdout]                                at /rustc/90b35a6239c3d8bdabc530a6a0816f7ff89a0aaf/library/alloc/src/boxed.rs:2454:9
[INFO] [stdout]   41:     0x60a04b3317cb - <alloc::boxed::Box<F,A> as core::ops::function::FnOnce<Args>>::call_once::h7bd883a5f3c5f3c1
[INFO] [stdout]                                at /rustc/90b35a6239c3d8bdabc530a6a0816f7ff89a0aaf/library/alloc/src/boxed.rs:2454:9
[INFO] [stdout]   42:     0x60a04b3317cb - std::sys::pal::unix::thread::Thread::new::thread_start::hcc78f3943333fa94
[INFO] [stdout]                                at /rustc/90b35a6239c3d8bdabc530a6a0816f7ff89a0aaf/library/std/src/sys/pal/unix/thread.rs:105:17
[INFO] [stdout]   43:     0x79755963cac3 - <unknown>
[INFO] [stdout]   44:     0x7975596cda04 - clone
[INFO] [stdout]   45:                0x0 - <unknown>
[INFO] [stdout] 
[INFO] [stdout] ---- downloader::downloader::test_failed_multi_downloader stdout ----
[INFO] [stdout] thread 'downloader::downloader::test_failed_multi_downloader' panicked at src/downloader/downloader.rs:965:9:
[INFO] [stdout] assertion failed: re.is_ok() || p.exists()
[INFO] [stdout] stack backtrace:
[INFO] [stdout]    0:     0x60a04b32a79a - std::backtrace_rs::backtrace::libunwind::trace::h5a5b8284f2d0c266
[INFO] [stdout]                                at /rustc/90b35a6239c3d8bdabc530a6a0816f7ff89a0aaf/library/std/src/../../backtrace/src/backtrace/libunwind.rs:116:5
[INFO] [stdout]    1:     0x60a04b32a79a - std::backtrace_rs::backtrace::trace_unsynchronized::h76d4f1c9b0b875e3
[INFO] [stdout]                                at /rustc/90b35a6239c3d8bdabc530a6a0816f7ff89a0aaf/library/std/src/../../backtrace/src/backtrace/mod.rs:66:5
[INFO] [stdout]    2:     0x60a04b32a79a - std::sys::backtrace::_print_fmt::hc4546b8364a537c6
[INFO] [stdout]                                at /rustc/90b35a6239c3d8bdabc530a6a0816f7ff89a0aaf/library/std/src/sys/backtrace.rs:66:9
[INFO] [stdout]    3:     0x60a04b32a79a - <std::sys::backtrace::BacktraceLock::print::DisplayBacktrace as core::fmt::Display>::fmt::h5b6bd5631a6d1f6b
[INFO] [stdout]                                at /rustc/90b35a6239c3d8bdabc530a6a0816f7ff89a0aaf/library/std/src/sys/backtrace.rs:39:26
[INFO] [stdout]    4:     0x60a04b357553 - core::fmt::rt::Argument::fmt::h270f6602a2b96f62
[INFO] [stdout]                                at /rustc/90b35a6239c3d8bdabc530a6a0816f7ff89a0aaf/library/core/src/fmt/rt.rs:177:76
[INFO] [stdout]    5:     0x60a04b357553 - core::fmt::write::h7550c97b06c86515
[INFO] [stdout]                                at /rustc/90b35a6239c3d8bdabc530a6a0816f7ff89a0aaf/library/core/src/fmt/mod.rs:1186:21
[INFO] [stdout]    6:     0x60a04b326213 - std::io::Write::write_fmt::h509ff860e5956e5e
[INFO] [stdout]                                at /rustc/90b35a6239c3d8bdabc530a6a0816f7ff89a0aaf/library/std/src/io/mod.rs:1839:15
[INFO] [stdout]    7:     0x60a04b32a5e2 - std::sys::backtrace::BacktraceLock::print::h2395ccd2c84ba3aa
[INFO] [stdout]                                at /rustc/90b35a6239c3d8bdabc530a6a0816f7ff89a0aaf/library/std/src/sys/backtrace.rs:42:9
[INFO] [stdout]    8:     0x60a04b32bbfa - std::panicking::default_hook::{{closure}}::he19d4c7230e07961
[INFO] [stdout]                                at /rustc/90b35a6239c3d8bdabc530a6a0816f7ff89a0aaf/library/std/src/panicking.rs:268:22
[INFO] [stdout]    9:     0x60a04b32ba04 - std::panicking::default_hook::hf614597d3c67bbdb
[INFO] [stdout]                                at /rustc/90b35a6239c3d8bdabc530a6a0816f7ff89a0aaf/library/std/src/panicking.rs:292:9
[INFO] [stdout]   10:     0x60a04a89ea99 - <alloc::boxed::Box<F,A> as core::ops::function::Fn<Args>>::call::h39b51ce4599c23d1
[INFO] [stdout]                                at /rustc/90b35a6239c3d8bdabc530a6a0816f7ff89a0aaf/library/alloc/src/boxed.rs:2468:9
[INFO] [stdout]   11:     0x60a04a89ea99 - test::test_main::{{closure}}::he977ae839a582784
[INFO] [stdout]                                at /rustc/90b35a6239c3d8bdabc530a6a0816f7ff89a0aaf/library/test/src/lib.rs:133:21
[INFO] [stdout]   12:     0x60a04b32c298 - <alloc::boxed::Box<F,A> as core::ops::function::Fn<Args>>::call::h9455091b6b06f9fb
[INFO] [stdout]                                at /rustc/90b35a6239c3d8bdabc530a6a0816f7ff89a0aaf/library/alloc/src/boxed.rs:2468:9
[INFO] [stdout]   13:     0x60a04b32c298 - std::panicking::rust_panic_with_hook::h8942133a8b252070
[INFO] [stdout]                                at /rustc/90b35a6239c3d8bdabc530a6a0816f7ff89a0aaf/library/std/src/panicking.rs:809:13
[INFO] [stdout]   14:     0x60a04b32c026 - std::panicking::begin_panic_handler::{{closure}}::hb5f5963570096b29
[INFO] [stdout]                                at /rustc/90b35a6239c3d8bdabc530a6a0816f7ff89a0aaf/library/std/src/panicking.rs:667:13
[INFO] [stdout]   15:     0x60a04b32ac79 - std::sys::backtrace::__rust_end_short_backtrace::h6208cedc1922feda
[INFO] [stdout]                                at /rustc/90b35a6239c3d8bdabc530a6a0816f7ff89a0aaf/library/std/src/sys/backtrace.rs:170:18
[INFO] [stdout]   16:     0x60a04b32bcec - rust_begin_unwind
[INFO] [stdout]                                at /rustc/90b35a6239c3d8bdabc530a6a0816f7ff89a0aaf/library/std/src/panicking.rs:665:5
[INFO] [stdout]   17:     0x60a04a62c4b0 - core::panicking::panic_fmt::h0c3082644d1bf418
[INFO] [stdout]                                at /rustc/90b35a6239c3d8bdabc530a6a0816f7ff89a0aaf/library/core/src/panicking.rs:74:14
[INFO] [stdout]   18:     0x60a04a62c53c - core::panicking::panic::h957f98c65a3b3074
[INFO] [stdout]                                at /rustc/90b35a6239c3d8bdabc530a6a0816f7ff89a0aaf/library/core/src/panicking.rs:148:5
[INFO] [stdout]   19:     0x60a04a79c5b0 - pixiv_downloader::downloader::downloader::test_failed_multi_downloader::{{closure}}::{{closure}}::h662573189d74c70e
[INFO] [stdout]                                at /opt/rustwide/workdir/src/downloader/downloader.rs:965:9
[INFO] [stdout]   20:     0x60a04a80f01c - <tokio::time::timeout::Timeout<T> as core::future::future::Future>::poll::hda0e999c79937a6b
[INFO] [stdout]                                at /opt/rustwide/cargo-home/registry/src/index.crates.io-6f17d22bba15001f/tokio-1.38.0/src/time/timeout.rs:202:33
[INFO] [stdout]   21:     0x60a04a79c224 - pixiv_downloader::downloader::downloader::test_failed_multi_downloader::{{closure}}::h8f06a2066ae3f64b
[INFO] [stdout]                                at /opt/rustwide/workdir/src/downloader/downloader.rs:959:1
[INFO] [stdout]   22:     0x60a04a80b9b2 - <core::pin::Pin<P> as core::future::future::Future>::poll::hff6e7377d5c62f9f
[INFO] [stdout]                                at /rustc/90b35a6239c3d8bdabc530a6a0816f7ff89a0aaf/library/core/src/future/future.rs:123:9
[INFO] [stdout]   23:     0x60a04a805e1f - tokio::runtime::park::CachedParkThread::block_on::{{closure}}::h8a63c2c20fa99290
[INFO] [stdout]                                at /opt/rustwide/cargo-home/registry/src/index.crates.io-6f17d22bba15001f/tokio-1.38.0/src/runtime/park.rs:281:63
[INFO] [stdout]   24:     0x60a04a805850 - tokio::runtime::coop::with_budget::h4a5865d5fe8dfd32
[INFO] [stdout]                                at /opt/rustwide/cargo-home/registry/src/index.crates.io-6f17d22bba15001f/tokio-1.38.0/src/runtime/coop.rs:107:5
[INFO] [stdout]   25:     0x60a04a805850 - tokio::runtime::coop::budget::h7d6d178be2031768
[INFO] [stdout]                                at /opt/rustwide/cargo-home/registry/src/index.crates.io-6f17d22bba15001f/tokio-1.38.0/src/runtime/coop.rs:73:5
[INFO] [stdout]   26:     0x60a04a805850 - tokio::runtime::park::CachedParkThread::block_on::h937773a4962062d3
[INFO] [stdout]                                at /opt/rustwide/cargo-home/registry/src/index.crates.io-6f17d22bba15001f/tokio-1.38.0/src/runtime/park.rs:281:31
[INFO] [stdout]   27:     0x60a04a806034 - tokio::runtime::context::blocking::BlockingRegionGuard::block_on::h3aea2e74d32aa284
[INFO] [stdout]                                at /opt/rustwide/cargo-home/registry/src/index.crates.io-6f17d22bba15001f/tokio-1.38.0/src/runtime/context/blocking.rs:66:9
[INFO] [stdout]   28:     0x60a04a81a888 - tokio::runtime::scheduler::multi_thread::MultiThread::block_on::{{closure}}::hd94883b5c7956402
[INFO] [stdout]                                at /opt/rustwide/cargo-home/registry/src/index.crates.io-6f17d22bba15001f/tokio-1.38.0/src/runtime/scheduler/multi_thread/mod.rs:87:13
[INFO] [stdout]   29:     0x60a04a7586ec - tokio::runtime::context::runtime::enter_runtime::h4918579b66e4f4d8
[INFO] [stdout]                                at /opt/rustwide/cargo-home/registry/src/index.crates.io-6f17d22bba15001f/tokio-1.38.0/src/runtime/context/runtime.rs:65:16
[INFO] [stdout]   30:     0x60a04a81a804 - tokio::runtime::scheduler::multi_thread::MultiThread::block_on::h76ee10ebe45e667b
[INFO] [stdout]                                at /opt/rustwide/cargo-home/registry/src/index.crates.io-6f17d22bba15001f/tokio-1.38.0/src/runtime/scheduler/multi_thread/mod.rs:86:9
[INFO] [stdout]   31:     0x60a04a7a7ac7 - tokio::runtime::runtime::Runtime::block_on::hed225b2da08e75a8
[INFO] [stdout]                                at /opt/rustwide/cargo-home/registry/src/index.crates.io-6f17d22bba15001f/tokio-1.38.0/src/runtime/runtime.rs:349:45
[INFO] [stdout]   32:     0x60a04a79c001 - pixiv_downloader::downloader::downloader::test_failed_multi_downloader::h08391fd436985ae8
[INFO] [stdout]                                at /opt/rustwide/workdir/src/downloader/downloader.rs:959:1
[INFO] [stdout]   33:     0x60a04a79bea7 - pixiv_downloader::downloader::downloader::test_failed_multi_downloader::{{closure}}::h281aee19ffdbbee5
[INFO] [stdout]                                at /opt/rustwide/workdir/src/downloader/downloader.rs:961:40
[INFO] [stdout]   34:     0x60a04a6e5e66 - core::ops::function::FnOnce::call_once::hb4ef92992f24f5d4
[INFO] [stdout]                                at /rustc/90b35a6239c3d8bdabc530a6a0816f7ff89a0aaf/library/core/src/ops/function.rs:250:5
[INFO] [stdout]   35:     0x60a04a8a345b - core::ops::function::FnOnce::call_once::h109cf8051a59b34e
[INFO] [stdout]                                at /rustc/90b35a6239c3d8bdabc530a6a0816f7ff89a0aaf/library/core/src/ops/function.rs:250:5
[INFO] [stdout]   36:     0x60a04a8a345b - test::__rust_begin_short_backtrace::hf4fff89d377446ba
[INFO] [stdout]                                at /rustc/90b35a6239c3d8bdabc530a6a0816f7ff89a0aaf/library/test/src/lib.rs:621:18
[INFO] [stdout]   37:     0x60a04a8a2c97 - test::run_test_in_process::{{closure}}::h0e39181dd7ee5a43
[INFO] [stdout]                                at /rustc/90b35a6239c3d8bdabc530a6a0816f7ff89a0aaf/library/test/src/lib.rs:644:60
[INFO] [stdout]   38:     0x60a04a8a2c97 - <core::panic::unwind_safe::AssertUnwindSafe<F> as core::ops::function::FnOnce<()>>::call_once::hc5a66a30f0bdfd1f
[INFO] [stdout]                                at /rustc/90b35a6239c3d8bdabc530a6a0816f7ff89a0aaf/library/core/src/panic/unwind_safe.rs:272:9
[INFO] [stdout]   39:     0x60a04a8a2c97 - std::panicking::try::do_call::h873b7cf639554a5e
[INFO] [stdout]                                at /rustc/90b35a6239c3d8bdabc530a6a0816f7ff89a0aaf/library/std/src/panicking.rs:557:40
[INFO] [stdout]   40:     0x60a04a8a2c97 - std::panicking::try::hdb19862fad9c8bd1
[INFO] [stdout]                                at /rustc/90b35a6239c3d8bdabc530a6a0816f7ff89a0aaf/library/std/src/panicking.rs:520:19
[INFO] [stdout]   41:     0x60a04a8a2c97 - std::panic::catch_unwind::h281fe732d236d260
[INFO] [stdout]                                at /rustc/90b35a6239c3d8bdabc530a6a0816f7ff89a0aaf/library/std/src/panic.rs:358:14
[INFO] [stdout]   42:     0x60a04a8a2c97 - test::run_test_in_process::h949b6df8457ed338
[INFO] [stdout]                                at /rustc/90b35a6239c3d8bdabc530a6a0816f7ff89a0aaf/library/test/src/lib.rs:644:27
[INFO] [stdout]   43:     0x60a04a8a2c97 - test::run_test::{{closure}}::h52c556a6d4740e10
[INFO] [stdout]                                at /rustc/90b35a6239c3d8bdabc530a6a0816f7ff89a0aaf/library/test/src/lib.rs:565:43
[INFO] [stdout]   44:     0x60a04a867f74 - test::run_test::{{closure}}::h4237f6381c45ccb9
[INFO] [stdout]                                at /rustc/90b35a6239c3d8bdabc530a6a0816f7ff89a0aaf/library/test/src/lib.rs:595:41
[INFO] [stdout]   45:     0x60a04a867f74 - std::sys::backtrace::__rust_begin_short_backtrace::h505c97a579eca628
[INFO] [stdout]                                at /rustc/90b35a6239c3d8bdabc530a6a0816f7ff89a0aaf/library/std/src/sys/backtrace.rs:154:18
[INFO] [stdout]   46:     0x60a04a86b63e - std::thread::Builder::spawn_unchecked_::{{closure}}::{{closure}}::h9e86b2e2bc107ea3
[INFO] [stdout]                                at /rustc/90b35a6239c3d8bdabc530a6a0816f7ff89a0aaf/library/std/src/thread/mod.rs:538:17
[INFO] [stdout]   47:     0x60a04a86b63e - <core::panic::unwind_safe::AssertUnwindSafe<F> as core::ops::function::FnOnce<()>>::call_once::h8b06ddb275ff4a25
[INFO] [stdout]                                at /rustc/90b35a6239c3d8bdabc530a6a0816f7ff89a0aaf/library/core/src/panic/unwind_safe.rs:272:9
[INFO] [stdout]   48:     0x60a04a86b63e - std::panicking::try::do_call::hb26ecd7cd9a9355d
[INFO] [stdout]                                at /rustc/90b35a6239c3d8bdabc530a6a0816f7ff89a0aaf/library/std/src/panicking.rs:557:40
[INFO] [stdout]   49:     0x60a04a86b63e - std::panicking::try::h8ddeca9d705f9069
[INFO] [stdout]                                at /rustc/90b35a6239c3d8bdabc530a6a0816f7ff89a0aaf/library/std/src/panicking.rs:520:19
[INFO] [stdout]   50:     0x60a04a86b63e - std::panic::catch_unwind::h49e1c33078844c46
[INFO] [stdout]                                at /rustc/90b35a6239c3d8bdabc530a6a0816f7ff89a0aaf/library/std/src/panic.rs:358:14
[INFO] [stdout]   51:     0x60a04a86b63e - std::thread::Builder::spawn_unchecked_::{{closure}}::h6073db6ff56ad35d
[INFO] [stdout]                                at /rustc/90b35a6239c3d8bdabc530a6a0816f7ff89a0aaf/library/std/src/thread/mod.rs:537:30
[INFO] [stdout]   52:     0x60a04a86b63e - core::ops::function::FnOnce::call_once{{vtable.shim}}::h2c5a5f3779c774f1
[INFO] [stdout]                                at /rustc/90b35a6239c3d8bdabc530a6a0816f7ff89a0aaf/library/core/src/ops/function.rs:250:5
[INFO] [stdout]   53:     0x60a04b3317cb - <alloc::boxed::Box<F,A> as core::ops::function::FnOnce<Args>>::call_once::hf75717d9f28faebf
[INFO] [stdout]                                at /rustc/90b35a6239c3d8bdabc530a6a0816f7ff89a0aaf/library/alloc/src/boxed.rs:2454:9
[INFO] [stdout]   54:     0x60a04b3317cb - <alloc::boxed::Box<F,A> as core::ops::function::FnOnce<Args>>::call_once::h7bd883a5f3c5f3c1
[INFO] [stdout]                                at /rustc/90b35a6239c3d8bdabc530a6a0816f7ff89a0aaf/library/alloc/src/boxed.rs:2454:9
[INFO] [stdout]   55:     0x60a04b3317cb - std::sys::pal::unix::thread::Thread::new::thread_start::hcc78f3943333fa94
[INFO] [stdout]                                at /rustc/90b35a6239c3d8bdabc530a6a0816f7ff89a0aaf/library/std/src/sys/pal/unix/thread.rs:105:17
[INFO] [stdout]   56:     0x79755963cac3 - <unknown>
[INFO] [stdout]   57:     0x7975596cda04 - clone
[INFO] [stdout]   58:                0x0 - <unknown>
[INFO] [stdout] 
[INFO] [stdout] ---- downloader::pd_file::file::test_pd_file stdout ----
[INFO] [stdout] thread 'downloader::pd_file::file::test_pd_file' panicked at src/downloader/pd_file/file.rs:717:9:
[INFO] [stdout] assertion failed: re.is_ok() || p.exists()
[INFO] [stdout] stack backtrace:
[INFO] [stdout]    0:     0x60a04b32a79a - std::backtrace_rs::backtrace::libunwind::trace::h5a5b8284f2d0c266
[INFO] [stdout]                                at /rustc/90b35a6239c3d8bdabc530a6a0816f7ff89a0aaf/library/std/src/../../backtrace/src/backtrace/libunwind.rs:116:5
[INFO] [stdout]    1:     0x60a04b32a79a - std::backtrace_rs::backtrace::trace_unsynchronized::h76d4f1c9b0b875e3
[INFO] [stdout]                                at /rustc/90b35a6239c3d8bdabc530a6a0816f7ff89a0aaf/library/std/src/../../backtrace/src/backtrace/mod.rs:66:5
[INFO] [stdout]    2:     0x60a04b32a79a - std::sys::backtrace::_print_fmt::hc4546b8364a537c6
[INFO] [stdout]                                at /rustc/90b35a6239c3d8bdabc530a6a0816f7ff89a0aaf/library/std/src/sys/backtrace.rs:66:9
[INFO] [stdout]    3:     0x60a04b32a79a - <std::sys::backtrace::BacktraceLock::print::DisplayBacktrace as core::fmt::Display>::fmt::h5b6bd5631a6d1f6b
[INFO] [stdout]                                at /rustc/90b35a6239c3d8bdabc530a6a0816f7ff89a0aaf/library/std/src/sys/backtrace.rs:39:26
[INFO] [stdout]    4:     0x60a04b357553 - core::fmt::rt::Argument::fmt::h270f6602a2b96f62
[INFO] [stdout]                                at /rustc/90b35a6239c3d8bdabc530a6a0816f7ff89a0aaf/library/core/src/fmt/rt.rs:177:76
[INFO] [stdout]    5:     0x60a04b357553 - core::fmt::write::h7550c97b06c86515
[INFO] [stdout]                                at /rustc/90b35a6239c3d8bdabc530a6a0816f7ff89a0aaf/library/core/src/fmt/mod.rs:1186:21
[INFO] [stdout]    6:     0x60a04b326213 - std::io::Write::write_fmt::h509ff860e5956e5e
[INFO] [stdout]                                at /rustc/90b35a6239c3d8bdabc530a6a0816f7ff89a0aaf/library/std/src/io/mod.rs:1839:15
[INFO] [stdout]    7:     0x60a04b32a5e2 - std::sys::backtrace::BacktraceLock::print::h2395ccd2c84ba3aa
[INFO] [stdout]                                at /rustc/90b35a6239c3d8bdabc530a6a0816f7ff89a0aaf/library/std/src/sys/backtrace.rs:42:9
[INFO] [stdout]    8:     0x60a04b32bbfa - std::panicking::default_hook::{{closure}}::he19d4c7230e07961
[INFO] [stdout]                                at /rustc/90b35a6239c3d8bdabc530a6a0816f7ff89a0aaf/library/std/src/panicking.rs:268:22
[INFO] [stdout]    9:     0x60a04b32ba04 - std::panicking::default_hook::hf614597d3c67bbdb
[INFO] [stdout]                                at /rustc/90b35a6239c3d8bdabc530a6a0816f7ff89a0aaf/library/std/src/panicking.rs:292:9
[INFO] [stdout]   10:     0x60a04a89ea99 - <alloc::boxed::Box<F,A> as core::ops::function::Fn<Args>>::call::h39b51ce4599c23d1
[INFO] [stdout]                                at /rustc/90b35a6239c3d8bdabc530a6a0816f7ff89a0aaf/library/alloc/src/boxed.rs:2468:9
[INFO] [stdout]   11:     0x60a04a89ea99 - test::test_main::{{closure}}::he977ae839a582784
[INFO] [stdout]                                at /rustc/90b35a6239c3d8bdabc530a6a0816f7ff89a0aaf/library/test/src/lib.rs:133:21
[INFO] [stdout]   12:     0x60a04b32c298 - <alloc::boxed::Box<F,A> as core::ops::function::Fn<Args>>::call::h9455091b6b06f9fb
[INFO] [stdout]                                at /rustc/90b35a6239c3d8bdabc530a6a0816f7ff89a0aaf/library/alloc/src/boxed.rs:2468:9
[INFO] [stdout]   13:     0x60a04b32c298 - std::panicking::rust_panic_with_hook::h8942133a8b252070
[INFO] [stdout]                                at /rustc/90b35a6239c3d8bdabc530a6a0816f7ff89a0aaf/library/std/src/panicking.rs:809:13
[INFO] [stdout]   14:     0x60a04b32c026 - std::panicking::begin_panic_handler::{{closure}}::hb5f5963570096b29
[INFO] [stdout]                                at /rustc/90b35a6239c3d8bdabc530a6a0816f7ff89a0aaf/library/std/src/panicking.rs:667:13
[INFO] [stdout]   15:     0x60a04b32ac79 - std::sys::backtrace::__rust_end_short_backtrace::h6208cedc1922feda
[INFO] [stdout]                                at /rustc/90b35a6239c3d8bdabc530a6a0816f7ff89a0aaf/library/std/src/sys/backtrace.rs:170:18
[INFO] [stdout]   16:     0x60a04b32bcec - rust_begin_unwind
[INFO] [stdout]                                at /rustc/90b35a6239c3d8bdabc530a6a0816f7ff89a0aaf/library/std/src/panicking.rs:665:5
[INFO] [stdout]   17:     0x60a04a62c4b0 - core::panicking::panic_fmt::h0c3082644d1bf418
[INFO] [stdout]                                at /rustc/90b35a6239c3d8bdabc530a6a0816f7ff89a0aaf/library/core/src/panicking.rs:74:14
[INFO] [stdout]   18:     0x60a04a62c53c - core::panicking::panic::h957f98c65a3b3074
[INFO] [stdout]                                at /rustc/90b35a6239c3d8bdabc530a6a0816f7ff89a0aaf/library/core/src/panicking.rs:148:5
[INFO] [stdout]   19:     0x60a04a7f7903 - pixiv_downloader::downloader::pd_file::file::test_pd_file::h33db1f3b2bc6131d
[INFO] [stdout]                                at /opt/rustwide/workdir/src/downloader/pd_file/file.rs:717:9
[INFO] [stdout]   20:     0x60a04a7f77bd - pixiv_downloader::downloader::pd_file::file::test_pd_file::{{closure}}::h1a2b67a569cf9e22
[INFO] [stdout]                                at /opt/rustwide/workdir/src/downloader/pd_file/file.rs:713:22
[INFO] [stdout]   21:     0x60a04a6e4b86 - core::ops::function::FnOnce::call_once::h2f26a1b5411963bf
[INFO] [stdout]                                at /rustc/90b35a6239c3d8bdabc530a6a0816f7ff89a0aaf/library/core/src/ops/function.rs:250:5
[INFO] [stdout]   22:     0x60a04a8a345b - core::ops::function::FnOnce::call_once::h109cf8051a59b34e
[INFO] [stdout]                                at /rustc/90b35a6239c3d8bdabc530a6a0816f7ff89a0aaf/library/core/src/ops/function.rs:250:5
[INFO] [stdout]   23:     0x60a04a8a345b - test::__rust_begin_short_backtrace::hf4fff89d377446ba
[INFO] [stdout]                                at /rustc/90b35a6239c3d8bdabc530a6a0816f7ff89a0aaf/library/test/src/lib.rs:621:18
[INFO] [stdout]   24:     0x60a04a8a2c97 - test::run_test_in_process::{{closure}}::h0e39181dd7ee5a43
[INFO] [stdout]                                at /rustc/90b35a6239c3d8bdabc530a6a0816f7ff89a0aaf/library/test/src/lib.rs:644:60
[INFO] [stdout]   25:     0x60a04a8a2c97 - <core::panic::unwind_safe::AssertUnwindSafe<F> as core::ops::function::FnOnce<()>>::call_once::hc5a66a30f0bdfd1f
[INFO] [stdout]                                at /rustc/90b35a6239c3d8bdabc530a6a0816f7ff89a0aaf/library/core/src/panic/unwind_safe.rs:272:9
[INFO] [stdout]   26:     0x60a04a8a2c97 - std::panicking::try::do_call::h873b7cf639554a5e
[INFO] [stdout]                                at /rustc/90b35a6239c3d8bdabc530a6a0816f7ff89a0aaf/library/std/src/panicking.rs:557:40
[INFO] [stdout]   27:     0x60a04a8a2c97 - std::panicking::try::hdb19862fad9c8bd1
[INFO] [stdout]                                at /rustc/90b35a6239c3d8bdabc530a6a0816f7ff89a0aaf/library/std/src/panicking.rs:520:19
[INFO] [stdout]   28:     0x60a04a8a2c97 - std::panic::catch_unwind::h281fe732d236d260
[INFO] [stdout]                                at /rustc/90b35a6239c3d8bdabc530a6a0816f7ff89a0aaf/library/std/src/panic.rs:358:14
[INFO] [stdout]   29:     0x60a04a8a2c97 - test::run_test_in_process::h949b6df8457ed338
[INFO] [stdout]                                at /rustc/90b35a6239c3d8bdabc530a6a0816f7ff89a0aaf/library/test/src/lib.rs:644:27
[INFO] [stdout]   30:     0x60a04a8a2c97 - test::run_test::{{closure}}::h52c556a6d4740e10
[INFO] [stdout]                                at /rustc/90b35a6239c3d8bdabc530a6a0816f7ff89a0aaf/library/test/src/lib.rs:565:43
[INFO] [stdout]   31:     0x60a04a867f74 - test::run_test::{{closure}}::h4237f6381c45ccb9
[INFO] [stdout]                                at /rustc/90b35a6239c3d8bdabc530a6a0816f7ff89a0aaf/library/test/src/lib.rs:595:41
[INFO] [stdout]   32:     0x60a04a867f74 - std::sys::backtrace::__rust_begin_short_backtrace::h505c97a579eca628
[INFO] [stdout]                                at /rustc/90b35a6239c3d8bdabc530a6a0816f7ff89a0aaf/library/std/src/sys/backtrace.rs:154:18
[INFO] [stdout]   33:     0x60a04a86b63e - std::thread::Builder::spawn_unchecked_::{{closure}}::{{closure}}::h9e86b2e2bc107ea3
[INFO] [stdout]                                at /rustc/90b35a6239c3d8bdabc530a6a0816f7ff89a0aaf/library/std/src/thread/mod.rs:538:17
[INFO] [stdout]   34:     0x60a04a86b63e - <core::panic::unwind_safe::AssertUnwindSafe<F> as core::ops::function::FnOnce<()>>::call_once::h8b06ddb275ff4a25
[INFO] [stdout]                                at /rustc/90b35a6239c3d8bdabc530a6a0816f7ff89a0aaf/library/core/src/panic/unwind_safe.rs:272:9
[INFO] [stdout]   35:     0x60a04a86b63e - std::panicking::try::do_call::hb26ecd7cd9a9355d
[INFO] [stdout]                                at /rustc/90b35a6239c3d8bdabc530a6a0816f7ff89a0aaf/library/std/src/panicking.rs:557:40
[INFO] [stdout]   36:     0x60a04a86b63e - std::panicking::try::h8ddeca9d705f9069
[INFO] [stdout]                                at /rustc/90b35a6239c3d8bdabc530a6a0816f7ff89a0aaf/library/std/src/panicking.rs:520:19
[INFO] [stdout]   37:     0x60a04a86b63e - std::panic::catch_unwind::h49e1c33078844c46
[INFO] [stdout]                                at /rustc/90b35a6239c3d8bdabc530a6a0816f7ff89a0aaf/library/std/src/panic.rs:358:14
[INFO] [stdout]   38:     0x60a04a86b63e - std::thread::Builder::spawn_unchecked_::{{closure}}::h6073db6ff56ad35d
[INFO] [stdout]                                at /rustc/90b35a6239c3d8bdabc530a6a0816f7ff89a0aaf/library/std/src/thread/mod.rs:537:30
[INFO] [stdout]   39:     0x60a04a86b63e - core::ops::function::FnOnce::call_once{{vtable.shim}}::h2c5a5f3779c774f1
[INFO] [stdout]                                at /rustc/90b35a6239c3d8bdabc530a6a0816f7ff89a0aaf/library/core/src/ops/function.rs:250:5
[INFO] [stdout]   40:     0x60a04b3317cb - <alloc::boxed::Box<F,A> as core::ops::function::FnOnce<Args>>::call_once::hf75717d9f28faebf
[INFO] [stdout]                                at /rustc/90b35a6239c3d8bdabc530a6a0816f7ff89a0aaf/library/alloc/src/boxed.rs:2454:9
[INFO] [stdout]   41:     0x60a04b3317cb - <alloc::boxed::Box<F,A> as core::ops::function::FnOnce<Args>>::call_once::h7bd883a5f3c5f3c1
[INFO] [stdout]                                at /rustc/90b35a6239c3d8bdabc530a6a0816f7ff89a0aaf/library/alloc/src/boxed.rs:2454:9
[INFO] [stdout]   42:     0x60a04b3317cb - std::sys::pal::unix::thread::Thread::new::thread_start::hcc78f3943333fa94
[INFO] [stdout]                                at /rustc/90b35a6239c3d8bdabc530a6a0816f7ff89a0aaf/library/std/src/sys/pal/unix/thread.rs:105:17
[INFO] [stdout]   43:     0x79755963cac3 - <unknown>
[INFO] [stdout]   44:     0x7975596cda04 - clone
[INFO] [stdout]   45:                0x0 - <unknown>
[INFO] [stdout] 
[INFO] [stdout] ---- downloader::downloader::test_downloader stdout ----
[INFO] [stdout] thread 'downloader::downloader::test_downloader' panicked at src/downloader/downloader.rs:790:9:
[INFO] [stdout] assertion failed: re.is_ok() || p.exists()
[INFO] [stdout] stack backtrace:
[INFO] [stdout]    0:     0x60a04b32a79a - std::backtrace_rs::backtrace::libunwind::trace::h5a5b8284f2d0c266
[INFO] [stdout]                                at /rustc/90b35a6239c3d8bdabc530a6a0816f7ff89a0aaf/library/std/src/../../backtrace/src/backtrace/libunwind.rs:116:5
[INFO] [stdout]    1:     0x60a04b32a79a - std::backtrace_rs::backtrace::trace_unsynchronized::h76d4f1c9b0b875e3
[INFO] [stdout]                                at /rustc/90b35a6239c3d8bdabc530a6a0816f7ff89a0aaf/library/std/src/../../backtrace/src/backtrace/mod.rs:66:5
[INFO] [stdout]    2:     0x60a04b32a79a - std::sys::backtrace::_print_fmt::hc4546b8364a537c6
[INFO] [stdout]                                at /rustc/90b35a6239c3d8bdabc530a6a0816f7ff89a0aaf/library/std/src/sys/backtrace.rs:66:9
[INFO] [stdout]    3:     0x60a04b32a79a - <std::sys::backtrace::BacktraceLock::print::DisplayBacktrace as core::fmt::Display>::fmt::h5b6bd5631a6d1f6b
[INFO] [stdout]                                at /rustc/90b35a6239c3d8bdabc530a6a0816f7ff89a0aaf/library/std/src/sys/backtrace.rs:39:26
[INFO] [stdout]    4:     0x60a04b357553 - core::fmt::rt::Argument::fmt::h270f6602a2b96f62
[INFO] [stdout]                                at /rustc/90b35a6239c3d8bdabc530a6a0816f7ff89a0aaf/library/core/src/fmt/rt.rs:177:76
[INFO] [stdout]    5:     0x60a04b357553 - core::fmt::write::h7550c97b06c86515
[INFO] [stdout]                                at /rustc/90b35a6239c3d8bdabc530a6a0816f7ff89a0aaf/library/core/src/fmt/mod.rs:1186:21
[INFO] [stdout]    6:     0x60a04b326213 - std::io::Write::write_fmt::h509ff860e5956e5e
[INFO] [stdout]                                at /rustc/90b35a6239c3d8bdabc530a6a0816f7ff89a0aaf/library/std/src/io/mod.rs:1839:15
[INFO] [stdout]    7:     0x60a04b32a5e2 - std::sys::backtrace::BacktraceLock::print::h2395ccd2c84ba3aa
[INFO] [stdout]                                at /rustc/90b35a6239c3d8bdabc530a6a0816f7ff89a0aaf/library/std/src/sys/backtrace.rs:42:9
[INFO] [stdout]    8:     0x60a04b32bbfa - std::panicking::default_hook::{{closure}}::he19d4c7230e07961
[INFO] [stdout]                                at /rustc/90b35a6239c3d8bdabc530a6a0816f7ff89a0aaf/library/std/src/panicking.rs:268:22
[INFO] [stdout]    9:     0x60a04b32ba04 - std::panicking::default_hook::hf614597d3c67bbdb
[INFO] [stdout]                                at /rustc/90b35a6239c3d8bdabc530a6a0816f7ff89a0aaf/library/std/src/panicking.rs:292:9
[INFO] [stdout]   10:     0x60a04a89ea99 - <alloc::boxed::Box<F,A> as core::ops::function::Fn<Args>>::call::h39b51ce4599c23d1
[INFO] [stdout]                                at /rustc/90b35a6239c3d8bdabc530a6a0816f7ff89a0aaf/library/alloc/src/boxed.rs:2468:9
[INFO] [stdout]   11:     0x60a04a89ea99 - test::test_main::{{closure}}::he977ae839a582784
[INFO] [stdout]                                at /rustc/90b35a6239c3d8bdabc530a6a0816f7ff89a0aaf/library/test/src/lib.rs:133:21
[INFO] [stdout]   12:     0x60a04b32c298 - <alloc::boxed::Box<F,A> as core::ops::function::Fn<Args>>::call::h9455091b6b06f9fb
[INFO] [stdout]                                at /rustc/90b35a6239c3d8bdabc530a6a0816f7ff89a0aaf/library/alloc/src/boxed.rs:2468:9
[INFO] [stdout]   13:     0x60a04b32c298 - std::panicking::rust_panic_with_hook::h8942133a8b252070
[INFO] [stdout]                                at /rustc/90b35a6239c3d8bdabc530a6a0816f7ff89a0aaf/library/std/src/panicking.rs:809:13
[INFO] [stdout]   14:     0x60a04b32c026 - std::panicking::begin_panic_handler::{{closure}}::hb5f5963570096b29
[INFO] [stdout]                                at /rustc/90b35a6239c3d8bdabc530a6a0816f7ff89a0aaf/library/std/src/panicking.rs:667:13
[INFO] [stdout]   15:     0x60a04b32ac79 - std::sys::backtrace::__rust_end_short_backtrace::h6208cedc1922feda
[INFO] [stdout]                                at /rustc/90b35a6239c3d8bdabc530a6a0816f7ff89a0aaf/library/std/src/sys/backtrace.rs:170:18
[INFO] [stdout]   16:     0x60a04b32bcec - rust_begin_unwind
[INFO] [stdout]                                at /rustc/90b35a6239c3d8bdabc530a6a0816f7ff89a0aaf/library/std/src/panicking.rs:665:5
[INFO] [stdout]   17:     0x60a04a62c4b0 - core::panicking::panic_fmt::h0c3082644d1bf418
[INFO] [stdout]                                at /rustc/90b35a6239c3d8bdabc530a6a0816f7ff89a0aaf/library/core/src/panicking.rs:74:14
[INFO] [stdout]   18:     0x60a04a62c53c - core::panicking::panic::h957f98c65a3b3074
[INFO] [stdout]                                at /rustc/90b35a6239c3d8bdabc530a6a0816f7ff89a0aaf/library/core/src/panicking.rs:148:5
[INFO] [stdout]   19:     0x60a04a797ac0 - pixiv_downloader::downloader::downloader::test_downloader::{{closure}}::{{closure}}::h07bcfa8777f13910
[INFO] [stdout]                                at /opt/rustwide/workdir/src/downloader/downloader.rs:790:9
[INFO] [stdout]   20:     0x60a04a80ed5c - <tokio::time::timeout::Timeout<T> as core::future::future::Future>::poll::hd96925193d734422
[INFO] [stdout]                                at /opt/rustwide/cargo-home/registry/src/index.crates.io-6f17d22bba15001f/tokio-1.38.0/src/time/timeout.rs:202:33
[INFO] [stdout]   21:     0x60a04a797744 - pixiv_downloader::downloader::downloader::test_downloader::{{closure}}::hde6d7162f11cf55a
[INFO] [stdout]                                at /opt/rustwide/workdir/src/downloader/downloader.rs:784:1
[INFO] [stdout]   22:     0x60a04a80b9b2 - <core::pin::Pin<P> as core::future::future::Future>::poll::hff6e7377d5c62f9f
[INFO] [stdout]                                at /rustc/90b35a6239c3d8bdabc530a6a0816f7ff89a0aaf/library/core/src/future/future.rs:123:9
[INFO] [stdout]   23:     0x60a04a805e1f - tokio::runtime::park::CachedParkThread::block_on::{{closure}}::h8a63c2c20fa99290
[INFO] [stdout]                                at /opt/rustwide/cargo-home/registry/src/index.crates.io-6f17d22bba15001f/tokio-1.38.0/src/runtime/park.rs:281:63
[INFO] [stdout]   24:     0x60a04a805850 - tokio::runtime::coop::with_budget::h4a5865d5fe8dfd32
[INFO] [stdout]                                at /opt/rustwide/cargo-home/registry/src/index.crates.io-6f17d22bba15001f/tokio-1.38.0/src/runtime/coop.rs:107:5
[INFO] [stdout]   25:     0x60a04a805850 - tokio::runtime::coop::budget::h7d6d178be2031768
[INFO] [stdout]                                at /opt/rustwide/cargo-home/registry/src/index.crates.io-6f17d22bba15001f/tokio-1.38.0/src/runtime/coop.rs:73:5
[INFO] [stdout]   26:     0x60a04a805850 - tokio::runtime::park::CachedParkThread::block_on::h937773a4962062d3
[INFO] [stdout]                                at /opt/rustwide/cargo-home/registry/src/index.crates.io-6f17d22bba15001f/tokio-1.38.0/src/runtime/park.rs:281:31
[INFO] [stdout]   27:     0x60a04a806034 - tokio::runtime::context::blocking::BlockingRegionGuard::block_on::h3aea2e74d32aa284
[INFO] [stdout]                                at /opt/rustwide/cargo-home/registry/src/index.crates.io-6f17d22bba15001f/tokio-1.38.0/src/runtime/context/blocking.rs:66:9
[INFO] [stdout]   28:     0x60a04a81a888 - tokio::runtime::scheduler::multi_thread::MultiThread::block_on::{{closure}}::hd94883b5c7956402
[INFO] [stdout]                                at /opt/rustwide/cargo-home/registry/src/index.crates.io-6f17d22bba15001f/tokio-1.38.0/src/runtime/scheduler/multi_thread/mod.rs:87:13
[INFO] [stdout]   29:     0x60a04a7586ec - tokio::runtime::context::runtime::enter_runtime::h4918579b66e4f4d8
[INFO] [stdout]                                at /opt/rustwide/cargo-home/registry/src/index.crates.io-6f17d22bba15001f/tokio-1.38.0/src/runtime/context/runtime.rs:65:16
[INFO] [stdout]   30:     0x60a04a81a804 - tokio::runtime::scheduler::multi_thread::MultiThread::block_on::h76ee10ebe45e667b
[INFO] [stdout]                                at /opt/rustwide/cargo-home/registry/src/index.crates.io-6f17d22bba15001f/tokio-1.38.0/src/runtime/scheduler/multi_thread/mod.rs:86:9
[INFO] [stdout]   31:     0x60a04a7a7ac7 - tokio::runtime::runtime::Runtime::block_on::hed225b2da08e75a8
[INFO] [stdout]                                at /opt/rustwide/cargo-home/registry/src/index.crates.io-6f17d22bba15001f/tokio-1.38.0/src/runtime/runtime.rs:349:45
[INFO] [stdout]   32:     0x60a04a797521 - pixiv_downloader::downloader::downloader::test_downloader::he97e414e32e6f067
[INFO] [stdout]                                at /opt/rustwide/workdir/src/downloader/downloader.rs:784:1
[INFO] [stdout]   33:     0x60a04a7973c7 - pixiv_downloader::downloader::downloader::test_downloader::{{closure}}::h8ae1a1b7034b25d3
[INFO] [stdout]                                at /opt/rustwide/workdir/src/downloader/downloader.rs:786:27
[INFO] [stdout]   34:     0x60a04a6e6156 - core::ops::function::FnOnce::call_once::hc8ff70a90892d180
[INFO] [stdout]                                at /rustc/90b35a6239c3d8bdabc530a6a0816f7ff89a0aaf/library/core/src/ops/function.rs:250:5
[INFO] [stdout]   35:     0x60a04a8a345b - core::ops::function::FnOnce::call_once::h109cf8051a59b34e
[INFO] [stdout]                                at /rustc/90b35a6239c3d8bdabc530a6a0816f7ff89a0aaf/library/core/src/ops/function.rs:250:5
[INFO] [stdout]   36:     0x60a04a8a345b - test::__rust_begin_short_backtrace::hf4fff89d377446ba
[INFO] [stdout]                                at /rustc/90b35a6239c3d8bdabc530a6a0816f7ff89a0aaf/library/test/src/lib.rs:621:18
[INFO] [stdout]   37:     0x60a04a8a2c97 - test::run_test_in_process::{{closure}}::h0e39181dd7ee5a43
[INFO] [stdout]                                at /rustc/90b35a6239c3d8bdabc530a6a0816f7ff89a0aaf/library/test/src/lib.rs:644:60
[INFO] [stdout]   38:     0x60a04a8a2c97 - <core::panic::unwind_safe::AssertUnwindSafe<F> as core::ops::function::FnOnce<()>>::call_once::hc5a66a30f0bdfd1f
[INFO] [stdout]                                at /rustc/90b35a6239c3d8bdabc530a6a0816f7ff89a0aaf/library/core/src/panic/unwind_safe.rs:272:9
[INFO] [stdout]   39:     0x60a04a8a2c97 - std::panicking::try::do_call::h873b7cf639554a5e
[INFO] [stdout]                                at /rustc/90b35a6239c3d8bdabc530a6a0816f7ff89a0aaf/library/std/src/panicking.rs:557:40
[INFO] [stdout]   40:     0x60a04a8a2c97 - std::panicking::try::hdb19862fad9c8bd1
[INFO] [stdout]                                at /rustc/90b35a6239c3d8bdabc530a6a0816f7ff89a0aaf/library/std/src/panicking.rs:520:19
[INFO] [stdout]   41:     0x60a04a8a2c97 - std::panic::catch_unwind::h281fe732d236d260
[INFO] [stdout]                                at /rustc/90b35a6239c3d8bdabc530a6a0816f7ff89a0aaf/library/std/src/panic.rs:358:14
[INFO] [stdout]   42:     0x60a04a8a2c97 - test::run_test_in_process::h949b6df8457ed338
[INFO] [stdout]                                at /rustc/90b35a6239c3d8bdabc530a6a0816f7ff89a0aaf/library/test/src/lib.rs:644:27
[INFO] [stdout]   43:     0x60a04a8a2c97 - test::run_test::{{closure}}::h52c556a6d4740e10
[INFO] [stdout]                                at /rustc/90b35a6239c3d8bdabc530a6a0816f7ff89a0aaf/library/test/src/lib.rs:565:43
[INFO] [stdout]   44:     0x60a04a867f74 - test::run_test::{{closure}}::h4237f6381c45ccb9
[INFO] [stdout]                                at /rustc/90b35a6239c3d8bdabc530a6a0816f7ff89a0aaf/library/test/src/lib.rs:595:41
[INFO] [stdout]   45:     0x60a04a867f74 - std::sys::backtrace::__rust_begin_short_backtrace::h505c97a579eca628
[INFO] [stdout]                                at /rustc/90b35a6239c3d8bdabc530a6a0816f7ff89a0aaf/library/std/src/sys/backtrace.rs:154:18
[INFO] [stdout]   46:     0x60a04a86b63e - std::thread::Builder::spawn_unchecked_::{{closure}}::{{closure}}::h9e86b2e2bc107ea3
[INFO] [stdout]                                at /rustc/90b35a6239c3d8bdabc530a6a0816f7ff89a0aaf/library/std/src/thread/mod.rs:538:17
[INFO] [stdout]   47:     0x60a04a86b63e - <core::panic::unwind_safe::AssertUnwindSafe<F> as core::ops::function::FnOnce<()>>::call_once::h8b06ddb275ff4a25
[INFO] [stdout]                                at /rustc/90b35a6239c3d8bdabc530a6a0816f7ff89a0aaf/library/core/src/panic/unwind_safe.rs:272:9
[INFO] [stdout]   48:     0x60a04a86b63e - std::panicking::try::do_call::hb26ecd7cd9a9355d
[INFO] [stdout]                                at /rustc/90b35a6239c3d8bdabc530a6a0816f7ff89a0aaf/library/std/src/panicking.rs:557:40
[INFO] [stdout]   49:     0x60a04a86b63e - std::panicking::try::h8ddeca9d705f9069
[INFO] [stdout]                                at /rustc/90b35a6239c3d8bdabc530a6a0816f7ff89a0aaf/library/std/src/panicking.rs:520:19
[INFO] [stdout]   50:     0x60a04a86b63e - std::panic::catch_unwind::h49e1c33078844c46
[INFO] [stdout]                                at /rustc/90b35a6239c3d8bdabc530a6a0816f7ff89a0aaf/library/std/src/panic.rs:358:14
[INFO] [stdout]   51:     0x60a04a86b63e - std::thread::Builder::spawn_unchecked_::{{closure}}::h6073db6ff56ad35d
[INFO] [stdout]                                at /rustc/90b35a6239c3d8bdabc530a6a0816f7ff89a0aaf/library/std/src/thread/mod.rs:537:30
[INFO] [stdout]   52:     0x60a04a86b63e - core::ops::function::FnOnce::call_once{{vtable.shim}}::h2c5a5f3779c774f1
[INFO] [stdout]                                at /rustc/90b35a6239c3d8bdabc530a6a0816f7ff89a0aaf/library/core/src/ops/function.rs:250:5
[INFO] [stdout]   53:     0x60a04b3317cb - <alloc::boxed::Box<F,A> as core::ops::function::FnOnce<Args>>::call_once::hf75717d9f28faebf
[INFO] [stdout]                                at /rustc/90b35a6239c3d8bdabc530a6a0816f7ff89a0aaf/library/alloc/src/boxed.rs:2454:9
[INFO] [stdout]   54:     0x60a04b3317cb - <alloc::boxed::Box<F,A> as core::ops::function::FnOnce<Args>>::call_once::h7bd883a5f3c5f3c1
[INFO] [stdout]                                at /rustc/90b35a6239c3d8bdabc530a6a0816f7ff89a0aaf/library/alloc/src/boxed.rs:2454:9
[INFO] [stdout]   55:     0x60a04b3317cb - std::sys::pal::unix::thread::Thread::new::thread_start::hcc78f3943333fa94
[INFO] [stdout]                                at /rustc/90b35a6239c3d8bdabc530a6a0816f7ff89a0aaf/library/std/src/sys/pal/unix/thread.rs:105:17
[INFO] [stdout]   56:     0x79755963cac3 - <unknown>
[INFO] [stdout]   57:     0x7975596cda04 - clone
[INFO] [stdout]   58:                0x0 - <unknown>
[INFO] [stdout] 
[INFO] [stdout] ---- downloader::downloader::test_downloader_dropped stdout ----
[INFO] [stdout] thread 'downloader::downloader::test_downloader_dropped' panicked at src/downloader/downloader.rs:868:9:
[INFO] [stdout] assertion failed: re.is_ok() || p.exists()
[INFO] [stdout] stack backtrace:
[INFO] [stdout]    0:     0x60a04b32a79a - std::backtrace_rs::backtrace::libunwind::trace::h5a5b8284f2d0c266
[INFO] [stdout]                                at /rustc/90b35a6239c3d8bdabc530a6a0816f7ff89a0aaf/library/std/src/../../backtrace/src/backtrace/libunwind.rs:116:5
[INFO] [stdout]    1:     0x60a04b32a79a - std::backtrace_rs::backtrace::trace_unsynchronized::h76d4f1c9b0b875e3
[INFO] [stdout]                                at /rustc/90b35a6239c3d8bdabc530a6a0816f7ff89a0aaf/library/std/src/../../backtrace/src/backtrace/mod.rs:66:5
[INFO] [stdout]    2:     0x60a04b32a79a - std::sys::backtrace::_print_fmt::hc4546b8364a537c6
[INFO] [stdout]                                at /rustc/90b35a6239c3d8bdabc530a6a0816f7ff89a0aaf/library/std/src/sys/backtrace.rs:66:9
[INFO] [stdout]    3:     0x60a04b32a79a - <std::sys::backtrace::BacktraceLock::print::DisplayBacktrace as core::fmt::Display>::fmt::h5b6bd5631a6d1f6b
[INFO] [stdout]                                at /rustc/90b35a6239c3d8bdabc530a6a0816f7ff89a0aaf/library/std/src/sys/backtrace.rs:39:26
[INFO] [stdout]    4:     0x60a04b357553 - core::fmt::rt::Argument::fmt::h270f6602a2b96f62
[INFO] [stdout]                                at /rustc/90b35a6239c3d8bdabc530a6a0816f7ff89a0aaf/library/core/src/fmt/rt.rs:177:76
[INFO] [stdout]    5:     0x60a04b357553 - core::fmt::write::h7550c97b06c86515
[INFO] [stdout]                                at /rustc/90b35a6239c3d8bdabc530a6a0816f7ff89a0aaf/library/core/src/fmt/mod.rs:1186:21
[INFO] [stdout]    6:     0x60a04b326213 - std::io::Write::write_fmt::h509ff860e5956e5e
[INFO] [stdout]                                at /rustc/90b35a6239c3d8bdabc530a6a0816f7ff89a0aaf/library/std/src/io/mod.rs:1839:15
[INFO] [stdout]    7:     0x60a04b32a5e2 - std::sys::backtrace::BacktraceLock::print::h2395ccd2c84ba3aa
[INFO] [stdout]                                at /rustc/90b35a6239c3d8bdabc530a6a0816f7ff89a0aaf/library/std/src/sys/backtrace.rs:42:9
[INFO] [stdout]    8:     0x60a04b32bbfa - std::panicking::default_hook::{{closure}}::he19d4c7230e07961
[INFO] [stdout]                                at /rustc/90b35a6239c3d8bdabc530a6a0816f7ff89a0aaf/library/std/src/panicking.rs:268:22
[INFO] [stdout]    9:     0x60a04b32ba04 - std::panicking::default_hook::hf614597d3c67bbdb
[INFO] [stdout]                                at /rustc/90b35a6239c3d8bdabc530a6a0816f7ff89a0aaf/library/std/src/panicking.rs:292:9
[INFO] [stdout]   10:     0x60a04a89ea99 - <alloc::boxed::Box<F,A> as core::ops::function::Fn<Args>>::call::h39b51ce4599c23d1
[INFO] [stdout]                                at /rustc/90b35a6239c3d8bdabc530a6a0816f7ff89a0aaf/library/alloc/src/boxed.rs:2468:9
[INFO] [stdout]   11:     0x60a04a89ea99 - test::test_main::{{closure}}::he977ae839a582784
[INFO] [stdout]                                at /rustc/90b35a6239c3d8bdabc530a6a0816f7ff89a0aaf/library/test/src/lib.rs:133:21
[INFO] [stdout]   12:     0x60a04b32c298 - <alloc::boxed::Box<F,A> as core::ops::function::Fn<Args>>::call::h9455091b6b06f9fb
[INFO] [stdout]                                at /rustc/90b35a6239c3d8bdabc530a6a0816f7ff89a0aaf/library/alloc/src/boxed.rs:2468:9
[INFO] [stdout]   13:     0x60a04b32c298 - std::panicking::rust_panic_with_hook::h8942133a8b252070
[INFO] [stdout]                                at /rustc/90b35a6239c3d8bdabc530a6a0816f7ff89a0aaf/library/std/src/panicking.rs:809:13
[INFO] [stdout]   14:     0x60a04b32c026 - std::panicking::begin_panic_handler::{{closure}}::hb5f5963570096b29
[INFO] [stdout]                                at /rustc/90b35a6239c3d8bdabc530a6a0816f7ff89a0aaf/library/std/src/panicking.rs:667:13
[INFO] [stdout]   15:     0x60a04b32ac79 - std::sys::backtrace::__rust_end_short_backtrace::h6208cedc1922feda
[INFO] [stdout]                                at /rustc/90b35a6239c3d8bdabc530a6a0816f7ff89a0aaf/library/std/src/sys/backtrace.rs:170:18
[INFO] [stdout]   16:     0x60a04b32bcec - rust_begin_unwind
[INFO] [stdout]                                at /rustc/90b35a6239c3d8bdabc530a6a0816f7ff89a0aaf/library/std/src/panicking.rs:665:5
[INFO] [stdout]   17:     0x60a04a62c4b0 - core::panicking::panic_fmt::h0c3082644d1bf418
[INFO] [stdout]                                at /rustc/90b35a6239c3d8bdabc530a6a0816f7ff89a0aaf/library/core/src/panicking.rs:74:14
[INFO] [stdout]   18:     0x60a04a62c53c - core::panicking::panic::h957f98c65a3b3074
[INFO] [stdout]                                at /rustc/90b35a6239c3d8bdabc530a6a0816f7ff89a0aaf/library/core/src/panicking.rs:148:5
[INFO] [stdout]   19:     0x60a04a799e50 - pixiv_downloader::downloader::downloader::test_downloader_dropped::{{closure}}::{{closure}}::h9dd894397d8d5345
[INFO] [stdout]                                at /opt/rustwide/workdir/src/downloader/downloader.rs:868:9
[INFO] [stdout]   20:     0x60a04a80fb1c - <tokio::time::timeout::Timeout<T> as core::future::future::Future>::poll::he35c370f670fc451
[INFO] [stdout]                                at /opt/rustwide/cargo-home/registry/src/index.crates.io-6f17d22bba15001f/tokio-1.38.0/src/time/timeout.rs:202:33
[INFO] [stdout]   21:     0x60a04a799ac1 - pixiv_downloader::downloader::downloader::test_downloader_dropped::{{closure}}::hb615b35dec36663e
[INFO] [stdout]                                at /opt/rustwide/workdir/src/downloader/downloader.rs:862:1
[INFO] [stdout]   22:     0x60a04a80b9b2 - <core::pin::Pin<P> as core::future::future::Future>::poll::hff6e7377d5c62f9f
[INFO] [stdout]                                at /rustc/90b35a6239c3d8bdabc530a6a0816f7ff89a0aaf/library/core/src/future/future.rs:123:9
[INFO] [stdout]   23:     0x60a04a805e1f - tokio::runtime::park::CachedParkThread::block_on::{{closure}}::h8a63c2c20fa99290
[INFO] [stdout]                                at /opt/rustwide/cargo-home/registry/src/index.crates.io-6f17d22bba15001f/tokio-1.38.0/src/runtime/park.rs:281:63
[INFO] [stdout]   24:     0x60a04a805850 - tokio::runtime::coop::with_budget::h4a5865d5fe8dfd32
[INFO] [stdout]                                at /opt/rustwide/cargo-home/registry/src/index.crates.io-6f17d22bba15001f/tokio-1.38.0/src/runtime/coop.rs:107:5
[INFO] [stdout]   25:     0x60a04a805850 - tokio::runtime::coop::budget::h7d6d178be2031768
[INFO] [stdout]                                at /opt/rustwide/cargo-home/registry/src/index.crates.io-6f17d22bba15001f/tokio-1.38.0/src/runtime/coop.rs:73:5
[INFO] [stdout]   26:     0x60a04a805850 - tokio::runtime::park::CachedParkThread::block_on::h937773a4962062d3
[INFO] [stdout]                                at /opt/rustwide/cargo-home/registry/src/index.crates.io-6f17d22bba15001f/tokio-1.38.0/src/runtime/park.rs:281:31
[INFO] [stdout]   27:     0x60a04a806034 - tokio::runtime::context::blocking::BlockingRegionGuard::block_on::h3aea2e74d32aa284
[INFO] [stdout]                                at /opt/rustwide/cargo-home/registry/src/index.crates.io-6f17d22bba15001f/tokio-1.38.0/src/runtime/context/blocking.rs:66:9
[INFO] [stdout]   28:     0x60a04a81a888 - tokio::runtime::scheduler::multi_thread::MultiThread::block_on::{{closure}}::hd94883b5c7956402
[INFO] [stdout]                                at /opt/rustwide/cargo-home/registry/src/index.crates.io-6f17d22bba15001f/tokio-1.38.0/src/runtime/scheduler/multi_thread/mod.rs:87:13
[INFO] [stdout]   29:     0x60a04a7586ec - tokio::runtime::context::runtime::enter_runtime::h4918579b66e4f4d8
[INFO] [stdout]                                at /opt/rustwide/cargo-home/registry/src/index.crates.io-6f17d22bba15001f/tokio-1.38.0/src/runtime/context/runtime.rs:65:16
[INFO] [stdout]   30:     0x60a04a81a804 - tokio::runtime::scheduler::multi_thread::MultiThread::block_on::h76ee10ebe45e667b
[INFO] [stdout]                                at /opt/rustwide/cargo-home/registry/src/index.crates.io-6f17d22bba15001f/tokio-1.38.0/src/runtime/scheduler/multi_thread/mod.rs:86:9
[INFO] [stdout]   31:     0x60a04a7a7ac7 - tokio::runtime::runtime::Runtime::block_on::hed225b2da08e75a8
[INFO] [stdout]                                at /opt/rustwide/cargo-home/registry/src/index.crates.io-6f17d22bba15001f/tokio-1.38.0/src/runtime/runtime.rs:349:45
[INFO] [stdout]   32:     0x60a04a7998a1 - pixiv_downloader::downloader::downloader::test_downloader_dropped::hae7c83f879615a47
[INFO] [stdout]                                at /opt/rustwide/workdir/src/downloader/downloader.rs:862:1
[INFO] [stdout]   33:     0x60a04a799747 - pixiv_downloader::downloader::downloader::test_downloader_dropped::{{closure}}::hd9525a446042e695
[INFO] [stdout]                                at /opt/rustwide/workdir/src/downloader/downloader.rs:864:35
[INFO] [stdout]   34:     0x60a04a6e6646 - core::ops::function::FnOnce::call_once::he220a1b94ef38755
[INFO] [stdout]                                at /rustc/90b35a6239c3d8bdabc530a6a0816f7ff89a0aaf/library/core/src/ops/function.rs:250:5
[INFO] [stdout]   35:     0x60a04a8a345b - core::ops::function::FnOnce::call_once::h109cf8051a59b34e
[INFO] [stdout]                                at /rustc/90b35a6239c3d8bdabc530a6a0816f7ff89a0aaf/library/core/src/ops/function.rs:250:5
[INFO] [stdout]   36:     0x60a04a8a345b - test::__rust_begin_short_backtrace::hf4fff89d377446ba
[INFO] [stdout]                                at /rustc/90b35a6239c3d8bdabc530a6a0816f7ff89a0aaf/library/test/src/lib.rs:621:18
[INFO] [stdout]   37:     0x60a04a8a2c97 - test::run_test_in_process::{{closure}}::h0e39181dd7ee5a43
[INFO] [stdout]                                at /rustc/90b35a6239c3d8bdabc530a6a0816f7ff89a0aaf/library/test/src/lib.rs:644:60
[INFO] [stdout]   38:     0x60a04a8a2c97 - <core::panic::unwind_safe::AssertUnwindSafe<F> as core::ops::function::FnOnce<()>>::call_once::hc5a66a30f0bdfd1f
[INFO] [stdout]                                at /rustc/90b35a6239c3d8bdabc530a6a0816f7ff89a0aaf/library/core/src/panic/unwind_safe.rs:272:9
[INFO] [stdout]   39:     0x60a04a8a2c97 - std::panicking::try::do_call::h873b7cf639554a5e
[INFO] [stdout]                                at /rustc/90b35a6239c3d8bdabc530a6a0816f7ff89a0aaf/library/std/src/panicking.rs:557:40
[INFO] [stdout]   40:     0x60a04a8a2c97 - std::panicking::try::hdb19862fad9c8bd1
[INFO] [stdout]                                at /rustc/90b35a6239c3d8bdabc530a6a0816f7ff89a0aaf/library/std/src/panicking.rs:520:19
[INFO] [stdout]   41:     0x60a04a8a2c97 - std::panic::catch_unwind::h281fe732d236d260
[INFO] [stdout]                                at /rustc/90b35a6239c3d8bdabc530a6a0816f7ff89a0aaf/library/std/src/panic.rs:358:14
[INFO] [stdout]   42:     0x60a04a8a2c97 - test::run_test_in_process::h949b6df8457ed338
[INFO] [stdout]                                at /rustc/90b35a6239c3d8bdabc530a6a0816f7ff89a0aaf/library/test/src/lib.rs:644:27
[INFO] [stdout]   43:     0x60a04a8a2c97 - test::run_test::{{closure}}::h52c556a6d4740e10
[INFO] [stdout]                                at /rustc/90b35a6239c3d8bdabc530a6a0816f7ff89a0aaf/library/test/src/lib.rs:565:43
[INFO] [stdout]   44:     0x60a04a867f74 - test::run_test::{{closure}}::h4237f6381c45ccb9
[INFO] [stdout]                                at /rustc/90b35a6239c3d8bdabc530a6a0816f7ff89a0aaf/library/test/src/lib.rs:595:41
[INFO] [stdout]   45:     0x60a04a867f74 - std::sys::backtrace::__rust_begin_short_backtrace::h505c97a579eca628
[INFO] [stdout]                                at /rustc/90b35a6239c3d8bdabc530a6a0816f7ff89a0aaf/library/std/src/sys/backtrace.rs:154:18
[INFO] [stdout]   46:     0x60a04a86b63e - std::thread::Builder::spawn_unchecked_::{{closure}}::{{closure}}::h9e86b2e2bc107ea3
[INFO] [stdout]                                at /rustc/90b35a6239c3d8bdabc530a6a0816f7ff89a0aaf/library/std/src/thread/mod.rs:538:17
[INFO] [stdout]   47:     0x60a04a86b63e - <core::panic::unwind_safe::AssertUnwindSafe<F> as core::ops::function::FnOnce<()>>::call_once::h8b06ddb275ff4a25
[INFO] [stdout]                                at /rustc/90b35a6239c3d8bdabc530a6a0816f7ff89a0aaf/library/core/src/panic/unwind_safe.rs:272:9
[INFO] [stdout]   48:     0x60a04a86b63e - std::panicking::try::do_call::hb26ecd7cd9a9355d
[INFO] [stdout]                                at /rustc/90b35a6239c3d8bdabc530a6a0816f7ff89a0aaf/library/std/src/panicking.rs:557:40
[INFO] [stdout]   49:     0x60a04a86b63e - std::panicking::try::h8ddeca9d705f9069
[INFO] [stdout]                                at /rustc/90b35a6239c3d8bdabc530a6a0816f7ff89a0aaf/library/std/src/panicking.rs:520:19
[INFO] [stdout]   50:     0x60a04a86b63e - std::panic::catch_unwind::h49e1c33078844c46
[INFO] [stdout]                                at /rustc/90b35a6239c3d8bdabc530a6a0816f7ff89a0aaf/library/std/src/panic.rs:358:14
[INFO] [stdout]   51:     0x60a04a86b63e - std::thread::Builder::spawn_unchecked_::{{closure}}::h6073db6ff56ad35d
[INFO] [stdout]                                at /rustc/90b35a6239c3d8bdabc530a6a0816f7ff89a0aaf/library/std/src/thread/mod.rs:537:30
[INFO] [stdout]   52:     0x60a04a86b63e - core::ops::function::FnOnce::call_once{{vtable.shim}}::h2c5a5f3779c774f1
[INFO] [stdout]                                at /rustc/90b35a6239c3d8bdabc530a6a0816f7ff89a0aaf/library/core/src/ops/function.rs:250:5
[INFO] [stdout]   53:     0x60a04b3317cb - <alloc::boxed::Box<F,A> as core::ops::function::FnOnce<Args>>::call_once::hf75717d9f28faebf
[INFO] [stdout]                                at /rustc/90b35a6239c3d8bdabc530a6a0816f7ff89a0aaf/library/alloc/src/boxed.rs:2454:9
[INFO] [stdout]   54:     0x60a04b3317cb - <alloc::boxed::Box<F,A> as core::ops::function::FnOnce<Args>>::call_once::h7bd883a5f3c5f3c1
[INFO] [stdout]                                at /rustc/90b35a6239c3d8bdabc530a6a0816f7ff89a0aaf/library/alloc/src/boxed.rs:2454:9
[INFO] [stdout]   55:     0x60a04b3317cb - std::sys::pal::unix::thread::Thread::new::thread_start::hcc78f3943333fa94
[INFO] [stdout]                                at /rustc/90b35a6239c3d8bdabc530a6a0816f7ff89a0aaf/library/std/src/sys/pal/unix/thread.rs:105:17
[INFO] [stdout]   56:     0x79755963cac3 - <unknown>
[INFO] [stdout]   57:     0x7975596cda04 - clone
[INFO] [stdout]   58:                0x0 - <unknown>
[INFO] [stdout] 
[INFO] [stdout] ---- downloader::downloader::test_failed_downloader stdout ----
[INFO] [stdout] thread 'downloader::downloader::test_failed_downloader' panicked at src/downloader/downloader.rs:832:9:
[INFO] [stdout] assertion failed: re.is_ok() || p.exists()
[INFO] [stdout] stack backtrace:
[INFO] [stdout]    0:     0x60a04b32a79a - std::backtrace_rs::backtrace::libunwind::trace::h5a5b8284f2d0c266
[INFO] [stdout]                                at /rustc/90b35a6239c3d8bdabc530a6a0816f7ff89a0aaf/library/std/src/../../backtrace/src/backtrace/libunwind.rs:116:5
[INFO] [stdout]    1:     0x60a04b32a79a - std::backtrace_rs::backtrace::trace_unsynchronized::h76d4f1c9b0b875e3
[INFO] [stdout]                                at /rustc/90b35a6239c3d8bdabc530a6a0816f7ff89a0aaf/library/std/src/../../backtrace/src/backtrace/mod.rs:66:5
[INFO] [stdout]    2:     0x60a04b32a79a - std::sys::backtrace::_print_fmt::hc4546b8364a537c6
[INFO] [stdout]                                at /rustc/90b35a6239c3d8bdabc530a6a0816f7ff89a0aaf/library/std/src/sys/backtrace.rs:66:9
[INFO] [stdout]    3:     0x60a04b32a79a - <std::sys::backtrace::BacktraceLock::print::DisplayBacktrace as core::fmt::Display>::fmt::h5b6bd5631a6d1f6b
[INFO] [stdout]                                at /rustc/90b35a6239c3d8bdabc530a6a0816f7ff89a0aaf/library/std/src/sys/backtrace.rs:39:26
[INFO] [stdout]    4:     0x60a04b357553 - core::fmt::rt::Argument::fmt::h270f6602a2b96f62
[INFO] [stdout]                                at /rustc/90b35a6239c3d8bdabc530a6a0816f7ff89a0aaf/library/core/src/fmt/rt.rs:177:76
[INFO] [stdout]    5:     0x60a04b357553 - core::fmt::write::h7550c97b06c86515
[INFO] [stdout]                                at /rustc/90b35a6239c3d8bdabc530a6a0816f7ff89a0aaf/library/core/src/fmt/mod.rs:1186:21
[INFO] [stdout]    6:     0x60a04b326213 - std::io::Write::write_fmt::h509ff860e5956e5e
[INFO] [stdout]                                at /rustc/90b35a6239c3d8bdabc530a6a0816f7ff89a0aaf/library/std/src/io/mod.rs:1839:15
[INFO] [stdout]    7:     0x60a04b32a5e2 - std::sys::backtrace::BacktraceLock::print::h2395ccd2c84ba3aa
[INFO] [stdout]                                at /rustc/90b35a6239c3d8bdabc530a6a0816f7ff89a0aaf/library/std/src/sys/backtrace.rs:42:9
[INFO] [stdout]    8:     0x60a04b32bbfa - std::panicking::default_hook::{{closure}}::he19d4c7230e07961
[INFO] [stdout]                                at /rustc/90b35a6239c3d8bdabc530a6a0816f7ff89a0aaf/library/std/src/panicking.rs:268:22
[INFO] [stdout]    9:     0x60a04b32ba04 - std::panicking::default_hook::hf614597d3c67bbdb
[INFO] [stdout]                                at /rustc/90b35a6239c3d8bdabc530a6a0816f7ff89a0aaf/library/std/src/panicking.rs:292:9
[INFO] [stdout]   10:     0x60a04a89ea99 - <alloc::boxed::Box<F,A> as core::ops::function::Fn<Args>>::call::h39b51ce4599c23d1
[INFO] [stdout]                                at /rustc/90b35a6239c3d8bdabc530a6a0816f7ff89a0aaf/library/alloc/src/boxed.rs:2468:9
[INFO] [stdout]   11:     0x60a04a89ea99 - test::test_main::{{closure}}::he977ae839a582784
[INFO] [stdout]                                at /rustc/90b35a6239c3d8bdabc530a6a0816f7ff89a0aaf/library/test/src/lib.rs:133:21
[INFO] [stdout]   12:     0x60a04b32c298 - <alloc::boxed::Box<F,A> as core::ops::function::Fn<Args>>::call::h9455091b6b06f9fb
[INFO] [stdout]                                at /rustc/90b35a6239c3d8bdabc530a6a0816f7ff89a0aaf/library/alloc/src/boxed.rs:2468:9
[INFO] [stdout]   13:     0x60a04b32c298 - std::panicking::rust_panic_with_hook::h8942133a8b252070
[INFO] [stdout]                                at /rustc/90b35a6239c3d8bdabc530a6a0816f7ff89a0aaf/library/std/src/panicking.rs:809:13
[INFO] [stdout]   14:     0x60a04b32c026 - std::panicking::begin_panic_handler::{{closure}}::hb5f5963570096b29
[INFO] [stdout]                                at /rustc/90b35a6239c3d8bdabc530a6a0816f7ff89a0aaf/library/std/src/panicking.rs:667:13
[INFO] [stdout]   15:     0x60a04b32ac79 - std::sys::backtrace::__rust_end_short_backtrace::h6208cedc1922feda
[INFO] [stdout]                                at /rustc/90b35a6239c3d8bdabc530a6a0816f7ff89a0aaf/library/std/src/sys/backtrace.rs:170:18
[INFO] [stdout]   16:     0x60a04b32bcec - rust_begin_unwind
[INFO] [stdout]                                at /rustc/90b35a6239c3d8bdabc530a6a0816f7ff89a0aaf/library/std/src/panicking.rs:665:5
[INFO] [stdout]   17:     0x60a04a62c4b0 - core::panicking::panic_fmt::h0c3082644d1bf418
[INFO] [stdout]                                at /rustc/90b35a6239c3d8bdabc530a6a0816f7ff89a0aaf/library/core/src/panicking.rs:74:14
[INFO] [stdout]   18:     0x60a04a62c53c - core::panicking::panic::h957f98c65a3b3074
[INFO] [stdout]                                at /rustc/90b35a6239c3d8bdabc530a6a0816f7ff89a0aaf/library/core/src/panicking.rs:148:5
[INFO] [stdout]   19:     0x60a04a798e00 - pixiv_downloader::downloader::downloader::test_failed_downloader::{{closure}}::{{closure}}::h71894d0fdac88fe0
[INFO] [stdout]                                at /opt/rustwide/workdir/src/downloader/downloader.rs:832:9
[INFO] [stdout]   20:     0x60a04a80c8cc - <tokio::time::timeout::Timeout<T> as core::future::future::Future>::poll::h45be6ba2ef518171
[INFO] [stdout]                                at /opt/rustwide/cargo-home/registry/src/index.crates.io-6f17d22bba15001f/tokio-1.38.0/src/time/timeout.rs:202:33
[INFO] [stdout]   21:     0x60a04a798a74 - pixiv_downloader::downloader::downloader::test_failed_downloader::{{closure}}::h97ce7508beea34de
[INFO] [stdout]                                at /opt/rustwide/workdir/src/downloader/downloader.rs:826:1
[INFO] [stdout]   22:     0x60a04a80b9b2 - <core::pin::Pin<P> as core::future::future::Future>::poll::hff6e7377d5c62f9f
[INFO] [stdout]                                at /rustc/90b35a6239c3d8bdabc530a6a0816f7ff89a0aaf/library/core/src/future/future.rs:123:9
[INFO] [stdout]   23:     0x60a04a805e1f - tokio::runtime::park::CachedParkThread::block_on::{{closure}}::h8a63c2c20fa99290
[INFO] [stdout]                                at /opt/rustwide/cargo-home/registry/src/index.crates.io-6f17d22bba15001f/tokio-1.38.0/src/runtime/park.rs:281:63
[INFO] [stdout]   24:     0x60a04a805850 - tokio::runtime::coop::with_budget::h4a5865d5fe8dfd32
[INFO] [stdout]                                at /opt/rustwide/cargo-home/registry/src/index.crates.io-6f17d22bba15001f/tokio-1.38.0/src/runtime/coop.rs:107:5
[INFO] [stdout]   25:     0x60a04a805850 - tokio::runtime::coop::budget::h7d6d178be2031768
[INFO] [stdout]                                at /opt/rustwide/cargo-home/registry/src/index.crates.io-6f17d22bba15001f/tokio-1.38.0/src/runtime/coop.rs:73:5
[INFO] [stdout]   26:     0x60a04a805850 - tokio::runtime::park::CachedParkThread::block_on::h937773a4962062d3
[INFO] [stdout]                                at /opt/rustwide/cargo-home/registry/src/index.crates.io-6f17d22bba15001f/tokio-1.38.0/src/runtime/park.rs:281:31
[INFO] [stdout]   27:     0x60a04a806034 - tokio::runtime::context::blocking::BlockingRegionGuard::block_on::h3aea2e74d32aa284
[INFO] [stdout]                                at /opt/rustwide/cargo-home/registry/src/index.crates.io-6f17d22bba15001f/tokio-1.38.0/src/runtime/context/blocking.rs:66:9
[INFO] [stdout]   28:     0x60a04a81a888 - tokio::runtime::scheduler::multi_thread::MultiThread::block_on::{{closure}}::hd94883b5c7956402
[INFO] [stdout]                                at /opt/rustwide/cargo-home/registry/src/index.crates.io-6f17d22bba15001f/tokio-1.38.0/src/runtime/scheduler/multi_thread/mod.rs:87:13
[INFO] [stdout]   29:     0x60a04a7586ec - tokio::runtime::context::runtime::enter_runtime::h4918579b66e4f4d8
[INFO] [stdout]                                at /opt/rustwide/cargo-home/registry/src/index.crates.io-6f17d22bba15001f/tokio-1.38.0/src/runtime/context/runtime.rs:65:16
[INFO] [stdout]   30:     0x60a04a81a804 - tokio::runtime::scheduler::multi_thread::MultiThread::block_on::h76ee10ebe45e667b
[INFO] [stdout]                                at /opt/rustwide/cargo-home/registry/src/index.crates.io-6f17d22bba15001f/tokio-1.38.0/src/runtime/scheduler/multi_thread/mod.rs:86:9
[INFO] [stdout]   31:     0x60a04a7a7ac7 - tokio::runtime::runtime::Runtime::block_on::hed225b2da08e75a8
[INFO] [stdout]                                at /opt/rustwide/cargo-home/registry/src/index.crates.io-6f17d22bba15001f/tokio-1.38.0/src/runtime/runtime.rs:349:45
[INFO] [stdout]   32:     0x60a04a798851 - pixiv_downloader::downloader::downloader::test_failed_downloader::h67bbdadf6b36b3be
[INFO] [stdout]                                at /opt/rustwide/workdir/src/downloader/downloader.rs:826:1
[INFO] [stdout]   33:     0x60a04a7986f7 - pixiv_downloader::downloader::downloader::test_failed_downloader::{{closure}}::h8ba61291469bc4c4
[INFO] [stdout]                                at /opt/rustwide/workdir/src/downloader/downloader.rs:828:34
[INFO] [stdout]   34:     0x60a04a6e63b6 - core::ops::function::FnOnce::call_once::hd337170c53ee4a1d
[INFO] [stdout]                                at /rustc/90b35a6239c3d8bdabc530a6a0816f7ff89a0aaf/library/core/src/ops/function.rs:250:5
[INFO] [stdout]   35:     0x60a04a8a345b - core::ops::function::FnOnce::call_once::h109cf8051a59b34e
[INFO] [stdout]                                at /rustc/90b35a6239c3d8bdabc530a6a0816f7ff89a0aaf/library/core/src/ops/function.rs:250:5
[INFO] [stdout]   36:     0x60a04a8a345b - test::__rust_begin_short_backtrace::hf4fff89d377446ba
[INFO] [stdout]                                at /rustc/90b35a6239c3d8bdabc530a6a0816f7ff89a0aaf/library/test/src/lib.rs:621:18
[INFO] [stdout]   37:     0x60a04a8a2c97 - test::run_test_in_process::{{closure}}::h0e39181dd7ee5a43
[INFO] [stdout]                                at /rustc/90b35a6239c3d8bdabc530a6a0816f7ff89a0aaf/library/test/src/lib.rs:644:60
[INFO] [stdout]   38:     0x60a04a8a2c97 - <core::panic::unwind_safe::AssertUnwindSafe<F> as core::ops::function::FnOnce<()>>::call_once::hc5a66a30f0bdfd1f
[INFO] [stdout]                                at /rustc/90b35a6239c3d8bdabc530a6a0816f7ff89a0aaf/library/core/src/panic/unwind_safe.rs:272:9
[INFO] [stdout]   39:     0x60a04a8a2c97 - std::panicking::try::do_call::h873b7cf639554a5e
[INFO] [stdout]                                at /rustc/90b35a6239c3d8bdabc530a6a0816f7ff89a0aaf/library/std/src/panicking.rs:557:40
[INFO] [stdout]   40:     0x60a04a8a2c97 - std::panicking::try::hdb19862fad9c8bd1
[INFO] [stdout]                                at /rustc/90b35a6239c3d8bdabc530a6a0816f7ff89a0aaf/library/std/src/panicking.rs:520:19
[INFO] [stdout]   41:     0x60a04a8a2c97 - std::panic::catch_unwind::h281fe732d236d260
[INFO] [stdout]                                at /rustc/90b35a6239c3d8bdabc530a6a0816f7ff89a0aaf/library/std/src/panic.rs:358:14
[INFO] [stdout]   42:     0x60a04a8a2c97 - test::run_test_in_process::h949b6df8457ed338
[INFO] [stdout]                                at /rustc/90b35a6239c3d8bdabc530a6a0816f7ff89a0aaf/library/test/src/lib.rs:644:27
[INFO] [stdout]   43:     0x60a04a8a2c97 - test::run_test::{{closure}}::h52c556a6d4740e10
[INFO] [stdout]                                at /rustc/90b35a6239c3d8bdabc530a6a0816f7ff89a0aaf/library/test/src/lib.rs:565:43
[INFO] [stdout]   44:     0x60a04a867f74 - test::run_test::{{closure}}::h4237f6381c45ccb9
[INFO] [stdout]                                at /rustc/90b35a6239c3d8bdabc530a6a0816f7ff89a0aaf/library/test/src/lib.rs:595:41
[INFO] [stdout]   45:     0x60a04a867f74 - std::sys::backtrace::__rust_begin_short_backtrace::h505c97a579eca628
[INFO] [stdout]                                at /rustc/90b35a6239c3d8bdabc530a6a0816f7ff89a0aaf/library/std/src/sys/backtrace.rs:154:18
[INFO] [stdout]   46:     0x60a04a86b63e - std::thread::Builder::spawn_unchecked_::{{closure}}::{{closure}}::h9e86b2e2bc107ea3
[INFO] [stdout]                                at /rustc/90b35a6239c3d8bdabc530a6a0816f7ff89a0aaf/library/std/src/thread/mod.rs:538:17
[INFO] [stdout]   47:     0x60a04a86b63e - <core::panic::unwind_safe::AssertUnwindSafe<F> as core::ops::function::FnOnce<()>>::call_once::h8b06ddb275ff4a25
[INFO] [stdout]                                at /rustc/90b35a6239c3d8bdabc530a6a0816f7ff89a0aaf/library/core/src/panic/unwind_safe.rs:272:9
[INFO] [stdout]   48:     0x60a04a86b63e - std::panicking::try::do_call::hb26ecd7cd9a9355d
[INFO] [stdout]                                at /rustc/90b35a6239c3d8bdabc530a6a0816f7ff89a0aaf/library/std/src/panicking.rs:557:40
[INFO] [stdout]   49:     0x60a04a86b63e - std::panicking::try::h8ddeca9d705f9069
[INFO] [stdout]                                at /rustc/90b35a6239c3d8bdabc530a6a0816f7ff89a0aaf/library/std/src/panicking.rs:520:19
[INFO] [stdout]   50:     0x60a04a86b63e - std::panic::catch_unwind::h49e1c33078844c46
[INFO] [stdout]                                at /rustc/90b35a6239c3d8bdabc530a6a0816f7ff89a0aaf/library/std/src/panic.rs:358:14
[INFO] [stdout]   51:     0x60a04a86b63e - std::thread::Builder::spawn_unchecked_::{{closure}}::h6073db6ff56ad35d
[INFO] [stdout]                                at /rustc/90b35a6239c3d8bdabc530a6a0816f7ff89a0aaf/library/std/src/thread/mod.rs:537:30
[INFO] [stdout]   52:     0x60a04a86b63e - core::ops::function::FnOnce::call_once{{vtable.shim}}::h2c5a5f3779c774f1
[INFO] [stdout]                                at /rustc/90b35a6239c3d8bdabc530a6a0816f7ff89a0aaf/library/core/src/ops/function.rs:250:5
[INFO] [stdout]   53:     0x60a04b3317cb - <alloc::boxed::Box<F,A> as core::ops::function::FnOnce<Args>>::call_once::hf75717d9f28faebf
[INFO] [stdout]                                at /rustc/90b35a6239c3d8bdabc530a6a0816f7ff89a0aaf/library/alloc/src/boxed.rs:2454:9
[INFO] [stdout]   54:     0x60a04b3317cb - <alloc::boxed::Box<F,A> as core::ops::function::FnOnce<Args>>::call_once::h7bd883a5f3c5f3c1
[INFO] [stdout]                                at /rustc/90b35a6239c3d8bdabc530a6a0816f7ff89a0aaf/library/alloc/src/boxed.rs:2454:9
[INFO] [stdout]   55:     0x60a04b3317cb - std::sys::pal::unix::thread::Thread::new::thread_start::hcc78f3943333fa94
[INFO] [stdout]                                at /rustc/90b35a6239c3d8bdabc530a6a0816f7ff89a0aaf/library/std/src/sys/pal/unix/thread.rs:105:17
[INFO] [stdout]   56:     0x79755963cac3 - <unknown>
[INFO] [stdout]   57:     0x7975596cda04 - clone
[INFO] [stdout]   58:                0x0 - <unknown>
[INFO] [stdout] 
[INFO] [stdout] ---- downloader::downloader::test_multi_downloader stdout ----
[INFO] [stdout] thread 'downloader::downloader::test_multi_downloader' panicked at src/downloader/downloader.rs:922:9:
[INFO] [stdout] assertion failed: re.is_ok() || p.exists()
[INFO] [stdout] stack backtrace:
[INFO] [stdout]    0:     0x60a04b32a79a - std::backtrace_rs::backtrace::libunwind::trace::h5a5b8284f2d0c266
[INFO] [stdout]                                at /rustc/90b35a6239c3d8bdabc530a6a0816f7ff89a0aaf/library/std/src/../../backtrace/src/backtrace/libunwind.rs:116:5
[INFO] [stdout]    1:     0x60a04b32a79a - std::backtrace_rs::backtrace::trace_unsynchronized::h76d4f1c9b0b875e3
[INFO] [stdout]                                at /rustc/90b35a6239c3d8bdabc530a6a0816f7ff89a0aaf/library/std/src/../../backtrace/src/backtrace/mod.rs:66:5
[INFO] [stdout]    2:     0x60a04b32a79a - std::sys::backtrace::_print_fmt::hc4546b8364a537c6
[INFO] [stdout]                                at /rustc/90b35a6239c3d8bdabc530a6a0816f7ff89a0aaf/library/std/src/sys/backtrace.rs:66:9
[INFO] [stdout]    3:     0x60a04b32a79a - <std::sys::backtrace::BacktraceLock::print::DisplayBacktrace as core::fmt::Display>::fmt::h5b6bd5631a6d1f6b
[INFO] [stdout]                                at /rustc/90b35a6239c3d8bdabc530a6a0816f7ff89a0aaf/library/std/src/sys/backtrace.rs:39:26
[INFO] [stdout]    4:     0x60a04b357553 - core::fmt::rt::Argument::fmt::h270f6602a2b96f62
[INFO] [stdout]                                at /rustc/90b35a6239c3d8bdabc530a6a0816f7ff89a0aaf/library/core/src/fmt/rt.rs:177:76
[INFO] [stdout]    5:     0x60a04b357553 - core::fmt::write::h7550c97b06c86515
[INFO] [stdout]                                at /rustc/90b35a6239c3d8bdabc530a6a0816f7ff89a0aaf/library/core/src/fmt/mod.rs:1186:21
[INFO] [stdout]    6:     0x60a04b326213 - std::io::Write::write_fmt::h509ff860e5956e5e
[INFO] [stdout]                                at /rustc/90b35a6239c3d8bdabc530a6a0816f7ff89a0aaf/library/std/src/io/mod.rs:1839:15
[INFO] [stdout]    7:     0x60a04b32a5e2 - std::sys::backtrace::BacktraceLock::print::h2395ccd2c84ba3aa
[INFO] [stdout]                                at /rustc/90b35a6239c3d8bdabc530a6a0816f7ff89a0aaf/library/std/src/sys/backtrace.rs:42:9
[INFO] [stdout]    8:     0x60a04b32bbfa - std::panicking::default_hook::{{closure}}::he19d4c7230e07961
[INFO] [stdout]                                at /rustc/90b35a6239c3d8bdabc530a6a0816f7ff89a0aaf/library/std/src/panicking.rs:268:22
[INFO] [stdout]    9:     0x60a04b32ba04 - std::panicking::default_hook::hf614597d3c67bbdb
[INFO] [stdout]                                at /rustc/90b35a6239c3d8bdabc530a6a0816f7ff89a0aaf/library/std/src/panicking.rs:292:9
[INFO] [stdout]   10:     0x60a04a89ea99 - <alloc::boxed::Box<F,A> as core::ops::function::Fn<Args>>::call::h39b51ce4599c23d1
[INFO] [stdout]                                at /rustc/90b35a6239c3d8bdabc530a6a0816f7ff89a0aaf/library/alloc/src/boxed.rs:2468:9
[INFO] [stdout]   11:     0x60a04a89ea99 - test::test_main::{{closure}}::he977ae839a582784
[INFO] [stdout]                                at /rustc/90b35a6239c3d8bdabc530a6a0816f7ff89a0aaf/library/test/src/lib.rs:133:21
[INFO] [stdout]   12:     0x60a04b32c298 - <alloc::boxed::Box<F,A> as core::ops::function::Fn<Args>>::call::h9455091b6b06f9fb
[INFO] [stdout]                                at /rustc/90b35a6239c3d8bdabc530a6a0816f7ff89a0aaf/library/alloc/src/boxed.rs:2468:9
[INFO] [stdout]   13:     0x60a04b32c298 - std::panicking::rust_panic_with_hook::h8942133a8b252070
[INFO] [stdout]                                at /rustc/90b35a6239c3d8bdabc530a6a0816f7ff89a0aaf/library/std/src/panicking.rs:809:13
[INFO] [stdout]   14:     0x60a04b32c026 - std::panicking::begin_panic_handler::{{closure}}::hb5f5963570096b29
[INFO] [stdout]                                at /rustc/90b35a6239c3d8bdabc530a6a0816f7ff89a0aaf/library/std/src/panicking.rs:667:13
[INFO] [stdout]   15:     0x60a04b32ac79 - std::sys::backtrace::__rust_end_short_backtrace::h6208cedc1922feda
[INFO] [stdout]                                at /rustc/90b35a6239c3d8bdabc530a6a0816f7ff89a0aaf/library/std/src/sys/backtrace.rs:170:18
[INFO] [stdout]   16:     0x60a04b32bcec - rust_begin_unwind
[INFO] [stdout]                                at /rustc/90b35a6239c3d8bdabc530a6a0816f7ff89a0aaf/library/std/src/panicking.rs:665:5
[INFO] [stdout]   17:     0x60a04a62c4b0 - core::panicking::panic_fmt::h0c3082644d1bf418
[INFO] [stdout]                                at /rustc/90b35a6239c3d8bdabc530a6a0816f7ff89a0aaf/library/core/src/panicking.rs:74:14
[INFO] [stdout]   18:     0x60a04a62c53c - core::panicking::panic::h957f98c65a3b3074
[INFO] [stdout]                                at /rustc/90b35a6239c3d8bdabc530a6a0816f7ff89a0aaf/library/core/src/panicking.rs:148:5
[INFO] [stdout]   19:     0x60a04a79b260 - pixiv_downloader::downloader::downloader::test_multi_downloader::{{closure}}::{{closure}}::h342deaa671777fbe
[INFO] [stdout]                                at /opt/rustwide/workdir/src/downloader/downloader.rs:922:9
[INFO] [stdout]   20:     0x60a04a80e25c - <tokio::time::timeout::Timeout<T> as core::future::future::Future>::poll::ha80e701030bdbd8e
[INFO] [stdout]                                at /opt/rustwide/cargo-home/registry/src/index.crates.io-6f17d22bba15001f/tokio-1.38.0/src/time/timeout.rs:202:33
[INFO] [stdout]   21:     0x60a04a79aee4 - pixiv_downloader::downloader::downloader::test_multi_downloader::{{closure}}::hcbd7c9527d7dde52
[INFO] [stdout]                                at /opt/rustwide/workdir/src/downloader/downloader.rs:916:1
[INFO] [stdout]   22:     0x60a04a80b9b2 - <core::pin::Pin<P> as core::future::future::Future>::poll::hff6e7377d5c62f9f
[INFO] [stdout]                                at /rustc/90b35a6239c3d8bdabc530a6a0816f7ff89a0aaf/library/core/src/future/future.rs:123:9
[INFO] [stdout]   23:     0x60a04a805e1f - tokio::runtime::park::CachedParkThread::block_on::{{closure}}::h8a63c2c20fa99290
[INFO] [stdout]                                at /opt/rustwide/cargo-home/registry/src/index.crates.io-6f17d22bba15001f/tokio-1.38.0/src/runtime/park.rs:281:63
[INFO] [stdout]   24:     0x60a04a805850 - tokio::runtime::coop::with_budget::h4a5865d5fe8dfd32
[INFO] [stdout]                                at /opt/rustwide/cargo-home/registry/src/index.crates.io-6f17d22bba15001f/tokio-1.38.0/src/runtime/coop.rs:107:5
[INFO] [stdout]   25:     0x60a04a805850 - tokio::runtime::coop::budget::h7d6d178be2031768
[INFO] [stdout]                                at /opt/rustwide/cargo-home/registry/src/index.crates.io-6f17d22bba15001f/tokio-1.38.0/src/runtime/coop.rs:73:5
[INFO] [stdout]   26:     0x60a04a805850 - tokio::runtime::park::CachedParkThread::block_on::h937773a4962062d3
[INFO] [stdout]                                at /opt/rustwide/cargo-home/registry/src/index.crates.io-6f17d22bba15001f/tokio-1.38.0/src/runtime/park.rs:281:31
[INFO] [stdout]   27:     0x60a04a806034 - tokio::runtime::context::blocking::BlockingRegionGuard::block_on::h3aea2e74d32aa284
[INFO] [stdout]                                at /opt/rustwide/cargo-home/registry/src/index.crates.io-6f17d22bba15001f/tokio-1.38.0/src/runtime/context/blocking.rs:66:9
[INFO] [stdout]   28:     0x60a04a81a888 - tokio::runtime::scheduler::multi_thread::MultiThread::block_on::{{closure}}::hd94883b5c7956402
[INFO] [stdout]                                at /opt/rustwide/cargo-home/registry/src/index.crates.io-6f17d22bba15001f/tokio-1.38.0/src/runtime/scheduler/multi_thread/mod.rs:87:13
[INFO] [stdout]   29:     0x60a04a7586ec - tokio::runtime::context::runtime::enter_runtime::h4918579b66e4f4d8
[INFO] [stdout]                                at /opt/rustwide/cargo-home/registry/src/index.crates.io-6f17d22bba15001f/tokio-1.38.0/src/runtime/context/runtime.rs:65:16
[INFO] [stdout]   30:     0x60a04a81a804 - tokio::runtime::scheduler::multi_thread::MultiThread::block_on::h76ee10ebe45e667b
[INFO] [stdout]                                at /opt/rustwide/cargo-home/registry/src/index.crates.io-6f17d22bba15001f/tokio-1.38.0/src/runtime/scheduler/multi_thread/mod.rs:86:9
[INFO] [stdout]   31:     0x60a04a7a7ac7 - tokio::runtime::runtime::Runtime::block_on::hed225b2da08e75a8
[INFO] [stdout]                                at /opt/rustwide/cargo-home/registry/src/index.crates.io-6f17d22bba15001f/tokio-1.38.0/src/runtime/runtime.rs:349:45
[INFO] [stdout]   32:     0x60a04a79acc1 - pixiv_downloader::downloader::downloader::test_multi_downloader::h50f93bfdb0c53144
[INFO] [stdout]                                at /opt/rustwide/workdir/src/downloader/downloader.rs:916:1
[INFO] [stdout]   33:     0x60a04a79ab67 - pixiv_downloader::downloader::downloader::test_multi_downloader::{{closure}}::ha87a7d4a3e47b794
[INFO] [stdout]                                at /opt/rustwide/workdir/src/downloader/downloader.rs:918:33
[INFO] [stdout]   34:     0x60a04a6e6946 - core::ops::function::FnOnce::call_once::hfecf5625e354475b
[INFO] [stdout]                                at /rustc/90b35a6239c3d8bdabc530a6a0816f7ff89a0aaf/library/core/src/ops/function.rs:250:5
[INFO] [stdout]   35:     0x60a04a8a345b - core::ops::function::FnOnce::call_once::h109cf8051a59b34e
[INFO] [stdout]                                at /rustc/90b35a6239c3d8bdabc530a6a0816f7ff89a0aaf/library/core/src/ops/function.rs:250:5
[INFO] [stdout]   36:     0x60a04a8a345b - test::__rust_begin_short_backtrace::hf4fff89d377446ba
[INFO] [stdout]                                at /rustc/90b35a6239c3d8bdabc530a6a0816f7ff89a0aaf/library/test/src/lib.rs:621:18
[INFO] [stdout]   37:     0x60a04a8a2c97 - test::run_test_in_process::{{closure}}::h0e39181dd7ee5a43
[INFO] [stdout]                                at /rustc/90b35a6239c3d8bdabc530a6a0816f7ff89a0aaf/library/test/src/lib.rs:644:60
[INFO] [stdout]   38:     0x60a04a8a2c97 - <core::panic::unwind_safe::AssertUnwindSafe<F> as core::ops::function::FnOnce<()>>::call_once::hc5a66a30f0bdfd1f
[INFO] [stdout]                                at /rustc/90b35a6239c3d8bdabc530a6a0816f7ff89a0aaf/library/core/src/panic/unwind_safe.rs:272:9
[INFO] [stdout]   39:     0x60a04a8a2c97 - std::panicking::try::do_call::h873b7cf639554a5e
[INFO] [stdout]                                at /rustc/90b35a6239c3d8bdabc530a6a0816f7ff89a0aaf/library/std/src/panicking.rs:557:40
[INFO] [stdout]   40:     0x60a04a8a2c97 - std::panicking::try::hdb19862fad9c8bd1
[INFO] [stdout]                                at /rustc/90b35a6239c3d8bdabc530a6a0816f7ff89a0aaf/library/std/src/panicking.rs:520:19
[INFO] [stdout]   41:     0x60a04a8a2c97 - std::panic::catch_unwind::h281fe732d236d260
[INFO] [stdout]                                at /rustc/90b35a6239c3d8bdabc530a6a0816f7ff89a0aaf/library/std/src/panic.rs:358:14
[INFO] [stdout]   42:     0x60a04a8a2c97 - test::run_test_in_process::h949b6df8457ed338
[INFO] [stdout]                                at /rustc/90b35a6239c3d8bdabc530a6a0816f7ff89a0aaf/library/test/src/lib.rs:644:27
[INFO] [stdout]   43:     0x60a04a8a2c97 - test::run_test::{{closure}}::h52c556a6d4740e10
[INFO] [stdout]                                at /rustc/90b35a6239c3d8bdabc530a6a0816f7ff89a0aaf/library/test/src/lib.rs:565:43
[INFO] [stdout]   44:     0x60a04a867f74 - test::run_test::{{closure}}::h4237f6381c45ccb9
[INFO] [stdout]                                at /rustc/90b35a6239c3d8bdabc530a6a0816f7ff89a0aaf/library/test/src/lib.rs:595:41
[INFO] [stdout]   45:     0x60a04a867f74 - std::sys::backtrace::__rust_begin_short_backtrace::h505c97a579eca628
[INFO] [stdout]                                at /rustc/90b35a6239c3d8bdabc530a6a0816f7ff89a0aaf/library/std/src/sys/backtrace.rs:154:18
[INFO] [stdout]   46:     0x60a04a86b63e - std::thread::Builder::spawn_unchecked_::{{closure}}::{{closure}}::h9e86b2e2bc107ea3
[INFO] [stdout]                                at /rustc/90b35a6239c3d8bdabc530a6a0816f7ff89a0aaf/library/std/src/thread/mod.rs:538:17
[INFO] [stdout]   47:     0x60a04a86b63e - <core::panic::unwind_safe::AssertUnwindSafe<F> as core::ops::function::FnOnce<()>>::call_once::h8b06ddb275ff4a25
[INFO] [stdout]                                at /rustc/90b35a6239c3d8bdabc530a6a0816f7ff89a0aaf/library/core/src/panic/unwind_safe.rs:272:9
[INFO] [stdout]   48:     0x60a04a86b63e - std::panicking::try::do_call::hb26ecd7cd9a9355d
[INFO] [stdout]                                at /rustc/90b35a6239c3d8bdabc530a6a0816f7ff89a0aaf/library/std/src/panicking.rs:557:40
[INFO] [stdout]   49:     0x60a04a86b63e - std::panicking::try::h8ddeca9d705f9069
[INFO] [stdout]                                at /rustc/90b35a6239c3d8bdabc530a6a0816f7ff89a0aaf/library/std/src/panicking.rs:520:19
[INFO] [stdout]   50:     0x60a04a86b63e - std::panic::catch_unwind::h49e1c33078844c46
[INFO] [stdout]                                at /rustc/90b35a6239c3d8bdabc530a6a0816f7ff89a0aaf/library/std/src/panic.rs:358:14
[INFO] [stdout]   51:     0x60a04a86b63e - std::thread::Builder::spawn_unchecked_::{{closure}}::h6073db6ff56ad35d
[INFO] [stdout]                                at /rustc/90b35a6239c3d8bdabc530a6a0816f7ff89a0aaf/library/std/src/thread/mod.rs:537:30
[INFO] [stdout]   52:     0x60a04a86b63e - core::ops::function::FnOnce::call_once{{vtable.shim}}::h2c5a5f3779c774f1
[INFO] [stdout]                                at /rustc/90b35a6239c3d8bdabc530a6a0816f7ff89a0aaf/library/core/src/ops/function.rs:250:5
[INFO] [stdout]   53:     0x60a04b3317cb - <alloc::boxed::Box<F,A> as core::ops::function::FnOnce<Args>>::call_once::hf75717d9f28faebf
[INFO] [stdout]                                at /rustc/90b35a6239c3d8bdabc530a6a0816f7ff89a0aaf/library/alloc/src/boxed.rs:2454:9
[INFO] [stdout]   54:     0x60a04b3317cb - <alloc::boxed::Box<F,A> as core::ops::function::FnOnce<Args>>::call_once::h7bd883a5f3c5f3c1
[INFO] [stdout]                                at /rustc/90b35a6239c3d8bdabc530a6a0816f7ff89a0aaf/library/alloc/src/boxed.rs:2454:9
[INFO] [stdout]   55:     0x60a04b3317cb - std::sys::pal::unix::thread::Thread::new::thread_start::hcc78f3943333fa94
[INFO] [stdout]                                at /rustc/90b35a6239c3d8bdabc530a6a0816f7ff89a0aaf/library/std/src/sys/pal/unix/thread.rs:105:17
[INFO] [stdout]   56:     0x79755963cac3 - <unknown>
[INFO] [stdout]   57:     0x7975596cda04 - clone
[INFO] [stdout]   58:                0x0 - <unknown>
[INFO] [stdout] 
[INFO] [stdout] ---- formdata::test_formdata stdout ----
[INFO] [stdout] thread 'formdata::test_formdata' panicked at src/formdata.rs:175:9:
[INFO] [stdout] assertion failed: re.is_ok() || p.exists()
[INFO] [stdout] stack backtrace:
[INFO] [stdout]    0:     0x60a04b32a79a - std::backtrace_rs::backtrace::libunwind::trace::h5a5b8284f2d0c266
[INFO] [stdout]                                at /rustc/90b35a6239c3d8bdabc530a6a0816f7ff89a0aaf/library/std/src/../../backtrace/src/backtrace/libunwind.rs:116:5
[INFO] [stdout]    1:     0x60a04b32a79a - std::backtrace_rs::backtrace::trace_unsynchronized::h76d4f1c9b0b875e3
[INFO] [stdout]                                at /rustc/90b35a6239c3d8bdabc530a6a0816f7ff89a0aaf/library/std/src/../../backtrace/src/backtrace/mod.rs:66:5
[INFO] [stdout]    2:     0x60a04b32a79a - std::sys::backtrace::_print_fmt::hc4546b8364a537c6
[INFO] [stdout]                                at /rustc/90b35a6239c3d8bdabc530a6a0816f7ff89a0aaf/library/std/src/sys/backtrace.rs:66:9
[INFO] [stdout]    3:     0x60a04b32a79a - <std::sys::backtrace::BacktraceLock::print::DisplayBacktrace as core::fmt::Display>::fmt::h5b6bd5631a6d1f6b
[INFO] [stdout]                                at /rustc/90b35a6239c3d8bdabc530a6a0816f7ff89a0aaf/library/std/src/sys/backtrace.rs:39:26
[INFO] [stdout]    4:     0x60a04b357553 - core::fmt::rt::Argument::fmt::h270f6602a2b96f62
[INFO] [stdout]                                at /rustc/90b35a6239c3d8bdabc530a6a0816f7ff89a0aaf/library/core/src/fmt/rt.rs:177:76
[INFO] [stdout]    5:     0x60a04b357553 - core::fmt::write::h7550c97b06c86515
[INFO] [stdout]                                at /rustc/90b35a6239c3d8bdabc530a6a0816f7ff89a0aaf/library/core/src/fmt/mod.rs:1186:21
[INFO] [stdout]    6:     0x60a04b326213 - std::io::Write::write_fmt::h509ff860e5956e5e
[INFO] [stdout]                                at /rustc/90b35a6239c3d8bdabc530a6a0816f7ff89a0aaf/library/std/src/io/mod.rs:1839:15
[INFO] [stdout]    7:     0x60a04b32a5e2 - std::sys::backtrace::BacktraceLock::print::h2395ccd2c84ba3aa
[INFO] [stdout]                                at /rustc/90b35a6239c3d8bdabc530a6a0816f7ff89a0aaf/library/std/src/sys/backtrace.rs:42:9
[INFO] [stdout]    8:     0x60a04b32bbfa - std::panicking::default_hook::{{closure}}::he19d4c7230e07961
[INFO] [stdout]                                at /rustc/90b35a6239c3d8bdabc530a6a0816f7ff89a0aaf/library/std/src/panicking.rs:268:22
[INFO] [stdout]    9:     0x60a04b32ba04 - std::panicking::default_hook::hf614597d3c67bbdb
[INFO] [stdout]                                at /rustc/90b35a6239c3d8bdabc530a6a0816f7ff89a0aaf/library/std/src/panicking.rs:292:9
[INFO] [stdout]   10:     0x60a04a89ea99 - <alloc::boxed::Box<F,A> as core::ops::function::Fn<Args>>::call::h39b51ce4599c23d1
[INFO] [stdout]                                at /rustc/90b35a6239c3d8bdabc530a6a0816f7ff89a0aaf/library/alloc/src/boxed.rs:2468:9
[INFO] [stdout]   11:     0x60a04a89ea99 - test::test_main::{{closure}}::he977ae839a582784
[INFO] [stdout]                                at /rustc/90b35a6239c3d8bdabc530a6a0816f7ff89a0aaf/library/test/src/lib.rs:133:21
[INFO] [stdout]   12:     0x60a04b32c298 - <alloc::boxed::Box<F,A> as core::ops::function::Fn<Args>>::call::h9455091b6b06f9fb
[INFO] [stdout]                                at /rustc/90b35a6239c3d8bdabc530a6a0816f7ff89a0aaf/library/alloc/src/boxed.rs:2468:9
[INFO] [stdout]   13:     0x60a04b32c298 - std::panicking::rust_panic_with_hook::h8942133a8b252070
[INFO] [stdout]                                at /rustc/90b35a6239c3d8bdabc530a6a0816f7ff89a0aaf/library/std/src/panicking.rs:809:13
[INFO] [stdout]   14:     0x60a04b32c026 - std::panicking::begin_panic_handler::{{closure}}::hb5f5963570096b29
[INFO] [stdout]                                at /rustc/90b35a6239c3d8bdabc530a6a0816f7ff89a0aaf/library/std/src/panicking.rs:667:13
[INFO] [stdout]   15:     0x60a04b32ac79 - std::sys::backtrace::__rust_end_short_backtrace::h6208cedc1922feda
[INFO] [stdout]                                at /rustc/90b35a6239c3d8bdabc530a6a0816f7ff89a0aaf/library/std/src/sys/backtrace.rs:170:18
[INFO] [stdout]   16:     0x60a04b32bcec - rust_begin_unwind
[INFO] [stdout]                                at /rustc/90b35a6239c3d8bdabc530a6a0816f7ff89a0aaf/library/std/src/panicking.rs:665:5
[INFO] [stdout]   17:     0x60a04a62c4b0 - core::panicking::panic_fmt::h0c3082644d1bf418
[INFO] [stdout]                                at /rustc/90b35a6239c3d8bdabc530a6a0816f7ff89a0aaf/library/core/src/panicking.rs:74:14
[INFO] [stdout]   18:     0x60a04a62c53c - core::panicking::panic::h957f98c65a3b3074
[INFO] [stdout]                                at /rustc/90b35a6239c3d8bdabc530a6a0816f7ff89a0aaf/library/core/src/panicking.rs:148:5
[INFO] [stdout]   19:     0x60a04a777391 - pixiv_downloader::formdata::test_formdata::{{closure}}::{{closure}}::h033caa6c5fb3ec9a
[INFO] [stdout]                                at /opt/rustwide/workdir/src/formdata.rs:175:9
[INFO] [stdout]   20:     0x60a04a80c34c - <tokio::time::timeout::Timeout<T> as core::future::future::Future>::poll::h2d3c50fffa48060b
[INFO] [stdout]                                at /opt/rustwide/cargo-home/registry/src/index.crates.io-6f17d22bba15001f/tokio-1.38.0/src/time/timeout.rs:202:33
[INFO] [stdout]   21:     0x60a04a777054 - pixiv_downloader::formdata::test_formdata::{{closure}}::hd8f95c10f45f29e7
[INFO] [stdout]                                at /opt/rustwide/workdir/src/formdata.rs:169:1
[INFO] [stdout]   22:     0x60a04a80b9b2 - <core::pin::Pin<P> as core::future::future::Future>::poll::hff6e7377d5c62f9f
[INFO] [stdout]                                at /rustc/90b35a6239c3d8bdabc530a6a0816f7ff89a0aaf/library/core/src/future/future.rs:123:9
[INFO] [stdout]   23:     0x60a04a805e1f - tokio::runtime::park::CachedParkThread::block_on::{{closure}}::h8a63c2c20fa99290
[INFO] [stdout]                                at /opt/rustwide/cargo-home/registry/src/index.crates.io-6f17d22bba15001f/tokio-1.38.0/src/runtime/park.rs:281:63
[INFO] [stdout]   24:     0x60a04a805850 - tokio::runtime::coop::with_budget::h4a5865d5fe8dfd32
[INFO] [stdout]                                at /opt/rustwide/cargo-home/registry/src/index.crates.io-6f17d22bba15001f/tokio-1.38.0/src/runtime/coop.rs:107:5
[INFO] [stdout]   25:     0x60a04a805850 - tokio::runtime::coop::budget::h7d6d178be2031768
[INFO] [stdout]                                at /opt/rustwide/cargo-home/registry/src/index.crates.io-6f17d22bba15001f/tokio-1.38.0/src/runtime/coop.rs:73:5
[INFO] [stdout]   26:     0x60a04a805850 - tokio::runtime::park::CachedParkThread::block_on::h937773a4962062d3
[INFO] [stdout]                                at /opt/rustwide/cargo-home/registry/src/index.crates.io-6f17d22bba15001f/tokio-1.38.0/src/runtime/park.rs:281:31
[INFO] [stdout]   27:     0x60a04a806034 - tokio::runtime::context::blocking::BlockingRegionGuard::block_on::h3aea2e74d32aa284
[INFO] [stdout]                                at /opt/rustwide/cargo-home/registry/src/index.crates.io-6f17d22bba15001f/tokio-1.38.0/src/runtime/context/blocking.rs:66:9
[INFO] [stdout]   28:     0x60a04a81a888 - tokio::runtime::scheduler::multi_thread::MultiThread::block_on::{{closure}}::hd94883b5c7956402
[INFO] [stdout]                                at /opt/rustwide/cargo-home/registry/src/index.crates.io-6f17d22bba15001f/tokio-1.38.0/src/runtime/scheduler/multi_thread/mod.rs:87:13
[INFO] [stdout]   29:     0x60a04a7586ec - tokio::runtime::context::runtime::enter_runtime::h4918579b66e4f4d8
[INFO] [stdout]                                at /opt/rustwide/cargo-home/registry/src/index.crates.io-6f17d22bba15001f/tokio-1.38.0/src/runtime/context/runtime.rs:65:16
[INFO] [stdout]   30:     0x60a04a81a804 - tokio::runtime::scheduler::multi_thread::MultiThread::block_on::h76ee10ebe45e667b
[INFO] [stdout]                                at /opt/rustwide/cargo-home/registry/src/index.crates.io-6f17d22bba15001f/tokio-1.38.0/src/runtime/scheduler/multi_thread/mod.rs:86:9
[INFO] [stdout]   31:     0x60a04a7a7ac7 - tokio::runtime::runtime::Runtime::block_on::hed225b2da08e75a8
[INFO] [stdout]                                at /opt/rustwide/cargo-home/registry/src/index.crates.io-6f17d22bba15001f/tokio-1.38.0/src/runtime/runtime.rs:349:45
[INFO] [stdout]   32:     0x60a04a776e31 - pixiv_downloader::formdata::test_formdata::h0dcf7bfbec158f56
[INFO] [stdout]                                at /opt/rustwide/workdir/src/formdata.rs:169:1
[INFO] [stdout]   33:     0x60a04a776cd7 - pixiv_downloader::formdata::test_formdata::{{closure}}::hc2bab9eefa7cf4ff
[INFO] [stdout]                                at /opt/rustwide/workdir/src/formdata.rs:171:25
[INFO] [stdout]   34:     0x60a04a6e54a6 - core::ops::function::FnOnce::call_once::h60a83a78eca18e3e
[INFO] [stdout]                                at /rustc/90b35a6239c3d8bdabc530a6a0816f7ff89a0aaf/library/core/src/ops/function.rs:250:5
[INFO] [stdout]   35:     0x60a04a8a345b - core::ops::function::FnOnce::call_once::h109cf8051a59b34e
[INFO] [stdout]                                at /rustc/90b35a6239c3d8bdabc530a6a0816f7ff89a0aaf/library/core/src/ops/function.rs:250:5
[INFO] [stdout]   36:     0x60a04a8a345b - test::__rust_begin_short_backtrace::hf4fff89d377446ba
[INFO] [stdout]                                at /rustc/90b35a6239c3d8bdabc530a6a0816f7ff89a0aaf/library/test/src/lib.rs:621:18
[INFO] [stdout]   37:     0x60a04a8a2c97 - test::run_test_in_process::{{closure}}::h0e39181dd7ee5a43
[INFO] [stdout]                                at /rustc/90b35a6239c3d8bdabc530a6a0816f7ff89a0aaf/library/test/src/lib.rs:644:60
[INFO] [stdout]   38:     0x60a04a8a2c97 - <core::panic::unwind_safe::AssertUnwindSafe<F> as core::ops::function::FnOnce<()>>::call_once::hc5a66a30f0bdfd1f
[INFO] [stdout]                                at /rustc/90b35a6239c3d8bdabc530a6a0816f7ff89a0aaf/library/core/src/panic/unwind_safe.rs:272:9
[INFO] [stdout]   39:     0x60a04a8a2c97 - std::panicking::try::do_call::h873b7cf639554a5e
[INFO] [stdout]                                at /rustc/90b35a6239c3d8bdabc530a6a0816f7ff89a0aaf/library/std/src/panicking.rs:557:40
[INFO] [stdout]   40:     0x60a04a8a2c97 - std::panicking::try::hdb19862fad9c8bd1
[INFO] [stdout]                                at /rustc/90b35a6239c3d8bdabc530a6a0816f7ff89a0aaf/library/std/src/panicking.rs:520:19
[INFO] [stdout]   41:     0x60a04a8a2c97 - std::panic::catch_unwind::h281fe732d236d260
[INFO] [stdout]                                at /rustc/90b35a6239c3d8bdabc530a6a0816f7ff89a0aaf/library/std/src/panic.rs:358:14
[INFO] [stdout]   42:     0x60a04a8a2c97 - test::run_test_in_process::h949b6df8457ed338
[INFO] [stdout]                                at /rustc/90b35a6239c3d8bdabc530a6a0816f7ff89a0aaf/library/test/src/lib.rs:644:27
[INFO] [stdout]   43:     0x60a04a8a2c97 - test::run_test::{{closure}}::h52c556a6d4740e10
[INFO] [stdout]                                at /rustc/90b35a6239c3d8bdabc530a6a0816f7ff89a0aaf/library/test/src/lib.rs:565:43
[INFO] [stdout]   44:     0x60a04a867f74 - test::run_test::{{closure}}::h4237f6381c45ccb9
[INFO] [stdout]                                at /rustc/90b35a6239c3d8bdabc530a6a0816f7ff89a0aaf/library/test/src/lib.rs:595:41
[INFO] [stdout]   45:     0x60a04a867f74 - std::sys::backtrace::__rust_begin_short_backtrace::h505c97a579eca628
[INFO] [stdout]                                at /rustc/90b35a6239c3d8bdabc530a6a0816f7ff89a0aaf/library/std/src/sys/backtrace.rs:154:18
[INFO] [stdout]   46:     0x60a04a86b63e - std::thread::Builder::spawn_unchecked_::{{closure}}::{{closure}}::h9e86b2e2bc107ea3
[INFO] [stdout]                                at /rustc/90b35a6239c3d8bdabc530a6a0816f7ff89a0aaf/library/std/src/thread/mod.rs:538:17
[INFO] [stdout]   47:     0x60a04a86b63e - <core::panic::unwind_safe::AssertUnwindSafe<F> as core::ops::function::FnOnce<()>>::call_once::h8b06ddb275ff4a25
[INFO] [stdout]                                at /rustc/90b35a6239c3d8bdabc530a6a0816f7ff89a0aaf/library/core/src/panic/unwind_safe.rs:272:9
[INFO] [stdout]   48:     0x60a04a86b63e - std::panicking::try::do_call::hb26ecd7cd9a9355d
[INFO] [stdout]                                at /rustc/90b35a6239c3d8bdabc530a6a0816f7ff89a0aaf/library/std/src/panicking.rs:557:40
[INFO] [stdout]   49:     0x60a04a86b63e - std::panicking::try::h8ddeca9d705f9069
[INFO] [stdout]                                at /rustc/90b35a6239c3d8bdabc530a6a0816f7ff89a0aaf/library/std/src/panicking.rs:520:19
[INFO] [stdout]   50:     0x60a04a86b63e - std::panic::catch_unwind::h49e1c33078844c46
[INFO] [stdout]                                at /rustc/90b35a6239c3d8bdabc530a6a0816f7ff89a0aaf/library/std/src/panic.rs:358:14
[INFO] [stdout]   51:     0x60a04a86b63e - std::thread::Builder::spawn_unchecked_::{{closure}}::h6073db6ff56ad35d
[INFO] [stdout]                                at /rustc/90b35a6239c3d8bdabc530a6a0816f7ff89a0aaf/library/std/src/thread/mod.rs:537:30
[INFO] [stdout]   52:     0x60a04a86b63e - core::ops::function::FnOnce::call_once{{vtable.shim}}::h2c5a5f3779c774f1
[INFO] [stdout]                                at /rustc/90b35a6239c3d8bdabc530a6a0816f7ff89a0aaf/library/core/src/ops/function.rs:250:5
[INFO] [stdout]   53:     0x60a04b3317cb - <alloc::boxed::Box<F,A> as core::ops::function::FnOnce<Args>>::call_once::hf75717d9f28faebf
[INFO] [stdout]                                at /rustc/90b35a6239c3d8bdabc530a6a0816f7ff89a0aaf/library/alloc/src/boxed.rs:2454:9
[INFO] [stdout]   54:     0x60a04b3317cb - <alloc::boxed::Box<F,A> as core::ops::function::FnOnce<Args>>::call_once::h7bd883a5f3c5f3c1
[INFO] [stdout]                                at /rustc/90b35a6239c3d8bdabc530a6a0816f7ff89a0aaf/library/alloc/src/boxed.rs:2454:9
[INFO] [stdout]   55:     0x60a04b3317cb - std::sys::pal::unix::thread::Thread::new::thread_start::hcc78f3943333fa94
[INFO] [stdout]                                at /rustc/90b35a6239c3d8bdabc530a6a0816f7ff89a0aaf/library/std/src/sys/pal/unix/thread.rs:105:17
[INFO] [stdout]   56:     0x79755963cac3 - <unknown>
[INFO] [stdout]   57:     0x7975596cda04 - clone
[INFO] [stdout]   58:                0x0 - <unknown>
[INFO] [stdout] 
[INFO] [stdout] 
[INFO] [stdout] failures:
[INFO] [stdout]     cookies::test_managed_cookie_jar
[INFO] [stdout]     downloader::downloader::test_downloader
[INFO] [stdout]     downloader::downloader::test_downloader_dropped
[INFO] [stdout]     downloader::downloader::test_failed_downloader
[INFO] [stdout]     downloader::downloader::test_failed_multi_downloader
[INFO] [stdout]     downloader::downloader::test_multi_downloader
[INFO] [stdout]     downloader::pd_file::file::test_pd_file
[INFO] [stdout]     formdata::test_formdata
[INFO] [stdout] 
[INFO] [stdout] test result: FAILED. 39 passed; 8 failed; 0 ignored; 0 measured; 0 filtered out; finished in 0.25s
[INFO] [stdout] 
[INFO] [stderr] error: test failed, to rerun pass `--bin pixiv_downloader`
[INFO] running `Command { std: "docker" "inspect" "0315aa65216726069133e3c54b3e613f520b94bf6d29dbda564517c9ce78a942", kill_on_drop: false }`
[INFO] running `Command { std: "docker" "rm" "-f" "0315aa65216726069133e3c54b3e613f520b94bf6d29dbda564517c9ce78a942", kill_on_drop: false }`
[INFO] [stdout] 0315aa65216726069133e3c54b3e613f520b94bf6d29dbda564517c9ce78a942
