[INFO] cloning repository https://github.com/lholznagel/rust-dns
[INFO] running `Command { std: "git" "-c" "credential.helper=" "-c" "credential.helper=/workspace/cargo-home/bin/git-credential-null" "clone" "--bare" "https://github.com/lholznagel/rust-dns" "/workspace/cache/git-repos/https%3A%2F%2Fgithub.com%2Flholznagel%2Frust-dns", kill_on_drop: false }`
[INFO] [stderr] Cloning into bare repository '/workspace/cache/git-repos/https%3A%2F%2Fgithub.com%2Flholznagel%2Frust-dns'...
[INFO] running `Command { std: "git" "rev-parse" "HEAD", kill_on_drop: false }`
[INFO] [stdout] b20d990f3377bb7b6457d9a64236bc409fb9a1ed
[INFO] testing lholznagel/rust-dns against 1.83.0 for beta-1.84.0-4-retry
[INFO] running `Command { std: "git" "clone" "/workspace/cache/git-repos/https%3A%2F%2Fgithub.com%2Flholznagel%2Frust-dns" "/workspace/builds/worker-4-tc1/source", kill_on_drop: false }`
[INFO] [stderr] Cloning into '/workspace/builds/worker-4-tc1/source'...
[INFO] [stderr] done.
[INFO] validating manifest of git repo https://github.com/lholznagel/rust-dns on toolchain 1.83.0
[INFO] running `Command { std: CARGO_HOME="/workspace/cargo-home" RUSTUP_HOME="/workspace/rustup-home" "/workspace/cargo-home/bin/cargo" "+1.83.0" "metadata" "--manifest-path" "Cargo.toml" "--no-deps", kill_on_drop: false }`
[INFO] started tweaking git repo https://github.com/lholznagel/rust-dns
[INFO] finished tweaking git repo https://github.com/lholznagel/rust-dns
[INFO] tweaked toml for git repo https://github.com/lholznagel/rust-dns written to /workspace/builds/worker-4-tc1/source/Cargo.toml
[INFO] crate git repo https://github.com/lholznagel/rust-dns already has a lockfile, it will not be regenerated
[INFO] running `Command { std: CARGO_HOME="/workspace/cargo-home" RUSTUP_HOME="/workspace/rustup-home" "/workspace/cargo-home/bin/cargo" "+1.83.0" "fetch" "--manifest-path" "Cargo.toml", kill_on_drop: false }`
[INFO] [stderr]     Updating crates.io index
[INFO] [stderr]  Downloading crates ...
[INFO] [stderr]   Downloaded fastrand v1.3.5
[INFO] [stderr]   Downloaded pin-project-lite v0.1.10
[INFO] [stderr]   Downloaded async-task v4.0.2
[INFO] [stderr]   Downloaded wepoll-sys-stjepang v1.0.8
[INFO] [stderr]   Downloaded polling v1.1.0
[INFO] [stderr]   Downloaded async-io v1.1.5
[INFO] [stderr]   Downloaded async-channel v1.4.2
[INFO] [stderr]   Downloaded async-executor v1.3.0
[INFO] [stderr]   Downloaded async-global-executor v1.3.0
[INFO] [stderr]   Downloaded nb-connect v1.0.1
[INFO] [stderr]   Downloaded syn v1.0.42
[INFO] [stderr]   Downloaded async-std v1.6.5
[INFO] [stderr]   Downloaded blocking v1.0.0
[INFO] [stderr]   Downloaded futures-lite v1.8.0
[INFO] [stderr]   Downloaded libc v0.2.78
[INFO] [stderr]   Downloaded loggify v1.0.0
[INFO] running `Command { std: "docker" "create" "-v" "/var/lib/crater-agent-workspace/builds/worker-4-tc1/target:/opt/rustwide/target:rw,Z" "-v" "/var/lib/crater-agent-workspace/builds/worker-4-tc1/source:/opt/rustwide/workdir:ro,Z" "-v" "/var/lib/crater-agent-workspace/cargo-home:/opt/rustwide/cargo-home:ro,Z" "-v" "/var/lib/crater-agent-workspace/rustup-home:/opt/rustwide/rustup-home:ro,Z" "-e" "SOURCE_DIR=/opt/rustwide/workdir" "-e" "CARGO_TARGET_DIR=/opt/rustwide/target" "-e" "CARGO_HOME=/opt/rustwide/cargo-home" "-e" "RUSTUP_HOME=/opt/rustwide/rustup-home" "-w" "/opt/rustwide/workdir" "-m" "1610612736" "--user" "0:0" "--network" "none" "ghcr.io/rust-lang/crates-build-env/linux@sha256:f3a9d4ad9d972b27faf3965f35b62e55ba32bbce8f20bc8fe909558a86702fde" "/opt/rustwide/cargo-home/bin/cargo" "+1.83.0" "metadata" "--no-deps" "--format-version=1", kill_on_drop: false }`
[INFO] [stdout] 30f21d909a6ce2dc2c9e8da387622f79cb9960622824d2dd5c1d699c2f5ef992
[INFO] running `Command { std: "docker" "start" "-a" "30f21d909a6ce2dc2c9e8da387622f79cb9960622824d2dd5c1d699c2f5ef992", kill_on_drop: false }`
[INFO] running `Command { std: "docker" "inspect" "30f21d909a6ce2dc2c9e8da387622f79cb9960622824d2dd5c1d699c2f5ef992", kill_on_drop: false }`
[INFO] running `Command { std: "docker" "rm" "-f" "30f21d909a6ce2dc2c9e8da387622f79cb9960622824d2dd5c1d699c2f5ef992", kill_on_drop: false }`
[INFO] [stdout] 30f21d909a6ce2dc2c9e8da387622f79cb9960622824d2dd5c1d699c2f5ef992
[INFO] running `Command { std: "docker" "create" "-v" "/var/lib/crater-agent-workspace/builds/worker-4-tc1/target:/opt/rustwide/target:rw,Z" "-v" "/var/lib/crater-agent-workspace/builds/worker-4-tc1/source:/opt/rustwide/workdir:ro,Z" "-v" "/var/lib/crater-agent-workspace/cargo-home:/opt/rustwide/cargo-home:ro,Z" "-v" "/var/lib/crater-agent-workspace/rustup-home:/opt/rustwide/rustup-home:ro,Z" "-e" "SOURCE_DIR=/opt/rustwide/workdir" "-e" "CARGO_TARGET_DIR=/opt/rustwide/target" "-e" "CARGO_INCREMENTAL=0" "-e" "RUST_BACKTRACE=full" "-e" "RUSTFLAGS=--cap-lints=warn" "-e" "RUSTDOCFLAGS=--cap-lints=warn" "-e" "CARGO_HOME=/opt/rustwide/cargo-home" "-e" "RUSTUP_HOME=/opt/rustwide/rustup-home" "-w" "/opt/rustwide/workdir" "-m" "1610612736" "--user" "0:0" "--network" "none" "ghcr.io/rust-lang/crates-build-env/linux@sha256:f3a9d4ad9d972b27faf3965f35b62e55ba32bbce8f20bc8fe909558a86702fde" "/opt/rustwide/cargo-home/bin/cargo" "+1.83.0" "build" "--frozen" "--message-format=json", kill_on_drop: false }`
[INFO] [stdout] 810f2bd0969c9022aa970c2cfe51fc0523807f0888e11c25ca2e472503ebaf79
[INFO] running `Command { std: "docker" "start" "-a" "810f2bd0969c9022aa970c2cfe51fc0523807f0888e11c25ca2e472503ebaf79", kill_on_drop: false }`
[INFO] [stderr]    Compiling libc v0.2.78
[INFO] [stderr]    Compiling memchr v2.3.3
[INFO] [stderr]    Compiling cfg-if v0.1.10
[INFO] [stderr]    Compiling log v0.4.11
[INFO] [stderr]    Compiling futures-core v0.3.5
[INFO] [stderr]    Compiling cache-padded v1.1.1
[INFO] [stderr]    Compiling pin-project-lite v0.1.10
[INFO] [stderr]    Compiling parking v2.0.0
[INFO] [stderr]    Compiling proc-macro2 v1.0.24
[INFO] [stderr]    Compiling waker-fn v1.1.0
[INFO] [stderr]    Compiling fastrand v1.3.5
[INFO] [stderr]    Compiling futures-io v0.3.5
[INFO] [stderr]    Compiling unicode-xid v0.2.1
[INFO] [stderr]    Compiling once_cell v1.4.1
[INFO] [stderr]    Compiling event-listener v2.5.1
[INFO] [stderr]    Compiling vec-arena v1.0.0
[INFO] [stderr]    Compiling concurrent-queue v1.2.2
[INFO] [stderr]    Compiling autocfg v1.0.1
[INFO] [stderr]    Compiling syn v1.0.42
[INFO] [stderr]    Compiling async-task v4.0.2
[INFO] [stderr]    Compiling lazy_static v1.4.0
[INFO] [stderr]    Compiling atomic-waker v1.0.0
[INFO] [stderr]    Compiling slab v0.4.2
[INFO] [stderr]    Compiling linked-hash-map v0.5.1
[INFO] [stderr]    Compiling rdns_proto v0.1.0 (/opt/rustwide/workdir/proto)
[INFO] [stdout] warning: unexpected `cfg` condition name: `tests`
[INFO] [stdout]    --> proto/src/reader.rs:107:7
[INFO] [stdout]     |
[INFO] [stdout] 107 | #[cfg(tests)]
[INFO] [stdout]     |       ^^^^^ help: there is a config with a similar name: `test`
[INFO] [stdout]     |
[INFO] [stdout]     = help: consider using a Cargo feature instead
[INFO] [stdout]     = help: or consider adding in `Cargo.toml` the `check-cfg` lint config for the lint:
[INFO] [stdout]              [lints.rust]
[INFO] [stdout]              unexpected_cfgs = { level = "warn", check-cfg = ['cfg(tests)'] }
[INFO] [stdout]     = help: or consider adding `println!("cargo::rustc-check-cfg=cfg(tests)");` to the top of the `build.rs`
[INFO] [stdout]     = note: see <https://doc.rust-lang.org/nightly/rustc/check-cfg/cargo-specifics.html> for more information about checking conditional configuration
[INFO] [stdout]     = note: `#[warn(unexpected_cfgs)]` on by default
[INFO] [stdout] 
[INFO] [stdout] 
[INFO] [stderr]    Compiling async-mutex v1.4.0
[INFO] [stderr]    Compiling async-channel v1.4.2
[INFO] [stderr]    Compiling crossbeam-utils v0.7.2
[INFO] [stdout] warning: method `read_u8_as_binary` is never used
[INFO] [stdout]   --> proto/src/reader.rs:60:12
[INFO] [stdout]    |
[INFO] [stdout] 11 | impl<'a> Reader<'a> {
[INFO] [stdout]    | ------------------- method in this implementation
[INFO] [stdout] ...
[INFO] [stdout] 60 |     pub fn read_u8_as_binary(&mut self) -> Result<[u8; 8]> {
[INFO] [stdout]    |            ^^^^^^^^^^^^^^^^^
[INFO] [stdout]    |
[INFO] [stdout]    = note: `#[warn(dead_code)]` on by default
[INFO] [stdout] 
[INFO] [stdout] 
[INFO] [stdout] warning: method `read_u32` is never used
[INFO] [stdout]    --> proto/src/reader.rs:148:8
[INFO] [stdout]     |
[INFO] [stdout] 120 | pub trait ByteReader: std::io::Read {
[INFO] [stdout]     |           ---------- method in this trait
[INFO] [stdout] ...
[INFO] [stdout] 148 |     fn read_u32(&mut self) -> Result<u32> {
[INFO] [stdout]     |        ^^^^^^^^
[INFO] [stdout] 
[INFO] [stdout] 
[INFO] [stderr]    Compiling yaml-rust v0.4.2
[INFO] [stderr]    Compiling kv-log-macro v1.0.7
[INFO] [stderr]    Compiling futures-lite v1.8.0
[INFO] [stderr]    Compiling quote v1.0.7
[INFO] [stderr]    Compiling polling v1.1.0
[INFO] [stderr]    Compiling nb-connect v1.0.1
[INFO] [stderr]    Compiling num_cpus v1.13.0
[INFO] [stderr]    Compiling time v0.1.41
[INFO] [stderr]    Compiling async-io v1.1.5
[INFO] [stderr]    Compiling async-executor v1.3.0
[INFO] [stderr]    Compiling blocking v1.0.0
[INFO] [stderr]    Compiling loggify v1.0.0
[INFO] [stderr]    Compiling async-global-executor v1.3.0
[INFO] [stderr]    Compiling async-attributes v1.1.1
[INFO] [stderr]    Compiling async-std v1.6.5
[INFO] [stderr]    Compiling rdns_daemon v0.1.0 (/opt/rustwide/workdir/daemon)
[INFO] [stdout] warning: field `0` is never read
[INFO] [stdout]  --> daemon/src/error.rs:8:13
[INFO] [stdout]   |
[INFO] [stdout] 8 |     IoError(std::io::Error),
[INFO] [stdout]   |     ------- ^^^^^^^^^^^^^^
[INFO] [stdout]   |     |
[INFO] [stdout]   |     field in this variant
[INFO] [stdout]   |
[INFO] [stdout]   = note: `RdnsError` has a derived impl for the trait `Debug`, but this is intentionally ignored during dead code analysis
[INFO] [stdout]   = note: `#[warn(dead_code)]` on by default
[INFO] [stdout] help: consider changing the field to be of unit type to suppress this warning while preserving the field numbering, or remove the field
[INFO] [stdout]   |
[INFO] [stdout] 8 |     IoError(()),
[INFO] [stdout]   |             ~~
[INFO] [stdout] 
[INFO] [stdout] 
[INFO] [stdout] warning: field `last_checked` is never read
[INFO] [stdout]   --> daemon/src/server.rs:26:9
[INFO] [stdout]    |
[INFO] [stdout] 23 | pub struct ServerHandler {
[INFO] [stdout]    |            ------------- field in this struct
[INFO] [stdout] ...
[INFO] [stdout] 26 |     pub last_checked: SystemTime,
[INFO] [stdout]    |         ^^^^^^^^^^^^
[INFO] [stdout] 
[INFO] [stdout] 
[INFO] [stdout] warning: method `validate_ttl` is never used
[INFO] [stdout]   --> daemon/src/server.rs:44:12
[INFO] [stdout]    |
[INFO] [stdout] 29 | impl ServerHandler {
[INFO] [stdout]    | ------------------ method in this implementation
[INFO] [stdout] ...
[INFO] [stdout] 44 |     pub fn validate_ttl(&mut self) -> Result<()> {
[INFO] [stdout]    |            ^^^^^^^^^^^^
[INFO] [stdout] 
[INFO] [stdout] 
[INFO] [stderr]     Finished `dev` profile [unoptimized + debuginfo] target(s) in 23.68s
[INFO] running `Command { std: "docker" "inspect" "810f2bd0969c9022aa970c2cfe51fc0523807f0888e11c25ca2e472503ebaf79", kill_on_drop: false }`
[INFO] running `Command { std: "docker" "rm" "-f" "810f2bd0969c9022aa970c2cfe51fc0523807f0888e11c25ca2e472503ebaf79", kill_on_drop: false }`
[INFO] [stdout] 810f2bd0969c9022aa970c2cfe51fc0523807f0888e11c25ca2e472503ebaf79
[INFO] running `Command { std: "docker" "create" "-v" "/var/lib/crater-agent-workspace/builds/worker-4-tc1/target:/opt/rustwide/target:rw,Z" "-v" "/var/lib/crater-agent-workspace/builds/worker-4-tc1/source:/opt/rustwide/workdir:ro,Z" "-v" "/var/lib/crater-agent-workspace/cargo-home:/opt/rustwide/cargo-home:ro,Z" "-v" "/var/lib/crater-agent-workspace/rustup-home:/opt/rustwide/rustup-home:ro,Z" "-e" "SOURCE_DIR=/opt/rustwide/workdir" "-e" "CARGO_TARGET_DIR=/opt/rustwide/target" "-e" "CARGO_INCREMENTAL=0" "-e" "RUST_BACKTRACE=full" "-e" "RUSTFLAGS=--cap-lints=warn" "-e" "RUSTDOCFLAGS=--cap-lints=warn" "-e" "CARGO_HOME=/opt/rustwide/cargo-home" "-e" "RUSTUP_HOME=/opt/rustwide/rustup-home" "-w" "/opt/rustwide/workdir" "-m" "1610612736" "--user" "0:0" "--network" "none" "ghcr.io/rust-lang/crates-build-env/linux@sha256:f3a9d4ad9d972b27faf3965f35b62e55ba32bbce8f20bc8fe909558a86702fde" "/opt/rustwide/cargo-home/bin/cargo" "+1.83.0" "test" "--frozen" "--no-run" "--message-format=json", kill_on_drop: false }`
[INFO] [stdout] 199454c37d217a84208c1008d6d87113e107e425ad8941c3c7777247e4162a1b
[INFO] running `Command { std: "docker" "start" "-a" "199454c37d217a84208c1008d6d87113e107e425ad8941c3c7777247e4162a1b", kill_on_drop: false }`
[INFO] [stdout] warning: unexpected `cfg` condition name: `tests`
[INFO] [stdout]    --> proto/src/reader.rs:107:7
[INFO] [stdout]     |
[INFO] [stdout] 107 | #[cfg(tests)]
[INFO] [stdout]     |       ^^^^^ help: there is a config with a similar name: `test`
[INFO] [stdout]     |
[INFO] [stdout]     = help: consider using a Cargo feature instead
[INFO] [stdout]     = help: or consider adding in `Cargo.toml` the `check-cfg` lint config for the lint:
[INFO] [stdout]              [lints.rust]
[INFO] [stdout]              unexpected_cfgs = { level = "warn", check-cfg = ['cfg(tests)'] }
[INFO] [stdout]     = help: or consider adding `println!("cargo::rustc-check-cfg=cfg(tests)");` to the top of the `build.rs`
[INFO] [stdout]     = note: see <https://doc.rust-lang.org/nightly/rustc/check-cfg/cargo-specifics.html> for more information about checking conditional configuration
[INFO] [stdout]     = note: `#[warn(unexpected_cfgs)]` on by default
[INFO] [stdout] 
[INFO] [stdout] 
[INFO] [stdout] warning: method `read_u8_as_binary` is never used
[INFO] [stdout]   --> proto/src/reader.rs:60:12
[INFO] [stdout]    |
[INFO] [stdout] 11 | impl<'a> Reader<'a> {
[INFO] [stdout]    | ------------------- method in this implementation
[INFO] [stdout] ...
[INFO] [stdout] 60 |     pub fn read_u8_as_binary(&mut self) -> Result<[u8; 8]> {
[INFO] [stdout]    |            ^^^^^^^^^^^^^^^^^
[INFO] [stdout]    |
[INFO] [stdout]    = note: `#[warn(dead_code)]` on by default
[INFO] [stdout] 
[INFO] [stdout] 
[INFO] [stdout] warning: method `read_u32` is never used
[INFO] [stdout]    --> proto/src/reader.rs:148:8
[INFO] [stdout]     |
[INFO] [stdout] 120 | pub trait ByteReader: std::io::Read {
[INFO] [stdout]     |           ---------- method in this trait
[INFO] [stdout] ...
[INFO] [stdout] 148 |     fn read_u32(&mut self) -> Result<u32> {
[INFO] [stdout]     |        ^^^^^^^^
[INFO] [stdout] 
[INFO] [stdout] 
[INFO] [stderr]    Compiling hex v0.4.2
[INFO] [stderr]    Compiling rdns_daemon v0.1.0 (/opt/rustwide/workdir/daemon)
[INFO] [stdout] warning: field `0` is never read
[INFO] [stdout]  --> daemon/src/error.rs:8:13
[INFO] [stdout]   |
[INFO] [stdout] 8 |     IoError(std::io::Error),
[INFO] [stdout]   |     ------- ^^^^^^^^^^^^^^
[INFO] [stdout]   |     |
[INFO] [stdout]   |     field in this variant
[INFO] [stdout]   |
[INFO] [stdout]   = note: `RdnsError` has a derived impl for the trait `Debug`, but this is intentionally ignored during dead code analysis
[INFO] [stdout]   = note: `#[warn(dead_code)]` on by default
[INFO] [stdout] help: consider changing the field to be of unit type to suppress this warning while preserving the field numbering, or remove the field
[INFO] [stdout]   |
[INFO] [stdout] 8 |     IoError(()),
[INFO] [stdout]   |             ~~
[INFO] [stdout] 
[INFO] [stdout] 
[INFO] [stderr]    Compiling rdns_proto v0.1.0 (/opt/rustwide/workdir/proto)
[INFO] [stdout] warning: unexpected `cfg` condition name: `tests`
[INFO] [stdout]    --> proto/src/reader.rs:107:7
[INFO] [stdout]     |
[INFO] [stdout] 107 | #[cfg(tests)]
[INFO] [stdout]     |       ^^^^^ help: there is a config with a similar name: `test`
[INFO] [stdout]     |
[INFO] [stdout]     = help: consider using a Cargo feature instead
[INFO] [stdout]     = help: or consider adding in `Cargo.toml` the `check-cfg` lint config for the lint:
[INFO] [stdout]              [lints.rust]
[INFO] [stdout]              unexpected_cfgs = { level = "warn", check-cfg = ['cfg(tests)'] }
[INFO] [stdout]     = help: or consider adding `println!("cargo::rustc-check-cfg=cfg(tests)");` to the top of the `build.rs`
[INFO] [stdout]     = note: see <https://doc.rust-lang.org/nightly/rustc/check-cfg/cargo-specifics.html> for more information about checking conditional configuration
[INFO] [stdout]     = note: `#[warn(unexpected_cfgs)]` on by default
[INFO] [stdout] 
[INFO] [stdout] 
[INFO] [stdout] warning: method `read_u8_as_binary` is never used
[INFO] [stdout]   --> proto/src/reader.rs:60:12
[INFO] [stdout]    |
[INFO] [stdout] 11 | impl<'a> Reader<'a> {
[INFO] [stdout]    | ------------------- method in this implementation
[INFO] [stdout] ...
[INFO] [stdout] 60 |     pub fn read_u8_as_binary(&mut self) -> Result<[u8; 8]> {
[INFO] [stdout]    |            ^^^^^^^^^^^^^^^^^
[INFO] [stdout]    |
[INFO] [stdout]    = note: `#[warn(dead_code)]` on by default
[INFO] [stdout] 
[INFO] [stdout] 
[INFO] [stdout] warning: method `read_u32` is never used
[INFO] [stdout]    --> proto/src/reader.rs:148:8
[INFO] [stdout]     |
[INFO] [stdout] 120 | pub trait ByteReader: std::io::Read {
[INFO] [stdout]     |           ---------- method in this trait
[INFO] [stdout] ...
[INFO] [stdout] 148 |     fn read_u32(&mut self) -> Result<u32> {
[INFO] [stdout]     |        ^^^^^^^^
[INFO] [stdout] 
[INFO] [stdout] 
[INFO] [stderr]     Finished `test` profile [unoptimized + debuginfo] target(s) in 2.33s
[INFO] running `Command { std: "docker" "inspect" "199454c37d217a84208c1008d6d87113e107e425ad8941c3c7777247e4162a1b", kill_on_drop: false }`
[INFO] running `Command { std: "docker" "rm" "-f" "199454c37d217a84208c1008d6d87113e107e425ad8941c3c7777247e4162a1b", kill_on_drop: false }`
[INFO] [stdout] 199454c37d217a84208c1008d6d87113e107e425ad8941c3c7777247e4162a1b
[INFO] running `Command { std: "docker" "create" "-v" "/var/lib/crater-agent-workspace/builds/worker-4-tc1/target:/opt/rustwide/target:rw,Z" "-v" "/var/lib/crater-agent-workspace/builds/worker-4-tc1/source:/opt/rustwide/workdir:ro,Z" "-v" "/var/lib/crater-agent-workspace/cargo-home:/opt/rustwide/cargo-home:ro,Z" "-v" "/var/lib/crater-agent-workspace/rustup-home:/opt/rustwide/rustup-home:ro,Z" "-e" "SOURCE_DIR=/opt/rustwide/workdir" "-e" "CARGO_TARGET_DIR=/opt/rustwide/target" "-e" "CARGO_INCREMENTAL=0" "-e" "RUST_BACKTRACE=full" "-e" "RUSTFLAGS=--cap-lints=warn" "-e" "RUSTDOCFLAGS=--cap-lints=warn" "-e" "CARGO_HOME=/opt/rustwide/cargo-home" "-e" "RUSTUP_HOME=/opt/rustwide/rustup-home" "-w" "/opt/rustwide/workdir" "-m" "1610612736" "--user" "0:0" "--network" "none" "ghcr.io/rust-lang/crates-build-env/linux@sha256:f3a9d4ad9d972b27faf3965f35b62e55ba32bbce8f20bc8fe909558a86702fde" "/opt/rustwide/cargo-home/bin/cargo" "+1.83.0" "test" "--frozen", kill_on_drop: false }`
[INFO] [stdout] 8785b2f3827b997222608b88a45c1e8a14ad652fd4b1a1c56b079eabc122ef66
[INFO] running `Command { std: "docker" "start" "-a" "8785b2f3827b997222608b88a45c1e8a14ad652fd4b1a1c56b079eabc122ef66", kill_on_drop: false }`
[INFO] [stderr] warning: unexpected `cfg` condition name: `tests`
[INFO] [stderr]    --> proto/src/reader.rs:107:7
[INFO] [stderr]     |
[INFO] [stderr] 107 | #[cfg(tests)]
[INFO] [stderr]     |       ^^^^^ help: there is a config with a similar name: `test`
[INFO] [stderr]     |
[INFO] [stderr]     = help: consider using a Cargo feature instead
[INFO] [stderr]     = help: or consider adding in `Cargo.toml` the `check-cfg` lint config for the lint:
[INFO] [stderr]              [lints.rust]
[INFO] [stderr]              unexpected_cfgs = { level = "warn", check-cfg = ['cfg(tests)'] }
[INFO] [stderr]     = help: or consider adding `println!("cargo::rustc-check-cfg=cfg(tests)");` to the top of the `build.rs`
[INFO] [stderr]     = note: see <https://doc.rust-lang.org/nightly/rustc/check-cfg/cargo-specifics.html> for more information about checking conditional configuration
[INFO] [stderr]     = note: `#[warn(unexpected_cfgs)]` on by default
[INFO] [stderr] 
[INFO] [stderr] warning: method `read_u8_as_binary` is never used
[INFO] [stderr]   --> proto/src/reader.rs:60:12
[INFO] [stderr]    |
[INFO] [stderr] 11 | impl<'a> Reader<'a> {
[INFO] [stderr]    | ------------------- method in this implementation
[INFO] [stderr] ...
[INFO] [stderr] 60 |     pub fn read_u8_as_binary(&mut self) -> Result<[u8; 8]> {
[INFO] [stderr]    |            ^^^^^^^^^^^^^^^^^
[INFO] [stderr]    |
[INFO] [stderr]    = note: `#[warn(dead_code)]` on by default
[INFO] [stderr] 
[INFO] [stderr] warning: method `read_u32` is never used
[INFO] [stderr]    --> proto/src/reader.rs:148:8
[INFO] [stderr]     |
[INFO] [stderr] 120 | pub trait ByteReader: std::io::Read {
[INFO] [stderr]     |           ---------- method in this trait
[INFO] [stderr] ...
[INFO] [stderr] 148 |     fn read_u32(&mut self) -> Result<u32> {
[INFO] [stderr]     |        ^^^^^^^^
[INFO] [stderr] 
[INFO] [stderr] warning: `rdns_proto` (lib) generated 3 warnings
[INFO] [stderr] warning: field `0` is never read
[INFO] [stderr]  --> daemon/src/error.rs:8:13
[INFO] [stderr]   |
[INFO] [stderr] 8 |     IoError(std::io::Error),
[INFO] [stderr]   |     ------- ^^^^^^^^^^^^^^
[INFO] [stderr]   |     |
[INFO] [stderr]   |     field in this variant
[INFO] [stderr]   |
[INFO] [stderr]   = note: `RdnsError` has a derived impl for the trait `Debug`, but this is intentionally ignored during dead code analysis
[INFO] [stderr]   = note: `#[warn(dead_code)]` on by default
[INFO] [stderr] help: consider changing the field to be of unit type to suppress this warning while preserving the field numbering, or remove the field
[INFO] [stderr]   |
[INFO] [stderr] 8 |     IoError(()),
[INFO] [stderr]   |             ~~
[INFO] [stderr] 
[INFO] [stderr] warning: `rdns_daemon` (bin "rdns_daemon" test) generated 1 warning
[INFO] [stderr] warning: `rdns_proto` (lib test) generated 3 warnings (3 duplicates)
[INFO] [stderr]     Finished `test` profile [unoptimized + debuginfo] target(s) in 0.10s
[INFO] [stderr]      Running unittests src/main.rs (/opt/rustwide/target/debug/deps/rdns_daemon-d6850f8c699052a3)
[INFO] [stdout] 
[INFO] [stdout] running 3 tests
[INFO] [stdout] test server::tests::test_read_query ... ok
[INFO] [stdout] test server::tests::test_read_response ... ok
[INFO] [stdout] test server::tests::test_cache_invalidates ... ok
[INFO] [stdout] 
[INFO] [stdout] test result: ok. 3 passed; 0 failed; 0 ignored; 0 measured; 0 filtered out; finished in 1.01s
[INFO] [stdout] 
[INFO] [stderr]      Running unittests src/lib.rs (/opt/rustwide/target/debug/deps/rdns_proto-a73ea3668c1c4445)
[INFO] [stdout] 
[INFO] [stdout] running 24 tests
[INFO] [stdout] test dns::tests::test_build_query_google ... ok
[INFO] [stdout] test dns::tests::test_build_query_play_google_aaaa ... ok
[INFO] [stdout] test dns::tests::test_parse_query_github ... ok
[INFO] [stdout] test dns::tests::test_build_response_play_google_aaaa ... ok
[INFO] [stdout] test dns::tests::test_build_response_google ... ok
[INFO] [stdout] test dns::tests::test_parse_query_play_google_aaaa ... ok
[INFO] [stdout] test dns::tests::test_build_response_github ... ok
[INFO] [stdout] test dns::tests::test_build_query_github ... ok
[INFO] [stdout] test reader::tests::read_length_002 ... ok
[INFO] [stdout] test reader::tests::read_u8_002 ... ok
[INFO] [stdout] test reader::tests::read_u16_002 ... ok
[INFO] [stdout] test reader::tests::read_u16_003 ... ok
[INFO] [stdout] test reader::tests::test_to_binary ... ok
[INFO] [stdout] test reader::tests::read_u16_001 ... ok
[INFO] [stdout] test reader::tests::read_u8_001 ... ok
[INFO] [stdout] test reader::tests::read_length_001 ... ok
[INFO] [stdout] test writer::tests::test_u16 ... ok
[INFO] [stdout] test reader::tests::read_u8_003 ... ok
[INFO] [stdout] test reader::tests::read_length_003 ... ok
[INFO] [stdout] test dns::tests::test_parse_query_google ... ok
[INFO] [stdout] test writer::tests::test_u32 ... ok
[INFO] [stdout] test dns::tests::test_parse_response_github ... FAILED
[INFO] [stdout] test dns::tests::test_parse_response_google ... FAILED
[INFO] [stdout] test dns::tests::test_parse_response_play_google_aaaa ... FAILED
[INFO] [stdout] 
[INFO] [stdout] failures:
[INFO] [stdout] 
[INFO] [stdout] ---- dns::tests::test_parse_response_github stdout ----
[INFO] [stdout] [proto/src/dns.rs:99:13] protocol = Cursor {
[INFO] [stdout]     inner: [
[INFO] [stdout]         34,
[INFO] [stdout]         76,
[INFO] [stdout]         129,
[INFO] [stdout]         128,
[INFO] [stdout]         0,
[INFO] [stdout]         1,
[INFO] [stdout]         0,
[INFO] [stdout]         3,
[INFO] [stdout]         0,
[INFO] [stdout]         0,
[INFO] [stdout]         0,
[INFO] [stdout]         0,
[INFO] [stdout]         3,
[INFO] [stdout]         119,
[INFO] [stdout]         119,
[INFO] [stdout]         119,
[INFO] [stdout]         6,
[INFO] [stdout]         103,
[INFO] [stdout]         105,
[INFO] [stdout]         116,
[INFO] [stdout]         104,
[INFO] [stdout]         117,
[INFO] [stdout]         98,
[INFO] [stdout]         3,
[INFO] [stdout]         99,
[INFO] [stdout]         111,
[INFO] [stdout]         109,
[INFO] [stdout]         0,
[INFO] [stdout]         0,
[INFO] [stdout]         1,
[INFO] [stdout]         0,
[INFO] [stdout]         1,
[INFO] [stdout]         192,
[INFO] [stdout]         12,
[INFO] [stdout]         0,
[INFO] [stdout]         5,
[INFO] [stdout]         0,
[INFO] [stdout]         1,
[INFO] [stdout]         0,
[INFO] [stdout]         0,
[INFO] [stdout]         4,
[INFO] [stdout]         147,
[INFO] [stdout]         0,
[INFO] [stdout]         2,
[INFO] [stdout]         192,
[INFO] [stdout]         16,
[INFO] [stdout]         192,
[INFO] [stdout]         16,
[INFO] [stdout]         0,
[INFO] [stdout]         1,
[INFO] [stdout]         0,
[INFO] [stdout]         1,
[INFO] [stdout]         0,
[INFO] [stdout]         0,
[INFO] [stdout]         0,
[INFO] [stdout]         59,
[INFO] [stdout]         0,
[INFO] [stdout]         4,
[INFO] [stdout]         192,
[INFO] [stdout]         30,
[INFO] [stdout]         253,
[INFO] [stdout]         113,
[INFO] [stdout]         192,
[INFO] [stdout]         16,
[INFO] [stdout]         0,
[INFO] [stdout]         1,
[INFO] [stdout]         0,
[INFO] [stdout]         1,
[INFO] [stdout]         0,
[INFO] [stdout]         0,
[INFO] [stdout]         0,
[INFO] [stdout]         59,
[INFO] [stdout]         0,
[INFO] [stdout]         4,
[INFO] [stdout]         192,
[INFO] [stdout]         30,
[INFO] [stdout]         253,
[INFO] [stdout]         112,
[INFO] [stdout]     ],
[INFO] [stdout]     pos: 32,
[INFO] [stdout] }
[INFO] [stdout] thread 'dns::tests::test_parse_response_github' panicked at proto/src/qtype.rs:67:14:
[INFO] [stdout] Unknown qtype
[INFO] [stdout] stack backtrace:
[INFO] [stdout]    0:     0x62392397176a - std::backtrace_rs::backtrace::libunwind::trace::h5a5b8284f2d0c266
[INFO] [stdout]                                at /rustc/90b35a6239c3d8bdabc530a6a0816f7ff89a0aaf/library/std/src/../../backtrace/src/backtrace/libunwind.rs:116:5
[INFO] [stdout]    1:     0x62392397176a - std::backtrace_rs::backtrace::trace_unsynchronized::h76d4f1c9b0b875e3
[INFO] [stdout]                                at /rustc/90b35a6239c3d8bdabc530a6a0816f7ff89a0aaf/library/std/src/../../backtrace/src/backtrace/mod.rs:66:5
[INFO] [stdout]    2:     0x62392397176a - std::sys::backtrace::_print_fmt::hc4546b8364a537c6
[INFO] [stdout]                                at /rustc/90b35a6239c3d8bdabc530a6a0816f7ff89a0aaf/library/std/src/sys/backtrace.rs:66:9
[INFO] [stdout]    3:     0x62392397176a - <std::sys::backtrace::BacktraceLock::print::DisplayBacktrace as core::fmt::Display>::fmt::h5b6bd5631a6d1f6b
[INFO] [stdout]                                at /rustc/90b35a6239c3d8bdabc530a6a0816f7ff89a0aaf/library/std/src/sys/backtrace.rs:39:26
[INFO] [stdout]    4:     0x623923996bb3 - core::fmt::rt::Argument::fmt::h270f6602a2b96f62
[INFO] [stdout]                                at /rustc/90b35a6239c3d8bdabc530a6a0816f7ff89a0aaf/library/core/src/fmt/rt.rs:177:76
[INFO] [stdout]    5:     0x623923996bb3 - core::fmt::write::h7550c97b06c86515
[INFO] [stdout]                                at /rustc/90b35a6239c3d8bdabc530a6a0816f7ff89a0aaf/library/core/src/fmt/mod.rs:1186:21
[INFO] [stdout]    6:     0x62392396e933 - std::io::Write::write_fmt::h509ff860e5956e5e
[INFO] [stdout]                                at /rustc/90b35a6239c3d8bdabc530a6a0816f7ff89a0aaf/library/std/src/io/mod.rs:1839:15
[INFO] [stdout]    7:     0x6239239715b2 - std::sys::backtrace::BacktraceLock::print::h2395ccd2c84ba3aa
[INFO] [stdout]                                at /rustc/90b35a6239c3d8bdabc530a6a0816f7ff89a0aaf/library/std/src/sys/backtrace.rs:42:9
[INFO] [stdout]    8:     0x623923972bca - std::panicking::default_hook::{{closure}}::he19d4c7230e07961
[INFO] [stdout]                                at /rustc/90b35a6239c3d8bdabc530a6a0816f7ff89a0aaf/library/std/src/panicking.rs:268:22
[INFO] [stdout]    9:     0x6239239729d4 - std::panicking::default_hook::hf614597d3c67bbdb
[INFO] [stdout]                                at /rustc/90b35a6239c3d8bdabc530a6a0816f7ff89a0aaf/library/std/src/panicking.rs:292:9
[INFO] [stdout]   10:     0x62392393db69 - <alloc::boxed::Box<F,A> as core::ops::function::Fn<Args>>::call::h39b51ce4599c23d1
[INFO] [stdout]                                at /rustc/90b35a6239c3d8bdabc530a6a0816f7ff89a0aaf/library/alloc/src/boxed.rs:2468:9
[INFO] [stdout]   11:     0x62392393db69 - test::test_main::{{closure}}::he977ae839a582784
[INFO] [stdout]                                at /rustc/90b35a6239c3d8bdabc530a6a0816f7ff89a0aaf/library/test/src/lib.rs:133:21
[INFO] [stdout]   12:     0x623923973268 - <alloc::boxed::Box<F,A> as core::ops::function::Fn<Args>>::call::h9455091b6b06f9fb
[INFO] [stdout]                                at /rustc/90b35a6239c3d8bdabc530a6a0816f7ff89a0aaf/library/alloc/src/boxed.rs:2468:9
[INFO] [stdout]   13:     0x623923973268 - std::panicking::rust_panic_with_hook::h8942133a8b252070
[INFO] [stdout]                                at /rustc/90b35a6239c3d8bdabc530a6a0816f7ff89a0aaf/library/std/src/panicking.rs:809:13
[INFO] [stdout]   14:     0x6239238ed39a - std::panicking::begin_panic::{{closure}}::hd0933472b7fef11e
[INFO] [stdout]                                at /rustc/90b35a6239c3d8bdabc530a6a0816f7ff89a0aaf/library/std/src/panicking.rs:738:9
[INFO] [stdout]   15:     0x6239238ed2f6 - std::sys::backtrace::__rust_end_short_backtrace::hdf5875b6e417660f
[INFO] [stdout]                                at /rustc/90b35a6239c3d8bdabc530a6a0816f7ff89a0aaf/library/std/src/sys/backtrace.rs:170:18
[INFO] [stdout]   16:     0x6239238ed346 - std::panicking::begin_panic::h9dd43aaa47694218
[INFO] [stdout]                                at /rustc/90b35a6239c3d8bdabc530a6a0816f7ff89a0aaf/library/std/src/panicking.rs:737:5
[INFO] [stdout]   17:     0x6239238ef34c - rdns_proto::qtype::as_qtype::h1fd407ec94a30bdf
[INFO] [stdout]                                at /opt/rustwide/workdir/proto/src/qtype.rs:67:14
[INFO] [stdout]   18:     0x6239238fe6f2 - rdns_proto::dns::DNS::parse::h012098fa991f8781
[INFO] [stdout]                                at /opt/rustwide/workdir/proto/src/dns.rs:124:29
[INFO] [stdout]   19:     0x6239238f0fca - rdns_proto::dns::tests::test_parse_response_github::hfff20c67aed1a4b5
[INFO] [stdout]                                at /opt/rustwide/workdir/proto/src/dns.rs:407:19
[INFO] [stdout]   20:     0x6239238f0ec7 - rdns_proto::dns::tests::test_parse_response_github::{{closure}}::hdb73c37f76de3774
[INFO] [stdout]                                at /opt/rustwide/workdir/proto/src/dns.rs:404:40
[INFO] [stdout]   21:     0x6239238ed7a6 - core::ops::function::FnOnce::call_once::h0e4ad7673b0eb17b
[INFO] [stdout]                                at /rustc/90b35a6239c3d8bdabc530a6a0816f7ff89a0aaf/library/core/src/ops/function.rs:250:5
[INFO] [stdout]   22:     0x62392394252b - core::ops::function::FnOnce::call_once::h109cf8051a59b34e
[INFO] [stdout]                                at /rustc/90b35a6239c3d8bdabc530a6a0816f7ff89a0aaf/library/core/src/ops/function.rs:250:5
[INFO] [stdout]   23:     0x62392394252b - test::__rust_begin_short_backtrace::hf4fff89d377446ba
[INFO] [stdout]                                at /rustc/90b35a6239c3d8bdabc530a6a0816f7ff89a0aaf/library/test/src/lib.rs:621:18
[INFO] [stdout]   24:     0x623923941d67 - test::run_test_in_process::{{closure}}::h0e39181dd7ee5a43
[INFO] [stdout]                                at /rustc/90b35a6239c3d8bdabc530a6a0816f7ff89a0aaf/library/test/src/lib.rs:644:60
[INFO] [stdout]   25:     0x623923941d67 - <core::panic::unwind_safe::AssertUnwindSafe<F> as core::ops::function::FnOnce<()>>::call_once::hc5a66a30f0bdfd1f
[INFO] [stdout]                                at /rustc/90b35a6239c3d8bdabc530a6a0816f7ff89a0aaf/library/core/src/panic/unwind_safe.rs:272:9
[INFO] [stdout]   26:     0x623923941d67 - std::panicking::try::do_call::h873b7cf639554a5e
[INFO] [stdout]                                at /rustc/90b35a6239c3d8bdabc530a6a0816f7ff89a0aaf/library/std/src/panicking.rs:557:40
[INFO] [stdout]   27:     0x623923941d67 - std::panicking::try::hdb19862fad9c8bd1
[INFO] [stdout]                                at /rustc/90b35a6239c3d8bdabc530a6a0816f7ff89a0aaf/library/std/src/panicking.rs:520:19
[INFO] [stdout]   28:     0x623923941d67 - std::panic::catch_unwind::h281fe732d236d260
[INFO] [stdout]                                at /rustc/90b35a6239c3d8bdabc530a6a0816f7ff89a0aaf/library/std/src/panic.rs:358:14
[INFO] [stdout]   29:     0x623923941d67 - test::run_test_in_process::h949b6df8457ed338
[INFO] [stdout]                                at /rustc/90b35a6239c3d8bdabc530a6a0816f7ff89a0aaf/library/test/src/lib.rs:644:27
[INFO] [stdout]   30:     0x623923941d67 - test::run_test::{{closure}}::h52c556a6d4740e10
[INFO] [stdout]                                at /rustc/90b35a6239c3d8bdabc530a6a0816f7ff89a0aaf/library/test/src/lib.rs:565:43
[INFO] [stdout]   31:     0x623923907044 - test::run_test::{{closure}}::h4237f6381c45ccb9
[INFO] [stdout]                                at /rustc/90b35a6239c3d8bdabc530a6a0816f7ff89a0aaf/library/test/src/lib.rs:595:41
[INFO] [stdout]   32:     0x623923907044 - std::sys::backtrace::__rust_begin_short_backtrace::h505c97a579eca628
[INFO] [stdout]                                at /rustc/90b35a6239c3d8bdabc530a6a0816f7ff89a0aaf/library/std/src/sys/backtrace.rs:154:18
[INFO] [stdout]   33:     0x62392390a70e - std::thread::Builder::spawn_unchecked_::{{closure}}::{{closure}}::h9e86b2e2bc107ea3
[INFO] [stdout]                                at /rustc/90b35a6239c3d8bdabc530a6a0816f7ff89a0aaf/library/std/src/thread/mod.rs:538:17
[INFO] [stdout]   34:     0x62392390a70e - <core::panic::unwind_safe::AssertUnwindSafe<F> as core::ops::function::FnOnce<()>>::call_once::h8b06ddb275ff4a25
[INFO] [stdout]                                at /rustc/90b35a6239c3d8bdabc530a6a0816f7ff89a0aaf/library/core/src/panic/unwind_safe.rs:272:9
[INFO] [stdout]   35:     0x62392390a70e - std::panicking::try::do_call::hb26ecd7cd9a9355d
[INFO] [stdout]                                at /rustc/90b35a6239c3d8bdabc530a6a0816f7ff89a0aaf/library/std/src/panicking.rs:557:40
[INFO] [stdout]   36:     0x62392390a70e - std::panicking::try::h8ddeca9d705f9069
[INFO] [stdout]                                at /rustc/90b35a6239c3d8bdabc530a6a0816f7ff89a0aaf/library/std/src/panicking.rs:520:19
[INFO] [stdout]   37:     0x62392390a70e - std::panic::catch_unwind::h49e1c33078844c46
[INFO] [stdout]                                at /rustc/90b35a6239c3d8bdabc530a6a0816f7ff89a0aaf/library/std/src/panic.rs:358:14
[INFO] [stdout]   38:     0x62392390a70e - std::thread::Builder::spawn_unchecked_::{{closure}}::h6073db6ff56ad35d
[INFO] [stdout]                                at /rustc/90b35a6239c3d8bdabc530a6a0816f7ff89a0aaf/library/std/src/thread/mod.rs:537:30
[INFO] [stdout]   39:     0x62392390a70e - core::ops::function::FnOnce::call_once{{vtable.shim}}::h2c5a5f3779c774f1
[INFO] [stdout]                                at /rustc/90b35a6239c3d8bdabc530a6a0816f7ff89a0aaf/library/core/src/ops/function.rs:250:5
[INFO] [stdout]   40:     0x623923976fbb - <alloc::boxed::Box<F,A> as core::ops::function::FnOnce<Args>>::call_once::hf75717d9f28faebf
[INFO] [stdout]                                at /rustc/90b35a6239c3d8bdabc530a6a0816f7ff89a0aaf/library/alloc/src/boxed.rs:2454:9
[INFO] [stdout]   41:     0x623923976fbb - <alloc::boxed::Box<F,A> as core::ops::function::FnOnce<Args>>::call_once::h7bd883a5f3c5f3c1
[INFO] [stdout]                                at /rustc/90b35a6239c3d8bdabc530a6a0816f7ff89a0aaf/library/alloc/src/boxed.rs:2454:9
[INFO] [stdout]   42:     0x623923976fbb - std::sys::pal::unix::thread::Thread::new::thread_start::hcc78f3943333fa94
[INFO] [stdout]                                at /rustc/90b35a6239c3d8bdabc530a6a0816f7ff89a0aaf/library/std/src/sys/pal/unix/thread.rs:105:17
[INFO] [stdout]   43:     0x7b628ae2eac3 - <unknown>
[INFO] [stdout]   44:     0x7b628aebfa04 - clone
[INFO] [stdout]   45:                0x0 - <unknown>
[INFO] [stdout] 
[INFO] [stdout] ---- dns::tests::test_parse_response_google stdout ----
[INFO] [stdout] [proto/src/dns.rs:99:13] protocol = Cursor {
[INFO] [stdout]     inner: [
[INFO] [stdout]         52,
[INFO] [stdout]         158,
[INFO] [stdout]         129,
[INFO] [stdout]         128,
[INFO] [stdout]         0,
[INFO] [stdout]         1,
[INFO] [stdout]         0,
[INFO] [stdout]         1,
[INFO] [stdout]         0,
[INFO] [stdout]         0,
[INFO] [stdout]         0,
[INFO] [stdout]         0,
[INFO] [stdout]         3,
[INFO] [stdout]         119,
[INFO] [stdout]         119,
[INFO] [stdout]         119,
[INFO] [stdout]         6,
[INFO] [stdout]         103,
[INFO] [stdout]         111,
[INFO] [stdout]         111,
[INFO] [stdout]         103,
[INFO] [stdout]         108,
[INFO] [stdout]         101,
[INFO] [stdout]         2,
[INFO] [stdout]         100,
[INFO] [stdout]         101,
[INFO] [stdout]         0,
[INFO] [stdout]         0,
[INFO] [stdout]         1,
[INFO] [stdout]         0,
[INFO] [stdout]         1,
[INFO] [stdout]         192,
[INFO] [stdout]         12,
[INFO] [stdout]         0,
[INFO] [stdout]         1,
[INFO] [stdout]         0,
[INFO] [stdout]         1,
[INFO] [stdout]         0,
[INFO] [stdout]         0,
[INFO] [stdout]         0,
[INFO] [stdout]         238,
[INFO] [stdout]         0,
[INFO] [stdout]         4,
[INFO] [stdout]         172,
[INFO] [stdout]         217,
[INFO] [stdout]         168,
[INFO] [stdout]         195,
[INFO] [stdout]     ],
[INFO] [stdout]     pos: 31,
[INFO] [stdout] }
[INFO] [stdout] thread 'dns::tests::test_parse_response_google' panicked at proto/src/qtype.rs:67:14:
[INFO] [stdout] Unknown qtype
[INFO] [stdout] stack backtrace:
[INFO] [stdout]    0:     0x62392397176a - std::backtrace_rs::backtrace::libunwind::trace::h5a5b8284f2d0c266
[INFO] [stdout]                                at /rustc/90b35a6239c3d8bdabc530a6a0816f7ff89a0aaf/library/std/src/../../backtrace/src/backtrace/libunwind.rs:116:5
[INFO] [stdout]    1:     0x62392397176a - std::backtrace_rs::backtrace::trace_unsynchronized::h76d4f1c9b0b875e3
[INFO] [stdout]                                at /rustc/90b35a6239c3d8bdabc530a6a0816f7ff89a0aaf/library/std/src/../../backtrace/src/backtrace/mod.rs:66:5
[INFO] [stdout]    2:     0x62392397176a - std::sys::backtrace::_print_fmt::hc4546b8364a537c6
[INFO] [stdout]                                at /rustc/90b35a6239c3d8bdabc530a6a0816f7ff89a0aaf/library/std/src/sys/backtrace.rs:66:9
[INFO] [stdout]    3:     0x62392397176a - <std::sys::backtrace::BacktraceLock::print::DisplayBacktrace as core::fmt::Display>::fmt::h5b6bd5631a6d1f6b
[INFO] [stdout]                                at /rustc/90b35a6239c3d8bdabc530a6a0816f7ff89a0aaf/library/std/src/sys/backtrace.rs:39:26
[INFO] [stdout]    4:     0x623923996bb3 - core::fmt::rt::Argument::fmt::h270f6602a2b96f62
[INFO] [stdout]                                at /rustc/90b35a6239c3d8bdabc530a6a0816f7ff89a0aaf/library/core/src/fmt/rt.rs:177:76
[INFO] [stdout]    5:     0x623923996bb3 - core::fmt::write::h7550c97b06c86515
[INFO] [stdout]                                at /rustc/90b35a6239c3d8bdabc530a6a0816f7ff89a0aaf/library/core/src/fmt/mod.rs:1186:21
[INFO] [stdout]    6:     0x62392396e933 - std::io::Write::write_fmt::h509ff860e5956e5e
[INFO] [stdout]                                at /rustc/90b35a6239c3d8bdabc530a6a0816f7ff89a0aaf/library/std/src/io/mod.rs:1839:15
[INFO] [stdout]    7:     0x6239239715b2 - std::sys::backtrace::BacktraceLock::print::h2395ccd2c84ba3aa
[INFO] [stdout]                                at /rustc/90b35a6239c3d8bdabc530a6a0816f7ff89a0aaf/library/std/src/sys/backtrace.rs:42:9
[INFO] [stdout]    8:     0x623923972bca - std::panicking::default_hook::{{closure}}::he19d4c7230e07961
[INFO] [stdout]                                at /rustc/90b35a6239c3d8bdabc530a6a0816f7ff89a0aaf/library/std/src/panicking.rs:268:22
[INFO] [stdout]    9:     0x6239239729d4 - std::panicking::default_hook::hf614597d3c67bbdb
[INFO] [stdout]                                at /rustc/90b35a6239c3d8bdabc530a6a0816f7ff89a0aaf/library/std/src/panicking.rs:292:9
[INFO] [stdout]   10:     0x62392393db69 - <alloc::boxed::Box<F,A> as core::ops::function::Fn<Args>>::call::h39b51ce4599c23d1
[INFO] [stdout]                                at /rustc/90b35a6239c3d8bdabc530a6a0816f7ff89a0aaf/library/alloc/src/boxed.rs:2468:9
[INFO] [stdout]   11:     0x62392393db69 - test::test_main::{{closure}}::he977ae839a582784
[INFO] [stdout]                                at /rustc/90b35a6239c3d8bdabc530a6a0816f7ff89a0aaf/library/test/src/lib.rs:133:21
[INFO] [stdout]   12:     0x623923973268 - <alloc::boxed::Box<F,A> as core::ops::function::Fn<Args>>::call::h9455091b6b06f9fb
[INFO] [stdout]                                at /rustc/90b35a6239c3d8bdabc530a6a0816f7ff89a0aaf/library/alloc/src/boxed.rs:2468:9
[INFO] [stdout]   13:     0x623923973268 - std::panicking::rust_panic_with_hook::h8942133a8b252070
[INFO] [stdout]                                at /rustc/90b35a6239c3d8bdabc530a6a0816f7ff89a0aaf/library/std/src/panicking.rs:809:13
[INFO] [stdout]   14:     0x6239238ed39a - std::panicking::begin_panic::{{closure}}::hd0933472b7fef11e
[INFO] [stdout]                                at /rustc/90b35a6239c3d8bdabc530a6a0816f7ff89a0aaf/library/std/src/panicking.rs:738:9
[INFO] [stdout]   15:     0x6239238ed2f6 - std::sys::backtrace::__rust_end_short_backtrace::hdf5875b6e417660f
[INFO] [stdout]                                at /rustc/90b35a6239c3d8bdabc530a6a0816f7ff89a0aaf/library/std/src/sys/backtrace.rs:170:18
[INFO] [stdout]   16:     0x6239238ed346 - std::panicking::begin_panic::h9dd43aaa47694218
[INFO] [stdout]                                at /rustc/90b35a6239c3d8bdabc530a6a0816f7ff89a0aaf/library/std/src/panicking.rs:737:5
[INFO] [stdout]   17:     0x6239238ef34c - rdns_proto::qtype::as_qtype::h1fd407ec94a30bdf
[INFO] [stdout]                                at /opt/rustwide/workdir/proto/src/qtype.rs:67:14
[INFO] [stdout]   18:     0x6239238fe6f2 - rdns_proto::dns::DNS::parse::h012098fa991f8781
[INFO] [stdout]                                at /opt/rustwide/workdir/proto/src/dns.rs:124:29
[INFO] [stdout]   19:     0x6239238efb0a - rdns_proto::dns::tests::test_parse_response_google::h8814201f9d12f832
[INFO] [stdout]                                at /opt/rustwide/workdir/proto/src/dns.rs:269:19
[INFO] [stdout]   20:     0x6239238efa07 - rdns_proto::dns::tests::test_parse_response_google::{{closure}}::h3d45b6bda32cd44e
[INFO] [stdout]                                at /opt/rustwide/workdir/proto/src/dns.rs:266:40
[INFO] [stdout]   21:     0x6239238edb36 - core::ops::function::FnOnce::call_once::h7fa869b758601d1d
[INFO] [stdout]                                at /rustc/90b35a6239c3d8bdabc530a6a0816f7ff89a0aaf/library/core/src/ops/function.rs:250:5
[INFO] [stdout]   22:     0x62392394252b - core::ops::function::FnOnce::call_once::h109cf8051a59b34e
[INFO] [stdout]                                at /rustc/90b35a6239c3d8bdabc530a6a0816f7ff89a0aaf/library/core/src/ops/function.rs:250:5
[INFO] [stdout]   23:     0x62392394252b - test::__rust_begin_short_backtrace::hf4fff89d377446ba
[INFO] [stdout]                                at /rustc/90b35a6239c3d8bdabc530a6a0816f7ff89a0aaf/library/test/src/lib.rs:621:18
[INFO] [stdout]   24:     0x623923941d67 - test::run_test_in_process::{{closure}}::h0e39181dd7ee5a43
[INFO] [stdout]                                at /rustc/90b35a6239c3d8bdabc530a6a0816f7ff89a0aaf/library/test/src/lib.rs:644:60
[INFO] [stdout]   25:     0x623923941d67 - <core::panic::unwind_safe::AssertUnwindSafe<F> as core::ops::function::FnOnce<()>>::call_once::hc5a66a30f0bdfd1f
[INFO] [stdout]                                at /rustc/90b35a6239c3d8bdabc530a6a0816f7ff89a0aaf/library/core/src/panic/unwind_safe.rs:272:9
[INFO] [stdout]   26:     0x623923941d67 - std::panicking::try::do_call::h873b7cf639554a5e
[INFO] [stdout]                                at /rustc/90b35a6239c3d8bdabc530a6a0816f7ff89a0aaf/library/std/src/panicking.rs:557:40
[INFO] [stdout]   27:     0x623923941d67 - std::panicking::try::hdb19862fad9c8bd1
[INFO] [stdout]                                at /rustc/90b35a6239c3d8bdabc530a6a0816f7ff89a0aaf/library/std/src/panicking.rs:520:19
[INFO] [stdout]   28:     0x623923941d67 - std::panic::catch_unwind::h281fe732d236d260
[INFO] [stdout]                                at /rustc/90b35a6239c3d8bdabc530a6a0816f7ff89a0aaf/library/std/src/panic.rs:358:14
[INFO] [stdout]   29:     0x623923941d67 - test::run_test_in_process::h949b6df8457ed338
[INFO] [stdout]                                at /rustc/90b35a6239c3d8bdabc530a6a0816f7ff89a0aaf/library/test/src/lib.rs:644:27
[INFO] [stdout]   30:     0x623923941d67 - test::run_test::{{closure}}::h52c556a6d4740e10
[INFO] [stdout]                                at /rustc/90b35a6239c3d8bdabc530a6a0816f7ff89a0aaf/library/test/src/lib.rs:565:43
[INFO] [stdout]   31:     0x623923907044 - test::run_test::{{closure}}::h4237f6381c45ccb9
[INFO] [stdout]                                at /rustc/90b35a6239c3d8bdabc530a6a0816f7ff89a0aaf/library/test/src/lib.rs:595:41
[INFO] [stdout]   32:     0x623923907044 - std::sys::backtrace::__rust_begin_short_backtrace::h505c97a579eca628
[INFO] [stdout]                                at /rustc/90b35a6239c3d8bdabc530a6a0816f7ff89a0aaf/library/std/src/sys/backtrace.rs:154:18
[INFO] [stdout]   33:     0x62392390a70e - std::thread::Builder::spawn_unchecked_::{{closure}}::{{closure}}::h9e86b2e2bc107ea3
[INFO] [stdout]                                at /rustc/90b35a6239c3d8bdabc530a6a0816f7ff89a0aaf/library/std/src/thread/mod.rs:538:17
[INFO] [stdout]   34:     0x62392390a70e - <core::panic::unwind_safe::AssertUnwindSafe<F> as core::ops::function::FnOnce<()>>::call_once::h8b06ddb275ff4a25
[INFO] [stdout]                                at /rustc/90b35a6239c3d8bdabc530a6a0816f7ff89a0aaf/library/core/src/panic/unwind_safe.rs:272:9
[INFO] [stdout]   35:     0x62392390a70e - std::panicking::try::do_call::hb26ecd7cd9a9355d
[INFO] [stdout]                                at /rustc/90b35a6239c3d8bdabc530a6a0816f7ff89a0aaf/library/std/src/panicking.rs:557:40
[INFO] [stdout]   36:     0x62392390a70e - std::panicking::try::h8ddeca9d705f9069
[INFO] [stdout]                                at /rustc/90b35a6239c3d8bdabc530a6a0816f7ff89a0aaf/library/std/src/panicking.rs:520:19
[INFO] [stdout]   37:     0x62392390a70e - std::panic::catch_unwind::h49e1c33078844c46
[INFO] [stdout]                                at /rustc/90b35a6239c3d8bdabc530a6a0816f7ff89a0aaf/library/std/src/panic.rs:358:14
[INFO] [stdout]   38:     0x62392390a70e - std::thread::Builder::spawn_unchecked_::{{closure}}::h6073db6ff56ad35d
[INFO] [stdout]                                at /rustc/90b35a6239c3d8bdabc530a6a0816f7ff89a0aaf/library/std/src/thread/mod.rs:537:30
[INFO] [stdout]   39:     0x62392390a70e - core::ops::function::FnOnce::call_once{{vtable.shim}}::h2c5a5f3779c774f1
[INFO] [stdout]                                at /rustc/90b35a6239c3d8bdabc530a6a0816f7ff89a0aaf/library/core/src/ops/function.rs:250:5
[INFO] [stdout]   40:     0x623923976fbb - <alloc::boxed::Box<F,A> as core::ops::function::FnOnce<Args>>::call_once::hf75717d9f28faebf
[INFO] [stdout]                                at /rustc/90b35a6239c3d8bdabc530a6a0816f7ff89a0aaf/library/alloc/src/boxed.rs:2454:9
[INFO] [stdout]   41:     0x623923976fbb - <alloc::boxed::Box<F,A> as core::ops::function::FnOnce<Args>>::call_once::h7bd883a5f3c5f3c1
[INFO] [stdout]                                at /rustc/90b35a6239c3d8bdabc530a6a0816f7ff89a0aaf/library/alloc/src/boxed.rs:2454:9
[INFO] [stdout]   42:     0x623923976fbb - std::sys::pal::unix::thread::Thread::new::thread_start::hcc78f3943333fa94
[INFO] [stdout]                                at /rustc/90b35a6239c3d8bdabc530a6a0816f7ff89a0aaf/library/std/src/sys/pal/unix/thread.rs:105:17
[INFO] [stdout]   43:     0x7b628ae2eac3 - <unknown>
[INFO] [stdout]   44:     0x7b628aebfa04 - clone
[INFO] [stdout]   45:                0x0 - <unknown>
[INFO] [stdout] 
[INFO] [stdout] ---- dns::tests::test_parse_response_play_google_aaaa stdout ----
[INFO] [stdout] [proto/src/dns.rs:99:13] protocol = Cursor {
[INFO] [stdout]     inner: [
[INFO] [stdout]         138,
[INFO] [stdout]         240,
[INFO] [stdout]         129,
[INFO] [stdout]         128,
[INFO] [stdout]         0,
[INFO] [stdout]         1,
[INFO] [stdout]         0,
[INFO] [stdout]         1,
[INFO] [stdout]         0,
[INFO] [stdout]         0,
[INFO] [stdout]         0,
[INFO] [stdout]         0,
[INFO] [stdout]         4,
[INFO] [stdout]         112,
[INFO] [stdout]         108,
[INFO] [stdout]         97,
[INFO] [stdout]         121,
[INFO] [stdout]         6,
[INFO] [stdout]         103,
[INFO] [stdout]         111,
[INFO] [stdout]         111,
[INFO] [stdout]         103,
[INFO] [stdout]         108,
[INFO] [stdout]         101,
[INFO] [stdout]         3,
[INFO] [stdout]         99,
[INFO] [stdout]         111,
[INFO] [stdout]         109,
[INFO] [stdout]         0,
[INFO] [stdout]         0,
[INFO] [stdout]         28,
[INFO] [stdout]         0,
[INFO] [stdout]         1,
[INFO] [stdout]         192,
[INFO] [stdout]         12,
[INFO] [stdout]         0,
[INFO] [stdout]         28,
[INFO] [stdout]         0,
[INFO] [stdout]         1,
[INFO] [stdout]         0,
[INFO] [stdout]         0,
[INFO] [stdout]         0,
[INFO] [stdout]         108,
[INFO] [stdout]         0,
[INFO] [stdout]         16,
[INFO] [stdout]         42,
[INFO] [stdout]         0,
[INFO] [stdout]         20,
[INFO] [stdout]         80,
[INFO] [stdout]         64,
[INFO] [stdout]         1,
[INFO] [stdout]         8,
[INFO] [stdout]         21,
[INFO] [stdout]         0,
[INFO] [stdout]         0,
[INFO] [stdout]         0,
[INFO] [stdout]         0,
[INFO] [stdout]         0,
[INFO] [stdout]         0,
[INFO] [stdout]         32,
[INFO] [stdout]         14,
[INFO] [stdout]     ],
[INFO] [stdout]     pos: 33,
[INFO] [stdout] }
[INFO] [stdout] thread 'dns::tests::test_parse_response_play_google_aaaa' panicked at proto/src/qtype.rs:67:14:
[INFO] [stdout] Unknown qtype
[INFO] [stdout] stack backtrace:
[INFO] [stdout]    0:     0x62392397176a - std::backtrace_rs::backtrace::libunwind::trace::h5a5b8284f2d0c266
[INFO] [stdout]                                at /rustc/90b35a6239c3d8bdabc530a6a0816f7ff89a0aaf/library/std/src/../../backtrace/src/backtrace/libunwind.rs:116:5
[INFO] [stdout]    1:     0x62392397176a - std::backtrace_rs::backtrace::trace_unsynchronized::h76d4f1c9b0b875e3
[INFO] [stdout]                                at /rustc/90b35a6239c3d8bdabc530a6a0816f7ff89a0aaf/library/std/src/../../backtrace/src/backtrace/mod.rs:66:5
[INFO] [stdout]    2:     0x62392397176a - std::sys::backtrace::_print_fmt::hc4546b8364a537c6
[INFO] [stdout]                                at /rustc/90b35a6239c3d8bdabc530a6a0816f7ff89a0aaf/library/std/src/sys/backtrace.rs:66:9
[INFO] [stdout]    3:     0x62392397176a - <std::sys::backtrace::BacktraceLock::print::DisplayBacktrace as core::fmt::Display>::fmt::h5b6bd5631a6d1f6b
[INFO] [stdout]                                at /rustc/90b35a6239c3d8bdabc530a6a0816f7ff89a0aaf/library/std/src/sys/backtrace.rs:39:26
[INFO] [stdout]    4:     0x623923996bb3 - core::fmt::rt::Argument::fmt::h270f6602a2b96f62
[INFO] [stdout]                                at /rustc/90b35a6239c3d8bdabc530a6a0816f7ff89a0aaf/library/core/src/fmt/rt.rs:177:76
[INFO] [stdout]    5:     0x623923996bb3 - core::fmt::write::h7550c97b06c86515
[INFO] [stdout]                                at /rustc/90b35a6239c3d8bdabc530a6a0816f7ff89a0aaf/library/core/src/fmt/mod.rs:1186:21
[INFO] [stdout]    6:     0x62392396e933 - std::io::Write::write_fmt::h509ff860e5956e5e
[INFO] [stdout]                                at /rustc/90b35a6239c3d8bdabc530a6a0816f7ff89a0aaf/library/std/src/io/mod.rs:1839:15
[INFO] [stdout]    7:     0x6239239715b2 - std::sys::backtrace::BacktraceLock::print::h2395ccd2c84ba3aa
[INFO] [stdout]                                at /rustc/90b35a6239c3d8bdabc530a6a0816f7ff89a0aaf/library/std/src/sys/backtrace.rs:42:9
[INFO] [stdout]    8:     0x623923972bca - std::panicking::default_hook::{{closure}}::he19d4c7230e07961
[INFO] [stdout]                                at /rustc/90b35a6239c3d8bdabc530a6a0816f7ff89a0aaf/library/std/src/panicking.rs:268:22
[INFO] [stdout]    9:     0x6239239729d4 - std::panicking::default_hook::hf614597d3c67bbdb
[INFO] [stdout]                                at /rustc/90b35a6239c3d8bdabc530a6a0816f7ff89a0aaf/library/std/src/panicking.rs:292:9
[INFO] [stdout]   10:     0x62392393db69 - <alloc::boxed::Box<F,A> as core::ops::function::Fn<Args>>::call::h39b51ce4599c23d1
[INFO] [stdout]                                at /rustc/90b35a6239c3d8bdabc530a6a0816f7ff89a0aaf/library/alloc/src/boxed.rs:2468:9
[INFO] [stdout]   11:     0x62392393db69 - test::test_main::{{closure}}::he977ae839a582784
[INFO] [stdout]                                at /rustc/90b35a6239c3d8bdabc530a6a0816f7ff89a0aaf/library/test/src/lib.rs:133:21
[INFO] [stdout]   12:     0x623923973268 - <alloc::boxed::Box<F,A> as core::ops::function::Fn<Args>>::call::h9455091b6b06f9fb
[INFO] [stdout]                                at /rustc/90b35a6239c3d8bdabc530a6a0816f7ff89a0aaf/library/alloc/src/boxed.rs:2468:9
[INFO] [stdout]   13:     0x623923973268 - std::panicking::rust_panic_with_hook::h8942133a8b252070
[INFO] [stdout]                                at /rustc/90b35a6239c3d8bdabc530a6a0816f7ff89a0aaf/library/std/src/panicking.rs:809:13
[INFO] [stdout]   14:     0x6239238ed39a - std::panicking::begin_panic::{{closure}}::hd0933472b7fef11e
[INFO] [stdout]                                at /rustc/90b35a6239c3d8bdabc530a6a0816f7ff89a0aaf/library/std/src/panicking.rs:738:9
[INFO] [stdout]   15:     0x6239238ed2f6 - std::sys::backtrace::__rust_end_short_backtrace::hdf5875b6e417660f
[INFO] [stdout]                                at /rustc/90b35a6239c3d8bdabc530a6a0816f7ff89a0aaf/library/std/src/sys/backtrace.rs:170:18
[INFO] [stdout]   16:     0x6239238ed346 - std::panicking::begin_panic::h9dd43aaa47694218
[INFO] [stdout]                                at /rustc/90b35a6239c3d8bdabc530a6a0816f7ff89a0aaf/library/std/src/panicking.rs:737:5
[INFO] [stdout]   17:     0x6239238ef34c - rdns_proto::qtype::as_qtype::h1fd407ec94a30bdf
[INFO] [stdout]                                at /opt/rustwide/workdir/proto/src/qtype.rs:67:14
[INFO] [stdout]   18:     0x6239238fe6f2 - rdns_proto::dns::DNS::parse::h012098fa991f8781
[INFO] [stdout]                                at /opt/rustwide/workdir/proto/src/dns.rs:124:29
[INFO] [stdout]   19:     0x6239238f299a - rdns_proto::dns::tests::test_parse_response_play_google_aaaa::ha43ef0882c233617
[INFO] [stdout]                                at /opt/rustwide/workdir/proto/src/dns.rs:581:19
[INFO] [stdout]   20:     0x6239238f2897 - rdns_proto::dns::tests::test_parse_response_play_google_aaaa::{{closure}}::h07bf8e83c6c3303a
[INFO] [stdout]                                at /opt/rustwide/workdir/proto/src/dns.rs:578:50
[INFO] [stdout]   21:     0x6239238edc66 - core::ops::function::FnOnce::call_once::ha3836d7da3abfeaf
[INFO] [stdout]                                at /rustc/90b35a6239c3d8bdabc530a6a0816f7ff89a0aaf/library/core/src/ops/function.rs:250:5
[INFO] [stdout]   22:     0x62392394252b - core::ops::function::FnOnce::call_once::h109cf8051a59b34e
[INFO] [stdout]                                at /rustc/90b35a6239c3d8bdabc530a6a0816f7ff89a0aaf/library/core/src/ops/function.rs:250:5
[INFO] [stdout]   23:     0x62392394252b - test::__rust_begin_short_backtrace::hf4fff89d377446ba
[INFO] [stdout]                                at /rustc/90b35a6239c3d8bdabc530a6a0816f7ff89a0aaf/library/test/src/lib.rs:621:18
[INFO] [stdout]   24:     0x623923941d67 - test::run_test_in_process::{{closure}}::h0e39181dd7ee5a43
[INFO] [stdout]                                at /rustc/90b35a6239c3d8bdabc530a6a0816f7ff89a0aaf/library/test/src/lib.rs:644:60
[INFO] [stdout]   25:     0x623923941d67 - <core::panic::unwind_safe::AssertUnwindSafe<F> as core::ops::function::FnOnce<()>>::call_once::hc5a66a30f0bdfd1f
[INFO] [stdout]                                at /rustc/90b35a6239c3d8bdabc530a6a0816f7ff89a0aaf/library/core/src/panic/unwind_safe.rs:272:9
[INFO] [stdout]   26:     0x623923941d67 - std::panicking::try::do_call::h873b7cf639554a5e
[INFO] [stdout]                                at /rustc/90b35a6239c3d8bdabc530a6a0816f7ff89a0aaf/library/std/src/panicking.rs:557:40
[INFO] [stdout]   27:     0x623923941d67 - std::panicking::try::hdb19862fad9c8bd1
[INFO] [stdout]                                at /rustc/90b35a6239c3d8bdabc530a6a0816f7ff89a0aaf/library/std/src/panicking.rs:520:19
[INFO] [stdout]   28:     0x623923941d67 - std::panic::catch_unwind::h281fe732d236d260
[INFO] [stdout]                                at /rustc/90b35a6239c3d8bdabc530a6a0816f7ff89a0aaf/library/std/src/panic.rs:358:14
[INFO] [stdout]   29:     0x623923941d67 - test::run_test_in_process::h949b6df8457ed338
[INFO] [stdout]                                at /rustc/90b35a6239c3d8bdabc530a6a0816f7ff89a0aaf/library/test/src/lib.rs:644:27
[INFO] [stdout]   30:     0x623923941d67 - test::run_test::{{closure}}::h52c556a6d4740e10
[INFO] [stdout]                                at /rustc/90b35a6239c3d8bdabc530a6a0816f7ff89a0aaf/library/test/src/lib.rs:565:43
[INFO] [stdout]   31:     0x623923907044 - test::run_test::{{closure}}::h4237f6381c45ccb9
[INFO] [stdout]                                at /rustc/90b35a6239c3d8bdabc530a6a0816f7ff89a0aaf/library/test/src/lib.rs:595:41
[INFO] [stdout]   32:     0x623923907044 - std::sys::backtrace::__rust_begin_short_backtrace::h505c97a579eca628
[INFO] [stdout]                                at /rustc/90b35a6239c3d8bdabc530a6a0816f7ff89a0aaf/library/std/src/sys/backtrace.rs:154:18
[INFO] [stdout]   33:     0x62392390a70e - std::thread::Builder::spawn_unchecked_::{{closure}}::{{closure}}::h9e86b2e2bc107ea3
[INFO] [stdout]                                at /rustc/90b35a6239c3d8bdabc530a6a0816f7ff89a0aaf/library/std/src/thread/mod.rs:538:17
[INFO] [stdout]   34:     0x62392390a70e - <core::panic::unwind_safe::AssertUnwindSafe<F> as core::ops::function::FnOnce<()>>::call_once::h8b06ddb275ff4a25
[INFO] [stdout]                                at /rustc/90b35a6239c3d8bdabc530a6a0816f7ff89a0aaf/library/core/src/panic/unwind_safe.rs:272:9
[INFO] [stdout]   35:     0x62392390a70e - std::panicking::try::do_call::hb26ecd7cd9a9355d
[INFO] [stdout]                                at /rustc/90b35a6239c3d8bdabc530a6a0816f7ff89a0aaf/library/std/src/panicking.rs:557:40
[INFO] [stdout]   36:     0x62392390a70e - std::panicking::try::h8ddeca9d705f9069
[INFO] [stdout]                                at /rustc/90b35a6239c3d8bdabc530a6a0816f7ff89a0aaf/library/std/src/panicking.rs:520:19
[INFO] [stdout]   37:     0x62392390a70e - std::panic::catch_unwind::h49e1c33078844c46
[INFO] [stdout]                                at /rustc/90b35a6239c3d8bdabc530a6a0816f7ff89a0aaf/library/std/src/panic.rs:358:14
[INFO] [stdout]   38:     0x62392390a70e - std::thread::Builder::spawn_unchecked_::{{closure}}::h6073db6ff56ad35d
[INFO] [stdout]                                at /rustc/90b35a6239c3d8bdabc530a6a0816f7ff89a0aaf/library/std/src/thread/mod.rs:537:30
[INFO] [stdout]   39:     0x62392390a70e - core::ops::function::FnOnce::call_once{{vtable.shim}}::h2c5a5f3779c774f1
[INFO] [stdout]                                at /rustc/90b35a6239c3d8bdabc530a6a0816f7ff89a0aaf/library/core/src/ops/function.rs:250:5
[INFO] [stdout]   40:     0x623923976fbb - <alloc::boxed::Box<F,A> as core::ops::function::FnOnce<Args>>::call_once::hf75717d9f28faebf
[INFO] [stdout]                                at /rustc/90b35a6239c3d8bdabc530a6a0816f7ff89a0aaf/library/alloc/src/boxed.rs:2454:9
[INFO] [stdout]   41:     0x623923976fbb - <alloc::boxed::Box<F,A> as core::ops::function::FnOnce<Args>>::call_once::h7bd883a5f3c5f3c1
[INFO] [stdout]                                at /rustc/90b35a6239c3d8bdabc530a6a0816f7ff89a0aaf/library/alloc/src/boxed.rs:2454:9
[INFO] [stdout]   42:     0x623923976fbb - std::sys::pal::unix::thread::Thread::new::thread_start::hcc78f3943333fa94
[INFO] [stdout]                                at /rustc/90b35a6239c3d8bdabc530a6a0816f7ff89a0aaf/library/std/src/sys/pal/unix/thread.rs:105:17
[INFO] [stdout]   43:     0x7b628ae2eac3 - <unknown>
[INFO] [stdout]   44:     0x7b628aebfa04 - clone
[INFO] [stdout]   45:                0x0 - <unknown>
[INFO] [stdout] 
[INFO] [stdout] 
[INFO] [stdout] failures:
[INFO] [stdout]     dns::tests::test_parse_response_github
[INFO] [stdout]     dns::tests::test_parse_response_google
[INFO] [stdout]     dns::tests::test_parse_response_play_google_aaaa
[INFO] [stdout] 
[INFO] [stdout] test result: FAILED. 21 passed; 3 failed; 0 ignored; 0 measured; 0 filtered out; finished in 0.05s
[INFO] [stdout] 
[INFO] [stderr] error: test failed, to rerun pass `-p rdns_proto --lib`
[INFO] running `Command { std: "docker" "inspect" "8785b2f3827b997222608b88a45c1e8a14ad652fd4b1a1c56b079eabc122ef66", kill_on_drop: false }`
[INFO] running `Command { std: "docker" "rm" "-f" "8785b2f3827b997222608b88a45c1e8a14ad652fd4b1a1c56b079eabc122ef66", kill_on_drop: false }`
[INFO] [stdout] 8785b2f3827b997222608b88a45c1e8a14ad652fd4b1a1c56b079eabc122ef66
