[INFO] cloning repository https://github.com/lgvacanti/adventofcode2023
[INFO] running `Command { std: "git" "-c" "credential.helper=" "-c" "credential.helper=/workspace/cargo-home/bin/git-credential-null" "clone" "--bare" "https://github.com/lgvacanti/adventofcode2023" "/workspace/cache/git-repos/https%3A%2F%2Fgithub.com%2Flgvacanti%2Fadventofcode2023", kill_on_drop: false }`
[INFO] [stderr] Cloning into bare repository '/workspace/cache/git-repos/https%3A%2F%2Fgithub.com%2Flgvacanti%2Fadventofcode2023'...
[INFO] running `Command { std: "git" "rev-parse" "HEAD", kill_on_drop: false }`
[INFO] [stdout] ee28af424d0f267bbdf4f362ae2c922768c7f4d0
[INFO] testing lgvacanti/adventofcode2023 against 1.83.0 for beta-1.84.0-4-retry
[INFO] running `Command { std: "git" "clone" "/workspace/cache/git-repos/https%3A%2F%2Fgithub.com%2Flgvacanti%2Fadventofcode2023" "/workspace/builds/worker-6-tc1/source", kill_on_drop: false }`
[INFO] [stderr] Cloning into '/workspace/builds/worker-6-tc1/source'...
[INFO] [stderr] done.
[INFO] validating manifest of git repo https://github.com/lgvacanti/adventofcode2023 on toolchain 1.83.0
[INFO] running `Command { std: CARGO_HOME="/workspace/cargo-home" RUSTUP_HOME="/workspace/rustup-home" "/workspace/cargo-home/bin/cargo" "+1.83.0" "metadata" "--manifest-path" "Cargo.toml" "--no-deps", kill_on_drop: false }`
[INFO] started tweaking git repo https://github.com/lgvacanti/adventofcode2023
[INFO] finished tweaking git repo https://github.com/lgvacanti/adventofcode2023
[INFO] tweaked toml for git repo https://github.com/lgvacanti/adventofcode2023 written to /workspace/builds/worker-6-tc1/source/Cargo.toml
[INFO] crate git repo https://github.com/lgvacanti/adventofcode2023 already has a lockfile, it will not be regenerated
[INFO] running `Command { std: CARGO_HOME="/workspace/cargo-home" RUSTUP_HOME="/workspace/rustup-home" "/workspace/cargo-home/bin/cargo" "+1.83.0" "fetch" "--manifest-path" "Cargo.toml", kill_on_drop: false }`
[INFO] [stderr] warning: virtual workspace defaulting to `resolver = "1"` despite one or more workspace members being on edition 2021 which implies `resolver = "2"`
[INFO] [stderr] note: to keep the current resolver, specify `workspace.resolver = "1"` in the workspace root's manifest
[INFO] [stderr] note: to use the edition 2021 resolver, specify `workspace.resolver = "2"` in the workspace root's manifest
[INFO] [stderr] note: for more details see https://doc.rust-lang.org/cargo/reference/resolver.html#resolver-versions
[INFO] running `Command { std: "docker" "create" "-v" "/var/lib/crater-agent-workspace/builds/worker-6-tc1/target:/opt/rustwide/target:rw,Z" "-v" "/var/lib/crater-agent-workspace/builds/worker-6-tc1/source:/opt/rustwide/workdir:ro,Z" "-v" "/var/lib/crater-agent-workspace/cargo-home:/opt/rustwide/cargo-home:ro,Z" "-v" "/var/lib/crater-agent-workspace/rustup-home:/opt/rustwide/rustup-home:ro,Z" "-e" "SOURCE_DIR=/opt/rustwide/workdir" "-e" "CARGO_TARGET_DIR=/opt/rustwide/target" "-e" "CARGO_HOME=/opt/rustwide/cargo-home" "-e" "RUSTUP_HOME=/opt/rustwide/rustup-home" "-w" "/opt/rustwide/workdir" "-m" "1610612736" "--user" "0:0" "--network" "none" "ghcr.io/rust-lang/crates-build-env/linux@sha256:f3a9d4ad9d972b27faf3965f35b62e55ba32bbce8f20bc8fe909558a86702fde" "/opt/rustwide/cargo-home/bin/cargo" "+1.83.0" "metadata" "--no-deps" "--format-version=1", kill_on_drop: false }`
[INFO] [stdout] eeb37a67fe835d9dde734fdba91bf16a5780c04b914f2f2d090c39db6c242a79
[INFO] running `Command { std: "docker" "start" "-a" "eeb37a67fe835d9dde734fdba91bf16a5780c04b914f2f2d090c39db6c242a79", kill_on_drop: false }`
[INFO] running `Command { std: "docker" "inspect" "eeb37a67fe835d9dde734fdba91bf16a5780c04b914f2f2d090c39db6c242a79", kill_on_drop: false }`
[INFO] running `Command { std: "docker" "rm" "-f" "eeb37a67fe835d9dde734fdba91bf16a5780c04b914f2f2d090c39db6c242a79", kill_on_drop: false }`
[INFO] [stdout] eeb37a67fe835d9dde734fdba91bf16a5780c04b914f2f2d090c39db6c242a79
[INFO] running `Command { std: "docker" "create" "-v" "/var/lib/crater-agent-workspace/builds/worker-6-tc1/target:/opt/rustwide/target:rw,Z" "-v" "/var/lib/crater-agent-workspace/builds/worker-6-tc1/source:/opt/rustwide/workdir:ro,Z" "-v" "/var/lib/crater-agent-workspace/cargo-home:/opt/rustwide/cargo-home:ro,Z" "-v" "/var/lib/crater-agent-workspace/rustup-home:/opt/rustwide/rustup-home:ro,Z" "-e" "SOURCE_DIR=/opt/rustwide/workdir" "-e" "CARGO_TARGET_DIR=/opt/rustwide/target" "-e" "CARGO_INCREMENTAL=0" "-e" "RUST_BACKTRACE=full" "-e" "RUSTFLAGS=--cap-lints=warn" "-e" "RUSTDOCFLAGS=--cap-lints=warn" "-e" "CARGO_HOME=/opt/rustwide/cargo-home" "-e" "RUSTUP_HOME=/opt/rustwide/rustup-home" "-w" "/opt/rustwide/workdir" "-m" "1610612736" "--user" "0:0" "--network" "none" "ghcr.io/rust-lang/crates-build-env/linux@sha256:f3a9d4ad9d972b27faf3965f35b62e55ba32bbce8f20bc8fe909558a86702fde" "/opt/rustwide/cargo-home/bin/cargo" "+1.83.0" "build" "--frozen" "--message-format=json", kill_on_drop: false }`
[INFO] [stdout] 1ba22f461e52cd28fc693ab9702ed9a8027a331385f11eece5575f7173448167
[INFO] running `Command { std: "docker" "start" "-a" "1ba22f461e52cd28fc693ab9702ed9a8027a331385f11eece5575f7173448167", kill_on_drop: false }`
[INFO] [stderr] warning: virtual workspace defaulting to `resolver = "1"` despite one or more workspace members being on edition 2021 which implies `resolver = "2"`
[INFO] [stderr] note: to keep the current resolver, specify `workspace.resolver = "1"` in the workspace root's manifest
[INFO] [stderr] note: to use the edition 2021 resolver, specify `workspace.resolver = "2"` in the workspace root's manifest
[INFO] [stderr] note: for more details see https://doc.rust-lang.org/cargo/reference/resolver.html#resolver-versions
[INFO] [stderr] warning: output filename collision.
[INFO] [stderr] The bin target `part1` in package `day01 v0.1.0 (/opt/rustwide/workdir/day01)` has the same output filename as the bin target `part1` in package `day00 v0.1.0 (/opt/rustwide/workdir/day00)`.
[INFO] [stderr] Colliding filename is: /opt/rustwide/target/debug/part1
[INFO] [stderr] The targets should have unique names.
[INFO] [stderr] Consider changing their names to be unique or compiling them separately.
[INFO] [stderr] This may become a hard error in the future; see <https://github.com/rust-lang/cargo/issues/6313>.
[INFO] [stderr] warning: output filename collision.
[INFO] [stderr] The bin target `part1` in package `day01 v0.1.0 (/opt/rustwide/workdir/day01)` has the same output filename as the bin target `part1` in package `day00 v0.1.0 (/opt/rustwide/workdir/day00)`.
[INFO] [stderr] Colliding filename is: /opt/rustwide/target/debug/part1.dwp
[INFO] [stderr] The targets should have unique names.
[INFO] [stderr] Consider changing their names to be unique or compiling them separately.
[INFO] [stderr] This may become a hard error in the future; see <https://github.com/rust-lang/cargo/issues/6313>.
[INFO] [stderr] warning: output filename collision.
[INFO] [stderr] The bin target `part2` in package `day01 v0.1.0 (/opt/rustwide/workdir/day01)` has the same output filename as the bin target `part2` in package `day00 v0.1.0 (/opt/rustwide/workdir/day00)`.
[INFO] [stderr] Colliding filename is: /opt/rustwide/target/debug/part2
[INFO] [stderr] The targets should have unique names.
[INFO] [stderr] Consider changing their names to be unique or compiling them separately.
[INFO] [stderr] This may become a hard error in the future; see <https://github.com/rust-lang/cargo/issues/6313>.
[INFO] [stderr] warning: output filename collision.
[INFO] [stderr] The bin target `part2` in package `day01 v0.1.0 (/opt/rustwide/workdir/day01)` has the same output filename as the bin target `part2` in package `day00 v0.1.0 (/opt/rustwide/workdir/day00)`.
[INFO] [stderr] Colliding filename is: /opt/rustwide/target/debug/part2.dwp
[INFO] [stderr] The targets should have unique names.
[INFO] [stderr] Consider changing their names to be unique or compiling them separately.
[INFO] [stderr] This may become a hard error in the future; see <https://github.com/rust-lang/cargo/issues/6313>.
[INFO] [stderr] warning: output filename collision.
[INFO] [stderr] The bin target `part1` in package `day02 v0.1.0 (/opt/rustwide/workdir/day02)` has the same output filename as the bin target `part1` in package `day01 v0.1.0 (/opt/rustwide/workdir/day01)`.
[INFO] [stderr] Colliding filename is: /opt/rustwide/target/debug/part1
[INFO] [stderr] The targets should have unique names.
[INFO] [stderr] Consider changing their names to be unique or compiling them separately.
[INFO] [stderr] This may become a hard error in the future; see <https://github.com/rust-lang/cargo/issues/6313>.
[INFO] [stderr] warning: output filename collision.
[INFO] [stderr] The bin target `part1` in package `day02 v0.1.0 (/opt/rustwide/workdir/day02)` has the same output filename as the bin target `part1` in package `day01 v0.1.0 (/opt/rustwide/workdir/day01)`.
[INFO] [stderr] Colliding filename is: /opt/rustwide/target/debug/part1.dwp
[INFO] [stderr] The targets should have unique names.
[INFO] [stderr] Consider changing their names to be unique or compiling them separately.
[INFO] [stderr] This may become a hard error in the future; see <https://github.com/rust-lang/cargo/issues/6313>.
[INFO] [stderr] warning: output filename collision.
[INFO] [stderr] The bin target `part2` in package `day02 v0.1.0 (/opt/rustwide/workdir/day02)` has the same output filename as the bin target `part2` in package `day01 v0.1.0 (/opt/rustwide/workdir/day01)`.
[INFO] [stderr] Colliding filename is: /opt/rustwide/target/debug/part2
[INFO] [stderr] The targets should have unique names.
[INFO] [stderr] Consider changing their names to be unique or compiling them separately.
[INFO] [stderr] This may become a hard error in the future; see <https://github.com/rust-lang/cargo/issues/6313>.
[INFO] [stderr] warning: output filename collision.
[INFO] [stderr] The bin target `part2` in package `day02 v0.1.0 (/opt/rustwide/workdir/day02)` has the same output filename as the bin target `part2` in package `day01 v0.1.0 (/opt/rustwide/workdir/day01)`.
[INFO] [stderr] Colliding filename is: /opt/rustwide/target/debug/part2.dwp
[INFO] [stderr] The targets should have unique names.
[INFO] [stderr] Consider changing their names to be unique or compiling them separately.
[INFO] [stderr] This may become a hard error in the future; see <https://github.com/rust-lang/cargo/issues/6313>.
[INFO] [stderr] warning: output filename collision.
[INFO] [stderr] The bin target `part1` in package `day03 v0.1.0 (/opt/rustwide/workdir/day03)` has the same output filename as the bin target `part1` in package `day02 v0.1.0 (/opt/rustwide/workdir/day02)`.
[INFO] [stderr] Colliding filename is: /opt/rustwide/target/debug/part1
[INFO] [stderr] The targets should have unique names.
[INFO] [stderr] Consider changing their names to be unique or compiling them separately.
[INFO] [stderr] This may become a hard error in the future; see <https://github.com/rust-lang/cargo/issues/6313>.
[INFO] [stderr] warning: output filename collision.
[INFO] [stderr] The bin target `part1` in package `day03 v0.1.0 (/opt/rustwide/workdir/day03)` has the same output filename as the bin target `part1` in package `day02 v0.1.0 (/opt/rustwide/workdir/day02)`.
[INFO] [stderr] Colliding filename is: /opt/rustwide/target/debug/part1.dwp
[INFO] [stderr] The targets should have unique names.
[INFO] [stderr] Consider changing their names to be unique or compiling them separately.
[INFO] [stderr] This may become a hard error in the future; see <https://github.com/rust-lang/cargo/issues/6313>.
[INFO] [stderr] warning: output filename collision.
[INFO] [stderr] The bin target `part2` in package `day03 v0.1.0 (/opt/rustwide/workdir/day03)` has the same output filename as the bin target `part2` in package `day02 v0.1.0 (/opt/rustwide/workdir/day02)`.
[INFO] [stderr] Colliding filename is: /opt/rustwide/target/debug/part2
[INFO] [stderr] The targets should have unique names.
[INFO] [stderr] Consider changing their names to be unique or compiling them separately.
[INFO] [stderr] This may become a hard error in the future; see <https://github.com/rust-lang/cargo/issues/6313>.
[INFO] [stderr] warning: output filename collision.
[INFO] [stderr] The bin target `part2` in package `day03 v0.1.0 (/opt/rustwide/workdir/day03)` has the same output filename as the bin target `part2` in package `day02 v0.1.0 (/opt/rustwide/workdir/day02)`.
[INFO] [stderr] Colliding filename is: /opt/rustwide/target/debug/part2.dwp
[INFO] [stderr] The targets should have unique names.
[INFO] [stderr] Consider changing their names to be unique or compiling them separately.
[INFO] [stderr] This may become a hard error in the future; see <https://github.com/rust-lang/cargo/issues/6313>.
[INFO] [stderr]    Compiling memchr v2.6.4
[INFO] [stderr]    Compiling minimal-lexical v0.2.1
[INFO] [stderr]    Compiling day01 v0.1.0 (/opt/rustwide/workdir/day01)
[INFO] [stderr]    Compiling day00 v0.1.0 (/opt/rustwide/workdir/day00)
[INFO] [stderr]    Compiling day03 v0.1.0 (/opt/rustwide/workdir/day03)
[INFO] [stdout] warning: unused variable: `input`
[INFO] [stdout]  --> day00/src/bin/part1.rs:7:10
[INFO] [stdout]   |
[INFO] [stdout] 7 | fn part1(input: &str) -> u32 {
[INFO] [stdout]   |          ^^^^^ help: if this is intentional, prefix it with an underscore: `_input`
[INFO] [stdout]   |
[INFO] [stdout]   = note: `#[warn(unused_variables)]` on by default
[INFO] [stdout] 
[INFO] [stdout] 
[INFO] [stdout] warning: unused variable: `input`
[INFO] [stdout]  --> day00/src/bin/part2.rs:7:10
[INFO] [stdout]   |
[INFO] [stdout] 7 | fn part2(input: &str) -> u32 {
[INFO] [stdout]   |          ^^^^^ help: if this is intentional, prefix it with an underscore: `_input`
[INFO] [stdout]   |
[INFO] [stdout]   = note: `#[warn(unused_variables)]` on by default
[INFO] [stdout] 
[INFO] [stdout] 
[INFO] [stdout] warning: methods `get` and `len` are never used
[INFO] [stdout]    --> day03/src/bin/part1.rs:113:8
[INFO] [stdout]     |
[INFO] [stdout] 100 | / impl<T> Map<T>
[INFO] [stdout] 101 | | where
[INFO] [stdout] 102 | |     T: Clone + Copy,
[INFO] [stdout]     | |____________________- methods in this implementation
[INFO] [stdout] ...
[INFO] [stdout] 113 |       fn get(self, x: usize, y: usize) -> T {
[INFO] [stdout]     |          ^^^
[INFO] [stdout] ...
[INFO] [stdout] 117 |       fn len(&self) -> usize {
[INFO] [stdout]     |          ^^^
[INFO] [stdout]     |
[INFO] [stdout]     = note: `#[warn(dead_code)]` on by default
[INFO] [stdout] 
[INFO] [stdout] 
[INFO] [stdout] warning: associated items `new`, `fits_in`, and `print_contents` are never used
[INFO] [stdout]    --> day03/src/bin/part1.rs:129:8
[INFO] [stdout]     |
[INFO] [stdout] 128 | impl LinearMapSection {
[INFO] [stdout]     | --------------------- associated items in this implementation
[INFO] [stdout] 129 |     fn new(start: usize, end: usize) -> LinearMapSection {
[INFO] [stdout]     |        ^^^
[INFO] [stdout] ...
[INFO] [stdout] 134 |     fn fits_in(self, map: &Map<impl Clone + Copy>) -> bool {
[INFO] [stdout]     |        ^^^^^^^
[INFO] [stdout] ...
[INFO] [stdout] 181 |     fn print_contents(self, map: &Map<char>) -> String {
[INFO] [stdout]     |        ^^^^^^^^^^^^^^
[INFO] [stdout] 
[INFO] [stdout] 
[INFO] [stdout] warning: methods `get` and `len` are never used
[INFO] [stdout]    --> day03/src/bin/part2.rs:124:8
[INFO] [stdout]     |
[INFO] [stdout] 111 | / impl<T> Map<T>
[INFO] [stdout] 112 | | where
[INFO] [stdout] 113 | |     T: Clone + Copy,
[INFO] [stdout]     | |____________________- methods in this implementation
[INFO] [stdout] ...
[INFO] [stdout] 124 |       fn get(self, x: usize, y: usize) -> T {
[INFO] [stdout]     |          ^^^
[INFO] [stdout] ...
[INFO] [stdout] 128 |       fn len(&self) -> usize {
[INFO] [stdout]     |          ^^^
[INFO] [stdout]     |
[INFO] [stdout]     = note: `#[warn(dead_code)]` on by default
[INFO] [stdout] 
[INFO] [stdout] 
[INFO] [stdout] warning: associated items `new`, `fits_in`, and `print_contents` are never used
[INFO] [stdout]    --> day03/src/bin/part2.rs:140:8
[INFO] [stdout]     |
[INFO] [stdout] 139 | impl LinearMapSection {
[INFO] [stdout]     | --------------------- associated items in this implementation
[INFO] [stdout] 140 |     fn new(start: usize, end: usize) -> LinearMapSection {
[INFO] [stdout]     |        ^^^
[INFO] [stdout] ...
[INFO] [stdout] 145 |     fn fits_in(self, map: &Map<impl Clone + Copy>) -> bool {
[INFO] [stdout]     |        ^^^^^^^
[INFO] [stdout] ...
[INFO] [stdout] 192 |     fn print_contents(self, map: &Map<char>) -> String {
[INFO] [stdout]     |        ^^^^^^^^^^^^^^
[INFO] [stdout] 
[INFO] [stdout] 
[INFO] [stderr]    Compiling nom v7.1.3
[INFO] [stderr]    Compiling day02 v0.1.0 (/opt/rustwide/workdir/day02)
[INFO] [stdout] warning: unused variable: `n`
[INFO] [stdout]   --> day02/src/bin/part2.rs:24:10
[INFO] [stdout]    |
[INFO] [stdout] 24 |     for (n, game) in games.iter().enumerate() {
[INFO] [stdout]    |          ^ help: if this is intentional, prefix it with an underscore: `_n`
[INFO] [stdout]    |
[INFO] [stdout]    = note: `#[warn(unused_variables)]` on by default
[INFO] [stdout] 
[INFO] [stdout] 
[INFO] [stderr]     Finished `dev` profile [unoptimized + debuginfo] target(s) in 6.16s
[INFO] running `Command { std: "docker" "inspect" "1ba22f461e52cd28fc693ab9702ed9a8027a331385f11eece5575f7173448167", kill_on_drop: false }`
[INFO] running `Command { std: "docker" "rm" "-f" "1ba22f461e52cd28fc693ab9702ed9a8027a331385f11eece5575f7173448167", kill_on_drop: false }`
[INFO] [stdout] 1ba22f461e52cd28fc693ab9702ed9a8027a331385f11eece5575f7173448167
[INFO] running `Command { std: "docker" "create" "-v" "/var/lib/crater-agent-workspace/builds/worker-6-tc1/target:/opt/rustwide/target:rw,Z" "-v" "/var/lib/crater-agent-workspace/builds/worker-6-tc1/source:/opt/rustwide/workdir:ro,Z" "-v" "/var/lib/crater-agent-workspace/cargo-home:/opt/rustwide/cargo-home:ro,Z" "-v" "/var/lib/crater-agent-workspace/rustup-home:/opt/rustwide/rustup-home:ro,Z" "-e" "SOURCE_DIR=/opt/rustwide/workdir" "-e" "CARGO_TARGET_DIR=/opt/rustwide/target" "-e" "CARGO_INCREMENTAL=0" "-e" "RUST_BACKTRACE=full" "-e" "RUSTFLAGS=--cap-lints=warn" "-e" "RUSTDOCFLAGS=--cap-lints=warn" "-e" "CARGO_HOME=/opt/rustwide/cargo-home" "-e" "RUSTUP_HOME=/opt/rustwide/rustup-home" "-w" "/opt/rustwide/workdir" "-m" "1610612736" "--user" "0:0" "--network" "none" "ghcr.io/rust-lang/crates-build-env/linux@sha256:f3a9d4ad9d972b27faf3965f35b62e55ba32bbce8f20bc8fe909558a86702fde" "/opt/rustwide/cargo-home/bin/cargo" "+1.83.0" "test" "--frozen" "--no-run" "--message-format=json", kill_on_drop: false }`
[INFO] [stdout] 2b57b9d55686b905f82a6b885d93f898e36ac3c7dcb8225b1ebf432fef457aab
[INFO] running `Command { std: "docker" "start" "-a" "2b57b9d55686b905f82a6b885d93f898e36ac3c7dcb8225b1ebf432fef457aab", kill_on_drop: false }`
[INFO] [stderr] warning: virtual workspace defaulting to `resolver = "1"` despite one or more workspace members being on edition 2021 which implies `resolver = "2"`
[INFO] [stderr] note: to keep the current resolver, specify `workspace.resolver = "1"` in the workspace root's manifest
[INFO] [stderr] note: to use the edition 2021 resolver, specify `workspace.resolver = "2"` in the workspace root's manifest
[INFO] [stderr] note: for more details see https://doc.rust-lang.org/cargo/reference/resolver.html#resolver-versions
[INFO] [stderr]    Compiling day03 v0.1.0 (/opt/rustwide/workdir/day03)
[INFO] [stderr]    Compiling day01 v0.1.0 (/opt/rustwide/workdir/day01)
[INFO] [stderr]    Compiling day00 v0.1.0 (/opt/rustwide/workdir/day00)
[INFO] [stderr]    Compiling day02 v0.1.0 (/opt/rustwide/workdir/day02)
[INFO] [stdout] warning: unused variable: `input`
[INFO] [stdout]  --> day00/src/bin/part2.rs:7:10
[INFO] [stdout]   |
[INFO] [stdout] 7 | fn part2(input: &str) -> u32 {
[INFO] [stdout]   |          ^^^^^ help: if this is intentional, prefix it with an underscore: `_input`
[INFO] [stdout]   |
[INFO] [stdout]   = note: `#[warn(unused_variables)]` on by default
[INFO] [stdout] 
[INFO] [stdout] 
[INFO] [stdout] warning: unused variable: `input`
[INFO] [stdout]  --> day00/src/bin/part1.rs:7:10
[INFO] [stdout]   |
[INFO] [stdout] 7 | fn part1(input: &str) -> u32 {
[INFO] [stdout]   |          ^^^^^ help: if this is intentional, prefix it with an underscore: `_input`
[INFO] [stdout]   |
[INFO] [stdout]   = note: `#[warn(unused_variables)]` on by default
[INFO] [stdout] 
[INFO] [stdout] 
[INFO] [stdout] warning: methods `get` and `len` are never used
[INFO] [stdout]    --> day03/src/bin/part1.rs:113:8
[INFO] [stdout]     |
[INFO] [stdout] 100 | / impl<T> Map<T>
[INFO] [stdout] 101 | | where
[INFO] [stdout] 102 | |     T: Clone + Copy,
[INFO] [stdout]     | |____________________- methods in this implementation
[INFO] [stdout] ...
[INFO] [stdout] 113 |       fn get(self, x: usize, y: usize) -> T {
[INFO] [stdout]     |          ^^^
[INFO] [stdout] ...
[INFO] [stdout] 117 |       fn len(&self) -> usize {
[INFO] [stdout]     |          ^^^
[INFO] [stdout]     |
[INFO] [stdout]     = note: `#[warn(dead_code)]` on by default
[INFO] [stdout] 
[INFO] [stdout] 
[INFO] [stdout] warning: associated items `new` and `fits_in` are never used
[INFO] [stdout]    --> day03/src/bin/part1.rs:129:8
[INFO] [stdout]     |
[INFO] [stdout] 128 | impl LinearMapSection {
[INFO] [stdout]     | --------------------- associated items in this implementation
[INFO] [stdout] 129 |     fn new(start: usize, end: usize) -> LinearMapSection {
[INFO] [stdout]     |        ^^^
[INFO] [stdout] ...
[INFO] [stdout] 134 |     fn fits_in(self, map: &Map<impl Clone + Copy>) -> bool {
[INFO] [stdout]     |        ^^^^^^^
[INFO] [stdout] 
[INFO] [stdout] 
[INFO] [stdout] warning: methods `get` and `len` are never used
[INFO] [stdout]    --> day03/src/bin/part2.rs:124:8
[INFO] [stdout]     |
[INFO] [stdout] 111 | / impl<T> Map<T>
[INFO] [stdout] 112 | | where
[INFO] [stdout] 113 | |     T: Clone + Copy,
[INFO] [stdout]     | |____________________- methods in this implementation
[INFO] [stdout] ...
[INFO] [stdout] 124 |       fn get(self, x: usize, y: usize) -> T {
[INFO] [stdout]     |          ^^^
[INFO] [stdout] ...
[INFO] [stdout] 128 |       fn len(&self) -> usize {
[INFO] [stdout]     |          ^^^
[INFO] [stdout]     |
[INFO] [stdout]     = note: `#[warn(dead_code)]` on by default
[INFO] [stdout] 
[INFO] [stdout] 
[INFO] [stdout] warning: associated items `new`, `fits_in`, and `print_contents` are never used
[INFO] [stdout]    --> day03/src/bin/part2.rs:140:8
[INFO] [stdout]     |
[INFO] [stdout] 139 | impl LinearMapSection {
[INFO] [stdout]     | --------------------- associated items in this implementation
[INFO] [stdout] 140 |     fn new(start: usize, end: usize) -> LinearMapSection {
[INFO] [stdout]     |        ^^^
[INFO] [stdout] ...
[INFO] [stdout] 145 |     fn fits_in(self, map: &Map<impl Clone + Copy>) -> bool {
[INFO] [stdout]     |        ^^^^^^^
[INFO] [stdout] ...
[INFO] [stdout] 192 |     fn print_contents(self, map: &Map<char>) -> String {
[INFO] [stdout]     |        ^^^^^^^^^^^^^^
[INFO] [stdout] 
[INFO] [stdout] 
[INFO] [stdout] warning: unused variable: `n`
[INFO] [stdout]   --> day02/src/bin/part2.rs:24:10
[INFO] [stdout]    |
[INFO] [stdout] 24 |     for (n, game) in games.iter().enumerate() {
[INFO] [stdout]    |          ^ help: if this is intentional, prefix it with an underscore: `_n`
[INFO] [stdout]    |
[INFO] [stdout]    = note: `#[warn(unused_variables)]` on by default
[INFO] [stdout] 
[INFO] [stdout] 
[INFO] [stderr]     Finished `test` profile [unoptimized + debuginfo] target(s) in 3.26s
[INFO] running `Command { std: "docker" "inspect" "2b57b9d55686b905f82a6b885d93f898e36ac3c7dcb8225b1ebf432fef457aab", kill_on_drop: false }`
[INFO] running `Command { std: "docker" "rm" "-f" "2b57b9d55686b905f82a6b885d93f898e36ac3c7dcb8225b1ebf432fef457aab", kill_on_drop: false }`
[INFO] [stdout] 2b57b9d55686b905f82a6b885d93f898e36ac3c7dcb8225b1ebf432fef457aab
[INFO] running `Command { std: "docker" "create" "-v" "/var/lib/crater-agent-workspace/builds/worker-6-tc1/target:/opt/rustwide/target:rw,Z" "-v" "/var/lib/crater-agent-workspace/builds/worker-6-tc1/source:/opt/rustwide/workdir:ro,Z" "-v" "/var/lib/crater-agent-workspace/cargo-home:/opt/rustwide/cargo-home:ro,Z" "-v" "/var/lib/crater-agent-workspace/rustup-home:/opt/rustwide/rustup-home:ro,Z" "-e" "SOURCE_DIR=/opt/rustwide/workdir" "-e" "CARGO_TARGET_DIR=/opt/rustwide/target" "-e" "CARGO_INCREMENTAL=0" "-e" "RUST_BACKTRACE=full" "-e" "RUSTFLAGS=--cap-lints=warn" "-e" "RUSTDOCFLAGS=--cap-lints=warn" "-e" "CARGO_HOME=/opt/rustwide/cargo-home" "-e" "RUSTUP_HOME=/opt/rustwide/rustup-home" "-w" "/opt/rustwide/workdir" "-m" "1610612736" "--user" "0:0" "--network" "none" "ghcr.io/rust-lang/crates-build-env/linux@sha256:f3a9d4ad9d972b27faf3965f35b62e55ba32bbce8f20bc8fe909558a86702fde" "/opt/rustwide/cargo-home/bin/cargo" "+1.83.0" "test" "--frozen", kill_on_drop: false }`
[INFO] [stdout] 2aa714d58c9af2c4a9ae59d295843de0e333c399f523e0c41dc54fcc533b6efe
[INFO] running `Command { std: "docker" "start" "-a" "2aa714d58c9af2c4a9ae59d295843de0e333c399f523e0c41dc54fcc533b6efe", kill_on_drop: false }`
[INFO] [stderr] warning: virtual workspace defaulting to `resolver = "1"` despite one or more workspace members being on edition 2021 which implies `resolver = "2"`
[INFO] [stderr] note: to keep the current resolver, specify `workspace.resolver = "1"` in the workspace root's manifest
[INFO] [stderr] note: to use the edition 2021 resolver, specify `workspace.resolver = "2"` in the workspace root's manifest
[INFO] [stderr] note: for more details see https://doc.rust-lang.org/cargo/reference/resolver.html#resolver-versions
[INFO] [stderr] warning: unused variable: `n`
[INFO] [stderr]   --> day02/src/bin/part2.rs:24:10
[INFO] [stderr]    |
[INFO] [stderr] 24 |     for (n, game) in games.iter().enumerate() {
[INFO] [stderr]    |          ^ help: if this is intentional, prefix it with an underscore: `_n`
[INFO] [stderr]    |
[INFO] [stderr]    = note: `#[warn(unused_variables)]` on by default
[INFO] [stderr] 
[INFO] [stderr] warning: unused variable: `input`
[INFO] [stderr]  --> day00/src/bin/part1.rs:7:10
[INFO] [stderr]   |
[INFO] [stderr] 7 | fn part1(input: &str) -> u32 {
[INFO] [stderr]   |          ^^^^^ help: if this is intentional, prefix it with an underscore: `_input`
[INFO] [stderr]   |
[INFO] [stderr]   = note: `#[warn(unused_variables)]` on by default
[INFO] [stderr] 
[INFO] [stderr] warning: unused variable: `input`
[INFO] [stderr]  --> day00/src/bin/part2.rs:7:10
[INFO] [stderr]   |
[INFO] [stderr] 7 | fn part2(input: &str) -> u32 {
[INFO] [stderr]   |          ^^^^^ help: if this is intentional, prefix it with an underscore: `_input`
[INFO] [stderr]   |
[INFO] [stderr]   = note: `#[warn(unused_variables)]` on by default
[INFO] [stderr] 
[INFO] [stderr] warning: `day02` (bin "part2" test) generated 1 warning
[INFO] [stderr] warning: `day00` (bin "part1" test) generated 1 warning
[INFO] [stderr] warning: `day00` (bin "part2" test) generated 1 warning
[INFO] [stderr] warning: methods `get` and `len` are never used
[INFO] [stderr]    --> day03/src/bin/part1.rs:113:8
[INFO] [stderr]     |
[INFO] [stderr] 100 | / impl<T> Map<T>
[INFO] [stderr] 101 | | where
[INFO] [stderr] 102 | |     T: Clone + Copy,
[INFO] [stderr]     | |____________________- methods in this implementation
[INFO] [stderr] ...
[INFO] [stderr] 113 |       fn get(self, x: usize, y: usize) -> T {
[INFO] [stderr]     |          ^^^
[INFO] [stderr] ...
[INFO] [stderr] 117 |       fn len(&self) -> usize {
[INFO] [stderr]     |          ^^^
[INFO] [stderr]     |
[INFO] [stderr]     = note: `#[warn(dead_code)]` on by default
[INFO] [stderr] 
[INFO] [stderr] warning: associated items `new` and `fits_in` are never used
[INFO] [stderr]    --> day03/src/bin/part1.rs:129:8
[INFO] [stderr]     |
[INFO] [stderr] 128 | impl LinearMapSection {
[INFO] [stderr]     | --------------------- associated items in this implementation
[INFO] [stderr] 129 |     fn new(start: usize, end: usize) -> LinearMapSection {
[INFO] [stderr]     |        ^^^
[INFO] [stderr] ...
[INFO] [stderr] 134 |     fn fits_in(self, map: &Map<impl Clone + Copy>) -> bool {
[INFO] [stderr]     |        ^^^^^^^
[INFO] [stderr] 
[INFO] [stderr] warning: methods `get` and `len` are never used
[INFO] [stderr]    --> day03/src/bin/part2.rs:124:8
[INFO] [stderr]     |
[INFO] [stderr] 111 | / impl<T> Map<T>
[INFO] [stderr] 112 | | where
[INFO] [stderr] 113 | |     T: Clone + Copy,
[INFO] [stderr]     | |____________________- methods in this implementation
[INFO] [stderr] ...
[INFO] [stderr] 124 |       fn get(self, x: usize, y: usize) -> T {
[INFO] [stderr]     |          ^^^
[INFO] [stderr] ...
[INFO] [stderr] 128 |       fn len(&self) -> usize {
[INFO] [stderr]     |          ^^^
[INFO] [stderr]     |
[INFO] [stderr]     = note: `#[warn(dead_code)]` on by default
[INFO] [stderr] 
[INFO] [stderr] warning: associated items `new`, `fits_in`, and `print_contents` are never used
[INFO] [stderr]    --> day03/src/bin/part2.rs:140:8
[INFO] [stderr]     |
[INFO] [stderr] 139 | impl LinearMapSection {
[INFO] [stderr]     | --------------------- associated items in this implementation
[INFO] [stderr] 140 |     fn new(start: usize, end: usize) -> LinearMapSection {
[INFO] [stderr]     |        ^^^
[INFO] [stderr] ...
[INFO] [stderr] 145 |     fn fits_in(self, map: &Map<impl Clone + Copy>) -> bool {
[INFO] [stderr]     |        ^^^^^^^
[INFO] [stderr] ...
[INFO] [stderr] 192 |     fn print_contents(self, map: &Map<char>) -> String {
[INFO] [stderr]     |        ^^^^^^^^^^^^^^
[INFO] [stderr] 
[INFO] [stderr] warning: `day03` (bin "part1" test) generated 2 warnings
[INFO] [stderr] warning: `day03` (bin "part2" test) generated 2 warnings
[INFO] [stderr]     Finished `test` profile [unoptimized + debuginfo] target(s) in 0.03s
[INFO] [stderr]      Running unittests src/bin/part1.rs (/opt/rustwide/target/debug/deps/part1-337ab417fa48ed32)
[INFO] [stdout] 
[INFO] [stdout] running 1 test
[INFO] [stdout] test tests::example_input ... FAILED
[INFO] [stdout] 
[INFO] [stdout] failures:
[INFO] [stdout] 
[INFO] [stdout] ---- tests::example_input stdout ----
[INFO] [stdout] thread 'tests::example_input' panicked at day00/src/bin/part1.rs:8:5:
[INFO] [stdout] not yet implemented
[INFO] [stdout] stack backtrace:
[INFO] [stdout]    0:     0x5a7015f296da - std::backtrace_rs::backtrace::libunwind::trace::h5a5b8284f2d0c266
[INFO] [stdout]                                at /rustc/90b35a6239c3d8bdabc530a6a0816f7ff89a0aaf/library/std/src/../../backtrace/src/backtrace/libunwind.rs:116:5
[INFO] [stdout]    1:     0x5a7015f296da - std::backtrace_rs::backtrace::trace_unsynchronized::h76d4f1c9b0b875e3
[INFO] [stdout]                                at /rustc/90b35a6239c3d8bdabc530a6a0816f7ff89a0aaf/library/std/src/../../backtrace/src/backtrace/mod.rs:66:5
[INFO] [stdout]    2:     0x5a7015f296da - std::sys::backtrace::_print_fmt::hc4546b8364a537c6
[INFO] [stdout]                                at /rustc/90b35a6239c3d8bdabc530a6a0816f7ff89a0aaf/library/std/src/sys/backtrace.rs:66:9
[INFO] [stdout]    3:     0x5a7015f296da - <std::sys::backtrace::BacktraceLock::print::DisplayBacktrace as core::fmt::Display>::fmt::h5b6bd5631a6d1f6b
[INFO] [stdout]                                at /rustc/90b35a6239c3d8bdabc530a6a0816f7ff89a0aaf/library/std/src/sys/backtrace.rs:39:26
[INFO] [stdout]    4:     0x5a7015f4e963 - core::fmt::rt::Argument::fmt::h270f6602a2b96f62
[INFO] [stdout]                                at /rustc/90b35a6239c3d8bdabc530a6a0816f7ff89a0aaf/library/core/src/fmt/rt.rs:177:76
[INFO] [stdout]    5:     0x5a7015f4e963 - core::fmt::write::h7550c97b06c86515
[INFO] [stdout]                                at /rustc/90b35a6239c3d8bdabc530a6a0816f7ff89a0aaf/library/core/src/fmt/mod.rs:1186:21
[INFO] [stdout]    6:     0x5a7015f268a3 - std::io::Write::write_fmt::h509ff860e5956e5e
[INFO] [stdout]                                at /rustc/90b35a6239c3d8bdabc530a6a0816f7ff89a0aaf/library/std/src/io/mod.rs:1839:15
[INFO] [stdout]    7:     0x5a7015f29522 - std::sys::backtrace::BacktraceLock::print::h2395ccd2c84ba3aa
[INFO] [stdout]                                at /rustc/90b35a6239c3d8bdabc530a6a0816f7ff89a0aaf/library/std/src/sys/backtrace.rs:42:9
[INFO] [stdout]    8:     0x5a7015f2ab3a - std::panicking::default_hook::{{closure}}::he19d4c7230e07961
[INFO] [stdout]                                at /rustc/90b35a6239c3d8bdabc530a6a0816f7ff89a0aaf/library/std/src/panicking.rs:268:22
[INFO] [stdout]    9:     0x5a7015f2a944 - std::panicking::default_hook::hf614597d3c67bbdb
[INFO] [stdout]                                at /rustc/90b35a6239c3d8bdabc530a6a0816f7ff89a0aaf/library/std/src/panicking.rs:292:9
[INFO] [stdout]   10:     0x5a7015ef6229 - <alloc::boxed::Box<F,A> as core::ops::function::Fn<Args>>::call::h39b51ce4599c23d1
[INFO] [stdout]                                at /rustc/90b35a6239c3d8bdabc530a6a0816f7ff89a0aaf/library/alloc/src/boxed.rs:2468:9
[INFO] [stdout]   11:     0x5a7015ef6229 - test::test_main::{{closure}}::he977ae839a582784
[INFO] [stdout]                                at /rustc/90b35a6239c3d8bdabc530a6a0816f7ff89a0aaf/library/test/src/lib.rs:133:21
[INFO] [stdout]   12:     0x5a7015f2b1d8 - <alloc::boxed::Box<F,A> as core::ops::function::Fn<Args>>::call::h9455091b6b06f9fb
[INFO] [stdout]                                at /rustc/90b35a6239c3d8bdabc530a6a0816f7ff89a0aaf/library/alloc/src/boxed.rs:2468:9
[INFO] [stdout]   13:     0x5a7015f2b1d8 - std::panicking::rust_panic_with_hook::h8942133a8b252070
[INFO] [stdout]                                at /rustc/90b35a6239c3d8bdabc530a6a0816f7ff89a0aaf/library/std/src/panicking.rs:809:13
[INFO] [stdout]   14:     0x5a7015f2af66 - std::panicking::begin_panic_handler::{{closure}}::hb5f5963570096b29
[INFO] [stdout]                                at /rustc/90b35a6239c3d8bdabc530a6a0816f7ff89a0aaf/library/std/src/panicking.rs:667:13
[INFO] [stdout]   15:     0x5a7015f29bb9 - std::sys::backtrace::__rust_end_short_backtrace::h6208cedc1922feda
[INFO] [stdout]                                at /rustc/90b35a6239c3d8bdabc530a6a0816f7ff89a0aaf/library/std/src/sys/backtrace.rs:170:18
[INFO] [stdout]   16:     0x5a7015f2ac2c - rust_begin_unwind
[INFO] [stdout]                                at /rustc/90b35a6239c3d8bdabc530a6a0816f7ff89a0aaf/library/std/src/panicking.rs:665:5
[INFO] [stdout]   17:     0x5a7015ebca50 - core::panicking::panic_fmt::h0c3082644d1bf418
[INFO] [stdout]                                at /rustc/90b35a6239c3d8bdabc530a6a0816f7ff89a0aaf/library/core/src/panicking.rs:74:14
[INFO] [stdout]   18:     0x5a7015ebcadc - core::panicking::panic::h957f98c65a3b3074
[INFO] [stdout]                                at /rustc/90b35a6239c3d8bdabc530a6a0816f7ff89a0aaf/library/core/src/panicking.rs:148:5
[INFO] [stdout]   19:     0x5a7015ebde6a - part1::part1::heb2459d8b3cad1bd
[INFO] [stdout]                                at /opt/rustwide/workdir/day00/src/bin/part1.rs:8:5
[INFO] [stdout]   20:     0x5a7015ebdec5 - part1::tests::example_input::habb50ee215552bfc
[INFO] [stdout]                                at /opt/rustwide/workdir/day00/src/bin/part1.rs:18:22
[INFO] [stdout]   21:     0x5a7015ebde87 - part1::tests::example_input::{{closure}}::h3c0fc7000bb7a930
[INFO] [stdout]                                at /opt/rustwide/workdir/day00/src/bin/part1.rs:16:23
[INFO] [stdout]   22:     0x5a7015ebd756 - core::ops::function::FnOnce::call_once::hbb9fc34bee61af2e
[INFO] [stdout]                                at /rustc/90b35a6239c3d8bdabc530a6a0816f7ff89a0aaf/library/core/src/ops/function.rs:250:5
[INFO] [stdout]   23:     0x5a7015efabeb - core::ops::function::FnOnce::call_once::h109cf8051a59b34e
[INFO] [stdout]                                at /rustc/90b35a6239c3d8bdabc530a6a0816f7ff89a0aaf/library/core/src/ops/function.rs:250:5
[INFO] [stdout]   24:     0x5a7015efabeb - test::__rust_begin_short_backtrace::hf4fff89d377446ba
[INFO] [stdout]                                at /rustc/90b35a6239c3d8bdabc530a6a0816f7ff89a0aaf/library/test/src/lib.rs:621:18
[INFO] [stdout]   25:     0x5a7015efa427 - test::run_test_in_process::{{closure}}::h0e39181dd7ee5a43
[INFO] [stdout]                                at /rustc/90b35a6239c3d8bdabc530a6a0816f7ff89a0aaf/library/test/src/lib.rs:644:60
[INFO] [stdout]   26:     0x5a7015efa427 - <core::panic::unwind_safe::AssertUnwindSafe<F> as core::ops::function::FnOnce<()>>::call_once::hc5a66a30f0bdfd1f
[INFO] [stdout]                                at /rustc/90b35a6239c3d8bdabc530a6a0816f7ff89a0aaf/library/core/src/panic/unwind_safe.rs:272:9
[INFO] [stdout]   27:     0x5a7015efa427 - std::panicking::try::do_call::h873b7cf639554a5e
[INFO] [stdout]                                at /rustc/90b35a6239c3d8bdabc530a6a0816f7ff89a0aaf/library/std/src/panicking.rs:557:40
[INFO] [stdout]   28:     0x5a7015efa427 - std::panicking::try::hdb19862fad9c8bd1
[INFO] [stdout]                                at /rustc/90b35a6239c3d8bdabc530a6a0816f7ff89a0aaf/library/std/src/panicking.rs:520:19
[INFO] [stdout]   29:     0x5a7015efa427 - std::panic::catch_unwind::h281fe732d236d260
[INFO] [stdout]                                at /rustc/90b35a6239c3d8bdabc530a6a0816f7ff89a0aaf/library/std/src/panic.rs:358:14
[INFO] [stdout]   30:     0x5a7015efa427 - test::run_test_in_process::h949b6df8457ed338
[INFO] [stdout]                                at /rustc/90b35a6239c3d8bdabc530a6a0816f7ff89a0aaf/library/test/src/lib.rs:644:27
[INFO] [stdout]   31:     0x5a7015efa427 - test::run_test::{{closure}}::h52c556a6d4740e10
[INFO] [stdout]                                at /rustc/90b35a6239c3d8bdabc530a6a0816f7ff89a0aaf/library/test/src/lib.rs:565:43
[INFO] [stdout]   32:     0x5a7015ebf704 - test::run_test::{{closure}}::h4237f6381c45ccb9
[INFO] [stdout]                                at /rustc/90b35a6239c3d8bdabc530a6a0816f7ff89a0aaf/library/test/src/lib.rs:595:41
[INFO] [stdout]   33:     0x5a7015ebf704 - std::sys::backtrace::__rust_begin_short_backtrace::h505c97a579eca628
[INFO] [stdout]                                at /rustc/90b35a6239c3d8bdabc530a6a0816f7ff89a0aaf/library/std/src/sys/backtrace.rs:154:18
[INFO] [stdout]   34:     0x5a7015ec2dce - std::thread::Builder::spawn_unchecked_::{{closure}}::{{closure}}::h9e86b2e2bc107ea3
[INFO] [stdout]                                at /rustc/90b35a6239c3d8bdabc530a6a0816f7ff89a0aaf/library/std/src/thread/mod.rs:538:17
[INFO] [stdout]   35:     0x5a7015ec2dce - <core::panic::unwind_safe::AssertUnwindSafe<F> as core::ops::function::FnOnce<()>>::call_once::h8b06ddb275ff4a25
[INFO] [stdout]                                at /rustc/90b35a6239c3d8bdabc530a6a0816f7ff89a0aaf/library/core/src/panic/unwind_safe.rs:272:9
[INFO] [stdout]   36:     0x5a7015ec2dce - std::panicking::try::do_call::hb26ecd7cd9a9355d
[INFO] [stdout]                                at /rustc/90b35a6239c3d8bdabc530a6a0816f7ff89a0aaf/library/std/src/panicking.rs:557:40
[INFO] [stdout]   37:     0x5a7015ec2dce - std::panicking::try::h8ddeca9d705f9069
[INFO] [stdout]                                at /rustc/90b35a6239c3d8bdabc530a6a0816f7ff89a0aaf/library/std/src/panicking.rs:520:19
[INFO] [stdout]   38:     0x5a7015ec2dce - std::panic::catch_unwind::h49e1c33078844c46
[INFO] [stdout]                                at /rustc/90b35a6239c3d8bdabc530a6a0816f7ff89a0aaf/library/std/src/panic.rs:358:14
[INFO] [stdout]   39:     0x5a7015ec2dce - std::thread::Builder::spawn_unchecked_::{{closure}}::h6073db6ff56ad35d
[INFO] [stdout]                                at /rustc/90b35a6239c3d8bdabc530a6a0816f7ff89a0aaf/library/std/src/thread/mod.rs:537:30
[INFO] [stdout]   40:     0x5a7015ec2dce - core::ops::function::FnOnce::call_once{{vtable.shim}}::h2c5a5f3779c774f1
[INFO] [stdout]                                at /rustc/90b35a6239c3d8bdabc530a6a0816f7ff89a0aaf/library/core/src/ops/function.rs:250:5
[INFO] [stdout]   41:     0x5a7015f2ef2b - <alloc::boxed::Box<F,A> as core::ops::function::FnOnce<Args>>::call_once::hf75717d9f28faebf
[INFO] [stdout]                                at /rustc/90b35a6239c3d8bdabc530a6a0816f7ff89a0aaf/library/alloc/src/boxed.rs:2454:9
[INFO] [stdout]   42:     0x5a7015f2ef2b - <alloc::boxed::Box<F,A> as core::ops::function::FnOnce<Args>>::call_once::h7bd883a5f3c5f3c1
[INFO] [stdout]                                at /rustc/90b35a6239c3d8bdabc530a6a0816f7ff89a0aaf/library/alloc/src/boxed.rs:2454:9
[INFO] [stdout]   43:     0x5a7015f2ef2b - std::sys::pal::unix::thread::Thread::new::thread_start::hcc78f3943333fa94
[INFO] [stdout]                                at /rustc/90b35a6239c3d8bdabc530a6a0816f7ff89a0aaf/library/std/src/sys/pal/unix/thread.rs:105:17
[INFO] [stdout]   44:     0x7d00c9fbfac3 - <unknown>
[INFO] [stdout]   45:     0x7d00ca050a04 - clone
[INFO] [stdout]   46:                0x0 - <unknown>
[INFO] [stdout] 
[INFO] [stdout] 
[INFO] [stdout] failures:
[INFO] [stdout]     tests::example_input
[INFO] [stdout] 
[INFO] [stdout] test result: FAILED. 0 passed; 1 failed; 0 ignored; 0 measured; 0 filtered out; finished in 0.04s
[INFO] [stdout] 
[INFO] [stderr] error: test failed, to rerun pass `-p day00 --bin part1`
[INFO] running `Command { std: "docker" "inspect" "2aa714d58c9af2c4a9ae59d295843de0e333c399f523e0c41dc54fcc533b6efe", kill_on_drop: false }`
[INFO] running `Command { std: "docker" "rm" "-f" "2aa714d58c9af2c4a9ae59d295843de0e333c399f523e0c41dc54fcc533b6efe", kill_on_drop: false }`
[INFO] [stdout] 2aa714d58c9af2c4a9ae59d295843de0e333c399f523e0c41dc54fcc533b6efe
