[INFO] cloning repository https://github.com/lgmo/leucli
[INFO] running `Command { std: "git" "-c" "credential.helper=" "-c" "credential.helper=/workspace/cargo-home/bin/git-credential-null" "clone" "--bare" "https://github.com/lgmo/leucli" "/workspace/cache/git-repos/https%3A%2F%2Fgithub.com%2Flgmo%2Fleucli", kill_on_drop: false }`
[INFO] [stderr] Cloning into bare repository '/workspace/cache/git-repos/https%3A%2F%2Fgithub.com%2Flgmo%2Fleucli'...
[INFO] running `Command { std: "git" "rev-parse" "HEAD", kill_on_drop: false }`
[INFO] [stdout] 16e74bb009b5439504838f7986616a46d0634761
[INFO] testing lgmo/leucli against 1.83.0 for beta-1.84.0-4-retry
[INFO] running `Command { std: "git" "clone" "/workspace/cache/git-repos/https%3A%2F%2Fgithub.com%2Flgmo%2Fleucli" "/workspace/builds/worker-4-tc1/source", kill_on_drop: false }`
[INFO] [stderr] Cloning into '/workspace/builds/worker-4-tc1/source'...
[INFO] [stderr] done.
[INFO] validating manifest of git repo https://github.com/lgmo/leucli on toolchain 1.83.0
[INFO] running `Command { std: CARGO_HOME="/workspace/cargo-home" RUSTUP_HOME="/workspace/rustup-home" "/workspace/cargo-home/bin/cargo" "+1.83.0" "metadata" "--manifest-path" "Cargo.toml" "--no-deps", kill_on_drop: false }`
[INFO] started tweaking git repo https://github.com/lgmo/leucli
[INFO] finished tweaking git repo https://github.com/lgmo/leucli
[INFO] tweaked toml for git repo https://github.com/lgmo/leucli written to /workspace/builds/worker-4-tc1/source/Cargo.toml
[INFO] crate git repo https://github.com/lgmo/leucli already has a lockfile, it will not be regenerated
[INFO] running `Command { std: CARGO_HOME="/workspace/cargo-home" RUSTUP_HOME="/workspace/rustup-home" "/workspace/cargo-home/bin/cargo" "+1.83.0" "fetch" "--manifest-path" "Cargo.toml", kill_on_drop: false }`
[INFO] [stderr] warning: unused manifest key: build
[INFO] [stderr]     Updating crates.io index
[INFO] [stderr]  Downloading crates ...
[INFO] [stderr]   Downloaded predicates v3.0.4
[INFO] [stderr]   Downloaded simple-home-dir v0.3.2
[INFO] running `Command { std: "docker" "create" "-v" "/var/lib/crater-agent-workspace/builds/worker-4-tc1/target:/opt/rustwide/target:rw,Z" "-v" "/var/lib/crater-agent-workspace/builds/worker-4-tc1/source:/opt/rustwide/workdir:ro,Z" "-v" "/var/lib/crater-agent-workspace/cargo-home:/opt/rustwide/cargo-home:ro,Z" "-v" "/var/lib/crater-agent-workspace/rustup-home:/opt/rustwide/rustup-home:ro,Z" "-e" "SOURCE_DIR=/opt/rustwide/workdir" "-e" "CARGO_TARGET_DIR=/opt/rustwide/target" "-e" "CARGO_HOME=/opt/rustwide/cargo-home" "-e" "RUSTUP_HOME=/opt/rustwide/rustup-home" "-w" "/opt/rustwide/workdir" "-m" "1610612736" "--user" "0:0" "--network" "none" "ghcr.io/rust-lang/crates-build-env/linux@sha256:f3a9d4ad9d972b27faf3965f35b62e55ba32bbce8f20bc8fe909558a86702fde" "/opt/rustwide/cargo-home/bin/cargo" "+1.83.0" "metadata" "--no-deps" "--format-version=1", kill_on_drop: false }`
[INFO] [stdout] 83568478e01fe92a44b47fd9b62999dcef6a7af39bf2bf80dcd0970d5b39f32d
[INFO] running `Command { std: "docker" "start" "-a" "83568478e01fe92a44b47fd9b62999dcef6a7af39bf2bf80dcd0970d5b39f32d", kill_on_drop: false }`
[INFO] running `Command { std: "docker" "inspect" "83568478e01fe92a44b47fd9b62999dcef6a7af39bf2bf80dcd0970d5b39f32d", kill_on_drop: false }`
[INFO] running `Command { std: "docker" "rm" "-f" "83568478e01fe92a44b47fd9b62999dcef6a7af39bf2bf80dcd0970d5b39f32d", kill_on_drop: false }`
[INFO] [stdout] 83568478e01fe92a44b47fd9b62999dcef6a7af39bf2bf80dcd0970d5b39f32d
[INFO] running `Command { std: "docker" "create" "-v" "/var/lib/crater-agent-workspace/builds/worker-4-tc1/target:/opt/rustwide/target:rw,Z" "-v" "/var/lib/crater-agent-workspace/builds/worker-4-tc1/source:/opt/rustwide/workdir:ro,Z" "-v" "/var/lib/crater-agent-workspace/cargo-home:/opt/rustwide/cargo-home:ro,Z" "-v" "/var/lib/crater-agent-workspace/rustup-home:/opt/rustwide/rustup-home:ro,Z" "-e" "SOURCE_DIR=/opt/rustwide/workdir" "-e" "CARGO_TARGET_DIR=/opt/rustwide/target" "-e" "CARGO_INCREMENTAL=0" "-e" "RUST_BACKTRACE=full" "-e" "RUSTFLAGS=--cap-lints=warn" "-e" "RUSTDOCFLAGS=--cap-lints=warn" "-e" "CARGO_HOME=/opt/rustwide/cargo-home" "-e" "RUSTUP_HOME=/opt/rustwide/rustup-home" "-w" "/opt/rustwide/workdir" "-m" "1610612736" "--user" "0:0" "--network" "none" "ghcr.io/rust-lang/crates-build-env/linux@sha256:f3a9d4ad9d972b27faf3965f35b62e55ba32bbce8f20bc8fe909558a86702fde" "/opt/rustwide/cargo-home/bin/cargo" "+1.83.0" "build" "--frozen" "--message-format=json", kill_on_drop: false }`
[INFO] [stdout] 31ac64c31f06ac15a631ec0715ff6fbae95ac0b253dbc6054815b019cae9f081
[INFO] running `Command { std: "docker" "start" "-a" "31ac64c31f06ac15a631ec0715ff6fbae95ac0b253dbc6054815b019cae9f081", kill_on_drop: false }`
[INFO] [stderr] warning: unused manifest key: build
[INFO] [stderr]    Compiling proc-macro2 v1.0.78
[INFO] [stderr]    Compiling libc v0.2.151
[INFO] [stderr]    Compiling futures-core v0.3.30
[INFO] [stderr]    Compiling futures-sink v0.3.30
[INFO] [stderr]    Compiling smallvec v1.11.2
[INFO] [stderr]    Compiling memchr v2.7.1
[INFO] [stderr]    Compiling serde v1.0.196
[INFO] [stderr]    Compiling either v1.9.0
[INFO] [stderr]    Compiling predicates-core v1.0.6
[INFO] [stderr]    Compiling termtree v0.4.1
[INFO] [stderr]    Compiling hashbrown v0.14.3
[INFO] [stderr]    Compiling serde_json v1.0.113
[INFO] [stderr]    Compiling once_cell v1.19.0
[INFO] [stderr]    Compiling downcast v0.11.0
[INFO] [stderr]    Compiling itoa v1.0.10
[INFO] [stderr]    Compiling log v0.4.20
[INFO] [stderr]    Compiling ryu v1.0.16
[INFO] [stderr]    Compiling futures-channel v0.3.30
[INFO] [stderr]    Compiling fragile v2.0.0
[INFO] [stderr]    Compiling predicates-tree v1.0.9
[INFO] [stderr]    Compiling simple-home-dir v0.3.2
[INFO] [stderr]    Compiling itertools v0.11.0
[INFO] [stderr]    Compiling quote v1.0.35
[INFO] [stderr]    Compiling futures-util v0.3.30
[INFO] [stderr]    Compiling parking_lot_core v0.9.9
[INFO] [stderr]    Compiling syn v2.0.48
[INFO] [stderr]    Compiling dashmap v5.5.3
[INFO] [stderr]    Compiling parking_lot v0.12.1
[INFO] [stderr]    Compiling predicates v3.0.4
[INFO] [stderr]    Compiling futures-executor v0.3.30
[INFO] [stderr]    Compiling futures v0.3.30
[INFO] [stderr]    Compiling mockall_derive v0.12.1
[INFO] [stderr]    Compiling serial_test_derive v2.0.0
[INFO] [stderr]    Compiling serial_test v2.0.0
[INFO] [stderr]    Compiling mockall v0.12.1
[INFO] [stderr]    Compiling leucli v0.1.0 (/opt/rustwide/workdir)
[INFO] [stdout] warning: methods `get_local_files` and `get_cwd` are never used
[INFO] [stdout]  --> src/file_manager.rs:5:8
[INFO] [stdout]   |
[INFO] [stdout] 4 | pub trait FileManager {
[INFO] [stdout]   |           ----------- methods in this trait
[INFO] [stdout] 5 |     fn get_local_files(&self, path: &PathBuf) -> Result<Vec<String>, String>;
[INFO] [stdout]   |        ^^^^^^^^^^^^^^^
[INFO] [stdout] 6 |
[INFO] [stdout] 7 |     fn get_cwd(&self) -> PathBuf;
[INFO] [stdout]   |        ^^^^^^^
[INFO] [stdout]   |
[INFO] [stdout]   = note: `#[warn(dead_code)]` on by default
[INFO] [stdout] 
[INFO] [stdout] 
[INFO] [stdout] warning: method `get_project_url` is never used
[INFO] [stdout]  --> src/git_manager.rs:8:8
[INFO] [stdout]   |
[INFO] [stdout] 3 | pub trait GitManager {
[INFO] [stdout]   |           ---------- method in this trait
[INFO] [stdout] ...
[INFO] [stdout] 8 |     fn get_project_url(&self) -> Result<String, String>;
[INFO] [stdout]   |        ^^^^^^^^^^^^^^^
[INFO] [stdout] 
[INFO] [stdout] 
[INFO] [stdout] warning: field `higher_scope` is never read
[INFO] [stdout]  --> src/scopes.rs:4:9
[INFO] [stdout]   |
[INFO] [stdout] 2 | pub struct Scope {
[INFO] [stdout]   |            ----- field in this struct
[INFO] [stdout] 3 |     pub name: String,
[INFO] [stdout] 4 |     pub higher_scope: Option<Box<Scope>>,
[INFO] [stdout]   |         ^^^^^^^^^^^^
[INFO] [stdout]   |
[INFO] [stdout]   = note: `Scope` has derived impls for the traits `Debug` and `Clone`, but these are intentionally ignored during dead code analysis
[INFO] [stdout] 
[INFO] [stdout] 
[INFO] [stderr]     Finished `dev` profile [unoptimized + debuginfo] target(s) in 16.61s
[INFO] running `Command { std: "docker" "inspect" "31ac64c31f06ac15a631ec0715ff6fbae95ac0b253dbc6054815b019cae9f081", kill_on_drop: false }`
[INFO] running `Command { std: "docker" "rm" "-f" "31ac64c31f06ac15a631ec0715ff6fbae95ac0b253dbc6054815b019cae9f081", kill_on_drop: false }`
[INFO] [stdout] 31ac64c31f06ac15a631ec0715ff6fbae95ac0b253dbc6054815b019cae9f081
[INFO] running `Command { std: "docker" "create" "-v" "/var/lib/crater-agent-workspace/builds/worker-4-tc1/target:/opt/rustwide/target:rw,Z" "-v" "/var/lib/crater-agent-workspace/builds/worker-4-tc1/source:/opt/rustwide/workdir:ro,Z" "-v" "/var/lib/crater-agent-workspace/cargo-home:/opt/rustwide/cargo-home:ro,Z" "-v" "/var/lib/crater-agent-workspace/rustup-home:/opt/rustwide/rustup-home:ro,Z" "-e" "SOURCE_DIR=/opt/rustwide/workdir" "-e" "CARGO_TARGET_DIR=/opt/rustwide/target" "-e" "CARGO_INCREMENTAL=0" "-e" "RUST_BACKTRACE=full" "-e" "RUSTFLAGS=--cap-lints=warn" "-e" "RUSTDOCFLAGS=--cap-lints=warn" "-e" "CARGO_HOME=/opt/rustwide/cargo-home" "-e" "RUSTUP_HOME=/opt/rustwide/rustup-home" "-w" "/opt/rustwide/workdir" "-m" "1610612736" "--user" "0:0" "--network" "none" "ghcr.io/rust-lang/crates-build-env/linux@sha256:f3a9d4ad9d972b27faf3965f35b62e55ba32bbce8f20bc8fe909558a86702fde" "/opt/rustwide/cargo-home/bin/cargo" "+1.83.0" "test" "--frozen" "--no-run" "--message-format=json", kill_on_drop: false }`
[INFO] [stdout] 90ccf8f3dbc01d9845629025c5b072e7ad9eaaa3b21d598b8daa7cac8998cefd
[INFO] running `Command { std: "docker" "start" "-a" "90ccf8f3dbc01d9845629025c5b072e7ad9eaaa3b21d598b8daa7cac8998cefd", kill_on_drop: false }`
[INFO] [stderr] warning: unused manifest key: build
[INFO] [stderr]    Compiling leucli v0.1.0 (/opt/rustwide/workdir)
[INFO] [stdout] warning: methods `get_local_files` and `get_cwd` are never used
[INFO] [stdout]  --> src/file_manager.rs:5:8
[INFO] [stdout]   |
[INFO] [stdout] 4 | pub trait FileManager {
[INFO] [stdout]   |           ----------- methods in this trait
[INFO] [stdout] 5 |     fn get_local_files(&self, path: &PathBuf) -> Result<Vec<String>, String>;
[INFO] [stdout]   |        ^^^^^^^^^^^^^^^
[INFO] [stdout] 6 |
[INFO] [stdout] 7 |     fn get_cwd(&self) -> PathBuf;
[INFO] [stdout]   |        ^^^^^^^
[INFO] [stdout]   |
[INFO] [stdout]   = note: `#[warn(dead_code)]` on by default
[INFO] [stdout] 
[INFO] [stdout] 
[INFO] [stdout] warning: method `get_project_url` is never used
[INFO] [stdout]  --> src/git_manager.rs:8:8
[INFO] [stdout]   |
[INFO] [stdout] 3 | pub trait GitManager {
[INFO] [stdout]   |           ---------- method in this trait
[INFO] [stdout] ...
[INFO] [stdout] 8 |     fn get_project_url(&self) -> Result<String, String>;
[INFO] [stdout]   |        ^^^^^^^^^^^^^^^
[INFO] [stdout] 
[INFO] [stdout] 
[INFO] [stdout] warning: field `higher_scope` is never read
[INFO] [stdout]  --> src/scopes.rs:4:9
[INFO] [stdout]   |
[INFO] [stdout] 2 | pub struct Scope {
[INFO] [stdout]   |            ----- field in this struct
[INFO] [stdout] 3 |     pub name: String,
[INFO] [stdout] 4 |     pub higher_scope: Option<Box<Scope>>,
[INFO] [stdout]   |         ^^^^^^^^^^^^
[INFO] [stdout]   |
[INFO] [stdout]   = note: `Scope` has derived impls for the traits `Debug` and `Clone`, but these are intentionally ignored during dead code analysis
[INFO] [stdout] 
[INFO] [stdout] 
[INFO] [stdout] warning: unused import: `leucli`
[INFO] [stdout]  --> tests/integration_test.rs:1:5
[INFO] [stdout]   |
[INFO] [stdout] 1 | use leucli;
[INFO] [stdout]   |     ^^^^^^
[INFO] [stdout]   |
[INFO] [stdout]   = note: `#[warn(unused_imports)]` on by default
[INFO] [stdout] 
[INFO] [stdout] 
[INFO] [stdout] warning: unused import: `crate::file_manager`
[INFO] [stdout]  --> src/utils.rs:2:5
[INFO] [stdout]   |
[INFO] [stdout] 2 | use crate::file_manager;
[INFO] [stdout]   |     ^^^^^^^^^^^^^^^^^^^
[INFO] [stdout]   |
[INFO] [stdout]   = note: `#[warn(unused_imports)]` on by default
[INFO] [stdout] 
[INFO] [stdout] 
[INFO] [stdout] warning: unused variable: `path`
[INFO] [stdout]   --> src/file_manager.rs:53:35
[INFO] [stdout]    |
[INFO] [stdout] 53 |         fn get_local_files(&self, path: &PathBuf) -> Result<Vec<String>, String> {
[INFO] [stdout]    |                                   ^^^^ help: if this is intentional, prefix it with an underscore: `_path`
[INFO] [stdout]    |
[INFO] [stdout]    = note: `#[warn(unused_variables)]` on by default
[INFO] [stdout] 
[INFO] [stdout] 
[INFO] [stdout] warning: unused variable: `path`
[INFO] [stdout]   --> src/file_manager.rs:61:36
[INFO] [stdout]    |
[INFO] [stdout] 61 |         fn get_file_content(&self, path: &Path) -> Result<String, String> {
[INFO] [stdout]    |                                    ^^^^ help: if this is intentional, prefix it with an underscore: `_path`
[INFO] [stdout] 
[INFO] [stdout] 
[INFO] [stdout] warning: method `get_local_files` is never used
[INFO] [stdout]  --> src/file_manager.rs:5:8
[INFO] [stdout]   |
[INFO] [stdout] 4 | pub trait FileManager {
[INFO] [stdout]   |           ----------- method in this trait
[INFO] [stdout] 5 |     fn get_local_files(&self, path: &PathBuf) -> Result<Vec<String>, String>;
[INFO] [stdout]   |        ^^^^^^^^^^^^^^^
[INFO] [stdout]   |
[INFO] [stdout]   = note: `#[warn(dead_code)]` on by default
[INFO] [stdout] 
[INFO] [stdout] 
[INFO] [stdout] warning: struct `MockFileManager` is never constructed
[INFO] [stdout]   --> src/file_manager.rs:50:12
[INFO] [stdout]    |
[INFO] [stdout] 50 |     struct MockFileManager;
[INFO] [stdout]    |            ^^^^^^^^^^^^^^^
[INFO] [stdout] 
[INFO] [stdout] 
[INFO] [stdout] warning: method `get_project_url` is never used
[INFO] [stdout]  --> src/git_manager.rs:8:8
[INFO] [stdout]   |
[INFO] [stdout] 3 | pub trait GitManager {
[INFO] [stdout]   |           ---------- method in this trait
[INFO] [stdout] ...
[INFO] [stdout] 8 |     fn get_project_url(&self) -> Result<String, String>;
[INFO] [stdout]   |        ^^^^^^^^^^^^^^^
[INFO] [stdout] 
[INFO] [stdout] 
[INFO] [stdout] warning: struct `MockGitManagerGitProject` is never constructed
[INFO] [stdout]   --> src/git_manager.rs:68:12
[INFO] [stdout]    |
[INFO] [stdout] 68 |     struct MockGitManagerGitProject;
[INFO] [stdout]    |            ^^^^^^^^^^^^^^^^^^^^^^^^
[INFO] [stdout] 
[INFO] [stdout] 
[INFO] [stdout] warning: struct `MockGitManagerNotGitProject` is never constructed
[INFO] [stdout]   --> src/git_manager.rs:84:12
[INFO] [stdout]    |
[INFO] [stdout] 84 |     struct MockGitManagerNotGitProject;
[INFO] [stdout]    |            ^^^^^^^^^^^^^^^^^^^^^^^^^^^
[INFO] [stdout] 
[INFO] [stdout] 
[INFO] [stdout] warning: field `higher_scope` is never read
[INFO] [stdout]  --> src/scopes.rs:4:9
[INFO] [stdout]   |
[INFO] [stdout] 2 | pub struct Scope {
[INFO] [stdout]   |            ----- field in this struct
[INFO] [stdout] 3 |     pub name: String,
[INFO] [stdout] 4 |     pub higher_scope: Option<Box<Scope>>,
[INFO] [stdout]   |         ^^^^^^^^^^^^
[INFO] [stdout]   |
[INFO] [stdout]   = note: `Scope` has derived impls for the traits `Debug` and `Clone`, but these are intentionally ignored during dead code analysis
[INFO] [stdout] 
[INFO] [stdout] 
[INFO] [stdout] warning: unused borrow that must be used
[INFO] [stdout]    --> src/git_manager.rs:110:9
[INFO] [stdout]     |
[INFO] [stdout] 110 |         &path.push("project");
[INFO] [stdout]     |         ^^^^^^^^^^^^^^^^^^^^^ the borrow produces a value
[INFO] [stdout]     |
[INFO] [stdout]     = note: `#[warn(unused_must_use)]` on by default
[INFO] [stdout] help: use `let _ = ...` to ignore the resulting value
[INFO] [stdout]     |
[INFO] [stdout] 110 |         let _ = &path.push("project");
[INFO] [stdout]     |         +++++++
[INFO] [stdout] 
[INFO] [stdout] 
[INFO] [stdout] warning: unused borrow that must be used
[INFO] [stdout]    --> src/git_manager.rs:118:9
[INFO] [stdout]     |
[INFO] [stdout] 118 |         &path.push("project");
[INFO] [stdout]     |         ^^^^^^^^^^^^^^^^^^^^^ the borrow produces a value
[INFO] [stdout]     |
[INFO] [stdout] help: use `let _ = ...` to ignore the resulting value
[INFO] [stdout]     |
[INFO] [stdout] 118 |         let _ = &path.push("project");
[INFO] [stdout]     |         +++++++
[INFO] [stdout] 
[INFO] [stdout] 
[INFO] [stderr]     Finished `test` profile [unoptimized + debuginfo] target(s) in 1.24s
[INFO] running `Command { std: "docker" "inspect" "90ccf8f3dbc01d9845629025c5b072e7ad9eaaa3b21d598b8daa7cac8998cefd", kill_on_drop: false }`
[INFO] running `Command { std: "docker" "rm" "-f" "90ccf8f3dbc01d9845629025c5b072e7ad9eaaa3b21d598b8daa7cac8998cefd", kill_on_drop: false }`
[INFO] [stdout] 90ccf8f3dbc01d9845629025c5b072e7ad9eaaa3b21d598b8daa7cac8998cefd
[INFO] running `Command { std: "docker" "create" "-v" "/var/lib/crater-agent-workspace/builds/worker-4-tc1/target:/opt/rustwide/target:rw,Z" "-v" "/var/lib/crater-agent-workspace/builds/worker-4-tc1/source:/opt/rustwide/workdir:ro,Z" "-v" "/var/lib/crater-agent-workspace/cargo-home:/opt/rustwide/cargo-home:ro,Z" "-v" "/var/lib/crater-agent-workspace/rustup-home:/opt/rustwide/rustup-home:ro,Z" "-e" "SOURCE_DIR=/opt/rustwide/workdir" "-e" "CARGO_TARGET_DIR=/opt/rustwide/target" "-e" "CARGO_INCREMENTAL=0" "-e" "RUST_BACKTRACE=full" "-e" "RUSTFLAGS=--cap-lints=warn" "-e" "RUSTDOCFLAGS=--cap-lints=warn" "-e" "CARGO_HOME=/opt/rustwide/cargo-home" "-e" "RUSTUP_HOME=/opt/rustwide/rustup-home" "-w" "/opt/rustwide/workdir" "-m" "1610612736" "--user" "0:0" "--network" "none" "ghcr.io/rust-lang/crates-build-env/linux@sha256:f3a9d4ad9d972b27faf3965f35b62e55ba32bbce8f20bc8fe909558a86702fde" "/opt/rustwide/cargo-home/bin/cargo" "+1.83.0" "test" "--frozen", kill_on_drop: false }`
[INFO] [stdout] 698348637fd34d49e197e18d47567ea25985ebcad47cfc5c959558da6007c0b6
[INFO] running `Command { std: "docker" "start" "-a" "698348637fd34d49e197e18d47567ea25985ebcad47cfc5c959558da6007c0b6", kill_on_drop: false }`
[INFO] [stderr] warning: unused manifest key: build
[INFO] [stderr] warning: methods `get_local_files` and `get_cwd` are never used
[INFO] [stderr]  --> src/file_manager.rs:5:8
[INFO] [stderr]   |
[INFO] [stderr] 4 | pub trait FileManager {
[INFO] [stderr]   |           ----------- methods in this trait
[INFO] [stderr] 5 |     fn get_local_files(&self, path: &PathBuf) -> Result<Vec<String>, String>;
[INFO] [stderr]   |        ^^^^^^^^^^^^^^^
[INFO] [stderr] 6 |
[INFO] [stderr] 7 |     fn get_cwd(&self) -> PathBuf;
[INFO] [stderr]   |        ^^^^^^^
[INFO] [stderr]   |
[INFO] [stderr]   = note: `#[warn(dead_code)]` on by default
[INFO] [stderr] 
[INFO] [stderr] warning: method `get_project_url` is never used
[INFO] [stderr]  --> src/git_manager.rs:8:8
[INFO] [stderr]   |
[INFO] [stderr] 3 | pub trait GitManager {
[INFO] [stderr]   |           ---------- method in this trait
[INFO] [stderr] ...
[INFO] [stderr] 8 |     fn get_project_url(&self) -> Result<String, String>;
[INFO] [stderr]   |        ^^^^^^^^^^^^^^^
[INFO] [stderr] 
[INFO] [stderr] warning: field `higher_scope` is never read
[INFO] [stderr]  --> src/scopes.rs:4:9
[INFO] [stderr]   |
[INFO] [stderr] 2 | pub struct Scope {
[INFO] [stderr]   |            ----- field in this struct
[INFO] [stderr] 3 |     pub name: String,
[INFO] [stderr] 4 |     pub higher_scope: Option<Box<Scope>>,
[INFO] [stderr]   |         ^^^^^^^^^^^^
[INFO] [stderr]   |
[INFO] [stderr]   = note: `Scope` has derived impls for the traits `Debug` and `Clone`, but these are intentionally ignored during dead code analysis
[INFO] [stderr] 
[INFO] [stderr] warning: unused import: `crate::file_manager`
[INFO] [stderr]  --> src/utils.rs:2:5
[INFO] [stderr]   |
[INFO] [stderr] 2 | use crate::file_manager;
[INFO] [stderr]   |     ^^^^^^^^^^^^^^^^^^^
[INFO] [stderr]   |
[INFO] [stderr]   = note: `#[warn(unused_imports)]` on by default
[INFO] [stderr] 
[INFO] [stderr] warning: unused variable: `path`
[INFO] [stderr]   --> src/file_manager.rs:53:35
[INFO] [stderr]    |
[INFO] [stderr] 53 |         fn get_local_files(&self, path: &PathBuf) -> Result<Vec<String>, String> {
[INFO] [stderr]    |                                   ^^^^ help: if this is intentional, prefix it with an underscore: `_path`
[INFO] [stderr]    |
[INFO] [stderr]    = note: `#[warn(unused_variables)]` on by default
[INFO] [stderr] 
[INFO] [stderr] warning: unused variable: `path`
[INFO] [stderr]   --> src/file_manager.rs:61:36
[INFO] [stderr]    |
[INFO] [stderr] 61 |         fn get_file_content(&self, path: &Path) -> Result<String, String> {
[INFO] [stderr]    |                                    ^^^^ help: if this is intentional, prefix it with an underscore: `_path`
[INFO] [stderr] 
[INFO] [stderr] warning: method `get_local_files` is never used
[INFO] [stderr]  --> src/file_manager.rs:5:8
[INFO] [stderr]   |
[INFO] [stderr] 4 | pub trait FileManager {
[INFO] [stderr]   |           ----------- method in this trait
[INFO] [stderr] 5 |     fn get_local_files(&self, path: &PathBuf) -> Result<Vec<String>, String>;
[INFO] [stderr]   |        ^^^^^^^^^^^^^^^
[INFO] [stderr]   |
[INFO] [stderr]   = note: `#[warn(dead_code)]` on by default
[INFO] [stderr] 
[INFO] [stderr] warning: struct `MockFileManager` is never constructed
[INFO] [stderr]   --> src/file_manager.rs:50:12
[INFO] [stderr]    |
[INFO] [stderr] 50 |     struct MockFileManager;
[INFO] [stderr]    |            ^^^^^^^^^^^^^^^
[INFO] [stderr] 
[INFO] [stderr] warning: struct `MockGitManagerGitProject` is never constructed
[INFO] [stderr]   --> src/git_manager.rs:68:12
[INFO] [stderr]    |
[INFO] [stderr] 68 |     struct MockGitManagerGitProject;
[INFO] [stderr]    |            ^^^^^^^^^^^^^^^^^^^^^^^^
[INFO] [stderr] 
[INFO] [stderr] warning: struct `MockGitManagerNotGitProject` is never constructed
[INFO] [stderr]   --> src/git_manager.rs:84:12
[INFO] [stderr]    |
[INFO] [stderr] 84 |     struct MockGitManagerNotGitProject;
[INFO] [stderr]    |            ^^^^^^^^^^^^^^^^^^^^^^^^^^^
[INFO] [stderr] 
[INFO] [stderr] warning: unused borrow that must be used
[INFO] [stderr]    --> src/git_manager.rs:110:9
[INFO] [stderr]     |
[INFO] [stderr] 110 |         &path.push("project");
[INFO] [stderr]     |         ^^^^^^^^^^^^^^^^^^^^^ the borrow produces a value
[INFO] [stderr]     |
[INFO] [stderr]     = note: `#[warn(unused_must_use)]` on by default
[INFO] [stderr] help: use `let _ = ...` to ignore the resulting value
[INFO] [stderr]     |
[INFO] [stderr] 110 |         let _ = &path.push("project");
[INFO] [stderr]     |         +++++++
[INFO] [stderr] 
[INFO] [stderr] warning: unused borrow that must be used
[INFO] [stderr]    --> src/git_manager.rs:118:9
[INFO] [stderr]     |
[INFO] [stderr] 118 |         &path.push("project");
[INFO] [stderr]     |         ^^^^^^^^^^^^^^^^^^^^^ the borrow produces a value
[INFO] [stderr]     |
[INFO] [stderr] help: use `let _ = ...` to ignore the resulting value
[INFO] [stderr]     |
[INFO] [stderr] 118 |         let _ = &path.push("project");
[INFO] [stderr]     |         +++++++
[INFO] [stderr] 
[INFO] [stderr] warning: `leucli` (lib) generated 3 warnings
[INFO] [stderr] warning: `leucli` (lib test) generated 11 warnings (2 duplicates) (run `cargo fix --lib -p leucli --tests` to apply 1 suggestion)
[INFO] [stderr] warning: unused import: `leucli`
[INFO] [stderr]  --> tests/integration_test.rs:1:5
[INFO] [stderr]   |
[INFO] [stderr] 1 | use leucli;
[INFO] [stderr]   |     ^^^^^^
[INFO] [stderr]   |
[INFO] [stderr]   = note: `#[warn(unused_imports)]` on by default
[INFO] [stderr] 
[INFO] [stderr] warning: `leucli` (test "integration_test") generated 1 warning (run `cargo fix --test "integration_test"` to apply 1 suggestion)
[INFO] [stderr]     Finished `test` profile [unoptimized + debuginfo] target(s) in 0.06s
[INFO] [stderr]      Running unittests src/lib.rs (/opt/rustwide/target/debug/deps/leucli-d7e6cbaf497648d2)
[INFO] [stdout] 
[INFO] [stdout] running 3 tests
[INFO] [stdout] test git_manager::tests::its_a_project ... ok
[INFO] [stdout] test table_builders::tests::test_build_scope_table ... FAILED
[INFO] [stdout] test git_manager::tests::main_branch ... FAILED
[INFO] [stdout] 
[INFO] [stdout] failures:
[INFO] [stdout] 
[INFO] [stdout] ---- table_builders::tests::test_build_scope_table stdout ----
[INFO] [stdout] thread 'table_builders::tests::test_build_scope_table' panicked at src/table_builders.rs:50:58:
[INFO] [stdout] called `Option::unwrap()` on a `None` value
[INFO] [stdout] stack backtrace:
[INFO] [stdout]    0:     0x5b929e4a8cda - std::backtrace_rs::backtrace::libunwind::trace::h5a5b8284f2d0c266
[INFO] [stdout]                                at /rustc/90b35a6239c3d8bdabc530a6a0816f7ff89a0aaf/library/std/src/../../backtrace/src/backtrace/libunwind.rs:116:5
[INFO] [stdout]    1:     0x5b929e4a8cda - std::backtrace_rs::backtrace::trace_unsynchronized::h76d4f1c9b0b875e3
[INFO] [stdout]                                at /rustc/90b35a6239c3d8bdabc530a6a0816f7ff89a0aaf/library/std/src/../../backtrace/src/backtrace/mod.rs:66:5
[INFO] [stdout]    2:     0x5b929e4a8cda - std::sys::backtrace::_print_fmt::hc4546b8364a537c6
[INFO] [stdout]                                at /rustc/90b35a6239c3d8bdabc530a6a0816f7ff89a0aaf/library/std/src/sys/backtrace.rs:66:9
[INFO] [stdout]    3:     0x5b929e4a8cda - <std::sys::backtrace::BacktraceLock::print::DisplayBacktrace as core::fmt::Display>::fmt::h5b6bd5631a6d1f6b
[INFO] [stdout]                                at /rustc/90b35a6239c3d8bdabc530a6a0816f7ff89a0aaf/library/std/src/sys/backtrace.rs:39:26
[INFO] [stdout]    4:     0x5b929e4ce763 - core::fmt::rt::Argument::fmt::h270f6602a2b96f62
[INFO] [stdout]                                at /rustc/90b35a6239c3d8bdabc530a6a0816f7ff89a0aaf/library/core/src/fmt/rt.rs:177:76
[INFO] [stdout]    5:     0x5b929e4ce763 - core::fmt::write::h7550c97b06c86515
[INFO] [stdout]                                at /rustc/90b35a6239c3d8bdabc530a6a0816f7ff89a0aaf/library/core/src/fmt/mod.rs:1186:21
[INFO] [stdout]    6:     0x5b929e4a5ca3 - std::io::Write::write_fmt::h509ff860e5956e5e
[INFO] [stdout]                                at /rustc/90b35a6239c3d8bdabc530a6a0816f7ff89a0aaf/library/std/src/io/mod.rs:1839:15
[INFO] [stdout]    7:     0x5b929e4a8b22 - std::sys::backtrace::BacktraceLock::print::h2395ccd2c84ba3aa
[INFO] [stdout]                                at /rustc/90b35a6239c3d8bdabc530a6a0816f7ff89a0aaf/library/std/src/sys/backtrace.rs:42:9
[INFO] [stdout]    8:     0x5b929e4aa13a - std::panicking::default_hook::{{closure}}::he19d4c7230e07961
[INFO] [stdout]                                at /rustc/90b35a6239c3d8bdabc530a6a0816f7ff89a0aaf/library/std/src/panicking.rs:268:22
[INFO] [stdout]    9:     0x5b929e4a9f44 - std::panicking::default_hook::hf614597d3c67bbdb
[INFO] [stdout]                                at /rustc/90b35a6239c3d8bdabc530a6a0816f7ff89a0aaf/library/std/src/panicking.rs:292:9
[INFO] [stdout]   10:     0x5b929e46ff69 - <alloc::boxed::Box<F,A> as core::ops::function::Fn<Args>>::call::h39b51ce4599c23d1
[INFO] [stdout]                                at /rustc/90b35a6239c3d8bdabc530a6a0816f7ff89a0aaf/library/alloc/src/boxed.rs:2468:9
[INFO] [stdout]   11:     0x5b929e46ff69 - test::test_main::{{closure}}::he977ae839a582784
[INFO] [stdout]                                at /rustc/90b35a6239c3d8bdabc530a6a0816f7ff89a0aaf/library/test/src/lib.rs:133:21
[INFO] [stdout]   12:     0x5b929e4aa7d8 - <alloc::boxed::Box<F,A> as core::ops::function::Fn<Args>>::call::h9455091b6b06f9fb
[INFO] [stdout]                                at /rustc/90b35a6239c3d8bdabc530a6a0816f7ff89a0aaf/library/alloc/src/boxed.rs:2468:9
[INFO] [stdout]   13:     0x5b929e4aa7d8 - std::panicking::rust_panic_with_hook::h8942133a8b252070
[INFO] [stdout]                                at /rustc/90b35a6239c3d8bdabc530a6a0816f7ff89a0aaf/library/std/src/panicking.rs:809:13
[INFO] [stdout]   14:     0x5b929e4aa566 - std::panicking::begin_panic_handler::{{closure}}::hb5f5963570096b29
[INFO] [stdout]                                at /rustc/90b35a6239c3d8bdabc530a6a0816f7ff89a0aaf/library/std/src/panicking.rs:667:13
[INFO] [stdout]   15:     0x5b929e4a91b9 - std::sys::backtrace::__rust_end_short_backtrace::h6208cedc1922feda
[INFO] [stdout]                                at /rustc/90b35a6239c3d8bdabc530a6a0816f7ff89a0aaf/library/std/src/sys/backtrace.rs:170:18
[INFO] [stdout]   16:     0x5b929e4aa22c - rust_begin_unwind
[INFO] [stdout]                                at /rustc/90b35a6239c3d8bdabc530a6a0816f7ff89a0aaf/library/std/src/panicking.rs:665:5
[INFO] [stdout]   17:     0x5b929e424af0 - core::panicking::panic_fmt::h0c3082644d1bf418
[INFO] [stdout]                                at /rustc/90b35a6239c3d8bdabc530a6a0816f7ff89a0aaf/library/core/src/panicking.rs:74:14
[INFO] [stdout]   18:     0x5b929e424b7c - core::panicking::panic::h957f98c65a3b3074
[INFO] [stdout]                                at /rustc/90b35a6239c3d8bdabc530a6a0816f7ff89a0aaf/library/core/src/panicking.rs:148:5
[INFO] [stdout]   19:     0x5b929e424a69 - core::option::unwrap_failed::h098b0d47c83374d6
[INFO] [stdout]                                at /rustc/90b35a6239c3d8bdabc530a6a0816f7ff89a0aaf/library/core/src/option.rs:2012:5
[INFO] [stdout]   20:     0x5b929e42db81 - core::option::Option<T>::unwrap::ha00c282b86be6093
[INFO] [stdout]                                at /rustc/90b35a6239c3d8bdabc530a6a0816f7ff89a0aaf/library/core/src/option.rs:972:21
[INFO] [stdout]   21:     0x5b929e42db81 - leucli::table_builders::build_scope_table::h7d518da16f7f1150
[INFO] [stdout]                                at /opt/rustwide/workdir/src/table_builders.rs:50:42
[INFO] [stdout]   22:     0x5b929e4346ab - leucli::table_builders::tests::test_build_scope_table::hd9fd42613e8e52a3
[INFO] [stdout]                                at /opt/rustwide/workdir/src/table_builders.rs:150:27
[INFO] [stdout]   23:     0x5b929e434677 - leucli::table_builders::tests::test_build_scope_table::{{closure}}::hcdeee188d9c438c5
[INFO] [stderr] error: test failed, to rerun pass `--lib`
[INFO] [stdout]                                at /opt/rustwide/workdir/src/table_builders.rs:149:32
[INFO] [stdout]   24:     0x5b929e429d96 - core::ops::function::FnOnce::call_once::ha951a5b6746a52d7
[INFO] [stdout]                                at /rustc/90b35a6239c3d8bdabc530a6a0816f7ff89a0aaf/library/core/src/ops/function.rs:250:5
[INFO] [stdout]   25:     0x5b929e47492b - core::ops::function::FnOnce::call_once::h109cf8051a59b34e
[INFO] [stdout]                                at /rustc/90b35a6239c3d8bdabc530a6a0816f7ff89a0aaf/library/core/src/ops/function.rs:250:5
[INFO] [stdout]   26:     0x5b929e47492b - test::__rust_begin_short_backtrace::hf4fff89d377446ba
[INFO] [stdout]                                at /rustc/90b35a6239c3d8bdabc530a6a0816f7ff89a0aaf/library/test/src/lib.rs:621:18
[INFO] [stdout]   27:     0x5b929e474167 - test::run_test_in_process::{{closure}}::h0e39181dd7ee5a43
[INFO] [stdout]                                at /rustc/90b35a6239c3d8bdabc530a6a0816f7ff89a0aaf/library/test/src/lib.rs:644:60
[INFO] [stdout]   28:     0x5b929e474167 - <core::panic::unwind_safe::AssertUnwindSafe<F> as core::ops::function::FnOnce<()>>::call_once::hc5a66a30f0bdfd1f
[INFO] [stdout]                                at /rustc/90b35a6239c3d8bdabc530a6a0816f7ff89a0aaf/library/core/src/panic/unwind_safe.rs:272:9
[INFO] [stdout]   29:     0x5b929e474167 - std::panicking::try::do_call::h873b7cf639554a5e
[INFO] [stdout]                                at /rustc/90b35a6239c3d8bdabc530a6a0816f7ff89a0aaf/library/std/src/panicking.rs:557:40
[INFO] [stdout]   30:     0x5b929e474167 - std::panicking::try::hdb19862fad9c8bd1
[INFO] [stdout]                                at /rustc/90b35a6239c3d8bdabc530a6a0816f7ff89a0aaf/library/std/src/panicking.rs:520:19
[INFO] [stdout]   31:     0x5b929e474167 - std::panic::catch_unwind::h281fe732d236d260
[INFO] [stdout]                                at /rustc/90b35a6239c3d8bdabc530a6a0816f7ff89a0aaf/library/std/src/panic.rs:358:14
[INFO] [stdout]   32:     0x5b929e474167 - test::run_test_in_process::h949b6df8457ed338
[INFO] [stdout]                                at /rustc/90b35a6239c3d8bdabc530a6a0816f7ff89a0aaf/library/test/src/lib.rs:644:27
[INFO] [stdout]   33:     0x5b929e474167 - test::run_test::{{closure}}::h52c556a6d4740e10
[INFO] [stdout]                                at /rustc/90b35a6239c3d8bdabc530a6a0816f7ff89a0aaf/library/test/src/lib.rs:565:43
[INFO] [stdout]   34:     0x5b929e439444 - test::run_test::{{closure}}::h4237f6381c45ccb9
[INFO] [stdout]                                at /rustc/90b35a6239c3d8bdabc530a6a0816f7ff89a0aaf/library/test/src/lib.rs:595:41
[INFO] [stdout]   35:     0x5b929e439444 - std::sys::backtrace::__rust_begin_short_backtrace::h505c97a579eca628
[INFO] [stdout]                                at /rustc/90b35a6239c3d8bdabc530a6a0816f7ff89a0aaf/library/std/src/sys/backtrace.rs:154:18
[INFO] [stdout]   36:     0x5b929e43cb0e - std::thread::Builder::spawn_unchecked_::{{closure}}::{{closure}}::h9e86b2e2bc107ea3
[INFO] [stdout]                                at /rustc/90b35a6239c3d8bdabc530a6a0816f7ff89a0aaf/library/std/src/thread/mod.rs:538:17
[INFO] [stdout]   37:     0x5b929e43cb0e - <core::panic::unwind_safe::AssertUnwindSafe<F> as core::ops::function::FnOnce<()>>::call_once::h8b06ddb275ff4a25
[INFO] [stdout]                                at /rustc/90b35a6239c3d8bdabc530a6a0816f7ff89a0aaf/library/core/src/panic/unwind_safe.rs:272:9
[INFO] [stdout]   38:     0x5b929e43cb0e - std::panicking::try::do_call::hb26ecd7cd9a9355d
[INFO] [stdout]                                at /rustc/90b35a6239c3d8bdabc530a6a0816f7ff89a0aaf/library/std/src/panicking.rs:557:40
[INFO] [stdout]   39:     0x5b929e43cb0e - std::panicking::try::h8ddeca9d705f9069
[INFO] [stdout]                                at /rustc/90b35a6239c3d8bdabc530a6a0816f7ff89a0aaf/library/std/src/panicking.rs:520:19
[INFO] [stdout]   40:     0x5b929e43cb0e - std::panic::catch_unwind::h49e1c33078844c46
[INFO] [stdout]                                at /rustc/90b35a6239c3d8bdabc530a6a0816f7ff89a0aaf/library/std/src/panic.rs:358:14
[INFO] [stdout]   41:     0x5b929e43cb0e - std::thread::Builder::spawn_unchecked_::{{closure}}::h6073db6ff56ad35d
[INFO] [stdout]                                at /rustc/90b35a6239c3d8bdabc530a6a0816f7ff89a0aaf/library/std/src/thread/mod.rs:537:30
[INFO] [stdout]   42:     0x5b929e43cb0e - core::ops::function::FnOnce::call_once{{vtable.shim}}::h2c5a5f3779c774f1
[INFO] [stdout]                                at /rustc/90b35a6239c3d8bdabc530a6a0816f7ff89a0aaf/library/core/src/ops/function.rs:250:5
[INFO] [stdout]   43:     0x5b929e4aea5b - <alloc::boxed::Box<F,A> as core::ops::function::FnOnce<Args>>::call_once::hf75717d9f28faebf
[INFO] [stdout]                                at /rustc/90b35a6239c3d8bdabc530a6a0816f7ff89a0aaf/library/alloc/src/boxed.rs:2454:9
[INFO] [stdout]   44:     0x5b929e4aea5b - <alloc::boxed::Box<F,A> as core::ops::function::FnOnce<Args>>::call_once::h7bd883a5f3c5f3c1
[INFO] [stdout]                                at /rustc/90b35a6239c3d8bdabc530a6a0816f7ff89a0aaf/library/alloc/src/boxed.rs:2454:9
[INFO] [stdout]   45:     0x5b929e4aea5b - std::sys::pal::unix::thread::Thread::new::thread_start::hcc78f3943333fa94
[INFO] [stdout]                                at /rustc/90b35a6239c3d8bdabc530a6a0816f7ff89a0aaf/library/std/src/sys/pal/unix/thread.rs:105:17
[INFO] [stdout]   46:     0x76496b923ac3 - <unknown>
[INFO] [stdout]   47:     0x76496b9b4a04 - clone
[INFO] [stdout]   48:                0x0 - <unknown>
[INFO] [stdout] 
[INFO] [stdout] ---- git_manager::tests::main_branch stdout ----
[INFO] [stdout] thread 'git_manager::tests::main_branch' panicked at src/git_manager.rs:121:9:
[INFO] [stdout] assertion `left == right` failed
[INFO] [stdout]   left: "master"
[INFO] [stdout]  right: "main"
[INFO] [stdout] stack backtrace:
[INFO] [stdout]    0:     0x5b929e4a8cda - std::backtrace_rs::backtrace::libunwind::trace::h5a5b8284f2d0c266
[INFO] [stdout]                                at /rustc/90b35a6239c3d8bdabc530a6a0816f7ff89a0aaf/library/std/src/../../backtrace/src/backtrace/libunwind.rs:116:5
[INFO] [stdout]    1:     0x5b929e4a8cda - std::backtrace_rs::backtrace::trace_unsynchronized::h76d4f1c9b0b875e3
[INFO] [stdout]                                at /rustc/90b35a6239c3d8bdabc530a6a0816f7ff89a0aaf/library/std/src/../../backtrace/src/backtrace/mod.rs:66:5
[INFO] [stdout]    2:     0x5b929e4a8cda - std::sys::backtrace::_print_fmt::hc4546b8364a537c6
[INFO] [stdout]                                at /rustc/90b35a6239c3d8bdabc530a6a0816f7ff89a0aaf/library/std/src/sys/backtrace.rs:66:9
[INFO] [stdout]    3:     0x5b929e4a8cda - <std::sys::backtrace::BacktraceLock::print::DisplayBacktrace as core::fmt::Display>::fmt::h5b6bd5631a6d1f6b
[INFO] [stdout]                                at /rustc/90b35a6239c3d8bdabc530a6a0816f7ff89a0aaf/library/std/src/sys/backtrace.rs:39:26
[INFO] [stdout]    4:     0x5b929e4ce763 - core::fmt::rt::Argument::fmt::h270f6602a2b96f62
[INFO] [stdout]                                at /rustc/90b35a6239c3d8bdabc530a6a0816f7ff89a0aaf/library/core/src/fmt/rt.rs:177:76
[INFO] [stdout]    5:     0x5b929e4ce763 - core::fmt::write::h7550c97b06c86515
[INFO] [stdout]                                at /rustc/90b35a6239c3d8bdabc530a6a0816f7ff89a0aaf/library/core/src/fmt/mod.rs:1186:21
[INFO] [stdout]    6:     0x5b929e4a5ca3 - std::io::Write::write_fmt::h509ff860e5956e5e
[INFO] [stdout]                                at /rustc/90b35a6239c3d8bdabc530a6a0816f7ff89a0aaf/library/std/src/io/mod.rs:1839:15
[INFO] [stdout]    7:     0x5b929e4a8b22 - std::sys::backtrace::BacktraceLock::print::h2395ccd2c84ba3aa
[INFO] [stdout]                                at /rustc/90b35a6239c3d8bdabc530a6a0816f7ff89a0aaf/library/std/src/sys/backtrace.rs:42:9
[INFO] [stdout]    8:     0x5b929e4aa13a - std::panicking::default_hook::{{closure}}::he19d4c7230e07961
[INFO] [stdout]                                at /rustc/90b35a6239c3d8bdabc530a6a0816f7ff89a0aaf/library/std/src/panicking.rs:268:22
[INFO] [stdout]    9:     0x5b929e4a9f44 - std::panicking::default_hook::hf614597d3c67bbdb
[INFO] [stdout]                                at /rustc/90b35a6239c3d8bdabc530a6a0816f7ff89a0aaf/library/std/src/panicking.rs:292:9
[INFO] [stdout]   10:     0x5b929e46ff69 - <alloc::boxed::Box<F,A> as core::ops::function::Fn<Args>>::call::h39b51ce4599c23d1
[INFO] [stdout]                                at /rustc/90b35a6239c3d8bdabc530a6a0816f7ff89a0aaf/library/alloc/src/boxed.rs:2468:9
[INFO] [stdout]   11:     0x5b929e46ff69 - test::test_main::{{closure}}::he977ae839a582784
[INFO] [stdout]                                at /rustc/90b35a6239c3d8bdabc530a6a0816f7ff89a0aaf/library/test/src/lib.rs:133:21
[INFO] [stdout]   12:     0x5b929e4aa7d8 - <alloc::boxed::Box<F,A> as core::ops::function::Fn<Args>>::call::h9455091b6b06f9fb
[INFO] [stdout]                                at /rustc/90b35a6239c3d8bdabc530a6a0816f7ff89a0aaf/library/alloc/src/boxed.rs:2468:9
[INFO] [stdout]   13:     0x5b929e4aa7d8 - std::panicking::rust_panic_with_hook::h8942133a8b252070
[INFO] [stdout]                                at /rustc/90b35a6239c3d8bdabc530a6a0816f7ff89a0aaf/library/std/src/panicking.rs:809:13
[INFO] [stdout]   14:     0x5b929e4aa59a - std::panicking::begin_panic_handler::{{closure}}::hb5f5963570096b29
[INFO] [stdout]                                at /rustc/90b35a6239c3d8bdabc530a6a0816f7ff89a0aaf/library/std/src/panicking.rs:674:13
[INFO] [stdout]   15:     0x5b929e4a91b9 - std::sys::backtrace::__rust_end_short_backtrace::h6208cedc1922feda
[INFO] [stdout]                                at /rustc/90b35a6239c3d8bdabc530a6a0816f7ff89a0aaf/library/std/src/sys/backtrace.rs:170:18
[INFO] [stdout]   16:     0x5b929e4aa22c - rust_begin_unwind
[INFO] [stdout]                                at /rustc/90b35a6239c3d8bdabc530a6a0816f7ff89a0aaf/library/std/src/panicking.rs:665:5
[INFO] [stdout]   17:     0x5b929e424af0 - core::panicking::panic_fmt::h0c3082644d1bf418
[INFO] [stdout]                                at /rustc/90b35a6239c3d8bdabc530a6a0816f7ff89a0aaf/library/core/src/panicking.rs:74:14
[INFO] [stdout]   18:     0x5b929e424ebb - core::panicking::assert_failed_inner::h2ddf1fcc067fa858
[INFO] [stdout]   19:     0x5b929e432216 - core::panicking::assert_failed::h7dfe9d49445c0d8c
[INFO] [stdout]                                at /rustc/90b35a6239c3d8bdabc530a6a0816f7ff89a0aaf/library/core/src/panicking.rs:367:5
[INFO] [stdout]   20:     0x5b929e437c17 - leucli::git_manager::tests::main_branch::h196743901de8e3cc
[INFO] [stdout]                                at /opt/rustwide/workdir/src/git_manager.rs:121:9
[INFO] [stdout]   21:     0x5b929e4379c7 - leucli::git_manager::tests::main_branch::{{closure}}::h6a7713a2a019ac79
[INFO] [stdout]                                at /opt/rustwide/workdir/src/git_manager.rs:116:21
[INFO] [stdout]   22:     0x5b929e429d16 - core::ops::function::FnOnce::call_once::h8ba341738a1e2f48
[INFO] [stdout]                                at /rustc/90b35a6239c3d8bdabc530a6a0816f7ff89a0aaf/library/core/src/ops/function.rs:250:5
[INFO] [stdout]   23:     0x5b929e47492b - core::ops::function::FnOnce::call_once::h109cf8051a59b34e
[INFO] [stdout]                                at /rustc/90b35a6239c3d8bdabc530a6a0816f7ff89a0aaf/library/core/src/ops/function.rs:250:5
[INFO] [stdout]   24:     0x5b929e47492b - test::__rust_begin_short_backtrace::hf4fff89d377446ba
[INFO] [stdout]                                at /rustc/90b35a6239c3d8bdabc530a6a0816f7ff89a0aaf/library/test/src/lib.rs:621:18
[INFO] [stdout]   25:     0x5b929e474167 - test::run_test_in_process::{{closure}}::h0e39181dd7ee5a43
[INFO] [stdout]                                at /rustc/90b35a6239c3d8bdabc530a6a0816f7ff89a0aaf/library/test/src/lib.rs:644:60
[INFO] [stdout]   26:     0x5b929e474167 - <core::panic::unwind_safe::AssertUnwindSafe<F> as core::ops::function::FnOnce<()>>::call_once::hc5a66a30f0bdfd1f
[INFO] [stdout]                                at /rustc/90b35a6239c3d8bdabc530a6a0816f7ff89a0aaf/library/core/src/panic/unwind_safe.rs:272:9
[INFO] [stdout]   27:     0x5b929e474167 - std::panicking::try::do_call::h873b7cf639554a5e
[INFO] [stdout]                                at /rustc/90b35a6239c3d8bdabc530a6a0816f7ff89a0aaf/library/std/src/panicking.rs:557:40
[INFO] [stdout]   28:     0x5b929e474167 - std::panicking::try::hdb19862fad9c8bd1
[INFO] [stdout]                                at /rustc/90b35a6239c3d8bdabc530a6a0816f7ff89a0aaf/library/std/src/panicking.rs:520:19
[INFO] [stdout]   29:     0x5b929e474167 - std::panic::catch_unwind::h281fe732d236d260
[INFO] [stdout]                                at /rustc/90b35a6239c3d8bdabc530a6a0816f7ff89a0aaf/library/std/src/panic.rs:358:14
[INFO] [stdout]   30:     0x5b929e474167 - test::run_test_in_process::h949b6df8457ed338
[INFO] [stdout]                                at /rustc/90b35a6239c3d8bdabc530a6a0816f7ff89a0aaf/library/test/src/lib.rs:644:27
[INFO] [stdout]   31:     0x5b929e474167 - test::run_test::{{closure}}::h52c556a6d4740e10
[INFO] [stdout]                                at /rustc/90b35a6239c3d8bdabc530a6a0816f7ff89a0aaf/library/test/src/lib.rs:565:43
[INFO] [stdout]   32:     0x5b929e439444 - test::run_test::{{closure}}::h4237f6381c45ccb9
[INFO] [stdout]                                at /rustc/90b35a6239c3d8bdabc530a6a0816f7ff89a0aaf/library/test/src/lib.rs:595:41
[INFO] [stdout]   33:     0x5b929e439444 - std::sys::backtrace::__rust_begin_short_backtrace::h505c97a579eca628
[INFO] [stdout]                                at /rustc/90b35a6239c3d8bdabc530a6a0816f7ff89a0aaf/library/std/src/sys/backtrace.rs:154:18
[INFO] [stdout]   34:     0x5b929e43cb0e - std::thread::Builder::spawn_unchecked_::{{closure}}::{{closure}}::h9e86b2e2bc107ea3
[INFO] [stdout]                                at /rustc/90b35a6239c3d8bdabc530a6a0816f7ff89a0aaf/library/std/src/thread/mod.rs:538:17
[INFO] [stdout]   35:     0x5b929e43cb0e - <core::panic::unwind_safe::AssertUnwindSafe<F> as core::ops::function::FnOnce<()>>::call_once::h8b06ddb275ff4a25
[INFO] [stdout]                                at /rustc/90b35a6239c3d8bdabc530a6a0816f7ff89a0aaf/library/core/src/panic/unwind_safe.rs:272:9
[INFO] [stdout]   36:     0x5b929e43cb0e - std::panicking::try::do_call::hb26ecd7cd9a9355d
[INFO] [stdout]                                at /rustc/90b35a6239c3d8bdabc530a6a0816f7ff89a0aaf/library/std/src/panicking.rs:557:40
[INFO] [stdout]   37:     0x5b929e43cb0e - std::panicking::try::h8ddeca9d705f9069
[INFO] [stdout]                                at /rustc/90b35a6239c3d8bdabc530a6a0816f7ff89a0aaf/library/std/src/panicking.rs:520:19
[INFO] [stdout]   38:     0x5b929e43cb0e - std::panic::catch_unwind::h49e1c33078844c46
[INFO] [stdout]                                at /rustc/90b35a6239c3d8bdabc530a6a0816f7ff89a0aaf/library/std/src/panic.rs:358:14
[INFO] [stdout]   39:     0x5b929e43cb0e - std::thread::Builder::spawn_unchecked_::{{closure}}::h6073db6ff56ad35d
[INFO] [stdout]                                at /rustc/90b35a6239c3d8bdabc530a6a0816f7ff89a0aaf/library/std/src/thread/mod.rs:537:30
[INFO] [stdout]   40:     0x5b929e43cb0e - core::ops::function::FnOnce::call_once{{vtable.shim}}::h2c5a5f3779c774f1
[INFO] [stdout]                                at /rustc/90b35a6239c3d8bdabc530a6a0816f7ff89a0aaf/library/core/src/ops/function.rs:250:5
[INFO] [stdout]   41:     0x5b929e4aea5b - <alloc::boxed::Box<F,A> as core::ops::function::FnOnce<Args>>::call_once::hf75717d9f28faebf
[INFO] [stdout]                                at /rustc/90b35a6239c3d8bdabc530a6a0816f7ff89a0aaf/library/alloc/src/boxed.rs:2454:9
[INFO] [stdout]   42:     0x5b929e4aea5b - <alloc::boxed::Box<F,A> as core::ops::function::FnOnce<Args>>::call_once::h7bd883a5f3c5f3c1
[INFO] [stdout]                                at /rustc/90b35a6239c3d8bdabc530a6a0816f7ff89a0aaf/library/alloc/src/boxed.rs:2454:9
[INFO] [stdout]   43:     0x5b929e4aea5b - std::sys::pal::unix::thread::Thread::new::thread_start::hcc78f3943333fa94
[INFO] [stdout]                                at /rustc/90b35a6239c3d8bdabc530a6a0816f7ff89a0aaf/library/std/src/sys/pal/unix/thread.rs:105:17
[INFO] [stdout]   44:     0x76496b923ac3 - <unknown>
[INFO] [stdout]   45:     0x76496b9b4a04 - clone
[INFO] [stdout]   46:                0x0 - <unknown>
[INFO] [stdout] 
[INFO] [stdout] 
[INFO] [stdout] failures:
[INFO] [stdout]     git_manager::tests::main_branch
[INFO] [stdout]     table_builders::tests::test_build_scope_table
[INFO] [stdout] 
[INFO] [stdout] test result: FAILED. 1 passed; 2 failed; 0 ignored; 0 measured; 0 filtered out; finished in 0.03s
[INFO] [stdout] 
[INFO] running `Command { std: "docker" "inspect" "698348637fd34d49e197e18d47567ea25985ebcad47cfc5c959558da6007c0b6", kill_on_drop: false }`
[INFO] running `Command { std: "docker" "rm" "-f" "698348637fd34d49e197e18d47567ea25985ebcad47cfc5c959558da6007c0b6", kill_on_drop: false }`
[INFO] [stdout] 698348637fd34d49e197e18d47567ea25985ebcad47cfc5c959558da6007c0b6
