[INFO] cloning repository https://github.com/lffg/fdb
[INFO] running `Command { std: "git" "-c" "credential.helper=" "-c" "credential.helper=/workspace/cargo-home/bin/git-credential-null" "clone" "--bare" "https://github.com/lffg/fdb" "/workspace/cache/git-repos/https%3A%2F%2Fgithub.com%2Flffg%2Ffdb", kill_on_drop: false }`
[INFO] [stderr] Cloning into bare repository '/workspace/cache/git-repos/https%3A%2F%2Fgithub.com%2Flffg%2Ffdb'...
[INFO] running `Command { std: "git" "rev-parse" "HEAD", kill_on_drop: false }`
[INFO] [stdout] 09efda29da43c0e3221f92b32c64fbe9254acad4
[INFO] testing lffg/fdb against 1.83.0 for beta-1.84.0-4-retry
[INFO] running `Command { std: "git" "clone" "/workspace/cache/git-repos/https%3A%2F%2Fgithub.com%2Flffg%2Ffdb" "/workspace/builds/worker-3-tc1/source", kill_on_drop: false }`
[INFO] [stderr] Cloning into '/workspace/builds/worker-3-tc1/source'...
[INFO] [stderr] done.
[INFO] validating manifest of git repo https://github.com/lffg/fdb on toolchain 1.83.0
[INFO] running `Command { std: CARGO_HOME="/workspace/cargo-home" RUSTUP_HOME="/workspace/rustup-home" "/workspace/cargo-home/bin/cargo" "+1.83.0" "metadata" "--manifest-path" "Cargo.toml" "--no-deps", kill_on_drop: false }`
[INFO] started tweaking git repo https://github.com/lffg/fdb
[INFO] finished tweaking git repo https://github.com/lffg/fdb
[INFO] tweaked toml for git repo https://github.com/lffg/fdb written to /workspace/builds/worker-3-tc1/source/Cargo.toml
[INFO] crate git repo https://github.com/lffg/fdb already has a lockfile, it will not be regenerated
[INFO] running `Command { std: CARGO_HOME="/workspace/cargo-home" RUSTUP_HOME="/workspace/rustup-home" "/workspace/cargo-home/bin/cargo" "+1.83.0" "fetch" "--manifest-path" "Cargo.toml", kill_on_drop: false }`
[INFO] [stderr] warning: virtual workspace defaulting to `resolver = "1"` despite one or more workspace members being on edition 2021 which implies `resolver = "2"`
[INFO] [stderr] note: to keep the current resolver, specify `workspace.resolver = "1"` in the workspace root's manifest
[INFO] [stderr] note: to use the edition 2021 resolver, specify `workspace.resolver = "2"` in the workspace root's manifest
[INFO] [stderr] note: for more details see https://doc.rust-lang.org/cargo/reference/resolver.html#resolver-versions
[INFO] [stderr]  Downloading crates ...
[INFO] [stderr]   Downloaded triomphe v0.1.8
[INFO] [stderr]   Downloaded quanta v0.10.1
[INFO] [stderr]   Downloaded polling v2.5.2
[INFO] [stderr]   Downloaded async-trait v0.1.65
[INFO] [stderr]   Downloaded async-io v1.12.0
[INFO] [stderr]   Downloaded camino v1.1.3
[INFO] [stderr]   Downloaded dashmap v5.4.0
[INFO] [stderr]   Downloaded moka v0.10.0
[INFO] running `Command { std: "docker" "create" "-v" "/var/lib/crater-agent-workspace/builds/worker-3-tc1/target:/opt/rustwide/target:rw,Z" "-v" "/var/lib/crater-agent-workspace/builds/worker-3-tc1/source:/opt/rustwide/workdir:ro,Z" "-v" "/var/lib/crater-agent-workspace/cargo-home:/opt/rustwide/cargo-home:ro,Z" "-v" "/var/lib/crater-agent-workspace/rustup-home:/opt/rustwide/rustup-home:ro,Z" "-e" "SOURCE_DIR=/opt/rustwide/workdir" "-e" "CARGO_TARGET_DIR=/opt/rustwide/target" "-e" "CARGO_HOME=/opt/rustwide/cargo-home" "-e" "RUSTUP_HOME=/opt/rustwide/rustup-home" "-w" "/opt/rustwide/workdir" "-m" "1610612736" "--user" "0:0" "--network" "none" "ghcr.io/rust-lang/crates-build-env/linux@sha256:f3a9d4ad9d972b27faf3965f35b62e55ba32bbce8f20bc8fe909558a86702fde" "/opt/rustwide/cargo-home/bin/cargo" "+1.83.0" "metadata" "--no-deps" "--format-version=1", kill_on_drop: false }`
[INFO] [stdout] b80c19d6a73e437a557da05baccdbe6402303807e446656dad9d29f81b184680
[INFO] running `Command { std: "docker" "start" "-a" "b80c19d6a73e437a557da05baccdbe6402303807e446656dad9d29f81b184680", kill_on_drop: false }`
[INFO] running `Command { std: "docker" "inspect" "b80c19d6a73e437a557da05baccdbe6402303807e446656dad9d29f81b184680", kill_on_drop: false }`
[INFO] running `Command { std: "docker" "rm" "-f" "b80c19d6a73e437a557da05baccdbe6402303807e446656dad9d29f81b184680", kill_on_drop: false }`
[INFO] [stdout] b80c19d6a73e437a557da05baccdbe6402303807e446656dad9d29f81b184680
[INFO] running `Command { std: "docker" "create" "-v" "/var/lib/crater-agent-workspace/builds/worker-3-tc1/target:/opt/rustwide/target:rw,Z" "-v" "/var/lib/crater-agent-workspace/builds/worker-3-tc1/source:/opt/rustwide/workdir:ro,Z" "-v" "/var/lib/crater-agent-workspace/cargo-home:/opt/rustwide/cargo-home:ro,Z" "-v" "/var/lib/crater-agent-workspace/rustup-home:/opt/rustwide/rustup-home:ro,Z" "-e" "SOURCE_DIR=/opt/rustwide/workdir" "-e" "CARGO_TARGET_DIR=/opt/rustwide/target" "-e" "CARGO_INCREMENTAL=0" "-e" "RUST_BACKTRACE=full" "-e" "RUSTFLAGS=--cap-lints=warn" "-e" "RUSTDOCFLAGS=--cap-lints=warn" "-e" "CARGO_HOME=/opt/rustwide/cargo-home" "-e" "RUSTUP_HOME=/opt/rustwide/rustup-home" "-w" "/opt/rustwide/workdir" "-m" "1610612736" "--user" "0:0" "--network" "none" "ghcr.io/rust-lang/crates-build-env/linux@sha256:f3a9d4ad9d972b27faf3965f35b62e55ba32bbce8f20bc8fe909558a86702fde" "/opt/rustwide/cargo-home/bin/cargo" "+1.83.0" "build" "--frozen" "--message-format=json", kill_on_drop: false }`
[INFO] [stdout] 16005a361c72bbd74c812ccd59772d97235617698983a4e4cb2d3f7be9b7aebe
[INFO] running `Command { std: "docker" "start" "-a" "16005a361c72bbd74c812ccd59772d97235617698983a4e4cb2d3f7be9b7aebe", kill_on_drop: false }`
[INFO] [stderr] warning: virtual workspace defaulting to `resolver = "1"` despite one or more workspace members being on edition 2021 which implies `resolver = "2"`
[INFO] [stderr] note: to keep the current resolver, specify `workspace.resolver = "1"` in the workspace root's manifest
[INFO] [stderr] note: to use the edition 2021 resolver, specify `workspace.resolver = "2"` in the workspace root's manifest
[INFO] [stderr] note: for more details see https://doc.rust-lang.org/cargo/reference/resolver.html#resolver-versions
[INFO] [stderr]    Compiling proc-macro2 v1.0.51
[INFO] [stderr]    Compiling unicode-ident v1.0.7
[INFO] [stderr]    Compiling quote v1.0.23
[INFO] [stderr]    Compiling syn v1.0.109
[INFO] [stderr]    Compiling once_cell v1.17.1
[INFO] [stderr]    Compiling crossbeam-utils v0.8.15
[INFO] [stderr]    Compiling pin-project-lite v0.2.9
[INFO] [stderr]    Compiling lock_api v0.4.9
[INFO] [stderr]    Compiling scopeguard v1.1.0
[INFO] [stderr]    Compiling parking_lot_core v0.9.7
[INFO] [stderr]    Compiling smallvec v1.10.0
[INFO] [stderr]    Compiling futures-core v0.3.26
[INFO] [stderr]    Compiling slab v0.4.8
[INFO] [stderr]    Compiling memoffset v0.8.0
[INFO] [stderr]    Compiling polling v2.5.2
[INFO] [stderr]    Compiling futures-task v0.3.26
[INFO] [stderr]    Compiling crossbeam-epoch v0.9.14
[INFO] [stderr]    Compiling async-io v1.12.0
[INFO] [stderr]    Compiling waker-fn v1.1.0
[INFO] [stderr]    Compiling parking v2.0.0
[INFO] [stderr]    Compiling futures-util v0.3.26
[INFO] [stderr]    Compiling tracing-core v0.1.30
[INFO] [stderr]    Compiling futures-io v0.3.26
[INFO] [stderr]    Compiling thiserror v1.0.38
[INFO] [stderr]    Compiling async-lock v2.7.0
[INFO] [stderr]    Compiling raw-cpuid v10.7.0
[INFO] [stderr]    Compiling futures-lite v1.12.0
[INFO] [stderr]    Compiling regex-automata v0.1.10
[INFO] [stderr]    Compiling num_cpus v1.15.0
[INFO] [stderr]    Compiling socket2 v0.4.9
[INFO] [stderr]    Compiling parking_lot v0.12.1
[INFO] [stderr]    Compiling getrandom v0.2.8
[INFO] [stderr]    Compiling tokio v1.26.0
[INFO] [stderr]    Compiling async-trait v0.1.65
[INFO] [stderr]    Compiling moka v0.10.0
[INFO] [stderr]    Compiling overload v0.1.1
[INFO] [stderr]    Compiling nu-ansi-term v0.46.0
[INFO] [stderr]    Compiling tracing-log v0.1.3
[INFO] [stderr]    Compiling scheduled-thread-pool v0.2.6
[INFO] [stderr]    Compiling uuid v1.3.0
[INFO] [stderr]    Compiling sharded-slab v0.1.4
[INFO] [stderr]    Compiling thread_local v1.1.7
[INFO] [stderr]    Compiling regex v1.7.1
[INFO] [stderr]    Compiling bytes v1.4.0
[INFO] [stderr]    Compiling tagptr v0.2.0
[INFO] [stderr]    Compiling concurrent-queue v2.1.0
[INFO] [stderr]    Compiling crossbeam-channel v0.5.7
[INFO] [stderr]    Compiling hashbrown v0.12.3
[INFO] [stderr]    Compiling triomphe v0.1.8
[INFO] [stderr]    Compiling quanta v0.10.1
[INFO] [stderr]    Compiling matchers v0.1.0
[INFO] [stderr]    Compiling dashmap v5.4.0
[INFO] [stderr]    Compiling tracing-attributes v0.1.23
[INFO] [stderr]    Compiling thiserror-impl v1.0.38
[INFO] [stderr]    Compiling futures-macro v0.3.26
[INFO] [stderr]    Compiling tokio-macros v1.8.2
[INFO] [stderr]    Compiling tracing v0.1.37
[INFO] [stderr]    Compiling tracing-subscriber v0.3.16
[INFO] [stderr]    Compiling buff v0.1.0 (/opt/rustwide/workdir/buff)
[INFO] [stderr]    Compiling fdb v0.1.0 (/opt/rustwide/workdir/fdb)
[INFO] [stdout] warning: ambiguous glob re-exports
[INFO] [stdout]   --> fdb/src/exec/query.rs:21:13
[INFO] [stdout]    |
[INFO] [stdout] 21 |     pub use delete::*;
[INFO] [stdout]    |             ^^^^^^^^^ the name `Pred` in the type namespace is first re-exported here
[INFO] [stdout] ...
[INFO] [stdout] 24 |     pub use update::*;
[INFO] [stdout]    |             --------- but the name `Pred` in the type namespace is also re-exported here
[INFO] [stdout]    |
[INFO] [stdout]    = note: `#[warn(ambiguous_glob_reexports)]` on by default
[INFO] [stdout] 
[INFO] [stdout] 
[INFO] [stderr]    Compiling fdb-cli v0.1.0 (/opt/rustwide/workdir/fdb-cli)
[INFO] [stderr]     Finished `dev` profile [unoptimized + debuginfo] target(s) in 36.41s
[INFO] running `Command { std: "docker" "inspect" "16005a361c72bbd74c812ccd59772d97235617698983a4e4cb2d3f7be9b7aebe", kill_on_drop: false }`
[INFO] running `Command { std: "docker" "rm" "-f" "16005a361c72bbd74c812ccd59772d97235617698983a4e4cb2d3f7be9b7aebe", kill_on_drop: false }`
[INFO] [stdout] 16005a361c72bbd74c812ccd59772d97235617698983a4e4cb2d3f7be9b7aebe
[INFO] running `Command { std: "docker" "create" "-v" "/var/lib/crater-agent-workspace/builds/worker-3-tc1/target:/opt/rustwide/target:rw,Z" "-v" "/var/lib/crater-agent-workspace/builds/worker-3-tc1/source:/opt/rustwide/workdir:ro,Z" "-v" "/var/lib/crater-agent-workspace/cargo-home:/opt/rustwide/cargo-home:ro,Z" "-v" "/var/lib/crater-agent-workspace/rustup-home:/opt/rustwide/rustup-home:ro,Z" "-e" "SOURCE_DIR=/opt/rustwide/workdir" "-e" "CARGO_TARGET_DIR=/opt/rustwide/target" "-e" "CARGO_INCREMENTAL=0" "-e" "RUST_BACKTRACE=full" "-e" "RUSTFLAGS=--cap-lints=warn" "-e" "RUSTDOCFLAGS=--cap-lints=warn" "-e" "CARGO_HOME=/opt/rustwide/cargo-home" "-e" "RUSTUP_HOME=/opt/rustwide/rustup-home" "-w" "/opt/rustwide/workdir" "-m" "1610612736" "--user" "0:0" "--network" "none" "ghcr.io/rust-lang/crates-build-env/linux@sha256:f3a9d4ad9d972b27faf3965f35b62e55ba32bbce8f20bc8fe909558a86702fde" "/opt/rustwide/cargo-home/bin/cargo" "+1.83.0" "test" "--frozen" "--no-run" "--message-format=json", kill_on_drop: false }`
[INFO] [stdout] 2eed737255bfd5c5f41e6ed90726c4abc8dc89a03addb3eb58c1236c6d993be2
[INFO] running `Command { std: "docker" "start" "-a" "2eed737255bfd5c5f41e6ed90726c4abc8dc89a03addb3eb58c1236c6d993be2", kill_on_drop: false }`
[INFO] [stderr] warning: virtual workspace defaulting to `resolver = "1"` despite one or more workspace members being on edition 2021 which implies `resolver = "2"`
[INFO] [stderr] note: to keep the current resolver, specify `workspace.resolver = "1"` in the workspace root's manifest
[INFO] [stderr] note: to use the edition 2021 resolver, specify `workspace.resolver = "2"` in the workspace root's manifest
[INFO] [stderr] note: for more details see https://doc.rust-lang.org/cargo/reference/resolver.html#resolver-versions
[INFO] [stderr]    Compiling buff v0.1.0 (/opt/rustwide/workdir/buff)
[INFO] [stdout] warning: ambiguous glob re-exports
[INFO] [stdout]   --> fdb/src/exec/query.rs:21:13
[INFO] [stdout]    |
[INFO] [stdout] 21 |     pub use delete::*;
[INFO] [stdout]    |             ^^^^^^^^^ the name `Pred` in the type namespace is first re-exported here
[INFO] [stdout] ...
[INFO] [stdout] 24 |     pub use update::*;
[INFO] [stdout]    |             --------- but the name `Pred` in the type namespace is also re-exported here
[INFO] [stdout]    |
[INFO] [stdout]    = note: `#[warn(ambiguous_glob_reexports)]` on by default
[INFO] [stdout] 
[INFO] [stdout] 
[INFO] [stderr]    Compiling fdb v0.1.0 (/opt/rustwide/workdir/fdb)
[INFO] [stderr]    Compiling fdb-cli v0.1.0 (/opt/rustwide/workdir/fdb-cli)
[INFO] [stdout] warning: ambiguous glob re-exports
[INFO] [stdout]   --> fdb/src/exec/query.rs:21:13
[INFO] [stdout]    |
[INFO] [stdout] 21 |     pub use delete::*;
[INFO] [stdout]    |             ^^^^^^^^^ the name `Pred` in the type namespace is first re-exported here
[INFO] [stdout] ...
[INFO] [stdout] 24 |     pub use update::*;
[INFO] [stdout]    |             --------- but the name `Pred` in the type namespace is also re-exported here
[INFO] [stdout]    |
[INFO] [stdout]    = note: `#[warn(ambiguous_glob_reexports)]` on by default
[INFO] [stdout] 
[INFO] [stdout] 
[INFO] [stderr]     Finished `test` profile [unoptimized + debuginfo] target(s) in 12.48s
[INFO] running `Command { std: "docker" "inspect" "2eed737255bfd5c5f41e6ed90726c4abc8dc89a03addb3eb58c1236c6d993be2", kill_on_drop: false }`
[INFO] running `Command { std: "docker" "rm" "-f" "2eed737255bfd5c5f41e6ed90726c4abc8dc89a03addb3eb58c1236c6d993be2", kill_on_drop: false }`
[INFO] [stdout] 2eed737255bfd5c5f41e6ed90726c4abc8dc89a03addb3eb58c1236c6d993be2
[INFO] running `Command { std: "docker" "create" "-v" "/var/lib/crater-agent-workspace/builds/worker-3-tc1/target:/opt/rustwide/target:rw,Z" "-v" "/var/lib/crater-agent-workspace/builds/worker-3-tc1/source:/opt/rustwide/workdir:ro,Z" "-v" "/var/lib/crater-agent-workspace/cargo-home:/opt/rustwide/cargo-home:ro,Z" "-v" "/var/lib/crater-agent-workspace/rustup-home:/opt/rustwide/rustup-home:ro,Z" "-e" "SOURCE_DIR=/opt/rustwide/workdir" "-e" "CARGO_TARGET_DIR=/opt/rustwide/target" "-e" "CARGO_INCREMENTAL=0" "-e" "RUST_BACKTRACE=full" "-e" "RUSTFLAGS=--cap-lints=warn" "-e" "RUSTDOCFLAGS=--cap-lints=warn" "-e" "CARGO_HOME=/opt/rustwide/cargo-home" "-e" "RUSTUP_HOME=/opt/rustwide/rustup-home" "-w" "/opt/rustwide/workdir" "-m" "1610612736" "--user" "0:0" "--network" "none" "ghcr.io/rust-lang/crates-build-env/linux@sha256:f3a9d4ad9d972b27faf3965f35b62e55ba32bbce8f20bc8fe909558a86702fde" "/opt/rustwide/cargo-home/bin/cargo" "+1.83.0" "test" "--frozen", kill_on_drop: false }`
[INFO] [stdout] 6cf2cfb04bf16fe537c8082039b53b7f7a34ba40489c86da6b483770b07855d2
[INFO] running `Command { std: "docker" "start" "-a" "6cf2cfb04bf16fe537c8082039b53b7f7a34ba40489c86da6b483770b07855d2", kill_on_drop: false }`
[INFO] [stderr] warning: virtual workspace defaulting to `resolver = "1"` despite one or more workspace members being on edition 2021 which implies `resolver = "2"`
[INFO] [stderr] note: to keep the current resolver, specify `workspace.resolver = "1"` in the workspace root's manifest
[INFO] [stderr] note: to use the edition 2021 resolver, specify `workspace.resolver = "2"` in the workspace root's manifest
[INFO] [stderr] note: for more details see https://doc.rust-lang.org/cargo/reference/resolver.html#resolver-versions
[INFO] [stderr] warning: ambiguous glob re-exports
[INFO] [stderr]   --> fdb/src/exec/query.rs:21:13
[INFO] [stderr]    |
[INFO] [stderr] 21 |     pub use delete::*;
[INFO] [stderr]    |             ^^^^^^^^^ the name `Pred` in the type namespace is first re-exported here
[INFO] [stderr] ...
[INFO] [stderr] 24 |     pub use update::*;
[INFO] [stderr]    |             --------- but the name `Pred` in the type namespace is also re-exported here
[INFO] [stderr]    |
[INFO] [stderr]    = note: `#[warn(ambiguous_glob_reexports)]` on by default
[INFO] [stderr] 
[INFO] [stderr] warning: `fdb` (lib) generated 1 warning
[INFO] [stderr] warning: `fdb` (lib test) generated 1 warning (1 duplicate)
[INFO] [stderr]     Finished `test` profile [unoptimized + debuginfo] target(s) in 0.18s
[INFO] [stderr]      Running unittests src/lib.rs (/opt/rustwide/target/debug/deps/buff-d9eb1f0be8e44187)
[INFO] [stdout] 
[INFO] [stdout] running 11 tests
[INFO] [stdout] test tests::scoped_exact_ok ... ok
[INFO] [stdout] test tests::test_pad_end_bytes ... ok
[INFO] [stdout] test tests::test_delta ... ok
[INFO] [stdout] test tests::test_can_accommodate ... ok
[INFO] [stdout] test tests::test_seek ... ok
[INFO] [stdout] test tests::test_read ... ok
[INFO] [stdout] test tests::test_write ... ok
[INFO] [stdout] test tests::test_seek_advance ... ok
[INFO] [stdout] test tests::scoped_exact_panic - should panic ... ok
[INFO] [stdout] test tests::test_overflow_read - should panic ... ok
[INFO] [stdout] test tests::test_overflow_write - should panic ... ok
[INFO] [stdout] 
[INFO] [stdout] test result: ok. 11 passed; 0 failed; 0 ignored; 0 measured; 0 filtered out; finished in 0.04s
[INFO] [stdout] 
[INFO] [stderr]      Running unittests src/lib.rs (/opt/rustwide/target/debug/deps/fdb-80129cd805641215)
[INFO] [stdout] 
[INFO] [stdout] running 13 tests
[INFO] [stdout] test catalog::ty::tests::test_type_id_representation ... ok
[INFO] [stdout] test exec::value::tests::array ... ok
[INFO] [stdout] test exec::value::tests::bigint ... ok
[INFO] [stdout] test exec::value::tests::bool ... ok
[INFO] [stdout] test exec::value::tests::int ... ok
[INFO] [stdout] test exec::value::tests::shortint ... ok
[INFO] [stdout] test exec::value::tests::blob ... ok
[INFO] [stdout] test exec::value::tests::text ... ok
[INFO] [stdout] test exec::value::tests::timestamp ... ok
[INFO] [stdout] test io::cache::tests::should_execute_loader_when_evicted ... ok
[INFO] [stdout] test io::cache::tests::test_insert_get ... ok
[INFO] [stdout] test io::cache::tests::should_not_execute_loader_twice ... ok
[INFO] [stdout] test io::cache::tests::test_insert_not_new - should panic ... ok
[INFO] [stdout] 
[INFO] [stdout] test result: ok. 13 passed; 0 failed; 0 ignored; 0 measured; 0 filtered out; finished in 0.11s
[INFO] [stdout] 
[INFO] [stderr]      Running tests/delete.rs (/opt/rustwide/target/debug/deps/delete-9cfa1fd35e940ec2)
[INFO] [stdout] 
[INFO] [stdout] running 1 test
[INFO] [stdout] test test_delete ... FAILED
[INFO] [stdout] 
[INFO] [stdout] failures:
[INFO] [stdout] 
[INFO] [stdout] ---- test_delete stdout ----
[INFO] [stdout] thread 'test_delete' panicked at fdb/tests/test_utils/mod.rs:83:40:
[INFO] [stdout] called `Result::unwrap()` on an `Err` value: Os { code: 30, kind: ReadOnlyFilesystem, message: "Read-only file system" }
[INFO] [stdout] stack backtrace:
[INFO] [stdout]    0:     0x599cddb3464a - std::backtrace_rs::backtrace::libunwind::trace::h5a5b8284f2d0c266
[INFO] [stdout]                                at /rustc/90b35a6239c3d8bdabc530a6a0816f7ff89a0aaf/library/std/src/../../backtrace/src/backtrace/libunwind.rs:116:5
[INFO] [stdout]    1:     0x599cddb3464a - std::backtrace_rs::backtrace::trace_unsynchronized::h76d4f1c9b0b875e3
[INFO] [stdout]                                at /rustc/90b35a6239c3d8bdabc530a6a0816f7ff89a0aaf/library/std/src/../../backtrace/src/backtrace/mod.rs:66:5
[INFO] [stdout]    2:     0x599cddb3464a - std::sys::backtrace::_print_fmt::hc4546b8364a537c6
[INFO] [stdout]                                at /rustc/90b35a6239c3d8bdabc530a6a0816f7ff89a0aaf/library/std/src/sys/backtrace.rs:66:9
[INFO] [stdout]    3:     0x599cddb3464a - <std::sys::backtrace::BacktraceLock::print::DisplayBacktrace as core::fmt::Display>::fmt::h5b6bd5631a6d1f6b
[INFO] [stdout]                                at /rustc/90b35a6239c3d8bdabc530a6a0816f7ff89a0aaf/library/std/src/sys/backtrace.rs:39:26
[INFO] [stdout]    4:     0x599cddb5a3d3 - core::fmt::rt::Argument::fmt::h270f6602a2b96f62
[INFO] [stdout]                                at /rustc/90b35a6239c3d8bdabc530a6a0816f7ff89a0aaf/library/core/src/fmt/rt.rs:177:76
[INFO] [stdout]    5:     0x599cddb5a3d3 - core::fmt::write::h7550c97b06c86515
[INFO] [stdout]                                at /rustc/90b35a6239c3d8bdabc530a6a0816f7ff89a0aaf/library/core/src/fmt/mod.rs:1186:21
[INFO] [stdout]    6:     0x599cddb31583 - std::io::Write::write_fmt::h509ff860e5956e5e
[INFO] [stdout]                                at /rustc/90b35a6239c3d8bdabc530a6a0816f7ff89a0aaf/library/std/src/io/mod.rs:1839:15
[INFO] [stdout]    7:     0x599cddb34492 - std::sys::backtrace::BacktraceLock::print::h2395ccd2c84ba3aa
[INFO] [stdout]                                at /rustc/90b35a6239c3d8bdabc530a6a0816f7ff89a0aaf/library/std/src/sys/backtrace.rs:42:9
[INFO] [stdout]    8:     0x599cddb35aaa - std::panicking::default_hook::{{closure}}::he19d4c7230e07961
[INFO] [stdout]                                at /rustc/90b35a6239c3d8bdabc530a6a0816f7ff89a0aaf/library/std/src/panicking.rs:268:22
[INFO] [stdout]    9:     0x599cddb358b4 - std::panicking::default_hook::hf614597d3c67bbdb
[INFO] [stdout]                                at /rustc/90b35a6239c3d8bdabc530a6a0816f7ff89a0aaf/library/std/src/panicking.rs:292:9
[INFO] [stdout]   10:     0x599cdd903f29 - <alloc::boxed::Box<F,A> as core::ops::function::Fn<Args>>::call::h39b51ce4599c23d1
[INFO] [stdout]                                at /rustc/90b35a6239c3d8bdabc530a6a0816f7ff89a0aaf/library/alloc/src/boxed.rs:2468:9
[INFO] [stdout]   11:     0x599cdd903f29 - test::test_main::{{closure}}::he977ae839a582784
[INFO] [stdout]                                at /rustc/90b35a6239c3d8bdabc530a6a0816f7ff89a0aaf/library/test/src/lib.rs:133:21
[INFO] [stdout]   12:     0x599cddb36148 - <alloc::boxed::Box<F,A> as core::ops::function::Fn<Args>>::call::h9455091b6b06f9fb
[INFO] [stdout]                                at /rustc/90b35a6239c3d8bdabc530a6a0816f7ff89a0aaf/library/alloc/src/boxed.rs:2468:9
[INFO] [stdout]   13:     0x599cddb36148 - std::panicking::rust_panic_with_hook::h8942133a8b252070
[INFO] [stdout]                                at /rustc/90b35a6239c3d8bdabc530a6a0816f7ff89a0aaf/library/std/src/panicking.rs:809:13
[INFO] [stdout]   14:     0x599cddb35f0a - std::panicking::begin_panic_handler::{{closure}}::hb5f5963570096b29
[INFO] [stdout]                                at /rustc/90b35a6239c3d8bdabc530a6a0816f7ff89a0aaf/library/std/src/panicking.rs:674:13
[INFO] [stdout]   15:     0x599cddb34b29 - std::sys::backtrace::__rust_end_short_backtrace::h6208cedc1922feda
[INFO] [stdout]                                at /rustc/90b35a6239c3d8bdabc530a6a0816f7ff89a0aaf/library/std/src/sys/backtrace.rs:170:18
[INFO] [stdout]   16:     0x599cddb35b9c - rust_begin_unwind
[INFO] [stdout]                                at /rustc/90b35a6239c3d8bdabc530a6a0816f7ff89a0aaf/library/std/src/panicking.rs:665:5
[INFO] [stdout]   17:     0x599cdd89bc10 - core::panicking::panic_fmt::h0c3082644d1bf418
[INFO] [stdout]                                at /rustc/90b35a6239c3d8bdabc530a6a0816f7ff89a0aaf/library/core/src/panicking.rs:74:14
[INFO] [stdout]   18:     0x599cdd89c056 - core::result::unwrap_failed::hd20b4aa073bda1e2
[INFO] [stdout]                                at /rustc/90b35a6239c3d8bdabc530a6a0816f7ff89a0aaf/library/core/src/result.rs:1700:5
[INFO] [stdout]   19:     0x599cdd8c490c - core::result::Result<T,E>::unwrap::hcdb6ca2abbdbf980
[INFO] [stdout]                                at /rustc/90b35a6239c3d8bdabc530a6a0816f7ff89a0aaf/library/core/src/result.rs:1104:23
[INFO] [stdout]   20:     0x599cdd8c490c - delete::test_utils::test_path::{{closure}}::h889c0182e5f4386d
[INFO] [stdout]                                at /opt/rustwide/workdir/fdb/tests/test_utils/mod.rs:83:5
[INFO] [stdout]   21:     0x599cdd8c3ff3 - delete::test_utils::TestDb::new_temp::{{closure}}::h28a2c266e00de5a5
[INFO] [stdout]                                at /opt/rustwide/workdir/fdb/tests/test_utils/mod.rs:47:32
[INFO] [stdout]   22:     0x599cdd8c992e - delete::test_delete::{{closure}}::hf199fc76d871011a
[INFO] [stdout]                                at /opt/rustwide/workdir/fdb/tests/delete.rs:13:49
[INFO] [stdout]   23:     0x599cdd8c8d5f - <core::pin::Pin<P> as core::future::future::Future>::poll::h76612cbd8472b2ca
[INFO] [stdout]                                at /rustc/90b35a6239c3d8bdabc530a6a0816f7ff89a0aaf/library/core/src/future/future.rs:123:9
[INFO] [stdout]   24:     0x599cdd8c8dbb - <core::pin::Pin<P> as core::future::future::Future>::poll::h834ace7809f17890
[INFO] [stdout]                                at /rustc/90b35a6239c3d8bdabc530a6a0816f7ff89a0aaf/library/core/src/future/future.rs:123:9
[INFO] [stdout]   25:     0x599cdd8bfffe - tokio::runtime::scheduler::current_thread::CoreGuard::block_on::{{closure}}::{{closure}}::{{closure}}::hd57f2cb6eae583cf
[INFO] [stdout]                                at /opt/rustwide/cargo-home/registry/src/index.crates.io-6f17d22bba15001f/tokio-1.26.0/src/runtime/scheduler/current_thread.rs:541:57
[INFO] [stdout]   26:     0x599cdd8bff15 - tokio::runtime::coop::with_budget::h59f02309081e96ee
[INFO] [stdout]                                at /opt/rustwide/cargo-home/registry/src/index.crates.io-6f17d22bba15001f/tokio-1.26.0/src/runtime/coop.rs:107:5
[INFO] [stdout]   27:     0x599cdd8bff15 - tokio::runtime::coop::budget::h34d985fb22356e8e
[INFO] [stdout]                                at /opt/rustwide/cargo-home/registry/src/index.crates.io-6f17d22bba15001f/tokio-1.26.0/src/runtime/coop.rs:73:5
[INFO] [stdout]   28:     0x599cdd8bff15 - tokio::runtime::scheduler::current_thread::CoreGuard::block_on::{{closure}}::{{closure}}::h7cbc0e8c12f38f65
[INFO] [stdout]                                at /opt/rustwide/cargo-home/registry/src/index.crates.io-6f17d22bba15001f/tokio-1.26.0/src/runtime/scheduler/current_thread.rs:541:25
[INFO] [stdout]   29:     0x599cdd8be8fd - tokio::runtime::scheduler::current_thread::Context::enter::hb0a5b149da1e892f
[INFO] [stdout]                                at /opt/rustwide/cargo-home/registry/src/index.crates.io-6f17d22bba15001f/tokio-1.26.0/src/runtime/scheduler/current_thread.rs:350:19
[INFO] [stdout]   30:     0x599cdd8bf452 - tokio::runtime::scheduler::current_thread::CoreGuard::block_on::{{closure}}::h921865f815d6eb9e
[INFO] [stdout]                                at /opt/rustwide/cargo-home/registry/src/index.crates.io-6f17d22bba15001f/tokio-1.26.0/src/runtime/scheduler/current_thread.rs:540:36
[INFO] [stdout]   31:     0x599cdd8bf17b - tokio::runtime::scheduler::current_thread::CoreGuard::enter::{{closure}}::h2d310b384df0261c
[INFO] [stdout]                                at /opt/rustwide/cargo-home/registry/src/index.crates.io-6f17d22bba15001f/tokio-1.26.0/src/runtime/scheduler/current_thread.rs:615:57
[INFO] [stdout]   32:     0x599cdd8b5d4a - tokio::macros::scoped_tls::ScopedKey<T>::set::h1d28b2d444d87db4
[INFO] [stdout]                                at /opt/rustwide/cargo-home/registry/src/index.crates.io-6f17d22bba15001f/tokio-1.26.0/src/macros/scoped_tls.rs:61:9
[INFO] [stdout]   33:     0x599cdd8beee6 - tokio::runtime::scheduler::current_thread::CoreGuard::enter::h7615871c9ba3b7a9
[INFO] [stdout]                                at /opt/rustwide/cargo-home/registry/src/index.crates.io-6f17d22bba15001f/tokio-1.26.0/src/runtime/scheduler/current_thread.rs:615:27
[INFO] [stdout]   34:     0x599cdd8bf1b2 - tokio::runtime::scheduler::current_thread::CoreGuard::block_on::hc1462a5b1ffeb85f
[INFO] [stdout]                                at /opt/rustwide/cargo-home/registry/src/index.crates.io-6f17d22bba15001f/tokio-1.26.0/src/runtime/scheduler/current_thread.rs:530:19
[INFO] [stdout]   35:     0x599cdd8bdfd0 - tokio::runtime::scheduler::current_thread::CurrentThread::block_on::hb8e0e808b0b75304
[INFO] [stdout]                                at /opt/rustwide/cargo-home/registry/src/index.crates.io-6f17d22bba15001f/tokio-1.26.0/src/runtime/scheduler/current_thread.rs:154:24
[INFO] [stdout]   36:     0x599cdd8c715a - tokio::runtime::runtime::Runtime::block_on::hf0514edb086a9260
[INFO] [stdout]                                at /opt/rustwide/cargo-home/registry/src/index.crates.io-6f17d22bba15001f/tokio-1.26.0/src/runtime/runtime.rs:302:47
[INFO] [stdout]   37:     0x599cdd8c965f - delete::test_delete::h47e159c2c99e9edc
[INFO] [stdout]                                at /opt/rustwide/workdir/fdb/tests/delete.rs:67:5
[INFO] [stdout]   38:     0x599cdd8c94dc - delete::test_delete::{{closure}}::h565246089197948d
[INFO] [stdout]                                at /opt/rustwide/workdir/fdb/tests/delete.rs:12:27
[INFO] [stdout]   39:     0x599cdd8a9c46 - core::ops::function::FnOnce::call_once::hd4ab8240ae3cf9de
[INFO] [stdout]                                at /rustc/90b35a6239c3d8bdabc530a6a0816f7ff89a0aaf/library/core/src/ops/function.rs:250:5
[INFO] [stdout]   40:     0x599cdd9088eb - core::ops::function::FnOnce::call_once::h109cf8051a59b34e
[INFO] [stdout]                                at /rustc/90b35a6239c3d8bdabc530a6a0816f7ff89a0aaf/library/core/src/ops/function.rs:250:5
[INFO] [stdout]   41:     0x599cdd9088eb - test::__rust_begin_short_backtrace::hf4fff89d377446ba
[INFO] [stdout]                                at /rustc/90b35a6239c3d8bdabc530a6a0816f7ff89a0aaf/library/test/src/lib.rs:621:18
[INFO] [stdout]   42:     0x599cdd908127 - test::run_test_in_process::{{closure}}::h0e39181dd7ee5a43
[INFO] [stdout]                                at /rustc/90b35a6239c3d8bdabc530a6a0816f7ff89a0aaf/library/test/src/lib.rs:644:60
[INFO] [stdout]   43:     0x599cdd908127 - <core::panic::unwind_safe::AssertUnwindSafe<F> as core::ops::function::FnOnce<()>>::call_once::hc5a66a30f0bdfd1f
[INFO] [stdout]                                at /rustc/90b35a6239c3d8bdabc530a6a0816f7ff89a0aaf/library/core/src/panic/unwind_safe.rs:272:9
[INFO] [stdout]   44:     0x599cdd908127 - std::panicking::try::do_call::h873b7cf639554a5e
[INFO] [stdout]                                at /rustc/90b35a6239c3d8bdabc530a6a0816f7ff89a0aaf/library/std/src/panicking.rs:557:40
[INFO] [stdout]   45:     0x599cdd908127 - std::panicking::try::hdb19862fad9c8bd1
[INFO] [stdout]                                at /rustc/90b35a6239c3d8bdabc530a6a0816f7ff89a0aaf/library/std/src/panicking.rs:520:19
[INFO] [stdout]   46:     0x599cdd908127 - std::panic::catch_unwind::h281fe732d236d260
[INFO] [stdout]                                at /rustc/90b35a6239c3d8bdabc530a6a0816f7ff89a0aaf/library/std/src/panic.rs:358:14
[INFO] [stdout]   47:     0x599cdd908127 - test::run_test_in_process::h949b6df8457ed338
[INFO] [stdout]                                at /rustc/90b35a6239c3d8bdabc530a6a0816f7ff89a0aaf/library/test/src/lib.rs:644:27
[INFO] [stdout]   48:     0x599cdd908127 - test::run_test::{{closure}}::h52c556a6d4740e10
[INFO] [stdout]                                at /rustc/90b35a6239c3d8bdabc530a6a0816f7ff89a0aaf/library/test/src/lib.rs:565:43
[INFO] [stdout]   49:     0x599cdd8cd404 - test::run_test::{{closure}}::h4237f6381c45ccb9
[INFO] [stdout]                                at /rustc/90b35a6239c3d8bdabc530a6a0816f7ff89a0aaf/library/test/src/lib.rs:595:41
[INFO] [stdout]   50:     0x599cdd8cd404 - std::sys::backtrace::__rust_begin_short_backtrace::h505c97a579eca628
[INFO] [stdout]                                at /rustc/90b35a6239c3d8bdabc530a6a0816f7ff89a0aaf/library/std/src/sys/backtrace.rs:154:18
[INFO] [stdout]   51:     0x599cdd8d0ace - std::thread::Builder::spawn_unchecked_::{{closure}}::{{closure}}::h9e86b2e2bc107ea3
[INFO] [stdout]                                at /rustc/90b35a6239c3d8bdabc530a6a0816f7ff89a0aaf/library/std/src/thread/mod.rs:538:17
[INFO] [stdout]   52:     0x599cdd8d0ace - <core::panic::unwind_safe::AssertUnwindSafe<F> as core::ops::function::FnOnce<()>>::call_once::h8b06ddb275ff4a25
[INFO] [stdout]                                at /rustc/90b35a6239c3d8bdabc530a6a0816f7ff89a0aaf/library/core/src/panic/unwind_safe.rs:272:9
[INFO] [stdout]   53:     0x599cdd8d0ace - std::panicking::try::do_call::hb26ecd7cd9a9355d
[INFO] [stdout]                                at /rustc/90b35a6239c3d8bdabc530a6a0816f7ff89a0aaf/library/std/src/panicking.rs:557:40
[INFO] [stdout]   54:     0x599cdd8d0ace - std::panicking::try::h8ddeca9d705f9069
[INFO] [stdout]                                at /rustc/90b35a6239c3d8bdabc530a6a0816f7ff89a0aaf/library/std/src/panicking.rs:520:19
[INFO] [stdout]   55:     0x599cdd8d0ace - std::panic::catch_unwind::h49e1c33078844c46
[INFO] [stdout]                                at /rustc/90b35a6239c3d8bdabc530a6a0816f7ff89a0aaf/library/std/src/panic.rs:358:14
[INFO] [stdout]   56:     0x599cdd8d0ace - std::thread::Builder::spawn_unchecked_::{{closure}}::h6073db6ff56ad35d
[INFO] [stdout]                                at /rustc/90b35a6239c3d8bdabc530a6a0816f7ff89a0aaf/library/std/src/thread/mod.rs:537:30
[INFO] [stdout]   57:     0x599cdd8d0ace - core::ops::function::FnOnce::call_once{{vtable.shim}}::h2c5a5f3779c774f1
[INFO] [stdout]                                at /rustc/90b35a6239c3d8bdabc530a6a0816f7ff89a0aaf/library/core/src/ops/function.rs:250:5
[INFO] [stdout]   58:     0x599cddb3a18b - <alloc::boxed::Box<F,A> as core::ops::function::FnOnce<Args>>::call_once::hf75717d9f28faebf
[INFO] [stdout]                                at /rustc/90b35a6239c3d8bdabc530a6a0816f7ff89a0aaf/library/alloc/src/boxed.rs:2454:9
[INFO] [stdout]   59:     0x599cddb3a18b - <alloc::boxed::Box<F,A> as core::ops::function::FnOnce<Args>>::call_once::h7bd883a5f3c5f3c1
[INFO] [stdout]                                at /rustc/90b35a6239c3d8bdabc530a6a0816f7ff89a0aaf/library/alloc/src/boxed.rs:2454:9
[INFO] [stdout]   60:     0x599cddb3a18b - std::sys::pal::unix::thread::Thread::new::thread_start::hcc78f3943333fa94
[INFO] [stdout]                                at /rustc/90b35a6239c3d8bdabc530a6a0816f7ff89a0aaf/library/std/src/sys/pal/unix/thread.rs:105:17
[INFO] [stdout]   61:     0x7586495c8ac3 - <unknown>
[INFO] [stdout]   62:     0x758649659a04 - clone
[INFO] [stdout]   63:                0x0 - <unknown>
[INFO] [stdout] 
[INFO] [stdout] 
[INFO] [stdout] failures:
[INFO] [stdout]     test_delete
[INFO] [stdout] 
[INFO] [stdout] test result: FAILED. 0 passed; 1 failed; 0 ignored; 0 measured; 0 filtered out; finished in 0.08s
[INFO] [stdout] 
[INFO] [stderr] error: test failed, to rerun pass `-p fdb --test delete`
[INFO] running `Command { std: "docker" "inspect" "6cf2cfb04bf16fe537c8082039b53b7f7a34ba40489c86da6b483770b07855d2", kill_on_drop: false }`
[INFO] running `Command { std: "docker" "rm" "-f" "6cf2cfb04bf16fe537c8082039b53b7f7a34ba40489c86da6b483770b07855d2", kill_on_drop: false }`
[INFO] [stdout] 6cf2cfb04bf16fe537c8082039b53b7f7a34ba40489c86da6b483770b07855d2
