[INFO] cloning repository https://github.com/leroyguillaume/denv
[INFO] running `Command { std: "git" "-c" "credential.helper=" "-c" "credential.helper=/workspace/cargo-home/bin/git-credential-null" "clone" "--bare" "https://github.com/leroyguillaume/denv" "/workspace/cache/git-repos/https%3A%2F%2Fgithub.com%2Fleroyguillaume%2Fdenv", kill_on_drop: false }`
[INFO] [stderr] Cloning into bare repository '/workspace/cache/git-repos/https%3A%2F%2Fgithub.com%2Fleroyguillaume%2Fdenv'...
[INFO] running `Command { std: "git" "rev-parse" "HEAD", kill_on_drop: false }`
[INFO] [stdout] fee2ac8b9d57041aef36783b73a9297aa9661399
[INFO] testing leroyguillaume/denv against beta-2024-12-08 for beta-1.84.0-4-retry
[INFO] running `Command { std: "git" "clone" "/workspace/cache/git-repos/https%3A%2F%2Fgithub.com%2Fleroyguillaume%2Fdenv" "/workspace/builds/worker-2-tc2/source", kill_on_drop: false }`
[INFO] [stderr] Cloning into '/workspace/builds/worker-2-tc2/source'...
[INFO] [stderr] done.
[INFO] validating manifest of git repo https://github.com/leroyguillaume/denv on toolchain beta-2024-12-08
[INFO] running `Command { std: CARGO_HOME="/workspace/cargo-home" RUSTUP_HOME="/workspace/rustup-home" "/workspace/cargo-home/bin/cargo" "+beta-2024-12-08" "metadata" "--manifest-path" "Cargo.toml" "--no-deps", kill_on_drop: false }`
[INFO] started tweaking git repo https://github.com/leroyguillaume/denv
[INFO] finished tweaking git repo https://github.com/leroyguillaume/denv
[INFO] tweaked toml for git repo https://github.com/leroyguillaume/denv written to /workspace/builds/worker-2-tc2/source/Cargo.toml
[INFO] crate git repo https://github.com/leroyguillaume/denv already has a lockfile, it will not be regenerated
[INFO] running `Command { std: CARGO_HOME="/workspace/cargo-home" RUSTUP_HOME="/workspace/rustup-home" "/workspace/cargo-home/bin/cargo" "+beta-2024-12-08" "fetch" "--manifest-path" "Cargo.toml", kill_on_drop: false }`
[INFO] running `Command { std: "docker" "create" "-v" "/var/lib/crater-agent-workspace/builds/worker-2-tc2/target:/opt/rustwide/target:rw,Z" "-v" "/var/lib/crater-agent-workspace/builds/worker-2-tc2/source:/opt/rustwide/workdir:ro,Z" "-v" "/var/lib/crater-agent-workspace/cargo-home:/opt/rustwide/cargo-home:ro,Z" "-v" "/var/lib/crater-agent-workspace/rustup-home:/opt/rustwide/rustup-home:ro,Z" "-e" "SOURCE_DIR=/opt/rustwide/workdir" "-e" "CARGO_TARGET_DIR=/opt/rustwide/target" "-e" "CARGO_HOME=/opt/rustwide/cargo-home" "-e" "RUSTUP_HOME=/opt/rustwide/rustup-home" "-w" "/opt/rustwide/workdir" "-m" "1610612736" "--user" "0:0" "--network" "none" "ghcr.io/rust-lang/crates-build-env/linux@sha256:f3a9d4ad9d972b27faf3965f35b62e55ba32bbce8f20bc8fe909558a86702fde" "/opt/rustwide/cargo-home/bin/cargo" "+beta-2024-12-08" "metadata" "--no-deps" "--format-version=1", kill_on_drop: false }`
[INFO] [stdout] b1983386e4c414bf88f728ca73795c1268af6554d80f71596e7f67feb4367cde
[INFO] running `Command { std: "docker" "start" "-a" "b1983386e4c414bf88f728ca73795c1268af6554d80f71596e7f67feb4367cde", kill_on_drop: false }`
[INFO] running `Command { std: "docker" "inspect" "b1983386e4c414bf88f728ca73795c1268af6554d80f71596e7f67feb4367cde", kill_on_drop: false }`
[INFO] running `Command { std: "docker" "rm" "-f" "b1983386e4c414bf88f728ca73795c1268af6554d80f71596e7f67feb4367cde", kill_on_drop: false }`
[INFO] [stdout] b1983386e4c414bf88f728ca73795c1268af6554d80f71596e7f67feb4367cde
[INFO] running `Command { std: "docker" "create" "-v" "/var/lib/crater-agent-workspace/builds/worker-2-tc2/target:/opt/rustwide/target:rw,Z" "-v" "/var/lib/crater-agent-workspace/builds/worker-2-tc2/source:/opt/rustwide/workdir:ro,Z" "-v" "/var/lib/crater-agent-workspace/cargo-home:/opt/rustwide/cargo-home:ro,Z" "-v" "/var/lib/crater-agent-workspace/rustup-home:/opt/rustwide/rustup-home:ro,Z" "-e" "SOURCE_DIR=/opt/rustwide/workdir" "-e" "CARGO_TARGET_DIR=/opt/rustwide/target" "-e" "CARGO_INCREMENTAL=0" "-e" "RUST_BACKTRACE=full" "-e" "RUSTFLAGS=--cap-lints=warn" "-e" "RUSTDOCFLAGS=--cap-lints=warn" "-e" "CARGO_HOME=/opt/rustwide/cargo-home" "-e" "RUSTUP_HOME=/opt/rustwide/rustup-home" "-w" "/opt/rustwide/workdir" "-m" "1610612736" "--user" "0:0" "--network" "none" "ghcr.io/rust-lang/crates-build-env/linux@sha256:f3a9d4ad9d972b27faf3965f35b62e55ba32bbce8f20bc8fe909558a86702fde" "/opt/rustwide/cargo-home/bin/cargo" "+beta-2024-12-08" "build" "--frozen" "--message-format=json", kill_on_drop: false }`
[INFO] [stdout] 2dc0ec3a75ac5d083116c150cac770f72ba9f5ed1ee7f2cdbd1dab0c2674e6d3
[INFO] running `Command { std: "docker" "start" "-a" "2dc0ec3a75ac5d083116c150cac770f72ba9f5ed1ee7f2cdbd1dab0c2674e6d3", kill_on_drop: false }`
[INFO] [stderr]    Compiling autocfg v1.1.0
[INFO] [stderr]    Compiling libc v0.2.132
[INFO] [stderr]    Compiling cfg-if v1.0.0
[INFO] [stderr]    Compiling proc-macro2 v1.0.43
[INFO] [stderr]    Compiling unicode-ident v1.0.3
[INFO] [stderr]    Compiling quote v1.0.21
[INFO] [stderr]    Compiling syn v1.0.99
[INFO] [stderr]    Compiling memchr v2.5.0
[INFO] [stderr]    Compiling cc v1.0.73
[INFO] [stderr]    Compiling pkg-config v0.3.25
[INFO] [stderr]    Compiling once_cell v1.13.1
[INFO] [stderr]    Compiling version_check v0.9.4
[INFO] [stderr]    Compiling log v0.4.17
[INFO] [stderr]    Compiling num-traits v0.2.15
[INFO] [stderr]    Compiling pin-project-lite v0.2.9
[INFO] [stderr]    Compiling serde_derive v1.0.144
[INFO] [stderr]    Compiling futures-core v0.3.24
[INFO] [stderr]    Compiling bytes v1.2.1
[INFO] [stderr]    Compiling itoa v1.0.3
[INFO] [stderr]    Compiling num-integer v0.1.45
[INFO] [stderr]    Compiling tokio v1.20.1
[INFO] [stderr]    Compiling indexmap v1.9.1
[INFO] [stderr]    Compiling openssl-sys v0.9.75
[INFO] [stderr]    Compiling serde v1.0.144
[INFO] [stderr]    Compiling num_cpus v1.13.1
[INFO] [stderr]    Compiling mio v0.8.4
[INFO] [stderr]    Compiling socket2 v0.4.6
[INFO] [stderr]    Compiling slab v0.4.7
[INFO] [stderr]    Compiling futures-task v0.3.24
[INFO] [stderr]    Compiling hashbrown v0.12.3
[INFO] [stderr]    Compiling tracing-core v0.1.29
[INFO] [stderr]    Compiling num-bigint v0.2.6
[INFO] [stderr]    Compiling fnv v1.0.7
[INFO] [stderr]    Compiling matches v0.1.9
[INFO] [stderr]    Compiling futures-util v0.3.24
[INFO] [stderr]    Compiling foreign-types-shared v0.1.1
[INFO] [stderr]    Compiling tinyvec_macros v0.1.0
[INFO] [stderr]    Compiling openssl v0.10.41
[INFO] [stderr]    Compiling bitflags v1.3.2
[INFO] [stderr]    Compiling tracing v0.1.36
[INFO] [stderr]    Compiling tinyvec v1.6.0
[INFO] [stderr]    Compiling foreign-types v0.3.2
[INFO] [stderr]    Compiling http v0.2.8
[INFO] [stderr]    Compiling proc-macro-error-attr v1.0.4
[INFO] [stderr]    Compiling num-iter v0.1.43
[INFO] [stderr]    Compiling num-complex v0.2.4
[INFO] [stderr]    Compiling num-rational v0.2.4
[INFO] [stderr]    Compiling futures-io v0.3.24
[INFO] [stderr]    Compiling pin-utils v0.1.0
[INFO] [stderr]    Compiling futures-channel v0.3.24
[INFO] [stderr]    Compiling httparse v1.7.1
[INFO] [stderr]    Compiling ryu v1.0.11
[INFO] [stderr]    Compiling native-tls v0.2.10
[INFO] [stderr]    Compiling futures-sink v0.3.24
[INFO] [stderr]    Compiling percent-encoding v2.1.0
[INFO] [stderr]    Compiling form_urlencoded v1.0.1
[INFO] [stderr]    Compiling unicode-normalization v0.1.21
[INFO] [stderr]    Compiling bzip2-sys v0.1.11+1.0.8
[INFO] [stderr]    Compiling proc-macro-error v1.0.4
[INFO] [stderr]    Compiling lock_api v0.4.7
[INFO] [stderr]    Compiling crc32fast v1.3.2
[INFO] [stderr]    Compiling unicode-bidi v0.3.8
[INFO] [stderr]    Compiling try-lock v0.2.3
[INFO] [stderr]    Compiling openssl-probe v0.1.5
[INFO] [stderr]    Compiling parking_lot_core v0.9.3
[INFO] [stderr]    Compiling idna v0.2.3
[INFO] [stderr]    Compiling want v0.3.0
[INFO] [stderr]    Compiling http-body v0.4.5
[INFO] [stderr]    Compiling aho-corasick v0.7.18
[INFO] [stderr]    Compiling ahash v0.7.6
[INFO] [stderr]    Compiling smallvec v1.9.0
[INFO] [stderr]    Compiling tokio-util v0.7.3
[INFO] [stderr]    Compiling serde_json v1.0.83
[INFO] [stderr]    Compiling bit-vec v0.6.3
[INFO] [stderr]    Compiling adler v1.0.2
[INFO] [stderr]    Compiling httpdate v1.0.2
[INFO] [stderr]    Compiling lazy_static v1.4.0
[INFO] [stderr]    Compiling tower-service v0.3.2
[INFO] [stderr]    Compiling encoding_rs v0.8.31
[INFO] [stderr]    Compiling regex-syntax v0.6.27
[INFO] [stderr]    Compiling anyhow v1.0.62
[INFO] [stderr]    Compiling minimal-lexical v0.2.1
[INFO] [stderr]    Compiling scopeguard v1.1.0
[INFO] [stderr]    Compiling h2 v0.3.14
[INFO] [stderr]    Compiling nom v7.1.1
[INFO] [stderr]    Compiling miniz_oxide v0.5.3
[INFO] [stderr]    Compiling bit-set v0.5.3
[INFO] [stderr]    Compiling num v0.2.1
[INFO] [stderr]    Compiling openssl-macros v0.1.0
[INFO] [stderr]    Compiling url v2.2.2
[INFO] [stderr]    Compiling getrandom v0.2.7
[INFO] [stderr]    Compiling linked-hash-map v0.5.6
[INFO] [stderr]    Compiling time-macros v0.2.4
[INFO] [stderr]    Compiling num_threads v0.1.6
[INFO] [stderr]    Compiling os_str_bytes v6.3.0
[INFO] [stderr]    Compiling base64 v0.13.0
[INFO] [stderr]    Compiling heck v0.4.0
[INFO] [stderr]    Compiling regex v1.6.0
[INFO] [stderr]    Compiling iso8601 v0.4.2
[INFO] [stderr]    Compiling clap_derive v3.2.17
[INFO] [stderr]    Compiling clap_lex v0.2.4
[INFO] [stderr]    Compiling yaml-rust v0.4.5
[INFO] [stderr]    Compiling time v0.3.13
[INFO] [stderr]    Compiling hyper v0.14.20
[INFO] [stderr]    Compiling fancy-regex v0.8.0
[INFO] [stderr]    Compiling flate2 v1.0.24
[INFO] [stderr]    Compiling tokio-native-tls v0.3.0
[INFO] [stderr]    Compiling bzip2 v0.4.3
[INFO] [stderr]    Compiling parking_lot v0.12.1
[INFO] [stderr]    Compiling fraction v0.10.0
[INFO] [stderr]    Compiling atty v0.2.14
[INFO] [stderr]    Compiling xattr v0.2.3
[INFO] [stderr]    Compiling hyper-tls v0.5.0
[INFO] [stderr]    Compiling filetime v0.2.17
[INFO] [stderr]    Compiling termcolor v1.1.3
[INFO] [stderr]    Compiling textwrap v0.15.0
[INFO] [stderr]    Compiling byteorder v1.4.3
[INFO] [stderr]    Compiling strsim v0.10.0
[INFO] [stderr]    Compiling bytecount v0.6.3
[INFO] [stderr]    Compiling ipnet v2.5.0
[INFO] [stderr]    Compiling uuid v0.8.2
[INFO] [stderr]    Compiling num-cmp v0.1.0
[INFO] [stderr]    Compiling mime v0.3.16
[INFO] [stderr]    Compiling zip v0.6.2
[INFO] [stderr]    Compiling clap v3.2.17
[INFO] [stderr]    Compiling tar v0.4.38
[INFO] [stderr]    Compiling exitcode v1.1.2
[INFO] [stderr]    Compiling serde_urlencoded v0.7.1
[INFO] [stderr]    Compiling serde_yaml v0.8.26
[INFO] [stderr]    Compiling reqwest v0.11.11
[INFO] [stderr]    Compiling jsonschema v0.16.0
[INFO] [stderr]    Compiling denv v0.1.0 (/opt/rustwide/workdir)
[INFO] [stdout] warning: field `0` is never read
[INFO] [stdout]   --> src/soft/mod.rs:43:18
[INFO] [stdout]    |
[INFO] [stdout] 43 |     ChartTesting(&'a ChartTesting),
[INFO] [stdout]    |     ------------ ^^^^^^^^^^^^^^^^
[INFO] [stdout]    |     |
[INFO] [stdout]    |     field in this variant
[INFO] [stdout]    |
[INFO] [stdout]    = note: `#[warn(dead_code)]` on by default
[INFO] [stdout] help: consider changing the field to be of unit type to suppress this warning while preserving the field numbering, or remove the field
[INFO] [stdout]    |
[INFO] [stdout] 43 |     ChartTesting(()),
[INFO] [stdout]    |                  ~~
[INFO] [stdout] 
[INFO] [stdout] 
[INFO] [stdout] warning: field `0` is never read
[INFO] [stdout]   --> src/soft/mod.rs:44:15
[INFO] [stdout]    |
[INFO] [stdout] 44 |     Terraform(&'a Terraform),
[INFO] [stdout]    |     --------- ^^^^^^^^^^^^^
[INFO] [stdout]    |     |
[INFO] [stdout]    |     field in this variant
[INFO] [stdout]    |
[INFO] [stdout] help: consider changing the field to be of unit type to suppress this warning while preserving the field numbering, or remove the field
[INFO] [stdout]    |
[INFO] [stdout] 44 |     Terraform(()),
[INFO] [stdout]    |               ~~
[INFO] [stdout] 
[INFO] [stdout] 
[INFO] [stdout] warning: method `kind` is never used
[INFO] [stdout]   --> src/soft/mod.rs:53:8
[INFO] [stdout]    |
[INFO] [stdout] 50 | pub trait Software {
[INFO] [stdout]    |           -------- method in this trait
[INFO] [stdout] ...
[INFO] [stdout] 53 |     fn kind(&self) -> Kind<'_>;
[INFO] [stdout]    |        ^^^^
[INFO] [stdout] 
[INFO] [stdout] 
[INFO] [stdout] warning: field `0` is never read
[INFO] [stdout]   --> src/var/mod.rs:26:13
[INFO] [stdout]    |
[INFO] [stdout] 26 |     Literal(&'a Literal),
[INFO] [stdout]    |     ------- ^^^^^^^^^^^
[INFO] [stdout]    |     |
[INFO] [stdout]    |     field in this variant
[INFO] [stdout]    |
[INFO] [stdout] help: consider changing the field to be of unit type to suppress this warning while preserving the field numbering, or remove the field
[INFO] [stdout]    |
[INFO] [stdout] 26 |     Literal(()),
[INFO] [stdout]    |             ~~
[INFO] [stdout] 
[INFO] [stdout] 
[INFO] [stdout] warning: method `kind` is never used
[INFO] [stdout]   --> src/var/mod.rs:35:8
[INFO] [stdout]    |
[INFO] [stdout] 32 | pub trait Var {
[INFO] [stdout]    |           --- method in this trait
[INFO] [stdout] ...
[INFO] [stdout] 35 |     fn kind(&self) -> Kind<'_>;
[INFO] [stdout]    |        ^^^^
[INFO] [stdout] 
[INFO] [stdout] 
[INFO] [stderr]     Finished `dev` profile [unoptimized + debuginfo] target(s) in 2m 08s
[INFO] running `Command { std: "docker" "inspect" "2dc0ec3a75ac5d083116c150cac770f72ba9f5ed1ee7f2cdbd1dab0c2674e6d3", kill_on_drop: false }`
[INFO] running `Command { std: "docker" "rm" "-f" "2dc0ec3a75ac5d083116c150cac770f72ba9f5ed1ee7f2cdbd1dab0c2674e6d3", kill_on_drop: false }`
[INFO] [stdout] 2dc0ec3a75ac5d083116c150cac770f72ba9f5ed1ee7f2cdbd1dab0c2674e6d3
[INFO] running `Command { std: "docker" "create" "-v" "/var/lib/crater-agent-workspace/builds/worker-2-tc2/target:/opt/rustwide/target:rw,Z" "-v" "/var/lib/crater-agent-workspace/builds/worker-2-tc2/source:/opt/rustwide/workdir:ro,Z" "-v" "/var/lib/crater-agent-workspace/cargo-home:/opt/rustwide/cargo-home:ro,Z" "-v" "/var/lib/crater-agent-workspace/rustup-home:/opt/rustwide/rustup-home:ro,Z" "-e" "SOURCE_DIR=/opt/rustwide/workdir" "-e" "CARGO_TARGET_DIR=/opt/rustwide/target" "-e" "CARGO_INCREMENTAL=0" "-e" "RUST_BACKTRACE=full" "-e" "RUSTFLAGS=--cap-lints=warn" "-e" "RUSTDOCFLAGS=--cap-lints=warn" "-e" "CARGO_HOME=/opt/rustwide/cargo-home" "-e" "RUSTUP_HOME=/opt/rustwide/rustup-home" "-w" "/opt/rustwide/workdir" "-m" "1610612736" "--user" "0:0" "--network" "none" "ghcr.io/rust-lang/crates-build-env/linux@sha256:f3a9d4ad9d972b27faf3965f35b62e55ba32bbce8f20bc8fe909558a86702fde" "/opt/rustwide/cargo-home/bin/cargo" "+beta-2024-12-08" "test" "--frozen" "--no-run" "--message-format=json", kill_on_drop: false }`
[INFO] [stdout] 6cc2ff13536dedfc3dc3ad98ed663b97235146f3ba2d547c4a966355789a90c9
[INFO] running `Command { std: "docker" "start" "-a" "6cc2ff13536dedfc3dc3ad98ed663b97235146f3ba2d547c4a966355789a90c9", kill_on_drop: false }`
[INFO] [stderr]    Compiling fastrand v1.8.0
[INFO] [stderr]    Compiling remove_dir_all v0.5.3
[INFO] [stderr]    Compiling stub_trait v0.1.0 (/opt/rustwide/workdir/stub_trait)
[INFO] [stderr]    Compiling tempfile v3.3.0
[INFO] [stderr]    Compiling denv v0.1.0 (/opt/rustwide/workdir)
[INFO] [stdout] warning: field `0` is never read
[INFO] [stdout]   --> src/soft/mod.rs:43:18
[INFO] [stdout]    |
[INFO] [stdout] 43 |     ChartTesting(&'a ChartTesting),
[INFO] [stdout]    |     ------------ ^^^^^^^^^^^^^^^^
[INFO] [stdout]    |     |
[INFO] [stdout]    |     field in this variant
[INFO] [stdout]    |
[INFO] [stdout]    = note: `#[warn(dead_code)]` on by default
[INFO] [stdout] help: consider changing the field to be of unit type to suppress this warning while preserving the field numbering, or remove the field
[INFO] [stdout]    |
[INFO] [stdout] 43 |     ChartTesting(()),
[INFO] [stdout]    |                  ~~
[INFO] [stdout] 
[INFO] [stdout] 
[INFO] [stdout] warning: field `0` is never read
[INFO] [stdout]   --> src/soft/mod.rs:44:15
[INFO] [stdout]    |
[INFO] [stdout] 44 |     Terraform(&'a Terraform),
[INFO] [stdout]    |     --------- ^^^^^^^^^^^^^
[INFO] [stdout]    |     |
[INFO] [stdout]    |     field in this variant
[INFO] [stdout]    |
[INFO] [stdout] help: consider changing the field to be of unit type to suppress this warning while preserving the field numbering, or remove the field
[INFO] [stdout]    |
[INFO] [stdout] 44 |     Terraform(()),
[INFO] [stdout]    |               ~~
[INFO] [stdout] 
[INFO] [stdout] 
[INFO] [stderr]     Finished `test` profile [unoptimized + debuginfo] target(s) in 8.78s
[INFO] running `Command { std: "docker" "inspect" "6cc2ff13536dedfc3dc3ad98ed663b97235146f3ba2d547c4a966355789a90c9", kill_on_drop: false }`
[INFO] running `Command { std: "docker" "rm" "-f" "6cc2ff13536dedfc3dc3ad98ed663b97235146f3ba2d547c4a966355789a90c9", kill_on_drop: false }`
[INFO] [stdout] 6cc2ff13536dedfc3dc3ad98ed663b97235146f3ba2d547c4a966355789a90c9
[INFO] running `Command { std: "docker" "create" "-v" "/var/lib/crater-agent-workspace/builds/worker-2-tc2/target:/opt/rustwide/target:rw,Z" "-v" "/var/lib/crater-agent-workspace/builds/worker-2-tc2/source:/opt/rustwide/workdir:ro,Z" "-v" "/var/lib/crater-agent-workspace/cargo-home:/opt/rustwide/cargo-home:ro,Z" "-v" "/var/lib/crater-agent-workspace/rustup-home:/opt/rustwide/rustup-home:ro,Z" "-e" "SOURCE_DIR=/opt/rustwide/workdir" "-e" "CARGO_TARGET_DIR=/opt/rustwide/target" "-e" "CARGO_INCREMENTAL=0" "-e" "RUST_BACKTRACE=full" "-e" "RUSTFLAGS=--cap-lints=warn" "-e" "RUSTDOCFLAGS=--cap-lints=warn" "-e" "CARGO_HOME=/opt/rustwide/cargo-home" "-e" "RUSTUP_HOME=/opt/rustwide/rustup-home" "-w" "/opt/rustwide/workdir" "-m" "1610612736" "--user" "0:0" "--network" "none" "ghcr.io/rust-lang/crates-build-env/linux@sha256:f3a9d4ad9d972b27faf3965f35b62e55ba32bbce8f20bc8fe909558a86702fde" "/opt/rustwide/cargo-home/bin/cargo" "+beta-2024-12-08" "test" "--frozen", kill_on_drop: false }`
[INFO] [stdout] 25f3d694eae867a94550ff67ad9491bcee2c8e374ebca60dcde6bca55872a915
[INFO] running `Command { std: "docker" "start" "-a" "25f3d694eae867a94550ff67ad9491bcee2c8e374ebca60dcde6bca55872a915", kill_on_drop: false }`
[INFO] [stderr] warning: field `0` is never read
[INFO] [stderr]   --> src/soft/mod.rs:43:18
[INFO] [stderr]    |
[INFO] [stderr] 43 |     ChartTesting(&'a ChartTesting),
[INFO] [stderr]    |     ------------ ^^^^^^^^^^^^^^^^
[INFO] [stderr]    |     |
[INFO] [stderr]    |     field in this variant
[INFO] [stderr]    |
[INFO] [stderr]    = note: `#[warn(dead_code)]` on by default
[INFO] [stderr] help: consider changing the field to be of unit type to suppress this warning while preserving the field numbering, or remove the field
[INFO] [stderr]    |
[INFO] [stderr] 43 |     ChartTesting(()),
[INFO] [stderr]    |                  ~~
[INFO] [stderr] 
[INFO] [stderr] warning: field `0` is never read
[INFO] [stderr]   --> src/soft/mod.rs:44:15
[INFO] [stderr]    |
[INFO] [stderr] 44 |     Terraform(&'a Terraform),
[INFO] [stderr]    |     --------- ^^^^^^^^^^^^^
[INFO] [stderr]    |     |
[INFO] [stderr]    |     field in this variant
[INFO] [stderr]    |
[INFO] [stderr] help: consider changing the field to be of unit type to suppress this warning while preserving the field numbering, or remove the field
[INFO] [stderr]    |
[INFO] [stderr] 44 |     Terraform(()),
[INFO] [stderr]    |               ~~
[INFO] [stderr] 
[INFO] [stderr] warning: `denv` (bin "denv" test) generated 2 warnings
[INFO] [stderr]     Finished `test` profile [unoptimized + debuginfo] target(s) in 0.20s
[INFO] [stderr]      Running unittests src/main.rs (/opt/rustwide/target/debug/deps/denv-42e7ce5458ee827e)
[INFO] [stdout] 
[INFO] [stdout] running 90 tests
[INFO] [stdout] test archive::default_unarchiver_test::untar::should_return_err_if_archive_is_invalid ... ok
[INFO] [stdout] test archive::default_unarchiver_test::untar::should_return_err_if_dest_is_not_directory ... ok
[INFO] [stdout] test archive::default_unarchiver_test::untar::should_return_err_if_file_does_not_exist ... ok
[INFO] [stdout] test archive::default_unarchiver_test::untar::should_return_ok ... ok
[INFO] [stdout] test archive::default_unarchiver_test::unzip::should_return_ok ... ok
[INFO] [stdout] test archive::default_unarchiver_test::unzip::should_return_err_if_archive_is_invalid ... ok
[INFO] [stdout] test cfg::default_config_loader_test::load::should_return_io_err ... ok
[INFO] [stdout] test archive::default_unarchiver_test::unzip::should_return_err_if_dest_is_not_directory ... ok
[INFO] [stdout] test archive::default_unarchiver_test::unzip::should_return_err_if_file_does_not_exist ... ok
[INFO] [stdout] test cfg::default_config_loader_test::load::should_return_version_err_if_invalid ... ok
[INFO] [stdout] test cfg::default_config_loader_test::load::should_return_version_err_if_missing ... ok
[INFO] [stdout] test cfg::error_test::to_string::yaml_syntax::should_return_str ... ok
[INFO] [stdout] test cfg::software_definition::into_software::should_return_chart_testing ... ok
[INFO] [stdout] test cfg::software_definition::into_software::should_return_terraform ... ok
[INFO] [stdout] test cfg::var_definition::into_var::should_return_literal ... ok
[INFO] [stdout] test cli::verbosity_test::default::should_return_verbosity ... ok
[INFO] [stdout] test cli::verbosity_test::to_log_level::should_return_debug ... ok
[INFO] [stdout] test cli::verbosity_test::to_log_level::should_return_error ... ok
[INFO] [stdout] test cli::verbosity_test::to_log_level::should_return_info ... ok
[INFO] [stdout] test cli::verbosity_test::to_log_level::should_return_off ... ok
[INFO] [stdout] test cli::verbosity_test::to_log_level::should_return_trace ... ok
[INFO] [stdout] test cli::verbosity_test::to_log_level::should_return_warn ... ok
[INFO] [stdout] test log::logger_test::enabled::should_return_false ... ok
[INFO] [stdout] test cfg::default_config_loader_test::load::should_return_yaml_syntax_err ... ok
[INFO] [stdout] test cfg::error_test::to_string::version_missing::should_return_str ... ok
[INFO] [stdout] test log::logger_test::enabled::should_return_true ... ok
[INFO] [stdout] test log::logger_test::log::should_return_colorized_logs ... ok
[INFO] [stdout] test log::logger_test::log::should_return_uncolorized_logs ... ok
[INFO] [stdout] test cfg::error_test::to_string::io::should_return_str ... ok
[INFO] [stdout] test cfg::error_test::to_string::version_invalid::should_return_str ... ok
[INFO] [stdout] test cfg::error_test::to_string::invalid::should_return_str ... ok
[INFO] [stdout] test run::error_test::to_string::config::should_return_str ... ok
[INFO] [stdout] test run::error_test::to_string::compute::should_return_str ... ok
[INFO] [stdout] test run::error_test::to_string::env_not_loaded::should_return_str ... ok
[INFO] [stdout] test run::error_test::to_string::install::should_return_str ... ok
[INFO] [stdout] test run::runner_test::run::hook::bash::should_return_io_err ... ok
[INFO] [stdout] test run::error_test::to_string::io::should_return_str ... ok
[INFO] [stdout] test run::runner_test::run::hook::bash::should_return_ok_with_opts ... ok
[INFO] [stdout] test cfg::default_config_loader_test::load::should_return_ok_if_v1 ... ok
[INFO] [stdout] test run::runner_test::run::hook::bash::should_return_ok_without_opts ... ok
[INFO] [stdout] test run::runner_test::run::hook::zsh::should_return_ok_with_opts ... ok
[INFO] [stdout] test run::runner_test::run::hook::zsh::should_return_io_err ... ok
[INFO] [stdout] test run::runner_test::run::hook::zsh::should_return_ok_without_opts ... ok
[INFO] [stdout] test run::runner_test::run::load::should_return_config_err ... ok
[INFO] [stdout] test run::runner_test::run::load::should_return_install_ok_with_opts ... ok
[INFO] [stdout] test run::runner_test::run::load::should_return_install_ok_without_opts ... ok
[INFO] [stdout] test run::runner_test::run::load::should_return_install_err_if_compute_failed ... ok
[INFO] [stdout] test run::runner_test::run::load::should_return_io_err_if_cwd_failed ... ok
[INFO] [stdout] test run::runner_test::run::load::should_return_install_err_if_install_failed ... ok
[INFO] [stdout] test cfg::default_config_loader_test::load::should_return_invalid_err ... ok
[INFO] [stdout] test run::runner_test::run::unload::should_return_config_err ... ok
[INFO] [stdout] test run::runner_test::run::load::should_return_io_err_if_write_on_output_failed ... ok
[INFO] [stdout] test run::runner_test::run::unload::should_return_env_not_loaded_err ... ok
[INFO] [stdout] test run::runner_test::run::unload::should_return_install_ok ... ok
[INFO] [stdout] test run::runner_test::run::load::should_return_io_err_if_ensure_env_dir_failed ... ok
[INFO] [stdout] test run::runner_test::run::unload::should_return_io_err_if_cwd_failed ... ok
[INFO] [stdout] test soft::error_test::to_string::io::should_return_str ... ok
[INFO] [stdout] test soft::error_test::to_string::unsupported_system::should_return_str ... ok
[INFO] [stdout] test soft::installer::default_archive_artifact_installer::install::targz::should_return_io_err_if_create_temp_file_failed ... ok
[INFO] [stdout] test soft::installer::default_archive_artifact_installer::install::targz::should_return_io_err_if_ensure_software_dir_failed ... ok
[INFO] [stdout] test run::runner_test::run::unload::should_return_io_err_if_delete_env_dir_failed ... ok
[INFO] [stdout] test soft::installer::default_archive_artifact_installer::install::targz::should_return_io_err_if_make_executable_failed ... ok
[INFO] [stdout] test run::runner_test::run::unload::should_return_io_err_if_write_on_output_failed ... ok
[INFO] [stdout] test soft::installer::default_archive_artifact_installer::install::targz::should_return_ok_if_software_is_installed ... ok
[INFO] [stdout] test soft::installer::default_archive_artifact_installer::install::targz::should_return_ok_if_software_is_not_installed ... ok
[INFO] [stdout] test soft::installer::default_archive_artifact_installer::install::targz::should_return_io_err_if_download_failed ... ok
[INFO] [stdout] test soft::installer::default_archive_artifact_installer::install::zip::should_return_io_err_if_create_temp_file_failed ... ok
[INFO] [stdout] test soft::installer::default_archive_artifact_installer::install::zip::should_return_io_err_if_download_failed ... ok
[INFO] [stdout] test soft::installer::default_archive_artifact_installer::install::zip::should_return_io_err_if_ensure_symlink_failed ... ok
[INFO] [stdout] test soft::installer::default_archive_artifact_installer::install::zip::should_return_io_err_if_make_executable_failed ... ok
[INFO] [stdout] test soft::installer::default_archive_artifact_installer::install::zip::should_return_io_err_if_untar_failed ... ok
[INFO] [stdout] test soft::installer::default_archive_artifact_installer::install::zip::should_return_ok_if_software_is_installed ... ok
[INFO] [stdout] test soft::installer::default_archive_artifact_installer::install::zip::should_return_ok_if_software_is_not_installed ... ok
[INFO] [stdout] test soft::installer::default_archive_artifact_installer::install::targz::should_return_io_err_if_ensure_symlink_failed ... ok
[INFO] [stdout] test soft::k8s::chart_testing_test::install::should_return_err_if_install_zip_failed ... ok
[INFO] [stdout] test soft::installer::default_archive_artifact_installer::install::targz::should_return_io_err_if_untar_failed ... ok
[INFO] [stdout] test soft::k8s::chart_testing_test::install::should_return_io_err_if_home_dirpath_failed ... ok
[INFO] [stdout] test soft::k8s::chart_testing_test::install::should_return_io_err_if_ensure_env_dir_failed ... ok
[INFO] [stdout] test soft::tf::terraform_test::install::should_return_err_if_install_zip_failed ... ok
[INFO] [stdout] test soft::k8s::chart_testing_test::new::should_return_soft ... ok
[INFO] [stdout] test soft::tf::terraform_test::install::should_return_io_err_if_ensure_env_dir_failed ... ok
[INFO] [stdout] test soft::tf::terraform_test::new::should_return_soft ... ok
[INFO] [stdout] test soft::tf::terraform_test::install::should_return_ok ... ok
[INFO] [stdout] test var::literal_test::new::should_return_var ... ok
[INFO] [stdout] test soft::installer::default_archive_artifact_installer::install::zip::should_return_io_err_if_ensure_software_dir_failed ... ok
[INFO] [stdout] test soft::k8s::chart_testing_test::install::should_return_ok ... ok
[INFO] [stdout] test net::default_downloader_test::download::should_return_err_if_get_failed ... ok
[INFO] [stdout] test net::default_downloader_test::download::should_return_err_if_write_on_output_failed ... ok
[INFO] [stdout] test net::default_downloader_test::download::should_return_ok ... FAILED
[INFO] [stdout] test net::default_downloader_test::download::should_return_err_if_server_sent_error ... FAILED
[INFO] [stdout] 
[INFO] [stdout] failures:
[INFO] [stdout] 
[INFO] [stdout] ---- net::default_downloader_test::download::should_return_ok stdout ----
[INFO] [stdout] thread 'net::default_downloader_test::download::should_return_ok' panicked at src/net.rs:89:21:
[INFO] [stdout] called `Result::unwrap()` on an `Err` value: Custom { kind: Other, error: reqwest::Error { kind: Request, url: Url { scheme: "https", cannot_be_a_base: false, username: "", password: None, host: Some(Domain("fr.archive.ubuntu.com")), port: None, path: "/ubuntu/", query: None, fragment: None }, source: hyper::Error(Connect, ConnectError("dns error", Custom { kind: Uncategorized, error: "failed to lookup address information: Temporary failure in name resolution" })) } }
[INFO] [stdout] stack backtrace:
[INFO] [stdout]    0:     0x62f7c2c8b77a - std::backtrace_rs::backtrace::libunwind::trace::h8810477743020387
[INFO] [stdout]                                at /rustc/202008a1b8de96d2e5b6bc02d379db03a877d34d/library/std/src/../../backtrace/src/backtrace/libunwind.rs:116:5
[INFO] [stdout]    1:     0x62f7c2c8b77a - std::backtrace_rs::backtrace::trace_unsynchronized::h3aa55355dd6c54a6
[INFO] [stdout]                                at /rustc/202008a1b8de96d2e5b6bc02d379db03a877d34d/library/std/src/../../backtrace/src/backtrace/mod.rs:66:5
[INFO] [stdout]    2:     0x62f7c2c8b77a - std::sys::backtrace::_print_fmt::h8588b0f62410823f
[INFO] [stdout]                                at /rustc/202008a1b8de96d2e5b6bc02d379db03a877d34d/library/std/src/sys/backtrace.rs:66:9
[INFO] [stdout]    3:     0x62f7c2c8b77a - <std::sys::backtrace::BacktraceLock::print::DisplayBacktrace as core::fmt::Display>::fmt::h98c26ac25ffe89bb
[INFO] [stdout]                                at /rustc/202008a1b8de96d2e5b6bc02d379db03a877d34d/library/std/src/sys/backtrace.rs:39:26
[INFO] [stdout]    4:     0x62f7c2cb6ec3 - core::fmt::rt::Argument::fmt::hf95377f4aebd453b
[INFO] [stdout]                                at /rustc/202008a1b8de96d2e5b6bc02d379db03a877d34d/library/core/src/fmt/rt.rs:177:76
[INFO] [stdout]    5:     0x62f7c2cb6ec3 - core::fmt::write::h0dd5f6e2238c7982
[INFO] [stdout]                                at /rustc/202008a1b8de96d2e5b6bc02d379db03a877d34d/library/core/src/fmt/mod.rs:1189:21
[INFO] [stdout]    6:     0x62f7c2c87d63 - std::io::Write::write_fmt::h03bb0ca26e6faf8c
[INFO] [stdout]                                at /rustc/202008a1b8de96d2e5b6bc02d379db03a877d34d/library/std/src/io/mod.rs:1884:15
[INFO] [stdout]    7:     0x62f7c2c8b5c2 - std::sys::backtrace::BacktraceLock::print::h5c19c1c038ee186d
[INFO] [stdout]                                at /rustc/202008a1b8de96d2e5b6bc02d379db03a877d34d/library/std/src/sys/backtrace.rs:42:9
[INFO] [stdout]    8:     0x62f7c2c8cbfd - std::panicking::default_hook::{{closure}}::h77172f079a1fcb13
[INFO] [stdout]                                at /rustc/202008a1b8de96d2e5b6bc02d379db03a877d34d/library/std/src/panicking.rs:268:22
[INFO] [stdout]    9:     0x62f7c2c8ca07 - std::panicking::default_hook::he5f8e3b203ccddba
[INFO] [stdout]                                at /rustc/202008a1b8de96d2e5b6bc02d379db03a877d34d/library/std/src/panicking.rs:292:9
[INFO] [stdout]   10:     0x62f7c24c6ee7 - <alloc::boxed::Box<F,A> as core::ops::function::Fn<Args>>::call::h7a3c7b4a1ae77f2f
[INFO] [stdout]                                at /rustc/202008a1b8de96d2e5b6bc02d379db03a877d34d/library/alloc/src/boxed.rs:1986:9
[INFO] [stdout]   11:     0x62f7c24c6ee7 - test::test_main::{{closure}}::hf0d3b69ae9b353d1
[INFO] [stdout]                                at /rustc/202008a1b8de96d2e5b6bc02d379db03a877d34d/library/test/src/lib.rs:134:21
[INFO] [stdout]   12:     0x62f7c2c8d2a8 - <alloc::boxed::Box<F,A> as core::ops::function::Fn<Args>>::call::h6332e82e7b189abd
[INFO] [stdout]                                at /rustc/202008a1b8de96d2e5b6bc02d379db03a877d34d/library/alloc/src/boxed.rs:1986:9
[INFO] [stdout]   13:     0x62f7c2c8d2a8 - std::panicking::rust_panic_with_hook::h53863d4e9018df39
[INFO] [stdout]                                at /rustc/202008a1b8de96d2e5b6bc02d379db03a877d34d/library/std/src/panicking.rs:809:13
[INFO] [stdout]   14:     0x62f7c2c8d06a - std::panicking::begin_panic_handler::{{closure}}::h67280e6fa0757873
[INFO] [stdout]                                at /rustc/202008a1b8de96d2e5b6bc02d379db03a877d34d/library/std/src/panicking.rs:674:13
[INFO] [stdout]   15:     0x62f7c2c8bc59 - std::sys::backtrace::__rust_end_short_backtrace::h1dac3f54d6fbbeb2
[INFO] [stdout]                                at /rustc/202008a1b8de96d2e5b6bc02d379db03a877d34d/library/std/src/sys/backtrace.rs:170:18
[INFO] [stdout]   16:     0x62f7c2c8ccfc - rust_begin_unwind
[INFO] [stdout]                                at /rustc/202008a1b8de96d2e5b6bc02d379db03a877d34d/library/std/src/panicking.rs:665:5
[INFO] [stdout]   17:     0x62f7c23c03b0 - core::panicking::panic_fmt::h6792bd1b2bf01041
[INFO] [stdout]                                at /rustc/202008a1b8de96d2e5b6bc02d379db03a877d34d/library/core/src/panicking.rs:76:14
[INFO] [stdout]   18:     0x62f7c23c0896 - core::result::unwrap_failed::h05e0602ed34287c5
[INFO] [stdout]                                at /rustc/202008a1b8de96d2e5b6bc02d379db03a877d34d/library/core/src/result.rs:1699:5
[INFO] [stdout]   19:     0x62f7c23d675b - core::result::Result<T,E>::unwrap::hf9dfc8f8aef67f6e
[INFO] [stdout]                                at /rustc/202008a1b8de96d2e5b6bc02d379db03a877d34d/library/core/src/result.rs:1104:23
[INFO] [stdout]   20:     0x62f7c23d675b - denv::net::default_downloader_test::download::should_return_ok::{{closure}}::h4c745de304fb484e
[INFO] [stdout]                                at /opt/rustwide/workdir/src/net.rs:89:17
[INFO] [stdout]   21:     0x62f7c23cf1d4 - denv::net::default_downloader_test::download::test::h3a192d3538ac7018
[INFO] [stdout]                                at /opt/rustwide/workdir/src/net.rs:100:13
[INFO] [stdout]   22:     0x62f7c23d66c9 - denv::net::default_downloader_test::download::should_return_ok::hc5453415ea619626
[INFO] [stdout]                                at /opt/rustwide/workdir/src/net.rs:88:13
[INFO] [stdout]   23:     0x62f7c23d6677 - denv::net::default_downloader_test::download::should_return_ok::{{closure}}::h8ad8da4f8c18807d
[INFO] [stdout]                                at /opt/rustwide/workdir/src/net.rs:86:30
[INFO] [stdout]   24:     0x62f7c240fb66 - core::ops::function::FnOnce::call_once::hf727637615a41500
[INFO] [stdout]                                at /rustc/202008a1b8de96d2e5b6bc02d379db03a877d34d/library/core/src/ops/function.rs:250:5
[INFO] [stdout]   25:     0x62f7c24cba0b - core::ops::function::FnOnce::call_once::h871bf86719ec9aa4
[INFO] [stdout]                                at /rustc/202008a1b8de96d2e5b6bc02d379db03a877d34d/library/core/src/ops/function.rs:250:5
[INFO] [stdout]   26:     0x62f7c24cba0b - test::__rust_begin_short_backtrace::h2167df1e2b7d76fd
[INFO] [stdout]                                at /rustc/202008a1b8de96d2e5b6bc02d379db03a877d34d/library/test/src/lib.rs:632:18
[INFO] [stdout]   27:     0x62f7c24cb3f8 - test::run_test_in_process::{{closure}}::h15d92f75a3adfb79
[INFO] [stdout]                                at /rustc/202008a1b8de96d2e5b6bc02d379db03a877d34d/library/test/src/lib.rs:655:60
[INFO] [stdout]   28:     0x62f7c24cb3f8 - <core::panic::unwind_safe::AssertUnwindSafe<F> as core::ops::function::FnOnce<()>>::call_once::hb6c8955835a8dbbb
[INFO] [stdout]                                at /rustc/202008a1b8de96d2e5b6bc02d379db03a877d34d/library/core/src/panic/unwind_safe.rs:272:9
[INFO] [stdout]   29:     0x62f7c24cb3f8 - std::panicking::try::do_call::hc79d0fc888a0bd30
[INFO] [stdout]                                at /rustc/202008a1b8de96d2e5b6bc02d379db03a877d34d/library/std/src/panicking.rs:557:40
[INFO] [stdout]   30:     0x62f7c24cb3f8 - std::panicking::try::hb8a7878e3a8589d6
[INFO] [stdout]                                at /rustc/202008a1b8de96d2e5b6bc02d379db03a877d34d/library/std/src/panicking.rs:520:19
[INFO] [stdout]   31:     0x62f7c24cb3f8 - std::panic::catch_unwind::hb8e4600ff0ff5cfa
[INFO] [stdout]                                at /rustc/202008a1b8de96d2e5b6bc02d379db03a877d34d/library/std/src/panic.rs:358:14
[INFO] [stdout]   32:     0x62f7c24cb3f8 - test::run_test_in_process::hc2900b0b18688dd6
[INFO] [stdout]                                at /rustc/202008a1b8de96d2e5b6bc02d379db03a877d34d/library/test/src/lib.rs:655:27
[INFO] [stdout]   33:     0x62f7c24cb3f8 - test::run_test::{{closure}}::hac2a9cb07be3d48d
[INFO] [stdout]                                at /rustc/202008a1b8de96d2e5b6bc02d379db03a877d34d/library/test/src/lib.rs:576:43
[INFO] [stdout]   34:     0x62f7c248ee9a - test::run_test::{{closure}}::h4a5b729e66a38cd8
[INFO] [stdout]                                at /rustc/202008a1b8de96d2e5b6bc02d379db03a877d34d/library/test/src/lib.rs:606:41
[INFO] [stdout]   35:     0x62f7c248ee9a - std::sys::backtrace::__rust_begin_short_backtrace::h0496fb742492f573
[INFO] [stdout]                                at /rustc/202008a1b8de96d2e5b6bc02d379db03a877d34d/library/std/src/sys/backtrace.rs:154:18
[INFO] [stdout]   36:     0x62f7c2492814 - std::thread::Builder::spawn_unchecked_::{{closure}}::{{closure}}::hbb6d257c550a54bd
[INFO] [stdout]                                at /rustc/202008a1b8de96d2e5b6bc02d379db03a877d34d/library/std/src/thread/mod.rs:561:17
[INFO] [stdout]   37:     0x62f7c2492814 - <core::panic::unwind_safe::AssertUnwindSafe<F> as core::ops::function::FnOnce<()>>::call_once::h46696fe4a6832328
[INFO] [stdout]                                at /rustc/202008a1b8de96d2e5b6bc02d379db03a877d34d/library/core/src/panic/unwind_safe.rs:272:9
[INFO] [stdout]   38:     0x62f7c2492814 - std::panicking::try::do_call::h2625a51b667bfb64
[INFO] [stdout]                                at /rustc/202008a1b8de96d2e5b6bc02d379db03a877d34d/library/std/src/panicking.rs:557:40
[INFO] [stdout]   39:     0x62f7c2492814 - std::panicking::try::hb956a59a1973aa4c
[INFO] [stdout]                                at /rustc/202008a1b8de96d2e5b6bc02d379db03a877d34d/library/std/src/panicking.rs:520:19
[INFO] [stdout]   40:     0x62f7c2492814 - std::panic::catch_unwind::h64f3b9d1067ef6a0
[INFO] [stdout]                                at /rustc/202008a1b8de96d2e5b6bc02d379db03a877d34d/library/std/src/panic.rs:358:14
[INFO] [stdout]   41:     0x62f7c2492814 - std::thread::Builder::spawn_unchecked_::{{closure}}::h42b2841295b6c0b2
[INFO] [stdout]                                at /rustc/202008a1b8de96d2e5b6bc02d379db03a877d34d/library/std/src/thread/mod.rs:559:30
[INFO] [stdout]   42:     0x62f7c2492814 - core::ops::function::FnOnce::call_once{{vtable.shim}}::h6127de71b8124639
[INFO] [stdout]                                at /rustc/202008a1b8de96d2e5b6bc02d379db03a877d34d/library/core/src/ops/function.rs:250:5
[INFO] [stdout]   43:     0x62f7c2c9272b - <alloc::boxed::Box<F,A> as core::ops::function::FnOnce<Args>>::call_once::h42f0ba71002a1b2c
[INFO] [stdout]                                at /rustc/202008a1b8de96d2e5b6bc02d379db03a877d34d/library/alloc/src/boxed.rs:1972:9
[INFO] [stdout]   44:     0x62f7c2c9272b - <alloc::boxed::Box<F,A> as core::ops::function::FnOnce<Args>>::call_once::had9e47d7a3dcecb8
[INFO] [stdout]                                at /rustc/202008a1b8de96d2e5b6bc02d379db03a877d34d/library/alloc/src/boxed.rs:1972:9
[INFO] [stdout]   45:     0x62f7c2c9272b - std::sys::pal::unix::thread::Thread::new::thread_start::h48cf765408f6f5f2
[INFO] [stdout]                                at /rustc/202008a1b8de96d2e5b6bc02d379db03a877d34d/library/std/src/sys/pal/unix/thread.rs:105:17
[INFO] [stdout]   46:     0x71c2f60e5ac3 - <unknown>
[INFO] [stdout]   47:     0x71c2f6176a04 - clone
[INFO] [stdout]   48:                0x0 - <unknown>
[INFO] [stdout] 
[INFO] [stdout] ---- net::default_downloader_test::download::should_return_err_if_server_sent_error stdout ----
[INFO] [stdout] thread 'net::default_downloader_test::download::should_return_err_if_server_sent_error' panicked at src/net.rs:69:21:
[INFO] [stdout] assertion `left == right` failed
[INFO] [stdout]   left: "error sending request for url (https://fr.archive.ubuntu.com/ubuntu2/): error trying to connect: dns error: failed to lookup address information: Temporary failure in name resolution"
[INFO] [stdout]  right: "Server sent status code 404"
[INFO] [stdout] stack backtrace:
[INFO] [stdout]    0:     0x62f7c2c8b77a - std::backtrace_rs::backtrace::libunwind::trace::h8810477743020387
[INFO] [stdout]                                at /rustc/202008a1b8de96d2e5b6bc02d379db03a877d34d/library/std/src/../../backtrace/src/backtrace/libunwind.rs:116:5
[INFO] [stdout]    1:     0x62f7c2c8b77a - std::backtrace_rs::backtrace::trace_unsynchronized::h3aa55355dd6c54a6
[INFO] [stdout]                                at /rustc/202008a1b8de96d2e5b6bc02d379db03a877d34d/library/std/src/../../backtrace/src/backtrace/mod.rs:66:5
[INFO] [stdout]    2:     0x62f7c2c8b77a - std::sys::backtrace::_print_fmt::h8588b0f62410823f
[INFO] [stdout]                                at /rustc/202008a1b8de96d2e5b6bc02d379db03a877d34d/library/std/src/sys/backtrace.rs:66:9
[INFO] [stdout]    3:     0x62f7c2c8b77a - <std::sys::backtrace::BacktraceLock::print::DisplayBacktrace as core::fmt::Display>::fmt::h98c26ac25ffe89bb
[INFO] [stdout]                                at /rustc/202008a1b8de96d2e5b6bc02d379db03a877d34d/library/std/src/sys/backtrace.rs:39:26
[INFO] [stdout]    4:     0x62f7c2cb6ec3 - core::fmt::rt::Argument::fmt::hf95377f4aebd453b
[INFO] [stdout]                                at /rustc/202008a1b8de96d2e5b6bc02d379db03a877d34d/library/core/src/fmt/rt.rs:177:76
[INFO] [stdout]    5:     0x62f7c2cb6ec3 - core::fmt::write::h0dd5f6e2238c7982
[INFO] [stdout]                                at /rustc/202008a1b8de96d2e5b6bc02d379db03a877d34d/library/core/src/fmt/mod.rs:1189:21
[INFO] [stdout]    6:     0x62f7c2c87d63 - std::io::Write::write_fmt::h03bb0ca26e6faf8c
[INFO] [stdout]                                at /rustc/202008a1b8de96d2e5b6bc02d379db03a877d34d/library/std/src/io/mod.rs:1884:15
[INFO] [stdout]    7:     0x62f7c2c8b5c2 - std::sys::backtrace::BacktraceLock::print::h5c19c1c038ee186d
[INFO] [stdout]                                at /rustc/202008a1b8de96d2e5b6bc02d379db03a877d34d/library/std/src/sys/backtrace.rs:42:9
[INFO] [stdout]    8:     0x62f7c2c8cbfd - std::panicking::default_hook::{{closure}}::h77172f079a1fcb13
[INFO] [stdout]                                at /rustc/202008a1b8de96d2e5b6bc02d379db03a877d34d/library/std/src/panicking.rs:268:22
[INFO] [stdout]    9:     0x62f7c2c8ca07 - std::panicking::default_hook::he5f8e3b203ccddba
[INFO] [stdout]                                at /rustc/202008a1b8de96d2e5b6bc02d379db03a877d34d/library/std/src/panicking.rs:292:9
[INFO] [stdout]   10:     0x62f7c24c6ee7 - <alloc::boxed::Box<F,A> as core::ops::function::Fn<Args>>::call::h7a3c7b4a1ae77f2f
[INFO] [stdout]                                at /rustc/202008a1b8de96d2e5b6bc02d379db03a877d34d/library/alloc/src/boxed.rs:1986:9
[INFO] [stdout]   11:     0x62f7c24c6ee7 - test::test_main::{{closure}}::hf0d3b69ae9b353d1
[INFO] [stdout]                                at /rustc/202008a1b8de96d2e5b6bc02d379db03a877d34d/library/test/src/lib.rs:134:21
[INFO] [stdout]   12:     0x62f7c2c8d2a8 - <alloc::boxed::Box<F,A> as core::ops::function::Fn<Args>>::call::h6332e82e7b189abd
[INFO] [stdout]                                at /rustc/202008a1b8de96d2e5b6bc02d379db03a877d34d/library/alloc/src/boxed.rs:1986:9
[INFO] [stdout]   13:     0x62f7c2c8d2a8 - std::panicking::rust_panic_with_hook::h53863d4e9018df39
[INFO] [stdout]                                at /rustc/202008a1b8de96d2e5b6bc02d379db03a877d34d/library/std/src/panicking.rs:809:13
[INFO] [stdout]   14:     0x62f7c2c8d06a - std::panicking::begin_panic_handler::{{closure}}::h67280e6fa0757873
[INFO] [stdout]                                at /rustc/202008a1b8de96d2e5b6bc02d379db03a877d34d/library/std/src/panicking.rs:674:13
[INFO] [stdout]   15:     0x62f7c2c8bc59 - std::sys::backtrace::__rust_end_short_backtrace::h1dac3f54d6fbbeb2
[INFO] [stdout]                                at /rustc/202008a1b8de96d2e5b6bc02d379db03a877d34d/library/std/src/sys/backtrace.rs:170:18
[INFO] [stdout]   16:     0x62f7c2c8ccfc - rust_begin_unwind
[INFO] [stdout]                                at /rustc/202008a1b8de96d2e5b6bc02d379db03a877d34d/library/std/src/panicking.rs:665:5
[INFO] [stdout]   17:     0x62f7c23c03b0 - core::panicking::panic_fmt::h6792bd1b2bf01041
[INFO] [stdout]                                at /rustc/202008a1b8de96d2e5b6bc02d379db03a877d34d/library/core/src/panicking.rs:76:14
[INFO] [stdout]   18:     0x62f7c23c0815 - core::panicking::assert_failed_inner::hf2c17e6d30928787
[INFO] [stdout]   19:     0x62f7c23fb374 - core::panicking::assert_failed::h9950dae63ff51b1c
[INFO] [stdout]                                at /rustc/202008a1b8de96d2e5b6bc02d379db03a877d34d/library/core/src/panicking.rs:373:5
[INFO] [stdout]   20:     0x62f7c23d657d - denv::net::default_downloader_test::download::should_return_err_if_server_sent_error::{{closure}}::he592e7a854ed8a98
[INFO] [stdout]                                at /opt/rustwide/workdir/src/net.rs:69:21
[INFO] [stdout]   21:     0x62f7c23cf0de - denv::net::default_downloader_test::download::test::h2b32e4ef6495b27b
[INFO] [stdout]                                at /opt/rustwide/workdir/src/net.rs:100:13
[INFO] [stdout]   22:     0x62f7c23d63b1 - denv::net::default_downloader_test::download::should_return_err_if_server_sent_error::h97aa6a3a26d10e3a
[INFO] [stdout]                                at /opt/rustwide/workdir/src/net.rs:63:13
[INFO] [stdout]   23:     0x62f7c23d6377 - denv::net::default_downloader_test::download::should_return_err_if_server_sent_error::{{closure}}::h6b993d6f4ffb25b8
[INFO] [stdout]                                at /opt/rustwide/workdir/src/net.rs:62:52
[INFO] [stdout]   24:     0x62f7c240ccf6 - core::ops::function::FnOnce::call_once::h286152b33ac2e163
[INFO] [stdout]                                at /rustc/202008a1b8de96d2e5b6bc02d379db03a877d34d/library/core/src/ops/function.rs:250:5
[INFO] [stdout]   25:     0x62f7c24cba0b - core::ops::function::FnOnce::call_once::h871bf86719ec9aa4
[INFO] [stdout]                                at /rustc/202008a1b8de96d2e5b6bc02d379db03a877d34d/library/core/src/ops/function.rs:250:5
[INFO] [stdout]   26:     0x62f7c24cba0b - test::__rust_begin_short_backtrace::h2167df1e2b7d76fd
[INFO] [stdout]                                at /rustc/202008a1b8de96d2e5b6bc02d379db03a877d34d/library/test/src/lib.rs:632:18
[INFO] [stdout]   27:     0x62f7c24cb3f8 - test::run_test_in_process::{{closure}}::h15d92f75a3adfb79
[INFO] [stdout]                                at /rustc/202008a1b8de96d2e5b6bc02d379db03a877d34d/library/test/src/lib.rs:655:60
[INFO] [stdout]   28:     0x62f7c24cb3f8 - <core::panic::unwind_safe::AssertUnwindSafe<F> as core::ops::function::FnOnce<()>>::call_once::hb6c8955835a8dbbb
[INFO] [stdout]                                at /rustc/202008a1b8de96d2e5b6bc02d379db03a877d34d/library/core/src/panic/unwind_safe.rs:272:9
[INFO] [stdout]   29:     0x62f7c24cb3f8 - std::panicking::try::do_call::hc79d0fc888a0bd30
[INFO] [stdout]                                at /rustc/202008a1b8de96d2e5b6bc02d379db03a877d34d/library/std/src/panicking.rs:557:40
[INFO] [stdout]   30:     0x62f7c24cb3f8 - std::panicking::try::hb8a7878e3a8589d6
[INFO] [stdout]                                at /rustc/202008a1b8de96d2e5b6bc02d379db03a877d34d/library/std/src/panicking.rs:520:19
[INFO] [stdout]   31:     0x62f7c24cb3f8 - std::panic::catch_unwind::hb8e4600ff0ff5cfa
[INFO] [stdout]                                at /rustc/202008a1b8de96d2e5b6bc02d379db03a877d34d/library/std/src/panic.rs:358:14
[INFO] [stdout]   32:     0x62f7c24cb3f8 - test::run_test_in_process::hc2900b0b18688dd6
[INFO] [stdout]                                at /rustc/202008a1b8de96d2e5b6bc02d379db03a877d34d/library/test/src/lib.rs:655:27
[INFO] [stdout]   33:     0x62f7c24cb3f8 - test::run_test::{{closure}}::hac2a9cb07be3d48d
[INFO] [stdout]                                at /rustc/202008a1b8de96d2e5b6bc02d379db03a877d34d/library/test/src/lib.rs:576:43
[INFO] [stdout]   34:     0x62f7c248ee9a - test::run_test::{{closure}}::h4a5b729e66a38cd8
[INFO] [stdout]                                at /rustc/202008a1b8de96d2e5b6bc02d379db03a877d34d/library/test/src/lib.rs:606:41
[INFO] [stdout]   35:     0x62f7c248ee9a - std::sys::backtrace::__rust_begin_short_backtrace::h0496fb742492f573
[INFO] [stdout]                                at /rustc/202008a1b8de96d2e5b6bc02d379db03a877d34d/library/std/src/sys/backtrace.rs:154:18
[INFO] [stdout]   36:     0x62f7c2492814 - std::thread::Builder::spawn_unchecked_::{{closure}}::{{closure}}::hbb6d257c550a54bd
[INFO] [stdout]                                at /rustc/202008a1b8de96d2e5b6bc02d379db03a877d34d/library/std/src/thread/mod.rs:561:17
[INFO] [stdout]   37:     0x62f7c2492814 - <core::panic::unwind_safe::AssertUnwindSafe<F> as core::ops::function::FnOnce<()>>::call_once::h46696fe4a6832328
[INFO] [stdout]                                at /rustc/202008a1b8de96d2e5b6bc02d379db03a877d34d/library/core/src/panic/unwind_safe.rs:272:9
[INFO] [stdout]   38:     0x62f7c2492814 - std::panicking::try::do_call::h2625a51b667bfb64
[INFO] [stdout]                                at /rustc/202008a1b8de96d2e5b6bc02d379db03a877d34d/library/std/src/panicking.rs:557:40
[INFO] [stdout]   39:     0x62f7c2492814 - std::panicking::try::hb956a59a1973aa4c
[INFO] [stdout]                                at /rustc/202008a1b8de96d2e5b6bc02d379db03a877d34d/library/std/src/panicking.rs:520:19
[INFO] [stdout]   40:     0x62f7c2492814 - std::panic::catch_unwind::h64f3b9d1067ef6a0
[INFO] [stdout]                                at /rustc/202008a1b8de96d2e5b6bc02d379db03a877d34d/library/std/src/panic.rs:358:14
[INFO] [stdout]   41:     0x62f7c2492814 - std::thread::Builder::spawn_unchecked_::{{closure}}::h42b2841295b6c0b2
[INFO] [stdout]                                at /rustc/202008a1b8de96d2e5b6bc02d379db03a877d34d/library/std/src/thread/mod.rs:559:30
[INFO] [stdout]   42:     0x62f7c2492814 - core::ops::function::FnOnce::call_once{{vtable.shim}}::h6127de71b8124639
[INFO] [stdout]                                at /rustc/202008a1b8de96d2e5b6bc02d379db03a877d34d/library/core/src/ops/function.rs:250:5
[INFO] [stdout]   43:     0x62f7c2c9272b - <alloc::boxed::Box<F,A> as core::ops::function::FnOnce<Args>>::call_once::h42f0ba71002a1b2c
[INFO] [stdout]                                at /rustc/202008a1b8de96d2e5b6bc02d379db03a877d34d/library/alloc/src/boxed.rs:1972:9
[INFO] [stdout]   44:     0x62f7c2c9272b - <alloc::boxed::Box<F,A> as core::ops::function::FnOnce<Args>>::call_once::had9e47d7a3dcecb8
[INFO] [stdout]                                at /rustc/202008a1b8de96d2e5b6bc02d379db03a877d34d/library/alloc/src/boxed.rs:1972:9
[INFO] [stdout]   45:     0x62f7c2c9272b - std::sys::pal::unix::thread::Thread::new::thread_start::h48cf765408f6f5f2
[INFO] [stdout]                                at /rustc/202008a1b8de96d2e5b6bc02d379db03a877d34d/library/std/src/sys/pal/unix/thread.rs:105:17
[INFO] [stdout]   46:     0x71c2f60e5ac3 - <unknown>
[INFO] [stdout]   47:     0x71c2f6176a04 - clone
[INFO] [stdout]   48:                0x0 - <unknown>
[INFO] [stdout] 
[INFO] [stdout] 
[INFO] [stdout] failures:
[INFO] [stdout]     net::default_downloader_test::download::should_return_err_if_server_sent_error
[INFO] [stdout]     net::default_downloader_test::download::should_return_ok
[INFO] [stdout] 
[INFO] [stdout] test result: FAILED. 88 passed; 2 failed; 0 ignored; 0 measured; 0 filtered out; finished in 0.36s
[INFO] [stdout] 
[INFO] [stderr] error: test failed, to rerun pass `--bin denv`
[INFO] running `Command { std: "docker" "inspect" "25f3d694eae867a94550ff67ad9491bcee2c8e374ebca60dcde6bca55872a915", kill_on_drop: false }`
[INFO] running `Command { std: "docker" "rm" "-f" "25f3d694eae867a94550ff67ad9491bcee2c8e374ebca60dcde6bca55872a915", kill_on_drop: false }`
[INFO] [stdout] 25f3d694eae867a94550ff67ad9491bcee2c8e374ebca60dcde6bca55872a915
