[INFO] cloning repository https://github.com/ledger-rs/ledger-parser-rewrite-1
[INFO] running `Command { std: "git" "-c" "credential.helper=" "-c" "credential.helper=/workspace/cargo-home/bin/git-credential-null" "clone" "--bare" "https://github.com/ledger-rs/ledger-parser-rewrite-1" "/workspace/cache/git-repos/https%3A%2F%2Fgithub.com%2Fledger-rs%2Fledger-parser-rewrite-1", kill_on_drop: false }`
[INFO] [stderr] Cloning into bare repository '/workspace/cache/git-repos/https%3A%2F%2Fgithub.com%2Fledger-rs%2Fledger-parser-rewrite-1'...
[INFO] running `Command { std: "git" "rev-parse" "HEAD", kill_on_drop: false }`
[INFO] [stdout] fac4a786707ae2c6aad13753c95830fb0d039564
[INFO] testing ledger-rs/ledger-parser-rewrite-1 against 1.83.0 for beta-1.84.0-4-retry
[INFO] running `Command { std: "git" "clone" "/workspace/cache/git-repos/https%3A%2F%2Fgithub.com%2Fledger-rs%2Fledger-parser-rewrite-1" "/workspace/builds/worker-7-tc1/source", kill_on_drop: false }`
[INFO] [stderr] Cloning into '/workspace/builds/worker-7-tc1/source'...
[INFO] [stderr] done.
[INFO] validating manifest of git repo https://github.com/ledger-rs/ledger-parser-rewrite-1 on toolchain 1.83.0
[INFO] running `Command { std: CARGO_HOME="/workspace/cargo-home" RUSTUP_HOME="/workspace/rustup-home" "/workspace/cargo-home/bin/cargo" "+1.83.0" "metadata" "--manifest-path" "Cargo.toml" "--no-deps", kill_on_drop: false }`
[INFO] started tweaking git repo https://github.com/ledger-rs/ledger-parser-rewrite-1
[INFO] finished tweaking git repo https://github.com/ledger-rs/ledger-parser-rewrite-1
[INFO] tweaked toml for git repo https://github.com/ledger-rs/ledger-parser-rewrite-1 written to /workspace/builds/worker-7-tc1/source/Cargo.toml
[INFO] crate git repo https://github.com/ledger-rs/ledger-parser-rewrite-1 already has a lockfile, it will not be regenerated
[INFO] running `Command { std: CARGO_HOME="/workspace/cargo-home" RUSTUP_HOME="/workspace/rustup-home" "/workspace/cargo-home/bin/cargo" "+1.83.0" "fetch" "--manifest-path" "Cargo.toml", kill_on_drop: false }`
[INFO] running `Command { std: "docker" "create" "-v" "/var/lib/crater-agent-workspace/builds/worker-7-tc1/target:/opt/rustwide/target:rw,Z" "-v" "/var/lib/crater-agent-workspace/builds/worker-7-tc1/source:/opt/rustwide/workdir:ro,Z" "-v" "/var/lib/crater-agent-workspace/cargo-home:/opt/rustwide/cargo-home:ro,Z" "-v" "/var/lib/crater-agent-workspace/rustup-home:/opt/rustwide/rustup-home:ro,Z" "-e" "SOURCE_DIR=/opt/rustwide/workdir" "-e" "CARGO_TARGET_DIR=/opt/rustwide/target" "-e" "CARGO_HOME=/opt/rustwide/cargo-home" "-e" "RUSTUP_HOME=/opt/rustwide/rustup-home" "-w" "/opt/rustwide/workdir" "-m" "1610612736" "--user" "0:0" "--network" "none" "ghcr.io/rust-lang/crates-build-env/linux@sha256:f3a9d4ad9d972b27faf3965f35b62e55ba32bbce8f20bc8fe909558a86702fde" "/opt/rustwide/cargo-home/bin/cargo" "+1.83.0" "metadata" "--no-deps" "--format-version=1", kill_on_drop: false }`
[INFO] [stdout] 6f35e8035a328a1bb7506c40ebbb9d90601e5340d40695afc26826cfc1fa6e14
[INFO] running `Command { std: "docker" "start" "-a" "6f35e8035a328a1bb7506c40ebbb9d90601e5340d40695afc26826cfc1fa6e14", kill_on_drop: false }`
[INFO] running `Command { std: "docker" "inspect" "6f35e8035a328a1bb7506c40ebbb9d90601e5340d40695afc26826cfc1fa6e14", kill_on_drop: false }`
[INFO] running `Command { std: "docker" "rm" "-f" "6f35e8035a328a1bb7506c40ebbb9d90601e5340d40695afc26826cfc1fa6e14", kill_on_drop: false }`
[INFO] [stdout] 6f35e8035a328a1bb7506c40ebbb9d90601e5340d40695afc26826cfc1fa6e14
[INFO] running `Command { std: "docker" "create" "-v" "/var/lib/crater-agent-workspace/builds/worker-7-tc1/target:/opt/rustwide/target:rw,Z" "-v" "/var/lib/crater-agent-workspace/builds/worker-7-tc1/source:/opt/rustwide/workdir:ro,Z" "-v" "/var/lib/crater-agent-workspace/cargo-home:/opt/rustwide/cargo-home:ro,Z" "-v" "/var/lib/crater-agent-workspace/rustup-home:/opt/rustwide/rustup-home:ro,Z" "-e" "SOURCE_DIR=/opt/rustwide/workdir" "-e" "CARGO_TARGET_DIR=/opt/rustwide/target" "-e" "CARGO_INCREMENTAL=0" "-e" "RUST_BACKTRACE=full" "-e" "RUSTFLAGS=--cap-lints=warn" "-e" "RUSTDOCFLAGS=--cap-lints=warn" "-e" "CARGO_HOME=/opt/rustwide/cargo-home" "-e" "RUSTUP_HOME=/opt/rustwide/rustup-home" "-w" "/opt/rustwide/workdir" "-m" "1610612736" "--user" "0:0" "--network" "none" "ghcr.io/rust-lang/crates-build-env/linux@sha256:f3a9d4ad9d972b27faf3965f35b62e55ba32bbce8f20bc8fe909558a86702fde" "/opt/rustwide/cargo-home/bin/cargo" "+1.83.0" "build" "--frozen" "--message-format=json", kill_on_drop: false }`
[INFO] [stdout] 40e080cac20a1f8e3db2be1d22e8a07478f299fdc4560ec454212b544d87f589
[INFO] running `Command { std: "docker" "start" "-a" "40e080cac20a1f8e3db2be1d22e8a07478f299fdc4560ec454212b544d87f589", kill_on_drop: false }`
[INFO] [stderr]    Compiling ledger-parser-rewrite-1 v0.1.0 (/opt/rustwide/workdir)
[INFO] [stdout] warning: variable `count` is assigned to, but never used
[INFO] [stdout]   --> src/journal.rs:43:17
[INFO] [stdout]    |
[INFO] [stdout] 43 |         let mut count: usize = 0;
[INFO] [stdout]    |                 ^^^^^
[INFO] [stdout]    |
[INFO] [stdout]    = note: consider using `_count` instead
[INFO] [stdout]    = note: `#[warn(unused_variables)]` on by default
[INFO] [stdout] 
[INFO] [stdout] 
[INFO] [stdout] warning: unused variable: `current`
[INFO] [stdout]   --> src/journal.rs:46:13
[INFO] [stdout]    |
[INFO] [stdout] 46 |         let current: ParseContextT;
[INFO] [stdout]    |             ^^^^^^^ help: if this is intentional, prefix it with an underscore: `_current`
[INFO] [stdout] 
[INFO] [stdout] 
[INFO] [stdout] warning: value assigned to `count` is never read
[INFO] [stdout]   --> src/journal.rs:48:9
[INFO] [stdout]    |
[INFO] [stdout] 48 |         count = read_textual(context);
[INFO] [stdout]    |         ^^^^^
[INFO] [stdout]    |
[INFO] [stdout]    = help: maybe it is overwritten before being read?
[INFO] [stdout]    = note: `#[warn(unused_assignments)]` on by default
[INFO] [stdout] 
[INFO] [stdout] 
[INFO] [stdout] warning: variable `xact_count` is assigned to, but never used
[INFO] [stdout]   --> src/session.rs:58:17
[INFO] [stdout]    |
[INFO] [stdout] 58 |         let mut xact_count = 0;
[INFO] [stdout]    |                 ^^^^^^^^^^
[INFO] [stdout]    |
[INFO] [stdout]    = note: consider using `_xact_count` instead
[INFO] [stdout] 
[INFO] [stdout] 
[INFO] [stdout] warning: unused variable: `acct`
[INFO] [stdout]   --> src/session.rs:60:13
[INFO] [stdout]    |
[INFO] [stdout] 60 |         let acct: AccountT;
[INFO] [stdout]    |             ^^^^ help: if this is intentional, prefix it with an underscore: `_acct`
[INFO] [stdout] 
[INFO] [stdout] 
[INFO] [stdout] warning: unused variable: `pathname`
[INFO] [stdout]   --> src/session.rs:69:13
[INFO] [stdout]    |
[INFO] [stdout] 69 |         for pathname in &self.data_files {
[INFO] [stdout]    |             ^^^^^^^^ help: if this is intentional, prefix it with an underscore: `_pathname`
[INFO] [stdout] 
[INFO] [stdout] 
[INFO] [stdout] warning: unused variable: `master_account`
[INFO] [stdout]   --> src/session.rs:51:29
[INFO] [stdout]    |
[INFO] [stdout] 51 |     pub fn read_data(&self, master_account: &str) {
[INFO] [stdout]    |                             ^^^^^^^^^^^^^^ help: if this is intentional, prefix it with an underscore: `_master_account`
[INFO] [stdout] 
[INFO] [stdout] 
[INFO] [stdout] warning: fields `parent`, `name`, `note`, `depth`, `accounts`, and `full_name` are never read
[INFO] [stdout]   --> src/account.rs:8:5
[INFO] [stdout]    |
[INFO] [stdout] 6  | pub struct AccountT<'a> {
[INFO] [stdout]    |            -------- fields in this struct
[INFO] [stdout] 7  |     // account_t *                    parent;
[INFO] [stdout] 8  |     parent: Option<&'a AccountT<'a>>,
[INFO] [stdout]    |     ^^^^^^
[INFO] [stdout] 9  |     // string                         name;
[INFO] [stdout] 10 |     name: String,
[INFO] [stdout]    |     ^^^^
[INFO] [stdout] 11 |     // optional<string>               note;
[INFO] [stdout] 12 |     note: Option<String>,
[INFO] [stdout]    |     ^^^^
[INFO] [stdout] 13 |     // unsigned short                 depth;
[INFO] [stdout] 14 |     depth: u16,
[INFO] [stdout]    |     ^^^^^
[INFO] [stdout] 15 |     // accounts_map                   accounts;
[INFO] [stdout] 16 |     accounts: HashMap<String, AccountT<'a>>,
[INFO] [stdout]    |     ^^^^^^^^
[INFO] [stdout] ...
[INFO] [stdout] 23 |     full_name: String,
[INFO] [stdout]    |     ^^^^^^^^^
[INFO] [stdout]    |
[INFO] [stdout]    = note: `#[warn(dead_code)]` on by default
[INFO] [stdout] 
[INFO] [stdout] 
[INFO] [stdout] warning: constant `MAX_LINE` is never used
[INFO] [stdout]  --> src/context.rs:9:7
[INFO] [stdout]   |
[INFO] [stdout] 9 | const MAX_LINE: usize = 4096;
[INFO] [stdout]   |       ^^^^^^^^
[INFO] [stdout] 
[INFO] [stdout] 
[INFO] [stdout] warning: fields `pathname`, `current_directory`, and `journal` are never read
[INFO] [stdout]   --> src/context.rs:18:5
[INFO] [stdout]    |
[INFO] [stdout] 12 | pub struct ParseContextT<'a> {
[INFO] [stdout]    |            ------------- fields in this struct
[INFO] [stdout] ...
[INFO] [stdout] 18 |     pathname: PathBuf,
[INFO] [stdout]    |     ^^^^^^^^
[INFO] [stdout] 19 |     // path                   current_directory;
[INFO] [stdout] 20 |     current_directory: PathBuf,
[INFO] [stdout]    |     ^^^^^^^^^^^^^^^^^
[INFO] [stdout] 21 |     // journal_t *            journal;
[INFO] [stdout] 22 |     journal: JournalT<'a>,
[INFO] [stdout]    |     ^^^^^^^
[INFO] [stdout] 
[INFO] [stdout] 
[INFO] [stdout] warning: associated function `show_version_info` is never used
[INFO] [stdout]   --> src/global.rs:25:8
[INFO] [stdout]    |
[INFO] [stdout] 14 | impl GlobalScopeT<'_> {
[INFO] [stdout]    | --------------------- associated function in this implementation
[INFO] [stdout] ...
[INFO] [stdout] 25 |     fn show_version_info() {
[INFO] [stdout]    |        ^^^^^^^^^^^^^^^^^
[INFO] [stdout] 
[INFO] [stdout] 
[INFO] [stdout] warning: multiple fields are never read
[INFO] [stdout]   --> src/journal.rs:13:5
[INFO] [stdout]    |
[INFO] [stdout] 12 | pub struct JournalT<'a> {
[INFO] [stdout]    |            -------- fields in this struct
[INFO] [stdout] 13 |     master: Box<AccountT<'a>>,
[INFO] [stdout]    |     ^^^^^^
[INFO] [stdout] 14 |     bucket: Option<Box<AccountT<'a>>>,
[INFO] [stdout]    |     ^^^^^^
[INFO] [stdout] ...
[INFO] [stdout] 18 |     was_loaded: bool,
[INFO] [stdout]    |     ^^^^^^^^^^
[INFO] [stdout] 19 |     check_payees: bool,
[INFO] [stdout]    |     ^^^^^^^^^^^^
[INFO] [stdout] 20 |     day_break: bool,
[INFO] [stdout]    |     ^^^^^^^^^
[INFO] [stdout] 21 |     recursive_aliases: bool,
[INFO] [stdout]    |     ^^^^^^^^^^^^^^^^^
[INFO] [stdout] 22 |     no_aliases: bool,
[INFO] [stdout]    |     ^^^^^^^^^^
[INFO] [stdout] 23 |
[INFO] [stdout] 24 |     current_context: Option<&'a ParseContextT<'a>>,
[INFO] [stdout]    |     ^^^^^^^^^^^^^^^
[INFO] [stdout] 
[INFO] [stdout] 
[INFO] [stdout] warning: struct `ScopeT` is never constructed
[INFO] [stdout]  --> src/scope.rs:2:19
[INFO] [stdout]   |
[INFO] [stdout] 2 | pub(crate) struct ScopeT {}
[INFO] [stdout]   |                   ^^^^^^
[INFO] [stdout] 
[INFO] [stdout] 
[INFO] [stdout] warning: fields `context_stack` and `context` are never read
[INFO] [stdout]   --> src/textual.rs:10:5
[INFO] [stdout]    |
[INFO] [stdout] 8  | pub(crate) struct InstanceT<'a> {
[INFO] [stdout]    |                   --------- fields in this struct
[INFO] [stdout] 9  |     // parse_context_stack_t&   context_stack;
[INFO] [stdout] 10 |     context_stack: &'a ParseContextStackT<'a>,
[INFO] [stdout]    |     ^^^^^^^^^^^^^
[INFO] [stdout] 11 |     // parse_context_t&         context;
[INFO] [stdout] 12 |     context: &'a ParseContextT<'a>,
[INFO] [stdout]    |     ^^^^^^^
[INFO] [stdout] 
[INFO] [stdout] 
[INFO] [stdout] warning: associated function `description` is never used
[INFO] [stdout]    --> src/textual.rs:100:19
[INFO] [stdout]     |
[INFO] [stdout] 22  | impl<'a> InstanceT<'a> {
[INFO] [stdout]     | ---------------------- associated function in this implementation
[INFO] [stdout] ...
[INFO] [stdout] 100 |     pub(crate) fn description() -> String {
[INFO] [stdout]     |                   ^^^^^^^^^^^
[INFO] [stdout] 
[INFO] [stdout] 
[INFO] [stdout] warning: variable `status` is assigned to, but never used
[INFO] [stdout]  --> src/main.rs:6:13
[INFO] [stdout]   |
[INFO] [stdout] 6 |     let mut status = 1;
[INFO] [stdout]   |             ^^^^^^
[INFO] [stdout]   |
[INFO] [stdout]   = note: consider using `_status` instead
[INFO] [stdout]   = note: `#[warn(unused_variables)]` on by default
[INFO] [stdout] 
[INFO] [stdout] 
[INFO] [stdout] warning: value assigned to `status` is never read
[INFO] [stdout]   --> src/main.rs:25:5
[INFO] [stdout]    |
[INFO] [stdout] 25 |     status = 0;
[INFO] [stdout]    |     ^^^^^^
[INFO] [stdout]    |
[INFO] [stdout]    = help: maybe it is overwritten before being read?
[INFO] [stdout]    = note: `#[warn(unused_assignments)]` on by default
[INFO] [stdout] 
[INFO] [stdout] 
[INFO] [stderr]     Finished `dev` profile [unoptimized + debuginfo] target(s) in 0.85s
[INFO] running `Command { std: "docker" "inspect" "40e080cac20a1f8e3db2be1d22e8a07478f299fdc4560ec454212b544d87f589", kill_on_drop: false }`
[INFO] running `Command { std: "docker" "rm" "-f" "40e080cac20a1f8e3db2be1d22e8a07478f299fdc4560ec454212b544d87f589", kill_on_drop: false }`
[INFO] [stdout] 40e080cac20a1f8e3db2be1d22e8a07478f299fdc4560ec454212b544d87f589
[INFO] running `Command { std: "docker" "create" "-v" "/var/lib/crater-agent-workspace/builds/worker-7-tc1/target:/opt/rustwide/target:rw,Z" "-v" "/var/lib/crater-agent-workspace/builds/worker-7-tc1/source:/opt/rustwide/workdir:ro,Z" "-v" "/var/lib/crater-agent-workspace/cargo-home:/opt/rustwide/cargo-home:ro,Z" "-v" "/var/lib/crater-agent-workspace/rustup-home:/opt/rustwide/rustup-home:ro,Z" "-e" "SOURCE_DIR=/opt/rustwide/workdir" "-e" "CARGO_TARGET_DIR=/opt/rustwide/target" "-e" "CARGO_INCREMENTAL=0" "-e" "RUST_BACKTRACE=full" "-e" "RUSTFLAGS=--cap-lints=warn" "-e" "RUSTDOCFLAGS=--cap-lints=warn" "-e" "CARGO_HOME=/opt/rustwide/cargo-home" "-e" "RUSTUP_HOME=/opt/rustwide/rustup-home" "-w" "/opt/rustwide/workdir" "-m" "1610612736" "--user" "0:0" "--network" "none" "ghcr.io/rust-lang/crates-build-env/linux@sha256:f3a9d4ad9d972b27faf3965f35b62e55ba32bbce8f20bc8fe909558a86702fde" "/opt/rustwide/cargo-home/bin/cargo" "+1.83.0" "test" "--frozen" "--no-run" "--message-format=json", kill_on_drop: false }`
[INFO] [stdout] 7456e9142e264aeea0957b0698a3ead8ffc44bee3fe21f411531a28bb7fef4b4
[INFO] running `Command { std: "docker" "start" "-a" "7456e9142e264aeea0957b0698a3ead8ffc44bee3fe21f411531a28bb7fef4b4", kill_on_drop: false }`
[INFO] [stdout] warning: variable `count` is assigned to, but never used
[INFO] [stdout]   --> src/journal.rs:43:17
[INFO] [stdout]    |
[INFO] [stdout] 43 |         let mut count: usize = 0;
[INFO] [stdout]    |                 ^^^^^
[INFO] [stdout]    |
[INFO] [stdout]    = note: consider using `_count` instead
[INFO] [stdout]    = note: `#[warn(unused_variables)]` on by default
[INFO] [stdout] 
[INFO] [stdout] 
[INFO] [stdout] warning: unused variable: `current`
[INFO] [stdout]   --> src/journal.rs:46:13
[INFO] [stdout]    |
[INFO] [stdout] 46 |         let current: ParseContextT;
[INFO] [stdout]    |             ^^^^^^^ help: if this is intentional, prefix it with an underscore: `_current`
[INFO] [stdout] 
[INFO] [stdout] 
[INFO] [stdout] warning: value assigned to `count` is never read
[INFO] [stdout]   --> src/journal.rs:48:9
[INFO] [stdout]    |
[INFO] [stdout] 48 |         count = read_textual(context);
[INFO] [stdout]    |         ^^^^^
[INFO] [stdout]    |
[INFO] [stdout]    = help: maybe it is overwritten before being read?
[INFO] [stdout]    = note: `#[warn(unused_assignments)]` on by default
[INFO] [stdout] 
[INFO] [stdout] 
[INFO] [stdout] warning: variable `xact_count` is assigned to, but never used
[INFO] [stdout]   --> src/session.rs:58:17
[INFO] [stdout]    |
[INFO] [stdout] 58 |         let mut xact_count = 0;
[INFO] [stdout]    |                 ^^^^^^^^^^
[INFO] [stdout]    |
[INFO] [stdout]    = note: consider using `_xact_count` instead
[INFO] [stdout] 
[INFO] [stdout] 
[INFO] [stdout] warning: unused variable: `acct`
[INFO] [stdout]   --> src/session.rs:60:13
[INFO] [stdout]    |
[INFO] [stdout] 60 |         let acct: AccountT;
[INFO] [stdout]    |             ^^^^ help: if this is intentional, prefix it with an underscore: `_acct`
[INFO] [stdout] 
[INFO] [stdout] 
[INFO] [stdout] warning: unused variable: `pathname`
[INFO] [stdout]   --> src/session.rs:69:13
[INFO] [stdout]    |
[INFO] [stdout] 69 |         for pathname in &self.data_files {
[INFO] [stdout]    |             ^^^^^^^^ help: if this is intentional, prefix it with an underscore: `_pathname`
[INFO] [stdout] 
[INFO] [stdout] 
[INFO] [stdout] warning: unused variable: `master_account`
[INFO] [stdout]   --> src/session.rs:51:29
[INFO] [stdout]    |
[INFO] [stdout] 51 |     pub fn read_data(&self, master_account: &str) {
[INFO] [stdout]    |                             ^^^^^^^^^^^^^^ help: if this is intentional, prefix it with an underscore: `_master_account`
[INFO] [stdout] 
[INFO] [stdout] 
[INFO] [stdout] warning: fields `parent`, `name`, `note`, `depth`, `accounts`, and `full_name` are never read
[INFO] [stdout]   --> src/account.rs:8:5
[INFO] [stdout]    |
[INFO] [stdout] 6  | pub struct AccountT<'a> {
[INFO] [stdout]    |            -------- fields in this struct
[INFO] [stdout] 7  |     // account_t *                    parent;
[INFO] [stdout] 8  |     parent: Option<&'a AccountT<'a>>,
[INFO] [stdout]    |     ^^^^^^
[INFO] [stdout] 9  |     // string                         name;
[INFO] [stdout] 10 |     name: String,
[INFO] [stdout]    |     ^^^^
[INFO] [stdout] 11 |     // optional<string>               note;
[INFO] [stdout] 12 |     note: Option<String>,
[INFO] [stdout]    |     ^^^^
[INFO] [stdout] 13 |     // unsigned short                 depth;
[INFO] [stdout] 14 |     depth: u16,
[INFO] [stdout]    |     ^^^^^
[INFO] [stdout] 15 |     // accounts_map                   accounts;
[INFO] [stdout] 16 |     accounts: HashMap<String, AccountT<'a>>,
[INFO] [stdout]    |     ^^^^^^^^
[INFO] [stdout] ...
[INFO] [stdout] 23 |     full_name: String,
[INFO] [stdout]    |     ^^^^^^^^^
[INFO] [stdout]    |
[INFO] [stdout]    = note: `#[warn(dead_code)]` on by default
[INFO] [stdout] 
[INFO] [stdout] 
[INFO] [stdout] warning: constant `MAX_LINE` is never used
[INFO] [stdout]  --> src/context.rs:9:7
[INFO] [stdout]   |
[INFO] [stdout] 9 | const MAX_LINE: usize = 4096;
[INFO] [stdout]   |       ^^^^^^^^
[INFO] [stdout] 
[INFO] [stdout] 
[INFO] [stdout] warning: fields `pathname`, `current_directory`, and `journal` are never read
[INFO] [stdout]   --> src/context.rs:18:5
[INFO] [stdout]    |
[INFO] [stdout] 12 | pub struct ParseContextT<'a> {
[INFO] [stdout]    |            ------------- fields in this struct
[INFO] [stdout] ...
[INFO] [stdout] 18 |     pathname: PathBuf,
[INFO] [stdout]    |     ^^^^^^^^
[INFO] [stdout] 19 |     // path                   current_directory;
[INFO] [stdout] 20 |     current_directory: PathBuf,
[INFO] [stdout]    |     ^^^^^^^^^^^^^^^^^
[INFO] [stdout] 21 |     // journal_t *            journal;
[INFO] [stdout] 22 |     journal: JournalT<'a>,
[INFO] [stdout]    |     ^^^^^^^
[INFO] [stdout] 
[INFO] [stdout] 
[INFO] [stdout] warning: associated function `show_version_info` is never used
[INFO] [stdout]   --> src/global.rs:25:8
[INFO] [stdout]    |
[INFO] [stdout] 14 | impl GlobalScopeT<'_> {
[INFO] [stdout]    | --------------------- associated function in this implementation
[INFO] [stdout] ...
[INFO] [stdout] 25 |     fn show_version_info() {
[INFO] [stdout]    |        ^^^^^^^^^^^^^^^^^
[INFO] [stdout] 
[INFO] [stdout] 
[INFO] [stdout] warning: multiple fields are never read
[INFO] [stdout]   --> src/journal.rs:13:5
[INFO] [stdout]    |
[INFO] [stdout] 12 | pub struct JournalT<'a> {
[INFO] [stdout]    |            -------- fields in this struct
[INFO] [stdout] 13 |     master: Box<AccountT<'a>>,
[INFO] [stdout]    |     ^^^^^^
[INFO] [stdout] 14 |     bucket: Option<Box<AccountT<'a>>>,
[INFO] [stdout]    |     ^^^^^^
[INFO] [stdout] ...
[INFO] [stdout] 18 |     was_loaded: bool,
[INFO] [stdout]    |     ^^^^^^^^^^
[INFO] [stdout] 19 |     check_payees: bool,
[INFO] [stdout]    |     ^^^^^^^^^^^^
[INFO] [stdout] 20 |     day_break: bool,
[INFO] [stdout]    |     ^^^^^^^^^
[INFO] [stdout] 21 |     recursive_aliases: bool,
[INFO] [stdout]    |     ^^^^^^^^^^^^^^^^^
[INFO] [stdout] 22 |     no_aliases: bool,
[INFO] [stdout]    |     ^^^^^^^^^^
[INFO] [stdout] 23 |
[INFO] [stdout] 24 |     current_context: Option<&'a ParseContextT<'a>>,
[INFO] [stdout]    |     ^^^^^^^^^^^^^^^
[INFO] [stdout] 
[INFO] [stdout] 
[INFO] [stdout] warning: struct `ScopeT` is never constructed
[INFO] [stdout]  --> src/scope.rs:2:19
[INFO] [stdout]   |
[INFO] [stdout] 2 | pub(crate) struct ScopeT {}
[INFO] [stdout]   |                   ^^^^^^
[INFO] [stdout] 
[INFO] [stdout] 
[INFO] [stdout] warning: fields `context_stack` and `context` are never read
[INFO] [stdout]   --> src/textual.rs:10:5
[INFO] [stdout]    |
[INFO] [stdout] 8  | pub(crate) struct InstanceT<'a> {
[INFO] [stdout]    |                   --------- fields in this struct
[INFO] [stdout] 9  |     // parse_context_stack_t&   context_stack;
[INFO] [stdout] 10 |     context_stack: &'a ParseContextStackT<'a>,
[INFO] [stdout]    |     ^^^^^^^^^^^^^
[INFO] [stdout] 11 |     // parse_context_t&         context;
[INFO] [stdout] 12 |     context: &'a ParseContextT<'a>,
[INFO] [stdout]    |     ^^^^^^^
[INFO] [stdout] 
[INFO] [stdout] 
[INFO] [stderr]    Compiling ledger-parser-rewrite-1 v0.1.0 (/opt/rustwide/workdir)
[INFO] [stdout] warning: associated function `description` is never used
[INFO] [stdout]    --> src/textual.rs:100:19
[INFO] [stdout]     |
[INFO] [stdout] 22  | impl<'a> InstanceT<'a> {
[INFO] [stdout]     | ---------------------- associated function in this implementation
[INFO] [stdout] ...
[INFO] [stdout] 100 |     pub(crate) fn description() -> String {
[INFO] [stdout]     |                   ^^^^^^^^^^^
[INFO] [stdout] 
[INFO] [stdout] 
[INFO] [stdout] warning: variable `status` is assigned to, but never used
[INFO] [stdout]  --> src/main.rs:6:13
[INFO] [stdout]   |
[INFO] [stdout] 6 |     let mut status = 1;
[INFO] [stdout]   |             ^^^^^^
[INFO] [stdout]   |
[INFO] [stdout]   = note: consider using `_status` instead
[INFO] [stdout]   = note: `#[warn(unused_variables)]` on by default
[INFO] [stdout] 
[INFO] [stdout] 
[INFO] [stdout] warning: value assigned to `status` is never read
[INFO] [stdout]   --> src/main.rs:25:5
[INFO] [stdout]    |
[INFO] [stdout] 25 |     status = 0;
[INFO] [stdout]    |     ^^^^^^
[INFO] [stdout]    |
[INFO] [stdout]    = help: maybe it is overwritten before being read?
[INFO] [stdout]    = note: `#[warn(unused_assignments)]` on by default
[INFO] [stdout] 
[INFO] [stdout] 
[INFO] [stdout] warning: variable `count` is assigned to, but never used
[INFO] [stdout]   --> src/journal.rs:43:17
[INFO] [stdout]    |
[INFO] [stdout] 43 |         let mut count: usize = 0;
[INFO] [stdout]    |                 ^^^^^
[INFO] [stdout]    |
[INFO] [stdout]    = note: consider using `_count` instead
[INFO] [stdout]    = note: `#[warn(unused_variables)]` on by default
[INFO] [stdout] 
[INFO] [stdout] 
[INFO] [stdout] warning: unused variable: `current`
[INFO] [stdout]   --> src/journal.rs:46:13
[INFO] [stdout]    |
[INFO] [stdout] 46 |         let current: ParseContextT;
[INFO] [stdout]    |             ^^^^^^^ help: if this is intentional, prefix it with an underscore: `_current`
[INFO] [stdout] 
[INFO] [stdout] 
[INFO] [stdout] warning: value assigned to `count` is never read
[INFO] [stdout]   --> src/journal.rs:48:9
[INFO] [stdout]    |
[INFO] [stdout] 48 |         count = read_textual(context);
[INFO] [stdout]    |         ^^^^^
[INFO] [stdout]    |
[INFO] [stdout]    = help: maybe it is overwritten before being read?
[INFO] [stdout]    = note: `#[warn(unused_assignments)]` on by default
[INFO] [stdout] 
[INFO] [stdout] 
[INFO] [stdout] warning: variable `xact_count` is assigned to, but never used
[INFO] [stdout]   --> src/session.rs:58:17
[INFO] [stdout]    |
[INFO] [stdout] 58 |         let mut xact_count = 0;
[INFO] [stdout]    |                 ^^^^^^^^^^
[INFO] [stdout]    |
[INFO] [stdout]    = note: consider using `_xact_count` instead
[INFO] [stdout] 
[INFO] [stdout] 
[INFO] [stdout] warning: unused variable: `acct`
[INFO] [stdout]   --> src/session.rs:60:13
[INFO] [stdout]    |
[INFO] [stdout] 60 |         let acct: AccountT;
[INFO] [stdout]    |             ^^^^ help: if this is intentional, prefix it with an underscore: `_acct`
[INFO] [stdout] 
[INFO] [stdout] 
[INFO] [stdout] warning: unused variable: `pathname`
[INFO] [stdout]   --> src/session.rs:69:13
[INFO] [stdout]    |
[INFO] [stdout] 69 |         for pathname in &self.data_files {
[INFO] [stdout]    |             ^^^^^^^^ help: if this is intentional, prefix it with an underscore: `_pathname`
[INFO] [stdout] 
[INFO] [stdout] 
[INFO] [stdout] warning: unused variable: `master_account`
[INFO] [stdout]   --> src/session.rs:51:29
[INFO] [stdout]    |
[INFO] [stdout] 51 |     pub fn read_data(&self, master_account: &str) {
[INFO] [stdout]    |                             ^^^^^^^^^^^^^^ help: if this is intentional, prefix it with an underscore: `_master_account`
[INFO] [stdout] 
[INFO] [stdout] 
[INFO] [stdout] warning: fields `parent`, `name`, `note`, `depth`, `accounts`, and `full_name` are never read
[INFO] [stdout]   --> src/account.rs:8:5
[INFO] [stdout]    |
[INFO] [stdout] 6  | pub struct AccountT<'a> {
[INFO] [stdout]    |            -------- fields in this struct
[INFO] [stdout] 7  |     // account_t *                    parent;
[INFO] [stdout] 8  |     parent: Option<&'a AccountT<'a>>,
[INFO] [stdout]    |     ^^^^^^
[INFO] [stdout] 9  |     // string                         name;
[INFO] [stdout] 10 |     name: String,
[INFO] [stdout]    |     ^^^^
[INFO] [stdout] 11 |     // optional<string>               note;
[INFO] [stdout] 12 |     note: Option<String>,
[INFO] [stdout]    |     ^^^^
[INFO] [stdout] 13 |     // unsigned short                 depth;
[INFO] [stdout] 14 |     depth: u16,
[INFO] [stdout]    |     ^^^^^
[INFO] [stdout] 15 |     // accounts_map                   accounts;
[INFO] [stdout] 16 |     accounts: HashMap<String, AccountT<'a>>,
[INFO] [stdout]    |     ^^^^^^^^
[INFO] [stdout] ...
[INFO] [stdout] 23 |     full_name: String,
[INFO] [stdout]    |     ^^^^^^^^^
[INFO] [stdout]    |
[INFO] [stdout]    = note: `#[warn(dead_code)]` on by default
[INFO] [stdout] 
[INFO] [stdout] 
[INFO] [stdout] warning: constant `MAX_LINE` is never used
[INFO] [stdout]  --> src/context.rs:9:7
[INFO] [stdout]   |
[INFO] [stdout] 9 | const MAX_LINE: usize = 4096;
[INFO] [stdout]   |       ^^^^^^^^
[INFO] [stdout] 
[INFO] [stdout] 
[INFO] [stdout] warning: fields `pathname`, `current_directory`, and `journal` are never read
[INFO] [stdout]   --> src/context.rs:18:5
[INFO] [stdout]    |
[INFO] [stdout] 12 | pub struct ParseContextT<'a> {
[INFO] [stdout]    |            ------------- fields in this struct
[INFO] [stdout] ...
[INFO] [stdout] 18 |     pathname: PathBuf,
[INFO] [stdout]    |     ^^^^^^^^
[INFO] [stdout] 19 |     // path                   current_directory;
[INFO] [stdout] 20 |     current_directory: PathBuf,
[INFO] [stdout]    |     ^^^^^^^^^^^^^^^^^
[INFO] [stdout] 21 |     // journal_t *            journal;
[INFO] [stdout] 22 |     journal: JournalT<'a>,
[INFO] [stdout]    |     ^^^^^^^
[INFO] [stdout] 
[INFO] [stdout] 
[INFO] [stdout] warning: associated function `show_version_info` is never used
[INFO] [stdout]   --> src/global.rs:25:8
[INFO] [stdout]    |
[INFO] [stdout] 14 | impl GlobalScopeT<'_> {
[INFO] [stdout]    | --------------------- associated function in this implementation
[INFO] [stdout] ...
[INFO] [stdout] 25 |     fn show_version_info() {
[INFO] [stdout]    |        ^^^^^^^^^^^^^^^^^
[INFO] [stdout] 
[INFO] [stdout] 
[INFO] [stdout] warning: multiple fields are never read
[INFO] [stdout]   --> src/journal.rs:13:5
[INFO] [stdout]    |
[INFO] [stdout] 12 | pub struct JournalT<'a> {
[INFO] [stdout]    |            -------- fields in this struct
[INFO] [stdout] 13 |     master: Box<AccountT<'a>>,
[INFO] [stdout]    |     ^^^^^^
[INFO] [stdout] 14 |     bucket: Option<Box<AccountT<'a>>>,
[INFO] [stdout]    |     ^^^^^^
[INFO] [stdout] ...
[INFO] [stdout] 18 |     was_loaded: bool,
[INFO] [stdout]    |     ^^^^^^^^^^
[INFO] [stdout] 19 |     check_payees: bool,
[INFO] [stdout]    |     ^^^^^^^^^^^^
[INFO] [stdout] 20 |     day_break: bool,
[INFO] [stdout]    |     ^^^^^^^^^
[INFO] [stdout] 21 |     recursive_aliases: bool,
[INFO] [stdout]    |     ^^^^^^^^^^^^^^^^^
[INFO] [stdout] 22 |     no_aliases: bool,
[INFO] [stdout]    |     ^^^^^^^^^^
[INFO] [stdout] 23 |
[INFO] [stdout] 24 |     current_context: Option<&'a ParseContextT<'a>>,
[INFO] [stdout]    |     ^^^^^^^^^^^^^^^
[INFO] [stdout] 
[INFO] [stdout] 
[INFO] [stdout] warning: struct `ScopeT` is never constructed
[INFO] [stdout]  --> src/scope.rs:2:19
[INFO] [stdout]   |
[INFO] [stdout] 2 | pub(crate) struct ScopeT {}
[INFO] [stdout]   |                   ^^^^^^
[INFO] [stdout] 
[INFO] [stdout] 
[INFO] [stdout] warning: fields `context_stack` and `context` are never read
[INFO] [stdout]   --> src/textual.rs:10:5
[INFO] [stdout]    |
[INFO] [stdout] 8  | pub(crate) struct InstanceT<'a> {
[INFO] [stdout]    |                   --------- fields in this struct
[INFO] [stdout] 9  |     // parse_context_stack_t&   context_stack;
[INFO] [stdout] 10 |     context_stack: &'a ParseContextStackT<'a>,
[INFO] [stdout]    |     ^^^^^^^^^^^^^
[INFO] [stdout] 11 |     // parse_context_t&         context;
[INFO] [stdout] 12 |     context: &'a ParseContextT<'a>,
[INFO] [stdout]    |     ^^^^^^^
[INFO] [stdout] 
[INFO] [stdout] 
[INFO] [stdout] warning: associated function `description` is never used
[INFO] [stdout]    --> src/textual.rs:100:19
[INFO] [stdout]     |
[INFO] [stdout] 22  | impl<'a> InstanceT<'a> {
[INFO] [stdout]     | ---------------------- associated function in this implementation
[INFO] [stdout] ...
[INFO] [stdout] 100 |     pub(crate) fn description() -> String {
[INFO] [stdout]     |                   ^^^^^^^^^^^
[INFO] [stdout] 
[INFO] [stdout] 
[INFO] [stderr]     Finished `test` profile [unoptimized + debuginfo] target(s) in 0.72s
[INFO] running `Command { std: "docker" "inspect" "7456e9142e264aeea0957b0698a3ead8ffc44bee3fe21f411531a28bb7fef4b4", kill_on_drop: false }`
[INFO] running `Command { std: "docker" "rm" "-f" "7456e9142e264aeea0957b0698a3ead8ffc44bee3fe21f411531a28bb7fef4b4", kill_on_drop: false }`
[INFO] [stdout] 7456e9142e264aeea0957b0698a3ead8ffc44bee3fe21f411531a28bb7fef4b4
[INFO] running `Command { std: "docker" "create" "-v" "/var/lib/crater-agent-workspace/builds/worker-7-tc1/target:/opt/rustwide/target:rw,Z" "-v" "/var/lib/crater-agent-workspace/builds/worker-7-tc1/source:/opt/rustwide/workdir:ro,Z" "-v" "/var/lib/crater-agent-workspace/cargo-home:/opt/rustwide/cargo-home:ro,Z" "-v" "/var/lib/crater-agent-workspace/rustup-home:/opt/rustwide/rustup-home:ro,Z" "-e" "SOURCE_DIR=/opt/rustwide/workdir" "-e" "CARGO_TARGET_DIR=/opt/rustwide/target" "-e" "CARGO_INCREMENTAL=0" "-e" "RUST_BACKTRACE=full" "-e" "RUSTFLAGS=--cap-lints=warn" "-e" "RUSTDOCFLAGS=--cap-lints=warn" "-e" "CARGO_HOME=/opt/rustwide/cargo-home" "-e" "RUSTUP_HOME=/opt/rustwide/rustup-home" "-w" "/opt/rustwide/workdir" "-m" "1610612736" "--user" "0:0" "--network" "none" "ghcr.io/rust-lang/crates-build-env/linux@sha256:f3a9d4ad9d972b27faf3965f35b62e55ba32bbce8f20bc8fe909558a86702fde" "/opt/rustwide/cargo-home/bin/cargo" "+1.83.0" "test" "--frozen", kill_on_drop: false }`
[INFO] [stdout] 96097caa7e8bc1f05d6ff2b9e31ae4a4d7ec7ac62e589507cceeed9a8087cc85
[INFO] running `Command { std: "docker" "start" "-a" "96097caa7e8bc1f05d6ff2b9e31ae4a4d7ec7ac62e589507cceeed9a8087cc85", kill_on_drop: false }`
[INFO] [stderr] warning: variable `count` is assigned to, but never used
[INFO] [stderr]   --> src/journal.rs:43:17
[INFO] [stderr]    |
[INFO] [stderr] 43 |         let mut count: usize = 0;
[INFO] [stderr]    |                 ^^^^^
[INFO] [stderr]    |
[INFO] [stderr]    = note: consider using `_count` instead
[INFO] [stderr]    = note: `#[warn(unused_variables)]` on by default
[INFO] [stderr] 
[INFO] [stderr] warning: unused variable: `current`
[INFO] [stderr]   --> src/journal.rs:46:13
[INFO] [stderr]    |
[INFO] [stderr] 46 |         let current: ParseContextT;
[INFO] [stderr]    |             ^^^^^^^ help: if this is intentional, prefix it with an underscore: `_current`
[INFO] [stderr] 
[INFO] [stderr] warning: value assigned to `count` is never read
[INFO] [stderr]   --> src/journal.rs:48:9
[INFO] [stderr]    |
[INFO] [stderr] 48 |         count = read_textual(context);
[INFO] [stderr]    |         ^^^^^
[INFO] [stderr]    |
[INFO] [stderr]    = help: maybe it is overwritten before being read?
[INFO] [stderr]    = note: `#[warn(unused_assignments)]` on by default
[INFO] [stderr] 
[INFO] [stderr] warning: variable `xact_count` is assigned to, but never used
[INFO] [stderr]   --> src/session.rs:58:17
[INFO] [stderr]    |
[INFO] [stderr] 58 |         let mut xact_count = 0;
[INFO] [stderr]    |                 ^^^^^^^^^^
[INFO] [stderr]    |
[INFO] [stderr]    = note: consider using `_xact_count` instead
[INFO] [stderr] 
[INFO] [stderr] warning: unused variable: `acct`
[INFO] [stderr]   --> src/session.rs:60:13
[INFO] [stderr]    |
[INFO] [stderr] 60 |         let acct: AccountT;
[INFO] [stderr]    |             ^^^^ help: if this is intentional, prefix it with an underscore: `_acct`
[INFO] [stderr] 
[INFO] [stderr] warning: unused variable: `pathname`
[INFO] [stderr]   --> src/session.rs:69:13
[INFO] [stderr]    |
[INFO] [stderr] 69 |         for pathname in &self.data_files {
[INFO] [stderr]    |             ^^^^^^^^ help: if this is intentional, prefix it with an underscore: `_pathname`
[INFO] [stderr] 
[INFO] [stderr] warning: unused variable: `master_account`
[INFO] [stderr]   --> src/session.rs:51:29
[INFO] [stderr]    |
[INFO] [stderr] 51 |     pub fn read_data(&self, master_account: &str) {
[INFO] [stderr]    |                             ^^^^^^^^^^^^^^ help: if this is intentional, prefix it with an underscore: `_master_account`
[INFO] [stderr] 
[INFO] [stderr] warning: fields `parent`, `name`, `note`, `depth`, `accounts`, and `full_name` are never read
[INFO] [stderr]   --> src/account.rs:8:5
[INFO] [stderr]    |
[INFO] [stderr] 6  | pub struct AccountT<'a> {
[INFO] [stderr]    |            -------- fields in this struct
[INFO] [stderr] 7  |     // account_t *                    parent;
[INFO] [stderr] 8  |     parent: Option<&'a AccountT<'a>>,
[INFO] [stderr]    |     ^^^^^^
[INFO] [stderr] 9  |     // string                         name;
[INFO] [stderr] 10 |     name: String,
[INFO] [stderr]    |     ^^^^
[INFO] [stderr] 11 |     // optional<string>               note;
[INFO] [stderr] 12 |     note: Option<String>,
[INFO] [stderr]    |     ^^^^
[INFO] [stderr] 13 |     // unsigned short                 depth;
[INFO] [stderr] 14 |     depth: u16,
[INFO] [stderr]    |     ^^^^^
[INFO] [stderr] 15 |     // accounts_map                   accounts;
[INFO] [stderr] 16 |     accounts: HashMap<String, AccountT<'a>>,
[INFO] [stderr]    |     ^^^^^^^^
[INFO] [stderr] ...
[INFO] [stderr] 23 |     full_name: String,
[INFO] [stderr]    |     ^^^^^^^^^
[INFO] [stderr]    |
[INFO] [stderr]    = note: `#[warn(dead_code)]` on by default
[INFO] [stderr] 
[INFO] [stderr] warning: constant `MAX_LINE` is never used
[INFO] [stderr]  --> src/context.rs:9:7
[INFO] [stderr]   |
[INFO] [stderr] 9 | const MAX_LINE: usize = 4096;
[INFO] [stderr]   |       ^^^^^^^^
[INFO] [stderr] 
[INFO] [stderr] warning: fields `pathname`, `current_directory`, and `journal` are never read
[INFO] [stderr]   --> src/context.rs:18:5
[INFO] [stderr]    |
[INFO] [stderr] 12 | pub struct ParseContextT<'a> {
[INFO] [stderr]    |            ------------- fields in this struct
[INFO] [stderr] ...
[INFO] [stderr] 18 |     pathname: PathBuf,
[INFO] [stderr]    |     ^^^^^^^^
[INFO] [stderr] 19 |     // path                   current_directory;
[INFO] [stderr] 20 |     current_directory: PathBuf,
[INFO] [stderr]    |     ^^^^^^^^^^^^^^^^^
[INFO] [stderr] 21 |     // journal_t *            journal;
[INFO] [stderr] 22 |     journal: JournalT<'a>,
[INFO] [stderr]    |     ^^^^^^^
[INFO] [stderr] 
[INFO] [stderr] warning: associated function `show_version_info` is never used
[INFO] [stderr]   --> src/global.rs:25:8
[INFO] [stderr]    |
[INFO] [stderr] 14 | impl GlobalScopeT<'_> {
[INFO] [stderr]    | --------------------- associated function in this implementation
[INFO] [stderr] ...
[INFO] [stderr] 25 |     fn show_version_info() {
[INFO] [stderr]    |        ^^^^^^^^^^^^^^^^^
[INFO] [stderr] 
[INFO] [stderr] warning: multiple fields are never read
[INFO] [stderr]   --> src/journal.rs:13:5
[INFO] [stderr]    |
[INFO] [stderr] 12 | pub struct JournalT<'a> {
[INFO] [stderr]    |            -------- fields in this struct
[INFO] [stderr] 13 |     master: Box<AccountT<'a>>,
[INFO] [stderr]    |     ^^^^^^
[INFO] [stderr] 14 |     bucket: Option<Box<AccountT<'a>>>,
[INFO] [stderr]    |     ^^^^^^
[INFO] [stderr] ...
[INFO] [stderr] 18 |     was_loaded: bool,
[INFO] [stderr]    |     ^^^^^^^^^^
[INFO] [stderr] 19 |     check_payees: bool,
[INFO] [stderr]    |     ^^^^^^^^^^^^
[INFO] [stderr] 20 |     day_break: bool,
[INFO] [stderr]    |     ^^^^^^^^^
[INFO] [stderr] 21 |     recursive_aliases: bool,
[INFO] [stderr]    |     ^^^^^^^^^^^^^^^^^
[INFO] [stderr] 22 |     no_aliases: bool,
[INFO] [stderr]    |     ^^^^^^^^^^
[INFO] [stderr] 23 |
[INFO] [stderr] 24 |     current_context: Option<&'a ParseContextT<'a>>,
[INFO] [stderr]    |     ^^^^^^^^^^^^^^^
[INFO] [stderr] 
[INFO] [stderr] warning: struct `ScopeT` is never constructed
[INFO] [stderr]  --> src/scope.rs:2:19
[INFO] [stderr]   |
[INFO] [stderr] 2 | pub(crate) struct ScopeT {}
[INFO] [stderr]   |                   ^^^^^^
[INFO] [stderr] 
[INFO] [stderr] warning: fields `context_stack` and `context` are never read
[INFO] [stderr]   --> src/textual.rs:10:5
[INFO] [stderr]    |
[INFO] [stderr] 8  | pub(crate) struct InstanceT<'a> {
[INFO] [stderr]    |                   --------- fields in this struct
[INFO] [stderr] 9  |     // parse_context_stack_t&   context_stack;
[INFO] [stderr] 10 |     context_stack: &'a ParseContextStackT<'a>,
[INFO] [stderr]    |     ^^^^^^^^^^^^^
[INFO] [stderr] 11 |     // parse_context_t&         context;
[INFO] [stderr] 12 |     context: &'a ParseContextT<'a>,
[INFO] [stderr]    |     ^^^^^^^
[INFO] [stderr] 
[INFO] [stderr] warning: associated function `description` is never used
[INFO] [stderr]    --> src/textual.rs:100:19
[INFO] [stderr]     |
[INFO] [stderr] 22  | impl<'a> InstanceT<'a> {
[INFO] [stderr]     | ---------------------- associated function in this implementation
[INFO] [stderr] ...
[INFO] [stderr] 100 |     pub(crate) fn description() -> String {
[INFO] [stderr]     |                   ^^^^^^^^^^^
[INFO] [stderr] 
[INFO] [stderr] warning: `ledger-parser-rewrite-1` (lib) generated 15 warnings
[INFO] [stderr] warning: `ledger-parser-rewrite-1` (lib test) generated 15 warnings (15 duplicates)
[INFO] [stderr] warning: variable `status` is assigned to, but never used
[INFO] [stderr]  --> src/main.rs:6:13
[INFO] [stderr]   |
[INFO] [stderr] 6 |     let mut status = 1;
[INFO] [stderr]   |             ^^^^^^
[INFO] [stderr]   |
[INFO] [stderr]   = note: consider using `_status` instead
[INFO] [stderr]   = note: `#[warn(unused_variables)]` on by default
[INFO] [stderr] 
[INFO] [stderr] warning: value assigned to `status` is never read
[INFO] [stderr]   --> src/main.rs:25:5
[INFO] [stderr]    |
[INFO] [stderr] 25 |     status = 0;
[INFO] [stderr]    |     ^^^^^^
[INFO] [stderr]    |
[INFO] [stderr]    = help: maybe it is overwritten before being read?
[INFO] [stderr]    = note: `#[warn(unused_assignments)]` on by default
[INFO] [stderr] 
[INFO] [stderr] warning: `ledger-parser-rewrite-1` (bin "ledger-parser-rewrite-1" test) generated 2 warnings
[INFO] [stderr]     Finished `test` profile [unoptimized + debuginfo] target(s) in 0.02s
[INFO] [stderr]      Running unittests src/lib.rs (/opt/rustwide/target/debug/deps/ledger_parser_rewrite_1-b742046156f1ff52)
[INFO] [stdout] 
[INFO] [stdout] running 2 tests
[INFO] [stdout] test journal::tests::test_read ... FAILED
[INFO] [stdout] test journal::tests::test_read_textual ... FAILED
[INFO] [stdout] 
[INFO] [stdout] failures:
[INFO] [stdout] 
[INFO] [stdout] ---- journal::tests::test_read stdout ----
[INFO] [stdout] thread 'journal::tests::test_read' panicked at src/journal.rs:95:9:
[INFO] [stdout] not yet implemented
[INFO] [stdout] stack backtrace:
[INFO] [stdout]    0:     0x64ce27b4b5ea - std::backtrace_rs::backtrace::libunwind::trace::h5a5b8284f2d0c266
[INFO] [stdout]                                at /rustc/90b35a6239c3d8bdabc530a6a0816f7ff89a0aaf/library/std/src/../../backtrace/src/backtrace/libunwind.rs:116:5
[INFO] [stderr] error: test failed, to rerun pass `--lib`
[INFO] [stdout]    1:     0x64ce27b4b5ea - std::backtrace_rs::backtrace::trace_unsynchronized::h76d4f1c9b0b875e3
[INFO] [stdout]                                at /rustc/90b35a6239c3d8bdabc530a6a0816f7ff89a0aaf/library/std/src/../../backtrace/src/backtrace/mod.rs:66:5
[INFO] [stdout]    2:     0x64ce27b4b5ea - std::sys::backtrace::_print_fmt::hc4546b8364a537c6
[INFO] [stdout]                                at /rustc/90b35a6239c3d8bdabc530a6a0816f7ff89a0aaf/library/std/src/sys/backtrace.rs:66:9
[INFO] [stdout]    3:     0x64ce27b4b5ea - <std::sys::backtrace::BacktraceLock::print::DisplayBacktrace as core::fmt::Display>::fmt::h5b6bd5631a6d1f6b
[INFO] [stdout]                                at /rustc/90b35a6239c3d8bdabc530a6a0816f7ff89a0aaf/library/std/src/sys/backtrace.rs:39:26
[INFO] [stdout]    4:     0x64ce27b70873 - core::fmt::rt::Argument::fmt::h270f6602a2b96f62
[INFO] [stdout]                                at /rustc/90b35a6239c3d8bdabc530a6a0816f7ff89a0aaf/library/core/src/fmt/rt.rs:177:76
[INFO] [stdout]    5:     0x64ce27b70873 - core::fmt::write::h7550c97b06c86515
[INFO] [stdout]                                at /rustc/90b35a6239c3d8bdabc530a6a0816f7ff89a0aaf/library/core/src/fmt/mod.rs:1186:21
[INFO] [stdout]    6:     0x64ce27b487b3 - std::io::Write::write_fmt::h509ff860e5956e5e
[INFO] [stdout]                                at /rustc/90b35a6239c3d8bdabc530a6a0816f7ff89a0aaf/library/std/src/io/mod.rs:1839:15
[INFO] [stdout]    7:     0x64ce27b4b432 - std::sys::backtrace::BacktraceLock::print::h2395ccd2c84ba3aa
[INFO] [stdout]                                at /rustc/90b35a6239c3d8bdabc530a6a0816f7ff89a0aaf/library/std/src/sys/backtrace.rs:42:9
[INFO] [stdout]    8:     0x64ce27b4ca4a - std::panicking::default_hook::{{closure}}::he19d4c7230e07961
[INFO] [stdout]                                at /rustc/90b35a6239c3d8bdabc530a6a0816f7ff89a0aaf/library/std/src/panicking.rs:268:22
[INFO] [stdout]    9:     0x64ce27b4c854 - std::panicking::default_hook::hf614597d3c67bbdb
[INFO] [stdout]                                at /rustc/90b35a6239c3d8bdabc530a6a0816f7ff89a0aaf/library/std/src/panicking.rs:292:9
[INFO] [stdout]   10:     0x64ce27b18139 - <alloc::boxed::Box<F,A> as core::ops::function::Fn<Args>>::call::h39b51ce4599c23d1
[INFO] [stdout]                                at /rustc/90b35a6239c3d8bdabc530a6a0816f7ff89a0aaf/library/alloc/src/boxed.rs:2468:9
[INFO] [stdout]   11:     0x64ce27b18139 - test::test_main::{{closure}}::he977ae839a582784
[INFO] [stdout]                                at /rustc/90b35a6239c3d8bdabc530a6a0816f7ff89a0aaf/library/test/src/lib.rs:133:21
[INFO] [stdout]   12:     0x64ce27b4d0e8 - <alloc::boxed::Box<F,A> as core::ops::function::Fn<Args>>::call::h9455091b6b06f9fb
[INFO] [stdout]                                at /rustc/90b35a6239c3d8bdabc530a6a0816f7ff89a0aaf/library/alloc/src/boxed.rs:2468:9
[INFO] [stdout]   13:     0x64ce27b4d0e8 - std::panicking::rust_panic_with_hook::h8942133a8b252070
[INFO] [stdout]                                at /rustc/90b35a6239c3d8bdabc530a6a0816f7ff89a0aaf/library/std/src/panicking.rs:809:13
[INFO] [stdout]   14:     0x64ce27b4ce76 - std::panicking::begin_panic_handler::{{closure}}::hb5f5963570096b29
[INFO] [stdout]                                at /rustc/90b35a6239c3d8bdabc530a6a0816f7ff89a0aaf/library/std/src/panicking.rs:667:13
[INFO] [stdout]   15:     0x64ce27b4bac9 - std::sys::backtrace::__rust_end_short_backtrace::h6208cedc1922feda
[INFO] [stdout]                                at /rustc/90b35a6239c3d8bdabc530a6a0816f7ff89a0aaf/library/std/src/sys/backtrace.rs:170:18
[INFO] [stdout]   16:     0x64ce27b4cb3c - rust_begin_unwind
[INFO] [stdout]                                at /rustc/90b35a6239c3d8bdabc530a6a0816f7ff89a0aaf/library/std/src/panicking.rs:665:5
[INFO] [stdout]   17:     0x64ce27adea50 - core::panicking::panic_fmt::h0c3082644d1bf418
[INFO] [stdout]                                at /rustc/90b35a6239c3d8bdabc530a6a0816f7ff89a0aaf/library/core/src/panicking.rs:74:14
[INFO] [stdout]   18:     0x64ce27adeadc - core::panicking::panic::h957f98c65a3b3074
[INFO] [stdout]                                at /rustc/90b35a6239c3d8bdabc530a6a0816f7ff89a0aaf/library/core/src/panicking.rs:148:5
[INFO] [stdout]   19:     0x64ce27adfddd - ledger_parser_rewrite_1::journal::tests::test_read::hebdab4dab4100ca7
[INFO] [stdout]                                at /opt/rustwide/workdir/src/journal.rs:95:9
[INFO] [stdout]   20:     0x64ce27adfda7 - ledger_parser_rewrite_1::journal::tests::test_read::{{closure}}::h2d7a0046d633f3dc
[INFO] [stdout]                                at /opt/rustwide/workdir/src/journal.rs:94:19
[INFO] [stdout]   21:     0x64ce27adf626 - core::ops::function::FnOnce::call_once::h0cc8a14fdd8f26e0
[INFO] [stdout]                                at /rustc/90b35a6239c3d8bdabc530a6a0816f7ff89a0aaf/library/core/src/ops/function.rs:250:5
[INFO] [stdout]   22:     0x64ce27b1cafb - core::ops::function::FnOnce::call_once::h109cf8051a59b34e
[INFO] [stdout]                                at /rustc/90b35a6239c3d8bdabc530a6a0816f7ff89a0aaf/library/core/src/ops/function.rs:250:5
[INFO] [stdout]   23:     0x64ce27b1cafb - test::__rust_begin_short_backtrace::hf4fff89d377446ba
[INFO] [stdout]                                at /rustc/90b35a6239c3d8bdabc530a6a0816f7ff89a0aaf/library/test/src/lib.rs:621:18
[INFO] [stdout]   24:     0x64ce27b1c337 - test::run_test_in_process::{{closure}}::h0e39181dd7ee5a43
[INFO] [stdout]                                at /rustc/90b35a6239c3d8bdabc530a6a0816f7ff89a0aaf/library/test/src/lib.rs:644:60
[INFO] [stdout]   25:     0x64ce27b1c337 - <core::panic::unwind_safe::AssertUnwindSafe<F> as core::ops::function::FnOnce<()>>::call_once::hc5a66a30f0bdfd1f
[INFO] [stdout]                                at /rustc/90b35a6239c3d8bdabc530a6a0816f7ff89a0aaf/library/core/src/panic/unwind_safe.rs:272:9
[INFO] [stdout]   26:     0x64ce27b1c337 - std::panicking::try::do_call::h873b7cf639554a5e
[INFO] [stdout]                                at /rustc/90b35a6239c3d8bdabc530a6a0816f7ff89a0aaf/library/std/src/panicking.rs:557:40
[INFO] [stdout]   27:     0x64ce27b1c337 - std::panicking::try::hdb19862fad9c8bd1
[INFO] [stdout]                                at /rustc/90b35a6239c3d8bdabc530a6a0816f7ff89a0aaf/library/std/src/panicking.rs:520:19
[INFO] [stdout]   28:     0x64ce27b1c337 - std::panic::catch_unwind::h281fe732d236d260
[INFO] [stdout]                                at /rustc/90b35a6239c3d8bdabc530a6a0816f7ff89a0aaf/library/std/src/panic.rs:358:14
[INFO] [stdout]   29:     0x64ce27b1c337 - test::run_test_in_process::h949b6df8457ed338
[INFO] [stdout]                                at /rustc/90b35a6239c3d8bdabc530a6a0816f7ff89a0aaf/library/test/src/lib.rs:644:27
[INFO] [stdout]   30:     0x64ce27b1c337 - test::run_test::{{closure}}::h52c556a6d4740e10
[INFO] [stdout]                                at /rustc/90b35a6239c3d8bdabc530a6a0816f7ff89a0aaf/library/test/src/lib.rs:565:43
[INFO] [stdout]   31:     0x64ce27ae1614 - test::run_test::{{closure}}::h4237f6381c45ccb9
[INFO] [stdout]                                at /rustc/90b35a6239c3d8bdabc530a6a0816f7ff89a0aaf/library/test/src/lib.rs:595:41
[INFO] [stdout]   32:     0x64ce27ae1614 - std::sys::backtrace::__rust_begin_short_backtrace::h505c97a579eca628
[INFO] [stdout]                                at /rustc/90b35a6239c3d8bdabc530a6a0816f7ff89a0aaf/library/std/src/sys/backtrace.rs:154:18
[INFO] [stdout]   33:     0x64ce27ae4cde - std::thread::Builder::spawn_unchecked_::{{closure}}::{{closure}}::h9e86b2e2bc107ea3
[INFO] [stdout]                                at /rustc/90b35a6239c3d8bdabc530a6a0816f7ff89a0aaf/library/std/src/thread/mod.rs:538:17
[INFO] [stdout]   34:     0x64ce27ae4cde - <core::panic::unwind_safe::AssertUnwindSafe<F> as core::ops::function::FnOnce<()>>::call_once::h8b06ddb275ff4a25
[INFO] [stdout]                                at /rustc/90b35a6239c3d8bdabc530a6a0816f7ff89a0aaf/library/core/src/panic/unwind_safe.rs:272:9
[INFO] [stdout]   35:     0x64ce27ae4cde - std::panicking::try::do_call::hb26ecd7cd9a9355d
[INFO] [stdout]                                at /rustc/90b35a6239c3d8bdabc530a6a0816f7ff89a0aaf/library/std/src/panicking.rs:557:40
[INFO] [stdout]   36:     0x64ce27ae4cde - std::panicking::try::h8ddeca9d705f9069
[INFO] [stdout]                                at /rustc/90b35a6239c3d8bdabc530a6a0816f7ff89a0aaf/library/std/src/panicking.rs:520:19
[INFO] [stdout]   37:     0x64ce27ae4cde - std::panic::catch_unwind::h49e1c33078844c46
[INFO] [stdout]                                at /rustc/90b35a6239c3d8bdabc530a6a0816f7ff89a0aaf/library/std/src/panic.rs:358:14
[INFO] [stdout]   38:     0x64ce27ae4cde - std::thread::Builder::spawn_unchecked_::{{closure}}::h6073db6ff56ad35d
[INFO] [stdout]                                at /rustc/90b35a6239c3d8bdabc530a6a0816f7ff89a0aaf/library/std/src/thread/mod.rs:537:30
[INFO] [stdout]   39:     0x64ce27ae4cde - core::ops::function::FnOnce::call_once{{vtable.shim}}::h2c5a5f3779c774f1
[INFO] [stdout]                                at /rustc/90b35a6239c3d8bdabc530a6a0816f7ff89a0aaf/library/core/src/ops/function.rs:250:5
[INFO] [stdout]   40:     0x64ce27b50e3b - <alloc::boxed::Box<F,A> as core::ops::function::FnOnce<Args>>::call_once::hf75717d9f28faebf
[INFO] [stdout]                                at /rustc/90b35a6239c3d8bdabc530a6a0816f7ff89a0aaf/library/alloc/src/boxed.rs:2454:9
[INFO] [stdout]   41:     0x64ce27b50e3b - <alloc::boxed::Box<F,A> as core::ops::function::FnOnce<Args>>::call_once::h7bd883a5f3c5f3c1
[INFO] [stdout]                                at /rustc/90b35a6239c3d8bdabc530a6a0816f7ff89a0aaf/library/alloc/src/boxed.rs:2454:9
[INFO] [stdout]   42:     0x64ce27b50e3b - std::sys::pal::unix::thread::Thread::new::thread_start::hcc78f3943333fa94
[INFO] [stdout]                                at /rustc/90b35a6239c3d8bdabc530a6a0816f7ff89a0aaf/library/std/src/sys/pal/unix/thread.rs:105:17
[INFO] [stdout]   43:     0x786aa19e5ac3 - <unknown>
[INFO] [stdout]   44:     0x786aa1a76a04 - clone
[INFO] [stdout]   45:                0x0 - <unknown>
[INFO] [stdout] 
[INFO] [stdout] ---- journal::tests::test_read_textual stdout ----
[INFO] [stdout] thread 'journal::tests::test_read_textual' panicked at src/journal.rs:100:9:
[INFO] [stdout] not yet implemented
[INFO] [stdout] stack backtrace:
[INFO] [stdout]    0:     0x64ce27b4b5ea - std::backtrace_rs::backtrace::libunwind::trace::h5a5b8284f2d0c266
[INFO] [stdout]                                at /rustc/90b35a6239c3d8bdabc530a6a0816f7ff89a0aaf/library/std/src/../../backtrace/src/backtrace/libunwind.rs:116:5
[INFO] [stdout]    1:     0x64ce27b4b5ea - std::backtrace_rs::backtrace::trace_unsynchronized::h76d4f1c9b0b875e3
[INFO] [stdout]                                at /rustc/90b35a6239c3d8bdabc530a6a0816f7ff89a0aaf/library/std/src/../../backtrace/src/backtrace/mod.rs:66:5
[INFO] [stdout]    2:     0x64ce27b4b5ea - std::sys::backtrace::_print_fmt::hc4546b8364a537c6
[INFO] [stdout]                                at /rustc/90b35a6239c3d8bdabc530a6a0816f7ff89a0aaf/library/std/src/sys/backtrace.rs:66:9
[INFO] [stdout]    3:     0x64ce27b4b5ea - <std::sys::backtrace::BacktraceLock::print::DisplayBacktrace as core::fmt::Display>::fmt::h5b6bd5631a6d1f6b
[INFO] [stdout]                                at /rustc/90b35a6239c3d8bdabc530a6a0816f7ff89a0aaf/library/std/src/sys/backtrace.rs:39:26
[INFO] [stdout]    4:     0x64ce27b70873 - core::fmt::rt::Argument::fmt::h270f6602a2b96f62
[INFO] [stdout]                                at /rustc/90b35a6239c3d8bdabc530a6a0816f7ff89a0aaf/library/core/src/fmt/rt.rs:177:76
[INFO] [stdout]    5:     0x64ce27b70873 - core::fmt::write::h7550c97b06c86515
[INFO] [stdout]                                at /rustc/90b35a6239c3d8bdabc530a6a0816f7ff89a0aaf/library/core/src/fmt/mod.rs:1186:21
[INFO] [stdout]    6:     0x64ce27b487b3 - std::io::Write::write_fmt::h509ff860e5956e5e
[INFO] [stdout]                                at /rustc/90b35a6239c3d8bdabc530a6a0816f7ff89a0aaf/library/std/src/io/mod.rs:1839:15
[INFO] [stdout]    7:     0x64ce27b4b432 - std::sys::backtrace::BacktraceLock::print::h2395ccd2c84ba3aa
[INFO] [stdout]                                at /rustc/90b35a6239c3d8bdabc530a6a0816f7ff89a0aaf/library/std/src/sys/backtrace.rs:42:9
[INFO] [stdout]    8:     0x64ce27b4ca4a - std::panicking::default_hook::{{closure}}::he19d4c7230e07961
[INFO] [stdout]                                at /rustc/90b35a6239c3d8bdabc530a6a0816f7ff89a0aaf/library/std/src/panicking.rs:268:22
[INFO] [stdout]    9:     0x64ce27b4c854 - std::panicking::default_hook::hf614597d3c67bbdb
[INFO] [stdout]                                at /rustc/90b35a6239c3d8bdabc530a6a0816f7ff89a0aaf/library/std/src/panicking.rs:292:9
[INFO] [stdout]   10:     0x64ce27b18139 - <alloc::boxed::Box<F,A> as core::ops::function::Fn<Args>>::call::h39b51ce4599c23d1
[INFO] [stdout]                                at /rustc/90b35a6239c3d8bdabc530a6a0816f7ff89a0aaf/library/alloc/src/boxed.rs:2468:9
[INFO] [stdout]   11:     0x64ce27b18139 - test::test_main::{{closure}}::he977ae839a582784
[INFO] [stdout]                                at /rustc/90b35a6239c3d8bdabc530a6a0816f7ff89a0aaf/library/test/src/lib.rs:133:21
[INFO] [stdout]   12:     0x64ce27b4d0e8 - <alloc::boxed::Box<F,A> as core::ops::function::Fn<Args>>::call::h9455091b6b06f9fb
[INFO] [stdout]                                at /rustc/90b35a6239c3d8bdabc530a6a0816f7ff89a0aaf/library/alloc/src/boxed.rs:2468:9
[INFO] [stdout]   13:     0x64ce27b4d0e8 - std::panicking::rust_panic_with_hook::h8942133a8b252070
[INFO] [stdout]                                at /rustc/90b35a6239c3d8bdabc530a6a0816f7ff89a0aaf/library/std/src/panicking.rs:809:13
[INFO] [stdout]   14:     0x64ce27b4ce76 - std::panicking::begin_panic_handler::{{closure}}::hb5f5963570096b29
[INFO] [stdout]                                at /rustc/90b35a6239c3d8bdabc530a6a0816f7ff89a0aaf/library/std/src/panicking.rs:667:13
[INFO] [stdout]   15:     0x64ce27b4bac9 - std::sys::backtrace::__rust_end_short_backtrace::h6208cedc1922feda
[INFO] [stdout]                                at /rustc/90b35a6239c3d8bdabc530a6a0816f7ff89a0aaf/library/std/src/sys/backtrace.rs:170:18
[INFO] [stdout]   16:     0x64ce27b4cb3c - rust_begin_unwind
[INFO] [stdout]                                at /rustc/90b35a6239c3d8bdabc530a6a0816f7ff89a0aaf/library/std/src/panicking.rs:665:5
[INFO] [stdout]   17:     0x64ce27adea50 - core::panicking::panic_fmt::h0c3082644d1bf418
[INFO] [stdout]                                at /rustc/90b35a6239c3d8bdabc530a6a0816f7ff89a0aaf/library/core/src/panicking.rs:74:14
[INFO] [stdout]   18:     0x64ce27adeadc - core::panicking::panic::h957f98c65a3b3074
[INFO] [stdout]                                at /rustc/90b35a6239c3d8bdabc530a6a0816f7ff89a0aaf/library/core/src/panicking.rs:148:5
[INFO] [stdout]   19:     0x64ce27adfe2d - ledger_parser_rewrite_1::journal::tests::test_read_textual::h3b91882eaeb66834
[INFO] [stdout]                                at /opt/rustwide/workdir/src/journal.rs:100:9
[INFO] [stdout]   20:     0x64ce27adfdf7 - ledger_parser_rewrite_1::journal::tests::test_read_textual::{{closure}}::h5ee7ad71fa1b05a4
[INFO] [stdout]                                at /opt/rustwide/workdir/src/journal.rs:99:27
[INFO] [stdout]   21:     0x64ce27adf6b6 - core::ops::function::FnOnce::call_once::hef55627c3e183ae1
[INFO] [stdout]                                at /rustc/90b35a6239c3d8bdabc530a6a0816f7ff89a0aaf/library/core/src/ops/function.rs:250:5
[INFO] [stdout]   22:     0x64ce27b1cafb - core::ops::function::FnOnce::call_once::h109cf8051a59b34e
[INFO] [stdout]                                at /rustc/90b35a6239c3d8bdabc530a6a0816f7ff89a0aaf/library/core/src/ops/function.rs:250:5
[INFO] [stdout]   23:     0x64ce27b1cafb - test::__rust_begin_short_backtrace::hf4fff89d377446ba
[INFO] [stdout]                                at /rustc/90b35a6239c3d8bdabc530a6a0816f7ff89a0aaf/library/test/src/lib.rs:621:18
[INFO] [stdout]   24:     0x64ce27b1c337 - test::run_test_in_process::{{closure}}::h0e39181dd7ee5a43
[INFO] [stdout]                                at /rustc/90b35a6239c3d8bdabc530a6a0816f7ff89a0aaf/library/test/src/lib.rs:644:60
[INFO] [stdout]   25:     0x64ce27b1c337 - <core::panic::unwind_safe::AssertUnwindSafe<F> as core::ops::function::FnOnce<()>>::call_once::hc5a66a30f0bdfd1f
[INFO] [stdout]                                at /rustc/90b35a6239c3d8bdabc530a6a0816f7ff89a0aaf/library/core/src/panic/unwind_safe.rs:272:9
[INFO] [stdout]   26:     0x64ce27b1c337 - std::panicking::try::do_call::h873b7cf639554a5e
[INFO] [stdout]                                at /rustc/90b35a6239c3d8bdabc530a6a0816f7ff89a0aaf/library/std/src/panicking.rs:557:40
[INFO] [stdout]   27:     0x64ce27b1c337 - std::panicking::try::hdb19862fad9c8bd1
[INFO] [stdout]                                at /rustc/90b35a6239c3d8bdabc530a6a0816f7ff89a0aaf/library/std/src/panicking.rs:520:19
[INFO] [stdout]   28:     0x64ce27b1c337 - std::panic::catch_unwind::h281fe732d236d260
[INFO] [stdout]                                at /rustc/90b35a6239c3d8bdabc530a6a0816f7ff89a0aaf/library/std/src/panic.rs:358:14
[INFO] [stdout]   29:     0x64ce27b1c337 - test::run_test_in_process::h949b6df8457ed338
[INFO] [stdout]                                at /rustc/90b35a6239c3d8bdabc530a6a0816f7ff89a0aaf/library/test/src/lib.rs:644:27
[INFO] [stdout]   30:     0x64ce27b1c337 - test::run_test::{{closure}}::h52c556a6d4740e10
[INFO] [stdout]                                at /rustc/90b35a6239c3d8bdabc530a6a0816f7ff89a0aaf/library/test/src/lib.rs:565:43
[INFO] [stdout]   31:     0x64ce27ae1614 - test::run_test::{{closure}}::h4237f6381c45ccb9
[INFO] [stdout]                                at /rustc/90b35a6239c3d8bdabc530a6a0816f7ff89a0aaf/library/test/src/lib.rs:595:41
[INFO] [stdout]   32:     0x64ce27ae1614 - std::sys::backtrace::__rust_begin_short_backtrace::h505c97a579eca628
[INFO] [stdout]                                at /rustc/90b35a6239c3d8bdabc530a6a0816f7ff89a0aaf/library/std/src/sys/backtrace.rs:154:18
[INFO] [stdout]   33:     0x64ce27ae4cde - std::thread::Builder::spawn_unchecked_::{{closure}}::{{closure}}::h9e86b2e2bc107ea3
[INFO] [stdout]                                at /rustc/90b35a6239c3d8bdabc530a6a0816f7ff89a0aaf/library/std/src/thread/mod.rs:538:17
[INFO] [stdout]   34:     0x64ce27ae4cde - <core::panic::unwind_safe::AssertUnwindSafe<F> as core::ops::function::FnOnce<()>>::call_once::h8b06ddb275ff4a25
[INFO] [stdout]                                at /rustc/90b35a6239c3d8bdabc530a6a0816f7ff89a0aaf/library/core/src/panic/unwind_safe.rs:272:9
[INFO] [stdout]   35:     0x64ce27ae4cde - std::panicking::try::do_call::hb26ecd7cd9a9355d
[INFO] [stdout]                                at /rustc/90b35a6239c3d8bdabc530a6a0816f7ff89a0aaf/library/std/src/panicking.rs:557:40
[INFO] [stdout]   36:     0x64ce27ae4cde - std::panicking::try::h8ddeca9d705f9069
[INFO] [stdout]                                at /rustc/90b35a6239c3d8bdabc530a6a0816f7ff89a0aaf/library/std/src/panicking.rs:520:19
[INFO] [stdout]   37:     0x64ce27ae4cde - std::panic::catch_unwind::h49e1c33078844c46
[INFO] [stdout]                                at /rustc/90b35a6239c3d8bdabc530a6a0816f7ff89a0aaf/library/std/src/panic.rs:358:14
[INFO] [stdout]   38:     0x64ce27ae4cde - std::thread::Builder::spawn_unchecked_::{{closure}}::h6073db6ff56ad35d
[INFO] [stdout]                                at /rustc/90b35a6239c3d8bdabc530a6a0816f7ff89a0aaf/library/std/src/thread/mod.rs:537:30
[INFO] [stdout]   39:     0x64ce27ae4cde - core::ops::function::FnOnce::call_once{{vtable.shim}}::h2c5a5f3779c774f1
[INFO] [stdout]                                at /rustc/90b35a6239c3d8bdabc530a6a0816f7ff89a0aaf/library/core/src/ops/function.rs:250:5
[INFO] [stdout]   40:     0x64ce27b50e3b - <alloc::boxed::Box<F,A> as core::ops::function::FnOnce<Args>>::call_once::hf75717d9f28faebf
[INFO] [stdout]                                at /rustc/90b35a6239c3d8bdabc530a6a0816f7ff89a0aaf/library/alloc/src/boxed.rs:2454:9
[INFO] [stdout]   41:     0x64ce27b50e3b - <alloc::boxed::Box<F,A> as core::ops::function::FnOnce<Args>>::call_once::h7bd883a5f3c5f3c1
[INFO] [stdout]                                at /rustc/90b35a6239c3d8bdabc530a6a0816f7ff89a0aaf/library/alloc/src/boxed.rs:2454:9
[INFO] [stdout]   42:     0x64ce27b50e3b - std::sys::pal::unix::thread::Thread::new::thread_start::hcc78f3943333fa94
[INFO] [stdout]                                at /rustc/90b35a6239c3d8bdabc530a6a0816f7ff89a0aaf/library/std/src/sys/pal/unix/thread.rs:105:17
[INFO] [stdout]   43:     0x786aa19e5ac3 - <unknown>
[INFO] [stdout]   44:     0x786aa1a76a04 - clone
[INFO] [stdout]   45:                0x0 - <unknown>
[INFO] [stdout] 
[INFO] [stdout] 
[INFO] [stdout] failures:
[INFO] [stdout]     journal::tests::test_read
[INFO] [stdout]     journal::tests::test_read_textual
[INFO] [stdout] 
[INFO] [stdout] test result: FAILED. 0 passed; 2 failed; 0 ignored; 0 measured; 0 filtered out; finished in 0.05s
[INFO] [stdout] 
[INFO] running `Command { std: "docker" "inspect" "96097caa7e8bc1f05d6ff2b9e31ae4a4d7ec7ac62e589507cceeed9a8087cc85", kill_on_drop: false }`
[INFO] running `Command { std: "docker" "rm" "-f" "96097caa7e8bc1f05d6ff2b9e31ae4a4d7ec7ac62e589507cceeed9a8087cc85", kill_on_drop: false }`
[INFO] [stdout] 96097caa7e8bc1f05d6ff2b9e31ae4a4d7ec7ac62e589507cceeed9a8087cc85
