[INFO] cloning repository https://github.com/ledbettj/aoc2023
[INFO] running `Command { std: "git" "-c" "credential.helper=" "-c" "credential.helper=/workspace/cargo-home/bin/git-credential-null" "clone" "--bare" "https://github.com/ledbettj/aoc2023" "/workspace/cache/git-repos/https%3A%2F%2Fgithub.com%2Fledbettj%2Faoc2023", kill_on_drop: false }`
[INFO] [stderr] Cloning into bare repository '/workspace/cache/git-repos/https%3A%2F%2Fgithub.com%2Fledbettj%2Faoc2023'...
[INFO] running `Command { std: "git" "rev-parse" "HEAD", kill_on_drop: false }`
[INFO] [stdout] 8aa5313d508ba816204c5ae76a03a18ffc51f930
[INFO] testing ledbettj/aoc2023 against 1.83.0 for beta-1.84.0-4-retry
[INFO] running `Command { std: "git" "clone" "/workspace/cache/git-repos/https%3A%2F%2Fgithub.com%2Fledbettj%2Faoc2023" "/workspace/builds/worker-6-tc1/source", kill_on_drop: false }`
[INFO] [stderr] Cloning into '/workspace/builds/worker-6-tc1/source'...
[INFO] [stderr] done.
[INFO] validating manifest of git repo https://github.com/ledbettj/aoc2023 on toolchain 1.83.0
[INFO] running `Command { std: CARGO_HOME="/workspace/cargo-home" RUSTUP_HOME="/workspace/rustup-home" "/workspace/cargo-home/bin/cargo" "+1.83.0" "metadata" "--manifest-path" "Cargo.toml" "--no-deps", kill_on_drop: false }`
[INFO] started tweaking git repo https://github.com/ledbettj/aoc2023
[INFO] finished tweaking git repo https://github.com/ledbettj/aoc2023
[INFO] tweaked toml for git repo https://github.com/ledbettj/aoc2023 written to /workspace/builds/worker-6-tc1/source/Cargo.toml
[INFO] crate git repo https://github.com/ledbettj/aoc2023 already has a lockfile, it will not be regenerated
[INFO] running `Command { std: CARGO_HOME="/workspace/cargo-home" RUSTUP_HOME="/workspace/rustup-home" "/workspace/cargo-home/bin/cargo" "+1.83.0" "fetch" "--manifest-path" "Cargo.toml", kill_on_drop: false }`
[INFO] running `Command { std: "docker" "create" "-v" "/var/lib/crater-agent-workspace/builds/worker-6-tc1/target:/opt/rustwide/target:rw,Z" "-v" "/var/lib/crater-agent-workspace/builds/worker-6-tc1/source:/opt/rustwide/workdir:ro,Z" "-v" "/var/lib/crater-agent-workspace/cargo-home:/opt/rustwide/cargo-home:ro,Z" "-v" "/var/lib/crater-agent-workspace/rustup-home:/opt/rustwide/rustup-home:ro,Z" "-e" "SOURCE_DIR=/opt/rustwide/workdir" "-e" "CARGO_TARGET_DIR=/opt/rustwide/target" "-e" "CARGO_HOME=/opt/rustwide/cargo-home" "-e" "RUSTUP_HOME=/opt/rustwide/rustup-home" "-w" "/opt/rustwide/workdir" "-m" "1610612736" "--user" "0:0" "--network" "none" "ghcr.io/rust-lang/crates-build-env/linux@sha256:f3a9d4ad9d972b27faf3965f35b62e55ba32bbce8f20bc8fe909558a86702fde" "/opt/rustwide/cargo-home/bin/cargo" "+1.83.0" "metadata" "--no-deps" "--format-version=1", kill_on_drop: false }`
[INFO] [stdout] a4d97223a4049d352ce94880c73c02e426991c1bb08a9d0da2246171b126c2b5
[INFO] running `Command { std: "docker" "start" "-a" "a4d97223a4049d352ce94880c73c02e426991c1bb08a9d0da2246171b126c2b5", kill_on_drop: false }`
[INFO] running `Command { std: "docker" "inspect" "a4d97223a4049d352ce94880c73c02e426991c1bb08a9d0da2246171b126c2b5", kill_on_drop: false }`
[INFO] running `Command { std: "docker" "rm" "-f" "a4d97223a4049d352ce94880c73c02e426991c1bb08a9d0da2246171b126c2b5", kill_on_drop: false }`
[INFO] [stdout] a4d97223a4049d352ce94880c73c02e426991c1bb08a9d0da2246171b126c2b5
[INFO] running `Command { std: "docker" "create" "-v" "/var/lib/crater-agent-workspace/builds/worker-6-tc1/target:/opt/rustwide/target:rw,Z" "-v" "/var/lib/crater-agent-workspace/builds/worker-6-tc1/source:/opt/rustwide/workdir:ro,Z" "-v" "/var/lib/crater-agent-workspace/cargo-home:/opt/rustwide/cargo-home:ro,Z" "-v" "/var/lib/crater-agent-workspace/rustup-home:/opt/rustwide/rustup-home:ro,Z" "-e" "SOURCE_DIR=/opt/rustwide/workdir" "-e" "CARGO_TARGET_DIR=/opt/rustwide/target" "-e" "CARGO_INCREMENTAL=0" "-e" "RUST_BACKTRACE=full" "-e" "RUSTFLAGS=--cap-lints=warn" "-e" "RUSTDOCFLAGS=--cap-lints=warn" "-e" "CARGO_HOME=/opt/rustwide/cargo-home" "-e" "RUSTUP_HOME=/opt/rustwide/rustup-home" "-w" "/opt/rustwide/workdir" "-m" "1610612736" "--user" "0:0" "--network" "none" "ghcr.io/rust-lang/crates-build-env/linux@sha256:f3a9d4ad9d972b27faf3965f35b62e55ba32bbce8f20bc8fe909558a86702fde" "/opt/rustwide/cargo-home/bin/cargo" "+1.83.0" "build" "--frozen" "--message-format=json", kill_on_drop: false }`
[INFO] [stdout] b136147195eb4c7bb1fb877314eef69374edb3f3e874cfd4838b451088c8e6fe
[INFO] running `Command { std: "docker" "start" "-a" "b136147195eb4c7bb1fb877314eef69374edb3f3e874cfd4838b451088c8e6fe", kill_on_drop: false }`
[INFO] [stderr]    Compiling autocfg v1.1.0
[INFO] [stderr]    Compiling memchr v2.6.4
[INFO] [stderr]    Compiling regex-syntax v0.8.2
[INFO] [stderr]    Compiling anyhow v1.0.75
[INFO] [stderr]    Compiling lazy_static v1.4.0
[INFO] [stderr]    Compiling colored v2.1.0
[INFO] [stderr]    Compiling num-traits v0.2.17
[INFO] [stderr]    Compiling num-integer v0.1.45
[INFO] [stderr]    Compiling num-bigint v0.4.4
[INFO] [stderr]    Compiling num-iter v0.1.43
[INFO] [stderr]    Compiling num-rational v0.4.1
[INFO] [stderr]    Compiling aho-corasick v1.1.2
[INFO] [stderr]    Compiling num-complex v0.4.4
[INFO] [stderr]    Compiling regex-automata v0.4.3
[INFO] [stderr]    Compiling num v0.4.1
[INFO] [stderr]    Compiling regex v1.10.2
[INFO] [stderr]    Compiling aoc v0.1.0 (/opt/rustwide/workdir)
[INFO] [stdout] warning: unused variable: `index`
[INFO] [stdout]   --> src/day17.rs:58:17
[INFO] [stdout]    |
[INFO] [stdout] 58 |         .find(|(index, &coord)| coord == prev)
[INFO] [stdout]    |                 ^^^^^ help: if this is intentional, prefix it with an underscore: `_index`
[INFO] [stdout]    |
[INFO] [stdout]    = note: `#[warn(unused_variables)]` on by default
[INFO] [stdout] 
[INFO] [stdout] 
[INFO] [stderr]     Finished `dev` profile [unoptimized + debuginfo] target(s) in 19.34s
[INFO] running `Command { std: "docker" "inspect" "b136147195eb4c7bb1fb877314eef69374edb3f3e874cfd4838b451088c8e6fe", kill_on_drop: false }`
[INFO] running `Command { std: "docker" "rm" "-f" "b136147195eb4c7bb1fb877314eef69374edb3f3e874cfd4838b451088c8e6fe", kill_on_drop: false }`
[INFO] [stdout] b136147195eb4c7bb1fb877314eef69374edb3f3e874cfd4838b451088c8e6fe
[INFO] running `Command { std: "docker" "create" "-v" "/var/lib/crater-agent-workspace/builds/worker-6-tc1/target:/opt/rustwide/target:rw,Z" "-v" "/var/lib/crater-agent-workspace/builds/worker-6-tc1/source:/opt/rustwide/workdir:ro,Z" "-v" "/var/lib/crater-agent-workspace/cargo-home:/opt/rustwide/cargo-home:ro,Z" "-v" "/var/lib/crater-agent-workspace/rustup-home:/opt/rustwide/rustup-home:ro,Z" "-e" "SOURCE_DIR=/opt/rustwide/workdir" "-e" "CARGO_TARGET_DIR=/opt/rustwide/target" "-e" "CARGO_INCREMENTAL=0" "-e" "RUST_BACKTRACE=full" "-e" "RUSTFLAGS=--cap-lints=warn" "-e" "RUSTDOCFLAGS=--cap-lints=warn" "-e" "CARGO_HOME=/opt/rustwide/cargo-home" "-e" "RUSTUP_HOME=/opt/rustwide/rustup-home" "-w" "/opt/rustwide/workdir" "-m" "1610612736" "--user" "0:0" "--network" "none" "ghcr.io/rust-lang/crates-build-env/linux@sha256:f3a9d4ad9d972b27faf3965f35b62e55ba32bbce8f20bc8fe909558a86702fde" "/opt/rustwide/cargo-home/bin/cargo" "+1.83.0" "test" "--frozen" "--no-run" "--message-format=json", kill_on_drop: false }`
[INFO] [stdout] 37ac6eaeed6346ee3bbfaa3dc18b2b0bc63a75161713a9c060bbed04225f539b
[INFO] running `Command { std: "docker" "start" "-a" "37ac6eaeed6346ee3bbfaa3dc18b2b0bc63a75161713a9c060bbed04225f539b", kill_on_drop: false }`
[INFO] [stdout] warning: unused variable: `index`
[INFO] [stdout]   --> src/day17.rs:58:17
[INFO] [stdout]    |
[INFO] [stdout] 58 |         .find(|(index, &coord)| coord == prev)
[INFO] [stdout]    |                 ^^^^^ help: if this is intentional, prefix it with an underscore: `_index`
[INFO] [stdout]    |
[INFO] [stdout]    = note: `#[warn(unused_variables)]` on by default
[INFO] [stdout] 
[INFO] [stdout] 
[INFO] [stderr]    Compiling aoc v0.1.0 (/opt/rustwide/workdir)
[INFO] [stdout] warning: unused variable: `index`
[INFO] [stdout]   --> src/day17.rs:58:17
[INFO] [stdout]    |
[INFO] [stdout] 58 |         .find(|(index, &coord)| coord == prev)
[INFO] [stdout]    |                 ^^^^^ help: if this is intentional, prefix it with an underscore: `_index`
[INFO] [stdout]    |
[INFO] [stdout]    = note: `#[warn(unused_variables)]` on by default
[INFO] [stdout] 
[INFO] [stdout] 
[INFO] [stderr]     Finished `test` profile [unoptimized + debuginfo] target(s) in 6.87s
[INFO] running `Command { std: "docker" "inspect" "37ac6eaeed6346ee3bbfaa3dc18b2b0bc63a75161713a9c060bbed04225f539b", kill_on_drop: false }`
[INFO] running `Command { std: "docker" "rm" "-f" "37ac6eaeed6346ee3bbfaa3dc18b2b0bc63a75161713a9c060bbed04225f539b", kill_on_drop: false }`
[INFO] [stdout] 37ac6eaeed6346ee3bbfaa3dc18b2b0bc63a75161713a9c060bbed04225f539b
[INFO] running `Command { std: "docker" "create" "-v" "/var/lib/crater-agent-workspace/builds/worker-6-tc1/target:/opt/rustwide/target:rw,Z" "-v" "/var/lib/crater-agent-workspace/builds/worker-6-tc1/source:/opt/rustwide/workdir:ro,Z" "-v" "/var/lib/crater-agent-workspace/cargo-home:/opt/rustwide/cargo-home:ro,Z" "-v" "/var/lib/crater-agent-workspace/rustup-home:/opt/rustwide/rustup-home:ro,Z" "-e" "SOURCE_DIR=/opt/rustwide/workdir" "-e" "CARGO_TARGET_DIR=/opt/rustwide/target" "-e" "CARGO_INCREMENTAL=0" "-e" "RUST_BACKTRACE=full" "-e" "RUSTFLAGS=--cap-lints=warn" "-e" "RUSTDOCFLAGS=--cap-lints=warn" "-e" "CARGO_HOME=/opt/rustwide/cargo-home" "-e" "RUSTUP_HOME=/opt/rustwide/rustup-home" "-w" "/opt/rustwide/workdir" "-m" "1610612736" "--user" "0:0" "--network" "none" "ghcr.io/rust-lang/crates-build-env/linux@sha256:f3a9d4ad9d972b27faf3965f35b62e55ba32bbce8f20bc8fe909558a86702fde" "/opt/rustwide/cargo-home/bin/cargo" "+1.83.0" "test" "--frozen", kill_on_drop: false }`
[INFO] [stdout] 8b74dee9aa37d1bcac8b5c2c661511035bb432616bbc0601c6414775699f1380
[INFO] running `Command { std: "docker" "start" "-a" "8b74dee9aa37d1bcac8b5c2c661511035bb432616bbc0601c6414775699f1380", kill_on_drop: false }`
[INFO] [stderr] warning: unused variable: `index`
[INFO] [stderr]   --> src/day17.rs:58:17
[INFO] [stderr]    |
[INFO] [stderr] 58 |         .find(|(index, &coord)| coord == prev)
[INFO] [stderr]    |                 ^^^^^ help: if this is intentional, prefix it with an underscore: `_index`
[INFO] [stderr]    |
[INFO] [stderr]    = note: `#[warn(unused_variables)]` on by default
[INFO] [stderr] 
[INFO] [stderr] warning: `aoc` (lib) generated 1 warning
[INFO] [stderr] warning: `aoc` (lib test) generated 1 warning (1 duplicate)
[INFO] [stderr]     Finished `test` profile [unoptimized + debuginfo] target(s) in 0.08s
[INFO] [stderr]      Running unittests src/lib.rs (/opt/rustwide/target/debug/deps/aoc-fee1aa89ada0a43f)
[INFO] [stdout] 
[INFO] [stdout] running 76 tests
[INFO] [stdout] test day11::tests::part2_example ... ok
[INFO] [stdout] test day12::tests::part2_example ... ok
[INFO] [stdout] test day12::tests::part2_solution ... ok
[INFO] [stdout] test day10::tests::part1_example ... ok
[INFO] [stdout] test day10::tests::part2_example ... ok
[INFO] [stdout] test day10::tests::part2_solution ... ok
[INFO] [stdout] test day11::tests::part1_example ... ok
[INFO] [stdout] test day13::tests::part1_example ... ok
[INFO] [stdout] test day15::tests::part1_example ... ok
[INFO] [stdout] test day15::tests::part2_example ... ok
[INFO] [stdout] test day16::tests::part1_example ... ok
[INFO] [stdout] test day14::tests::part1_example ... ok
[INFO] [stdout] test day16::tests::part2_example ... ok
[INFO] [stdout] test day15::tests::part2_solution ... ok
[INFO] [stdout] test day15::tests::part1_solution ... ok
[INFO] [stdout] test day17::tests::part2_example ... ok
[INFO] [stdout] test day17::tests::part2_solution ... ok
[INFO] [stdout] test day14::tests::part1_solution ... ok
[INFO] [stdout] test day18::tests::part1_solution ... ok
[INFO] [stdout] test day18::tests::part2_example ... ok
[INFO] [stdout] test day18::tests::part2_solution ... ok
[INFO] [stdout] test day13::tests::part2_example ... FAILED
[INFO] [stdout] test day13::tests::part1_solution ... FAILED
[INFO] [stdout] test day13::tests::part2_solution ... FAILED
[INFO] [stdout] test day19::tests::part2_example ... ok
[INFO] [stdout] test day18::tests::part1_example ... FAILED
[INFO] [stdout] test day1::tests::part1_example ... ok
[INFO] [stdout] test day19::tests::part2_solution ... ok
[INFO] [stdout] test day17::tests::part1_example ... FAILED
[INFO] [stdout] test day1::tests::part1_solution ... ok
[INFO] [stdout] test day16::tests::part1_solution ... ok
[INFO] [stderr] 
[INFO] [stderr] thread 'day17::tests::part1_solution' has overflowed its stack
[INFO] [stderr] fatal runtime error: stack overflow
[INFO] [stderr] error: test failed, to rerun pass `--lib`
[INFO] [stderr] 
[INFO] [stderr] Caused by:
[INFO] [stderr]   process didn't exit successfully: `/opt/rustwide/target/debug/deps/aoc-fee1aa89ada0a43f` (signal: 6, SIGABRT: process abort signal)
[INFO] running `Command { std: "docker" "inspect" "8b74dee9aa37d1bcac8b5c2c661511035bb432616bbc0601c6414775699f1380", kill_on_drop: false }`
[INFO] running `Command { std: "docker" "rm" "-f" "8b74dee9aa37d1bcac8b5c2c661511035bb432616bbc0601c6414775699f1380", kill_on_drop: false }`
[INFO] [stdout] 8b74dee9aa37d1bcac8b5c2c661511035bb432616bbc0601c6414775699f1380
