[INFO] cloning repository https://github.com/lbeierlieb/adventofcode2023_rust
[INFO] running `Command { std: "git" "-c" "credential.helper=" "-c" "credential.helper=/workspace/cargo-home/bin/git-credential-null" "clone" "--bare" "https://github.com/lbeierlieb/adventofcode2023_rust" "/workspace/cache/git-repos/https%3A%2F%2Fgithub.com%2Flbeierlieb%2Fadventofcode2023_rust", kill_on_drop: false }`
[INFO] [stderr] Cloning into bare repository '/workspace/cache/git-repos/https%3A%2F%2Fgithub.com%2Flbeierlieb%2Fadventofcode2023_rust'...
[INFO] running `Command { std: "git" "rev-parse" "HEAD", kill_on_drop: false }`
[INFO] [stdout] a99c452e550f5b774aad7e8118f4f2c4592e5843
[INFO] testing lbeierlieb/adventofcode2023_rust against 1.83.0 for beta-1.84.0-4-retry
[INFO] running `Command { std: "git" "clone" "/workspace/cache/git-repos/https%3A%2F%2Fgithub.com%2Flbeierlieb%2Fadventofcode2023_rust" "/workspace/builds/worker-4-tc1/source", kill_on_drop: false }`
[INFO] [stderr] Cloning into '/workspace/builds/worker-4-tc1/source'...
[INFO] [stderr] done.
[INFO] validating manifest of git repo https://github.com/lbeierlieb/adventofcode2023_rust on toolchain 1.83.0
[INFO] running `Command { std: CARGO_HOME="/workspace/cargo-home" RUSTUP_HOME="/workspace/rustup-home" "/workspace/cargo-home/bin/cargo" "+1.83.0" "metadata" "--manifest-path" "Cargo.toml" "--no-deps", kill_on_drop: false }`
[INFO] started tweaking git repo https://github.com/lbeierlieb/adventofcode2023_rust
[INFO] finished tweaking git repo https://github.com/lbeierlieb/adventofcode2023_rust
[INFO] tweaked toml for git repo https://github.com/lbeierlieb/adventofcode2023_rust written to /workspace/builds/worker-4-tc1/source/Cargo.toml
[INFO] crate git repo https://github.com/lbeierlieb/adventofcode2023_rust already has a lockfile, it will not be regenerated
[INFO] running `Command { std: CARGO_HOME="/workspace/cargo-home" RUSTUP_HOME="/workspace/rustup-home" "/workspace/cargo-home/bin/cargo" "+1.83.0" "fetch" "--manifest-path" "Cargo.toml", kill_on_drop: false }`
[INFO] [stderr]  Downloading crates ...
[INFO] [stderr]   Downloaded enum-iterator-derive v1.2.1
[INFO] [stderr]   Downloaded enum-iterator v1.4.1
[INFO] running `Command { std: "docker" "create" "-v" "/var/lib/crater-agent-workspace/builds/worker-4-tc1/target:/opt/rustwide/target:rw,Z" "-v" "/var/lib/crater-agent-workspace/builds/worker-4-tc1/source:/opt/rustwide/workdir:ro,Z" "-v" "/var/lib/crater-agent-workspace/cargo-home:/opt/rustwide/cargo-home:ro,Z" "-v" "/var/lib/crater-agent-workspace/rustup-home:/opt/rustwide/rustup-home:ro,Z" "-e" "SOURCE_DIR=/opt/rustwide/workdir" "-e" "CARGO_TARGET_DIR=/opt/rustwide/target" "-e" "CARGO_HOME=/opt/rustwide/cargo-home" "-e" "RUSTUP_HOME=/opt/rustwide/rustup-home" "-w" "/opt/rustwide/workdir" "-m" "1610612736" "--user" "0:0" "--network" "none" "ghcr.io/rust-lang/crates-build-env/linux@sha256:f3a9d4ad9d972b27faf3965f35b62e55ba32bbce8f20bc8fe909558a86702fde" "/opt/rustwide/cargo-home/bin/cargo" "+1.83.0" "metadata" "--no-deps" "--format-version=1", kill_on_drop: false }`
[INFO] [stdout] b1da98f9d5a8051a65e7caea4ca2fa3413f39ae78950a5d920cd95880b3ada6b
[INFO] running `Command { std: "docker" "start" "-a" "b1da98f9d5a8051a65e7caea4ca2fa3413f39ae78950a5d920cd95880b3ada6b", kill_on_drop: false }`
[INFO] running `Command { std: "docker" "inspect" "b1da98f9d5a8051a65e7caea4ca2fa3413f39ae78950a5d920cd95880b3ada6b", kill_on_drop: false }`
[INFO] running `Command { std: "docker" "rm" "-f" "b1da98f9d5a8051a65e7caea4ca2fa3413f39ae78950a5d920cd95880b3ada6b", kill_on_drop: false }`
[INFO] [stdout] b1da98f9d5a8051a65e7caea4ca2fa3413f39ae78950a5d920cd95880b3ada6b
[INFO] running `Command { std: "docker" "create" "-v" "/var/lib/crater-agent-workspace/builds/worker-4-tc1/target:/opt/rustwide/target:rw,Z" "-v" "/var/lib/crater-agent-workspace/builds/worker-4-tc1/source:/opt/rustwide/workdir:ro,Z" "-v" "/var/lib/crater-agent-workspace/cargo-home:/opt/rustwide/cargo-home:ro,Z" "-v" "/var/lib/crater-agent-workspace/rustup-home:/opt/rustwide/rustup-home:ro,Z" "-e" "SOURCE_DIR=/opt/rustwide/workdir" "-e" "CARGO_TARGET_DIR=/opt/rustwide/target" "-e" "CARGO_INCREMENTAL=0" "-e" "RUST_BACKTRACE=full" "-e" "RUSTFLAGS=--cap-lints=warn" "-e" "RUSTDOCFLAGS=--cap-lints=warn" "-e" "CARGO_HOME=/opt/rustwide/cargo-home" "-e" "RUSTUP_HOME=/opt/rustwide/rustup-home" "-w" "/opt/rustwide/workdir" "-m" "1610612736" "--user" "0:0" "--network" "none" "ghcr.io/rust-lang/crates-build-env/linux@sha256:f3a9d4ad9d972b27faf3965f35b62e55ba32bbce8f20bc8fe909558a86702fde" "/opt/rustwide/cargo-home/bin/cargo" "+1.83.0" "build" "--frozen" "--message-format=json", kill_on_drop: false }`
[INFO] [stdout] f7d7368bef6109a7cba85500bbeb372fb6e8db899417551e9208f64e19a85482
[INFO] running `Command { std: "docker" "start" "-a" "f7d7368bef6109a7cba85500bbeb372fb6e8db899417551e9208f64e19a85482", kill_on_drop: false }`
[INFO] [stderr]    Compiling memoffset v0.9.0
[INFO] [stderr]    Compiling crossbeam-utils v0.8.16
[INFO] [stderr]    Compiling proc-macro2 v1.0.70
[INFO] [stderr]    Compiling crossbeam-epoch v0.9.15
[INFO] [stderr]    Compiling rayon-core v1.12.0
[INFO] [stderr]    Compiling regex-syntax v0.8.2
[INFO] [stderr]    Compiling either v1.9.0
[INFO] [stderr]    Compiling aho-corasick v1.1.2
[INFO] [stderr]    Compiling nom v7.1.3
[INFO] [stderr]    Compiling quote v1.0.33
[INFO] [stderr]    Compiling syn v2.0.39
[INFO] [stderr]    Compiling crossbeam-deque v0.8.3
[INFO] [stderr]    Compiling rayon v1.8.0
[INFO] [stderr]    Compiling regex-automata v0.4.3
[INFO] [stderr]    Compiling enum-iterator-derive v1.2.1
[INFO] [stderr]    Compiling enum-iterator v1.4.1
[INFO] [stderr]    Compiling regex v1.10.2
[INFO] [stderr]    Compiling adventofcode2023_rust v0.1.0 (/opt/rustwide/workdir)
[INFO] [stdout] warning: unused variable: `input`
[INFO] [stdout]   --> src/day10.rs:62:17
[INFO] [stdout]    |
[INFO] [stdout] 62 | pub fn task_two(input: String) -> u64 {
[INFO] [stdout]    |                 ^^^^^ help: if this is intentional, prefix it with an underscore: `_input`
[INFO] [stdout]    |
[INFO] [stdout]    = note: `#[warn(unused_variables)]` on by default
[INFO] [stdout] 
[INFO] [stdout] 
[INFO] [stdout] warning: method `get_lowest_transformed_seed_range` is never used
[INFO] [stdout]    --> src/day5.rs:110:8
[INFO] [stdout]     |
[INFO] [stdout] 90  | impl Input {
[INFO] [stdout]     | ---------- method in this implementation
[INFO] [stdout] ...
[INFO] [stdout] 110 |     fn get_lowest_transformed_seed_range(&self) -> u64 {
[INFO] [stdout]     |        ^^^^^^^^^^^^^^^^^^^^^^^^^^^^^^^^^
[INFO] [stdout]     |
[INFO] [stdout]     = note: `#[warn(dead_code)]` on by default
[INFO] [stdout] 
[INFO] [stdout] 
[INFO] [stdout] warning: function `task_two` is never used
[INFO] [stdout]    --> src/day5.rs:137:8
[INFO] [stdout]     |
[INFO] [stdout] 137 | pub fn task_two(input: String) -> u64 {
[INFO] [stdout]     |        ^^^^^^^^
[INFO] [stdout] 
[INFO] [stdout] 
[INFO] [stdout] warning: method `get_steps_to_target_multi_bruteforce` is never used
[INFO] [stdout]   --> src/day8.rs:95:8
[INFO] [stdout]    |
[INFO] [stdout] 35 | impl Input {
[INFO] [stdout]    | ---------- method in this implementation
[INFO] [stdout] ...
[INFO] [stdout] 95 |     fn get_steps_to_target_multi_bruteforce(&self) -> u64 {
[INFO] [stdout]    |        ^^^^^^^^^^^^^^^^^^^^^^^^^^^^^^^^^^^^
[INFO] [stdout] 
[INFO] [stdout] 
[INFO] [stdout] warning: fields `size` and `grid` are never read
[INFO] [stdout]   --> src/day10.rs:36:5
[INFO] [stdout]    |
[INFO] [stdout] 35 | struct Field {
[INFO] [stdout]    |        ----- fields in this struct
[INFO] [stdout] 36 |     size: usize,
[INFO] [stdout]    |     ^^^^
[INFO] [stdout] 37 |     grid: Vec<Pipe>,
[INFO] [stdout]    |     ^^^^
[INFO] [stdout]    |
[INFO] [stdout]    = note: `Field` has a derived impl for the trait `Debug`, but this is intentionally ignored during dead code analysis
[INFO] [stdout] 
[INFO] [stdout] 
[INFO] [stdout] warning: method `get_start_index` is never used
[INFO] [stdout]   --> src/day10.rs:52:8
[INFO] [stdout]    |
[INFO] [stdout] 40 | impl Field {
[INFO] [stdout]    | ---------- method in this implementation
[INFO] [stdout] ...
[INFO] [stdout] 52 |     fn get_start_index(&self) -> usize {
[INFO] [stdout]    |        ^^^^^^^^^^^^^^^
[INFO] [stdout] 
[INFO] [stdout] 
[INFO] [stdout] warning: method `get_steps_AAA_to_ZZZ` should have a snake case name
[INFO] [stdout]   --> src/day8.rs:61:8
[INFO] [stdout]    |
[INFO] [stdout] 61 |     fn get_steps_AAA_to_ZZZ(&self) -> u64 {
[INFO] [stdout]    |        ^^^^^^^^^^^^^^^^^^^^ help: convert the identifier to snake case: `get_steps_aaa_to_zzz`
[INFO] [stdout]    |
[INFO] [stdout]    = note: `#[warn(non_snake_case)]` on by default
[INFO] [stdout] 
[INFO] [stdout] 
[INFO] [stdout] warning: method `get_steps_xxA_to_xxZ` should have a snake case name
[INFO] [stdout]   --> src/day8.rs:80:8
[INFO] [stdout]    |
[INFO] [stdout] 80 |     fn get_steps_xxA_to_xxZ(&self, start: &str) -> u64 {
[INFO] [stdout]    |        ^^^^^^^^^^^^^^^^^^^^ help: convert the identifier to snake case: `get_steps_xx_a_to_xx_z`
[INFO] [stdout] 
[INFO] [stdout] 
[INFO] [stderr]     Finished `dev` profile [unoptimized + debuginfo] target(s) in 21.32s
[INFO] running `Command { std: "docker" "inspect" "f7d7368bef6109a7cba85500bbeb372fb6e8db899417551e9208f64e19a85482", kill_on_drop: false }`
[INFO] running `Command { std: "docker" "rm" "-f" "f7d7368bef6109a7cba85500bbeb372fb6e8db899417551e9208f64e19a85482", kill_on_drop: false }`
[INFO] [stdout] f7d7368bef6109a7cba85500bbeb372fb6e8db899417551e9208f64e19a85482
[INFO] running `Command { std: "docker" "create" "-v" "/var/lib/crater-agent-workspace/builds/worker-4-tc1/target:/opt/rustwide/target:rw,Z" "-v" "/var/lib/crater-agent-workspace/builds/worker-4-tc1/source:/opt/rustwide/workdir:ro,Z" "-v" "/var/lib/crater-agent-workspace/cargo-home:/opt/rustwide/cargo-home:ro,Z" "-v" "/var/lib/crater-agent-workspace/rustup-home:/opt/rustwide/rustup-home:ro,Z" "-e" "SOURCE_DIR=/opt/rustwide/workdir" "-e" "CARGO_TARGET_DIR=/opt/rustwide/target" "-e" "CARGO_INCREMENTAL=0" "-e" "RUST_BACKTRACE=full" "-e" "RUSTFLAGS=--cap-lints=warn" "-e" "RUSTDOCFLAGS=--cap-lints=warn" "-e" "CARGO_HOME=/opt/rustwide/cargo-home" "-e" "RUSTUP_HOME=/opt/rustwide/rustup-home" "-w" "/opt/rustwide/workdir" "-m" "1610612736" "--user" "0:0" "--network" "none" "ghcr.io/rust-lang/crates-build-env/linux@sha256:f3a9d4ad9d972b27faf3965f35b62e55ba32bbce8f20bc8fe909558a86702fde" "/opt/rustwide/cargo-home/bin/cargo" "+1.83.0" "test" "--frozen" "--no-run" "--message-format=json", kill_on_drop: false }`
[INFO] [stdout] 0eceb8c986f4b7f6763eabe76e413e2042bec00959f3b8fe782796b0a9ca712c
[INFO] running `Command { std: "docker" "start" "-a" "0eceb8c986f4b7f6763eabe76e413e2042bec00959f3b8fe782796b0a9ca712c", kill_on_drop: false }`
[INFO] [stderr]    Compiling adventofcode2023_rust v0.1.0 (/opt/rustwide/workdir)
[INFO] [stdout] warning: unused variable: `input`
[INFO] [stdout]   --> src/day10.rs:62:17
[INFO] [stdout]    |
[INFO] [stdout] 62 | pub fn task_two(input: String) -> u64 {
[INFO] [stdout]    |                 ^^^^^ help: if this is intentional, prefix it with an underscore: `_input`
[INFO] [stdout]    |
[INFO] [stdout]    = note: `#[warn(unused_variables)]` on by default
[INFO] [stdout] 
[INFO] [stdout] 
[INFO] [stdout] warning: method `get_steps_to_target_multi_bruteforce` is never used
[INFO] [stdout]   --> src/day8.rs:95:8
[INFO] [stdout]    |
[INFO] [stdout] 35 | impl Input {
[INFO] [stdout]    | ---------- method in this implementation
[INFO] [stdout] ...
[INFO] [stdout] 95 |     fn get_steps_to_target_multi_bruteforce(&self) -> u64 {
[INFO] [stdout]    |        ^^^^^^^^^^^^^^^^^^^^^^^^^^^^^^^^^^^^
[INFO] [stdout]    |
[INFO] [stdout]    = note: `#[warn(dead_code)]` on by default
[INFO] [stdout] 
[INFO] [stdout] 
[INFO] [stdout] warning: fields `size` and `grid` are never read
[INFO] [stdout]   --> src/day10.rs:36:5
[INFO] [stdout]    |
[INFO] [stdout] 35 | struct Field {
[INFO] [stdout]    |        ----- fields in this struct
[INFO] [stdout] 36 |     size: usize,
[INFO] [stdout]    |     ^^^^
[INFO] [stdout] 37 |     grid: Vec<Pipe>,
[INFO] [stdout]    |     ^^^^
[INFO] [stdout]    |
[INFO] [stdout]    = note: `Field` has a derived impl for the trait `Debug`, but this is intentionally ignored during dead code analysis
[INFO] [stdout] 
[INFO] [stdout] 
[INFO] [stdout] warning: method `get_start_index` is never used
[INFO] [stdout]   --> src/day10.rs:52:8
[INFO] [stdout]    |
[INFO] [stdout] 40 | impl Field {
[INFO] [stdout]    | ---------- method in this implementation
[INFO] [stdout] ...
[INFO] [stdout] 52 |     fn get_start_index(&self) -> usize {
[INFO] [stdout]    |        ^^^^^^^^^^^^^^^
[INFO] [stdout] 
[INFO] [stdout] 
[INFO] [stdout] warning: method `get_steps_AAA_to_ZZZ` should have a snake case name
[INFO] [stdout]   --> src/day8.rs:61:8
[INFO] [stdout]    |
[INFO] [stdout] 61 |     fn get_steps_AAA_to_ZZZ(&self) -> u64 {
[INFO] [stdout]    |        ^^^^^^^^^^^^^^^^^^^^ help: convert the identifier to snake case: `get_steps_aaa_to_zzz`
[INFO] [stdout]    |
[INFO] [stdout]    = note: `#[warn(non_snake_case)]` on by default
[INFO] [stdout] 
[INFO] [stdout] 
[INFO] [stdout] warning: method `get_steps_xxA_to_xxZ` should have a snake case name
[INFO] [stdout]   --> src/day8.rs:80:8
[INFO] [stdout]    |
[INFO] [stdout] 80 |     fn get_steps_xxA_to_xxZ(&self, start: &str) -> u64 {
[INFO] [stdout]    |        ^^^^^^^^^^^^^^^^^^^^ help: convert the identifier to snake case: `get_steps_xx_a_to_xx_z`
[INFO] [stdout] 
[INFO] [stdout] 
[INFO] [stderr]     Finished `test` profile [unoptimized + debuginfo] target(s) in 2.74s
[INFO] running `Command { std: "docker" "inspect" "0eceb8c986f4b7f6763eabe76e413e2042bec00959f3b8fe782796b0a9ca712c", kill_on_drop: false }`
[INFO] running `Command { std: "docker" "rm" "-f" "0eceb8c986f4b7f6763eabe76e413e2042bec00959f3b8fe782796b0a9ca712c", kill_on_drop: false }`
[INFO] [stdout] 0eceb8c986f4b7f6763eabe76e413e2042bec00959f3b8fe782796b0a9ca712c
[INFO] running `Command { std: "docker" "create" "-v" "/var/lib/crater-agent-workspace/builds/worker-4-tc1/target:/opt/rustwide/target:rw,Z" "-v" "/var/lib/crater-agent-workspace/builds/worker-4-tc1/source:/opt/rustwide/workdir:ro,Z" "-v" "/var/lib/crater-agent-workspace/cargo-home:/opt/rustwide/cargo-home:ro,Z" "-v" "/var/lib/crater-agent-workspace/rustup-home:/opt/rustwide/rustup-home:ro,Z" "-e" "SOURCE_DIR=/opt/rustwide/workdir" "-e" "CARGO_TARGET_DIR=/opt/rustwide/target" "-e" "CARGO_INCREMENTAL=0" "-e" "RUST_BACKTRACE=full" "-e" "RUSTFLAGS=--cap-lints=warn" "-e" "RUSTDOCFLAGS=--cap-lints=warn" "-e" "CARGO_HOME=/opt/rustwide/cargo-home" "-e" "RUSTUP_HOME=/opt/rustwide/rustup-home" "-w" "/opt/rustwide/workdir" "-m" "1610612736" "--user" "0:0" "--network" "none" "ghcr.io/rust-lang/crates-build-env/linux@sha256:f3a9d4ad9d972b27faf3965f35b62e55ba32bbce8f20bc8fe909558a86702fde" "/opt/rustwide/cargo-home/bin/cargo" "+1.83.0" "test" "--frozen", kill_on_drop: false }`
[INFO] [stdout] ea6d6c7806997f271429e97d4fd25b937b82f176bb163f1839c402134e30ad15
[INFO] running `Command { std: "docker" "start" "-a" "ea6d6c7806997f271429e97d4fd25b937b82f176bb163f1839c402134e30ad15", kill_on_drop: false }`
[INFO] [stderr] warning: unused variable: `input`
[INFO] [stderr]   --> src/day10.rs:62:17
[INFO] [stderr]    |
[INFO] [stderr] 62 | pub fn task_two(input: String) -> u64 {
[INFO] [stderr]    |                 ^^^^^ help: if this is intentional, prefix it with an underscore: `_input`
[INFO] [stderr]    |
[INFO] [stderr]    = note: `#[warn(unused_variables)]` on by default
[INFO] [stderr] 
[INFO] [stderr] warning: method `get_steps_to_target_multi_bruteforce` is never used
[INFO] [stderr]   --> src/day8.rs:95:8
[INFO] [stderr]    |
[INFO] [stderr] 35 | impl Input {
[INFO] [stderr]    | ---------- method in this implementation
[INFO] [stderr] ...
[INFO] [stderr] 95 |     fn get_steps_to_target_multi_bruteforce(&self) -> u64 {
[INFO] [stderr]    |        ^^^^^^^^^^^^^^^^^^^^^^^^^^^^^^^^^^^^
[INFO] [stderr]    |
[INFO] [stderr]    = note: `#[warn(dead_code)]` on by default
[INFO] [stderr] 
[INFO] [stderr] warning: fields `size` and `grid` are never read
[INFO] [stderr]   --> src/day10.rs:36:5
[INFO] [stderr]    |
[INFO] [stderr] 35 | struct Field {
[INFO] [stderr]    |        ----- fields in this struct
[INFO] [stderr] 36 |     size: usize,
[INFO] [stderr]    |     ^^^^
[INFO] [stderr] 37 |     grid: Vec<Pipe>,
[INFO] [stderr]    |     ^^^^
[INFO] [stderr]    |
[INFO] [stderr]    = note: `Field` has a derived impl for the trait `Debug`, but this is intentionally ignored during dead code analysis
[INFO] [stderr] 
[INFO] [stderr] warning: method `get_start_index` is never used
[INFO] [stderr]   --> src/day10.rs:52:8
[INFO] [stderr]    |
[INFO] [stderr] 40 | impl Field {
[INFO] [stderr]    | ---------- method in this implementation
[INFO] [stderr] ...
[INFO] [stderr] 52 |     fn get_start_index(&self) -> usize {
[INFO] [stderr]    |        ^^^^^^^^^^^^^^^
[INFO] [stderr] 
[INFO] [stderr] warning: method `get_steps_AAA_to_ZZZ` should have a snake case name
[INFO] [stderr]   --> src/day8.rs:61:8
[INFO] [stderr]    |
[INFO] [stderr] 61 |     fn get_steps_AAA_to_ZZZ(&self) -> u64 {
[INFO] [stderr]    |        ^^^^^^^^^^^^^^^^^^^^ help: convert the identifier to snake case: `get_steps_aaa_to_zzz`
[INFO] [stderr]    |
[INFO] [stderr]    = note: `#[warn(non_snake_case)]` on by default
[INFO] [stderr] 
[INFO] [stderr] warning: method `get_steps_xxA_to_xxZ` should have a snake case name
[INFO] [stderr]   --> src/day8.rs:80:8
[INFO] [stderr]    |
[INFO] [stderr] 80 |     fn get_steps_xxA_to_xxZ(&self, start: &str) -> u64 {
[INFO] [stderr]    |        ^^^^^^^^^^^^^^^^^^^^ help: convert the identifier to snake case: `get_steps_xx_a_to_xx_z`
[INFO] [stderr] 
[INFO] [stderr] warning: `adventofcode2023_rust` (bin "adventofcode2023_rust" test) generated 6 warnings
[INFO] [stderr]     Finished `test` profile [unoptimized + debuginfo] target(s) in 0.05s
[INFO] [stderr]      Running unittests src/main.rs (/opt/rustwide/target/debug/deps/adventofcode2023_rust-fc1782cb8d41ac10)
[INFO] [stdout] 
[INFO] [stdout] running 20 tests
[INFO] [stdout] test tests::day2_task1 ... ok
[INFO] [stdout] test tests::day3_task1 ... ok
[INFO] [stdout] test tests::day1_task2 ... ok
[INFO] [stdout] test tests::day3_task2 ... ok
[INFO] [stdout] test tests::day2_task2 ... ok
[INFO] [stdout] test tests::day1_task1 ... ok
[INFO] [stdout] test tests::day6_task1 ... ok
[INFO] [stdout] test tests::day7_task2 ... ok
[INFO] [stdout] test tests::day8_task2 ... ok
[INFO] [stdout] test tests::day9_task1 ... ok
[INFO] [stdout] test tests::day8_task1 ... ok
[INFO] [stdout] test tests::day6_task2 ... ok
[INFO] [stdout] test tests::day9_task2 ... ok
[INFO] [stdout] test tests::day7_task1 ... ok
[INFO] [stdout] test tests::day10_task2 ... FAILED
[INFO] [stdout] test tests::day4_task2 ... ok
[INFO] [stdout] test tests::day10_task1 ... FAILED
[INFO] [stdout] test tests::day5_task1 ... ok
[INFO] [stdout] test tests::day4_task1 ... ok
[INFO] [stdout] test tests::day5_task2 ... ok
[INFO] [stdout] 
[INFO] [stdout] failures:
[INFO] [stdout] 
[INFO] [stdout] ---- tests::day10_task2 stdout ----
[INFO] [stdout] thread 'tests::day10_task2' panicked at src/tests.rs:144:5:
[INFO] [stdout] assertion `left == right` failed
[INFO] [stdout]   left: 2
[INFO] [stdout]  right: 0
[INFO] [stdout] stack backtrace:
[INFO] [stdout]    0:     0x582e713cf6ba - std::backtrace_rs::backtrace::libunwind::trace::h5a5b8284f2d0c266
[INFO] [stdout]                                at /rustc/90b35a6239c3d8bdabc530a6a0816f7ff89a0aaf/library/std/src/../../backtrace/src/backtrace/libunwind.rs:116:5
[INFO] [stdout]    1:     0x582e713cf6ba - std::backtrace_rs::backtrace::trace_unsynchronized::h76d4f1c9b0b875e3
[INFO] [stdout]                                at /rustc/90b35a6239c3d8bdabc530a6a0816f7ff89a0aaf/library/std/src/../../backtrace/src/backtrace/mod.rs:66:5
[INFO] [stdout]    2:     0x582e713cf6ba - std::sys::backtrace::_print_fmt::hc4546b8364a537c6
[INFO] [stdout]                                at /rustc/90b35a6239c3d8bdabc530a6a0816f7ff89a0aaf/library/std/src/sys/backtrace.rs:66:9
[INFO] [stdout]    3:     0x582e713cf6ba - <std::sys::backtrace::BacktraceLock::print::DisplayBacktrace as core::fmt::Display>::fmt::h5b6bd5631a6d1f6b
[INFO] [stdout]                                at /rustc/90b35a6239c3d8bdabc530a6a0816f7ff89a0aaf/library/std/src/sys/backtrace.rs:39:26
[INFO] [stdout]    4:     0x582e713f5223 - core::fmt::rt::Argument::fmt::h270f6602a2b96f62
[INFO] [stdout]                                at /rustc/90b35a6239c3d8bdabc530a6a0816f7ff89a0aaf/library/core/src/fmt/rt.rs:177:76
[INFO] [stdout]    5:     0x582e713f5223 - core::fmt::write::h7550c97b06c86515
[INFO] [stdout]                                at /rustc/90b35a6239c3d8bdabc530a6a0816f7ff89a0aaf/library/core/src/fmt/mod.rs:1186:21
[INFO] [stdout]    6:     0x582e713cc813 - std::io::Write::write_fmt::h509ff860e5956e5e
[INFO] [stdout]                                at /rustc/90b35a6239c3d8bdabc530a6a0816f7ff89a0aaf/library/std/src/io/mod.rs:1839:15
[INFO] [stdout]    7:     0x582e713cf502 - std::sys::backtrace::BacktraceLock::print::h2395ccd2c84ba3aa
[INFO] [stdout]                                at /rustc/90b35a6239c3d8bdabc530a6a0816f7ff89a0aaf/library/std/src/sys/backtrace.rs:42:9
[INFO] [stdout]    8:     0x582e713d0b1a - std::panicking::default_hook::{{closure}}::he19d4c7230e07961
[INFO] [stdout]                                at /rustc/90b35a6239c3d8bdabc530a6a0816f7ff89a0aaf/library/std/src/panicking.rs:268:22
[INFO] [stdout]    9:     0x582e713d0924 - std::panicking::default_hook::hf614597d3c67bbdb
[INFO] [stdout]                                at /rustc/90b35a6239c3d8bdabc530a6a0816f7ff89a0aaf/library/std/src/panicking.rs:292:9
[INFO] [stdout]   10:     0x582e710ee2c9 - <alloc::boxed::Box<F,A> as core::ops::function::Fn<Args>>::call::h39b51ce4599c23d1
[INFO] [stdout]                                at /rustc/90b35a6239c3d8bdabc530a6a0816f7ff89a0aaf/library/alloc/src/boxed.rs:2468:9
[INFO] [stdout]   11:     0x582e710ee2c9 - test::test_main::{{closure}}::he977ae839a582784
[INFO] [stdout]                                at /rustc/90b35a6239c3d8bdabc530a6a0816f7ff89a0aaf/library/test/src/lib.rs:133:21
[INFO] [stdout]   12:     0x582e713d11b8 - <alloc::boxed::Box<F,A> as core::ops::function::Fn<Args>>::call::h9455091b6b06f9fb
[INFO] [stdout]                                at /rustc/90b35a6239c3d8bdabc530a6a0816f7ff89a0aaf/library/alloc/src/boxed.rs:2468:9
[INFO] [stdout]   13:     0x582e713d11b8 - std::panicking::rust_panic_with_hook::h8942133a8b252070
[INFO] [stdout]                                at /rustc/90b35a6239c3d8bdabc530a6a0816f7ff89a0aaf/library/std/src/panicking.rs:809:13
[INFO] [stdout]   14:     0x582e713d0f7a - std::panicking::begin_panic_handler::{{closure}}::hb5f5963570096b29
[INFO] [stdout]                                at /rustc/90b35a6239c3d8bdabc530a6a0816f7ff89a0aaf/library/std/src/panicking.rs:674:13
[INFO] [stdout]   15:     0x582e713cfb99 - std::sys::backtrace::__rust_end_short_backtrace::h6208cedc1922feda
[INFO] [stdout]                                at /rustc/90b35a6239c3d8bdabc530a6a0816f7ff89a0aaf/library/std/src/sys/backtrace.rs:170:18
[INFO] [stdout]   16:     0x582e713d0c0c - rust_begin_unwind
[INFO] [stdout]                                at /rustc/90b35a6239c3d8bdabc530a6a0816f7ff89a0aaf/library/std/src/panicking.rs:665:5
[INFO] [stdout]   17:     0x582e71061130 - core::panicking::panic_fmt::h0c3082644d1bf418
[INFO] [stdout]                                at /rustc/90b35a6239c3d8bdabc530a6a0816f7ff89a0aaf/library/core/src/panicking.rs:74:14
[INFO] [stdout]   18:     0x582e71061595 - core::panicking::assert_failed_inner::h2ddf1fcc067fa858
[INFO] [stdout]   19:     0x582e71060823 - core::panicking::assert_failed::he996b0f85b093fc8
[INFO] [stdout]   20:     0x582e7108f624 - adventofcode2023_rust::tests::day10_task2::h61676287636ca09b
[INFO] [stdout]                                at /opt/rustwide/workdir/src/tests.rs:144:5
[INFO] [stdout]   21:     0x582e7108f4c7 - adventofcode2023_rust::tests::day10_task2::{{closure}}::h9cae20ce787543ee
[INFO] [stdout]                                at /opt/rustwide/workdir/src/tests.rs:141:17
[INFO] [stdout]   22:     0x582e710a0936 - core::ops::function::FnOnce::call_once::he8d4132ae9beebce
[INFO] [stdout]                                at /rustc/90b35a6239c3d8bdabc530a6a0816f7ff89a0aaf/library/core/src/ops/function.rs:250:5
[INFO] [stdout]   23:     0x582e710f2c8b - core::ops::function::FnOnce::call_once::h109cf8051a59b34e
[INFO] [stdout]                                at /rustc/90b35a6239c3d8bdabc530a6a0816f7ff89a0aaf/library/core/src/ops/function.rs:250:5
[INFO] [stdout]   24:     0x582e710f2c8b - test::__rust_begin_short_backtrace::hf4fff89d377446ba
[INFO] [stdout]                                at /rustc/90b35a6239c3d8bdabc530a6a0816f7ff89a0aaf/library/test/src/lib.rs:621:18
[INFO] [stdout]   25:     0x582e710f24c7 - test::run_test_in_process::{{closure}}::h0e39181dd7ee5a43
[INFO] [stdout]                                at /rustc/90b35a6239c3d8bdabc530a6a0816f7ff89a0aaf/library/test/src/lib.rs:644:60
[INFO] [stdout]   26:     0x582e710f24c7 - <core::panic::unwind_safe::AssertUnwindSafe<F> as core::ops::function::FnOnce<()>>::call_once::hc5a66a30f0bdfd1f
[INFO] [stdout]                                at /rustc/90b35a6239c3d8bdabc530a6a0816f7ff89a0aaf/library/core/src/panic/unwind_safe.rs:272:9
[INFO] [stdout]   27:     0x582e710f24c7 - std::panicking::try::do_call::h873b7cf639554a5e
[INFO] [stdout]                                at /rustc/90b35a6239c3d8bdabc530a6a0816f7ff89a0aaf/library/std/src/panicking.rs:557:40
[INFO] [stdout]   28:     0x582e710f24c7 - std::panicking::try::hdb19862fad9c8bd1
[INFO] [stdout]                                at /rustc/90b35a6239c3d8bdabc530a6a0816f7ff89a0aaf/library/std/src/panicking.rs:520:19
[INFO] [stdout]   29:     0x582e710f24c7 - std::panic::catch_unwind::h281fe732d236d260
[INFO] [stdout]                                at /rustc/90b35a6239c3d8bdabc530a6a0816f7ff89a0aaf/library/std/src/panic.rs:358:14
[INFO] [stdout]   30:     0x582e710f24c7 - test::run_test_in_process::h949b6df8457ed338
[INFO] [stdout]                                at /rustc/90b35a6239c3d8bdabc530a6a0816f7ff89a0aaf/library/test/src/lib.rs:644:27
[INFO] [stdout]   31:     0x582e710f24c7 - test::run_test::{{closure}}::h52c556a6d4740e10
[INFO] [stdout]                                at /rustc/90b35a6239c3d8bdabc530a6a0816f7ff89a0aaf/library/test/src/lib.rs:565:43
[INFO] [stdout]   32:     0x582e710b77a4 - test::run_test::{{closure}}::h4237f6381c45ccb9
[INFO] [stdout]                                at /rustc/90b35a6239c3d8bdabc530a6a0816f7ff89a0aaf/library/test/src/lib.rs:595:41
[INFO] [stdout]   33:     0x582e710b77a4 - std::sys::backtrace::__rust_begin_short_backtrace::h505c97a579eca628
[INFO] [stdout]                                at /rustc/90b35a6239c3d8bdabc530a6a0816f7ff89a0aaf/library/std/src/sys/backtrace.rs:154:18
[INFO] [stdout]   34:     0x582e710bae6e - std::thread::Builder::spawn_unchecked_::{{closure}}::{{closure}}::h9e86b2e2bc107ea3
[INFO] [stdout]                                at /rustc/90b35a6239c3d8bdabc530a6a0816f7ff89a0aaf/library/std/src/thread/mod.rs:538:17
[INFO] [stdout]   35:     0x582e710bae6e - <core::panic::unwind_safe::AssertUnwindSafe<F> as core::ops::function::FnOnce<()>>::call_once::h8b06ddb275ff4a25
[INFO] [stdout]                                at /rustc/90b35a6239c3d8bdabc530a6a0816f7ff89a0aaf/library/core/src/panic/unwind_safe.rs:272:9
[INFO] [stdout]   36:     0x582e710bae6e - std::panicking::try::do_call::hb26ecd7cd9a9355d
[INFO] [stdout]                                at /rustc/90b35a6239c3d8bdabc530a6a0816f7ff89a0aaf/library/std/src/panicking.rs:557:40
[INFO] [stdout]   37:     0x582e710bae6e - std::panicking::try::h8ddeca9d705f9069
[INFO] [stdout]                                at /rustc/90b35a6239c3d8bdabc530a6a0816f7ff89a0aaf/library/std/src/panicking.rs:520:19
[INFO] [stdout]   38:     0x582e710bae6e - std::panic::catch_unwind::h49e1c33078844c46
[INFO] [stdout]                                at /rustc/90b35a6239c3d8bdabc530a6a0816f7ff89a0aaf/library/std/src/panic.rs:358:14
[INFO] [stdout]   39:     0x582e710bae6e - std::thread::Builder::spawn_unchecked_::{{closure}}::h6073db6ff56ad35d
[INFO] [stdout]                                at /rustc/90b35a6239c3d8bdabc530a6a0816f7ff89a0aaf/library/std/src/thread/mod.rs:537:30
[INFO] [stdout]   40:     0x582e710bae6e - core::ops::function::FnOnce::call_once{{vtable.shim}}::h2c5a5f3779c774f1
[INFO] [stdout]                                at /rustc/90b35a6239c3d8bdabc530a6a0816f7ff89a0aaf/library/core/src/ops/function.rs:250:5
[INFO] [stdout]   41:     0x582e713d500b - <alloc::boxed::Box<F,A> as core::ops::function::FnOnce<Args>>::call_once::hf75717d9f28faebf
[INFO] [stdout]                                at /rustc/90b35a6239c3d8bdabc530a6a0816f7ff89a0aaf/library/alloc/src/boxed.rs:2454:9
[INFO] [stdout]   42:     0x582e713d500b - <alloc::boxed::Box<F,A> as core::ops::function::FnOnce<Args>>::call_once::h7bd883a5f3c5f3c1
[INFO] [stdout]                                at /rustc/90b35a6239c3d8bdabc530a6a0816f7ff89a0aaf/library/alloc/src/boxed.rs:2454:9
[INFO] [stdout]   43:     0x582e713d500b - std::sys::pal::unix::thread::Thread::new::thread_start::hcc78f3943333fa94
[INFO] [stdout]                                at /rustc/90b35a6239c3d8bdabc530a6a0816f7ff89a0aaf/library/std/src/sys/pal/unix/thread.rs:105:17
[INFO] [stdout]   44:     0x795555d2aac3 - <unknown>
[INFO] [stdout]   45:     0x795555dbba04 - clone
[INFO] [stdout]   46:                0x0 - <unknown>
[INFO] [stdout] 
[INFO] [stdout] ---- tests::day10_task1 stdout ----
[INFO] [stdout] [src/day10.rs:58:5] Field::parse(&input) = Field {
[INFO] [stdout]     size: 5,
[INFO] [stdout]     grid: [
[INFO] [stdout]         NonStart(
[INFO] [stdout]             Down,
[INFO] [stdout]             Left,
[INFO] [stdout]         ),
[INFO] [stdout]         NonStart(
[INFO] [stdout]             Left,
[INFO] [stdout]             Right,
[INFO] [stdout]         ),
[INFO] [stdout]         NonStart(
[INFO] [stdout]             Down,
[INFO] [stdout]             Right,
[INFO] [stdout]         ),
[INFO] [stdout]         NonStart(
[INFO] [stdout]             Down,
[INFO] [stdout]             Left,
[INFO] [stdout]         ),
[INFO] [stdout]         NonStart(
[INFO] [stdout]             Left,
[INFO] [stdout]             Right,
[INFO] [stdout]         ),
[INFO] [stdout]         Ground,
[INFO] [stdout]         NonStart(
[INFO] [stdout]             Down,
[INFO] [stdout]             Right,
[INFO] [stdout]         ),
[INFO] [stdout]         NonStart(
[INFO] [stdout]             Up,
[INFO] [stdout]             Left,
[INFO] [stdout]         ),
[INFO] [stdout]         NonStart(
[INFO] [stdout]             Up,
[INFO] [stdout]             Down,
[INFO] [stdout]         ),
[INFO] [stdout]         NonStart(
[INFO] [stdout]             Down,
[INFO] [stdout]             Left,
[INFO] [stdout]         ),
[INFO] [stdout]         Start,
[INFO] [stdout]         NonStart(
[INFO] [stdout]             Up,
[INFO] [stdout]             Left,
[INFO] [stdout]         ),
[INFO] [stdout]         NonStart(
[INFO] [stdout]             Up,
[INFO] [stdout]             Right,
[INFO] [stdout]         ),
[INFO] [stdout]         NonStart(
[INFO] [stdout]             Up,
[INFO] [stdout]             Right,
[INFO] [stdout]         ),
[INFO] [stdout]         NonStart(
[INFO] [stdout]             Down,
[INFO] [stdout]             Left,
[INFO] [stdout]         ),
[INFO] [stdout]         NonStart(
[INFO] [stdout]             Up,
[INFO] [stdout]             Down,
[INFO] [stdout]         ),
[INFO] [stdout]         NonStart(
[INFO] [stdout]             Down,
[INFO] [stdout]             Right,
[INFO] [stdout]         ),
[INFO] [stdout]         NonStart(
[INFO] [stdout]             Left,
[INFO] [stdout]             Right,
[INFO] [stdout]         ),
[INFO] [stdout]         NonStart(
[INFO] [stdout]             Left,
[INFO] [stdout]             Right,
[INFO] [stdout]         ),
[INFO] [stdout]         NonStart(
[INFO] [stdout]             Up,
[INFO] [stdout]             Left,
[INFO] [stdout]         ),
[INFO] [stdout]         NonStart(
[INFO] [stdout]             Up,
[INFO] [stdout]             Right,
[INFO] [stdout]         ),
[INFO] [stdout]         NonStart(
[INFO] [stdout]             Up,
[INFO] [stdout]             Left,
[INFO] [stdout]         ),
[INFO] [stdout]         Ground,
[INFO] [stdout]         NonStart(
[INFO] [stdout]             Up,
[INFO] [stdout]             Right,
[INFO] [stdout]         ),
[INFO] [stdout]         NonStart(
[INFO] [stdout]             Up,
[INFO] [stdout]             Left,
[INFO] [stdout]         ),
[INFO] [stdout]     ],
[INFO] [stdout] }
[INFO] [stdout] thread 'tests::day10_task1' panicked at src/tests.rs:137:5:
[INFO] [stdout] assertion `left == right` failed
[INFO] [stdout]   left: 114
[INFO] [stdout]  right: 0
[INFO] [stdout] stack backtrace:
[INFO] [stdout]    0:     0x582e713cf6ba - std::backtrace_rs::backtrace::libunwind::trace::h5a5b8284f2d0c266
[INFO] [stdout]                                at /rustc/90b35a6239c3d8bdabc530a6a0816f7ff89a0aaf/library/std/src/../../backtrace/src/backtrace/libunwind.rs:116:5
[INFO] [stdout]    1:     0x582e713cf6ba - std::backtrace_rs::backtrace::trace_unsynchronized::h76d4f1c9b0b875e3
[INFO] [stdout]                                at /rustc/90b35a6239c3d8bdabc530a6a0816f7ff89a0aaf/library/std/src/../../backtrace/src/backtrace/mod.rs:66:5
[INFO] [stdout]    2:     0x582e713cf6ba - std::sys::backtrace::_print_fmt::hc4546b8364a537c6
[INFO] [stdout]                                at /rustc/90b35a6239c3d8bdabc530a6a0816f7ff89a0aaf/library/std/src/sys/backtrace.rs:66:9
[INFO] [stdout]    3:     0x582e713cf6ba - <std::sys::backtrace::BacktraceLock::print::DisplayBacktrace as core::fmt::Display>::fmt::h5b6bd5631a6d1f6b
[INFO] [stdout]                                at /rustc/90b35a6239c3d8bdabc530a6a0816f7ff89a0aaf/library/std/src/sys/backtrace.rs:39:26
[INFO] [stdout]    4:     0x582e713f5223 - core::fmt::rt::Argument::fmt::h270f6602a2b96f62
[INFO] [stdout]                                at /rustc/90b35a6239c3d8bdabc530a6a0816f7ff89a0aaf/library/core/src/fmt/rt.rs:177:76
[INFO] [stdout]    5:     0x582e713f5223 - core::fmt::write::h7550c97b06c86515
[INFO] [stdout]                                at /rustc/90b35a6239c3d8bdabc530a6a0816f7ff89a0aaf/library/core/src/fmt/mod.rs:1186:21
[INFO] [stdout]    6:     0x582e713cc813 - std::io::Write::write_fmt::h509ff860e5956e5e
[INFO] [stdout]                                at /rustc/90b35a6239c3d8bdabc530a6a0816f7ff89a0aaf/library/std/src/io/mod.rs:1839:15
[INFO] [stdout]    7:     0x582e713cf502 - std::sys::backtrace::BacktraceLock::print::h2395ccd2c84ba3aa
[INFO] [stdout]                                at /rustc/90b35a6239c3d8bdabc530a6a0816f7ff89a0aaf/library/std/src/sys/backtrace.rs:42:9
[INFO] [stdout]    8:     0x582e713d0b1a - std::panicking::default_hook::{{closure}}::he19d4c7230e07961
[INFO] [stdout]                                at /rustc/90b35a6239c3d8bdabc530a6a0816f7ff89a0aaf/library/std/src/panicking.rs:268:22
[INFO] [stdout]    9:     0x582e713d0924 - std::panicking::default_hook::hf614597d3c67bbdb
[INFO] [stdout]                                at /rustc/90b35a6239c3d8bdabc530a6a0816f7ff89a0aaf/library/std/src/panicking.rs:292:9
[INFO] [stdout]   10:     0x582e710ee2c9 - <alloc::boxed::Box<F,A> as core::ops::function::Fn<Args>>::call::h39b51ce4599c23d1
[INFO] [stdout]                                at /rustc/90b35a6239c3d8bdabc530a6a0816f7ff89a0aaf/library/alloc/src/boxed.rs:2468:9
[INFO] [stdout]   11:     0x582e710ee2c9 - test::test_main::{{closure}}::he977ae839a582784
[INFO] [stdout]                                at /rustc/90b35a6239c3d8bdabc530a6a0816f7ff89a0aaf/library/test/src/lib.rs:133:21
[INFO] [stdout]   12:     0x582e713d11b8 - <alloc::boxed::Box<F,A> as core::ops::function::Fn<Args>>::call::h9455091b6b06f9fb
[INFO] [stdout]                                at /rustc/90b35a6239c3d8bdabc530a6a0816f7ff89a0aaf/library/alloc/src/boxed.rs:2468:9
[INFO] [stdout]   13:     0x582e713d11b8 - std::panicking::rust_panic_with_hook::h8942133a8b252070
[INFO] [stdout]                                at /rustc/90b35a6239c3d8bdabc530a6a0816f7ff89a0aaf/library/std/src/panicking.rs:809:13
[INFO] [stdout]   14:     0x582e713d0f7a - std::panicking::begin_panic_handler::{{closure}}::hb5f5963570096b29
[INFO] [stdout]                                at /rustc/90b35a6239c3d8bdabc530a6a0816f7ff89a0aaf/library/std/src/panicking.rs:674:13
[INFO] [stdout]   15:     0x582e713cfb99 - std::sys::backtrace::__rust_end_short_backtrace::h6208cedc1922feda
[INFO] [stdout]                                at /rustc/90b35a6239c3d8bdabc530a6a0816f7ff89a0aaf/library/std/src/sys/backtrace.rs:170:18
[INFO] [stdout]   16:     0x582e713d0c0c - rust_begin_unwind
[INFO] [stdout]                                at /rustc/90b35a6239c3d8bdabc530a6a0816f7ff89a0aaf/library/std/src/panicking.rs:665:5
[INFO] [stdout]   17:     0x582e71061130 - core::panicking::panic_fmt::h0c3082644d1bf418
[INFO] [stdout]                                at /rustc/90b35a6239c3d8bdabc530a6a0816f7ff89a0aaf/library/core/src/panicking.rs:74:14
[INFO] [stdout]   18:     0x582e71061595 - core::panicking::assert_failed_inner::h2ddf1fcc067fa858
[INFO] [stdout]   19:     0x582e71060823 - core::panicking::assert_failed::he996b0f85b093fc8
[INFO] [stdout]   20:     0x582e7108f4a4 - adventofcode2023_rust::tests::day10_task1::h177b034809315cd4
[INFO] [stdout]                                at /opt/rustwide/workdir/src/tests.rs:137:5
[INFO] [stdout]   21:     0x582e7108f347 - adventofcode2023_rust::tests::day10_task1::{{closure}}::hf6ca9d72b23f97f9
[INFO] [stdout]                                at /opt/rustwide/workdir/src/tests.rs:134:17
[INFO] [stdout]   22:     0x582e710a0296 - core::ops::function::FnOnce::call_once::h41c9b0e4ce89daf8
[INFO] [stdout]                                at /rustc/90b35a6239c3d8bdabc530a6a0816f7ff89a0aaf/library/core/src/ops/function.rs:250:5
[INFO] [stdout]   23:     0x582e710f2c8b - core::ops::function::FnOnce::call_once::h109cf8051a59b34e
[INFO] [stdout]                                at /rustc/90b35a6239c3d8bdabc530a6a0816f7ff89a0aaf/library/core/src/ops/function.rs:250:5
[INFO] [stdout]   24:     0x582e710f2c8b - test::__rust_begin_short_backtrace::hf4fff89d377446ba
[INFO] [stdout]                                at /rustc/90b35a6239c3d8bdabc530a6a0816f7ff89a0aaf/library/test/src/lib.rs:621:18
[INFO] [stdout]   25:     0x582e710f24c7 - test::run_test_in_process::{{closure}}::h0e39181dd7ee5a43
[INFO] [stdout]                                at /rustc/90b35a6239c3d8bdabc530a6a0816f7ff89a0aaf/library/test/src/lib.rs:644:60
[INFO] [stdout]   26:     0x582e710f24c7 - <core::panic::unwind_safe::AssertUnwindSafe<F> as core::ops::function::FnOnce<()>>::call_once::hc5a66a30f0bdfd1f
[INFO] [stdout]                                at /rustc/90b35a6239c3d8bdabc530a6a0816f7ff89a0aaf/library/core/src/panic/unwind_safe.rs:272:9
[INFO] [stdout]   27:     0x582e710f24c7 - std::panicking::try::do_call::h873b7cf639554a5e
[INFO] [stdout]                                at /rustc/90b35a6239c3d8bdabc530a6a0816f7ff89a0aaf/library/std/src/panicking.rs:557:40
[INFO] [stdout]   28:     0x582e710f24c7 - std::panicking::try::hdb19862fad9c8bd1
[INFO] [stdout]                                at /rustc/90b35a6239c3d8bdabc530a6a0816f7ff89a0aaf/library/std/src/panicking.rs:520:19
[INFO] [stdout]   29:     0x582e710f24c7 - std::panic::catch_unwind::h281fe732d236d260
[INFO] [stdout]                                at /rustc/90b35a6239c3d8bdabc530a6a0816f7ff89a0aaf/library/std/src/panic.rs:358:14
[INFO] [stdout]   30:     0x582e710f24c7 - test::run_test_in_process::h949b6df8457ed338
[INFO] [stdout]                                at /rustc/90b35a6239c3d8bdabc530a6a0816f7ff89a0aaf/library/test/src/lib.rs:644:27
[INFO] [stdout]   31:     0x582e710f24c7 - test::run_test::{{closure}}::h52c556a6d4740e10
[INFO] [stdout]                                at /rustc/90b35a6239c3d8bdabc530a6a0816f7ff89a0aaf/library/test/src/lib.rs:565:43
[INFO] [stdout]   32:     0x582e710b77a4 - test::run_test::{{closure}}::h4237f6381c45ccb9
[INFO] [stdout]                                at /rustc/90b35a6239c3d8bdabc530a6a0816f7ff89a0aaf/library/test/src/lib.rs:595:41
[INFO] [stdout]   33:     0x582e710b77a4 - std::sys::backtrace::__rust_begin_short_backtrace::h505c97a579eca628
[INFO] [stdout]                                at /rustc/90b35a6239c3d8bdabc530a6a0816f7ff89a0aaf/library/std/src/sys/backtrace.rs:154:18
[INFO] [stdout]   34:     0x582e710bae6e - std::thread::Builder::spawn_unchecked_::{{closure}}::{{closure}}::h9e86b2e2bc107ea3
[INFO] [stdout]                                at /rustc/90b35a6239c3d8bdabc530a6a0816f7ff89a0aaf/library/std/src/thread/mod.rs:538:17
[INFO] [stdout]   35:     0x582e710bae6e - <core::panic::unwind_safe::AssertUnwindSafe<F> as core::ops::function::FnOnce<()>>::call_once::h8b06ddb275ff4a25
[INFO] [stdout]                                at /rustc/90b35a6239c3d8bdabc530a6a0816f7ff89a0aaf/library/core/src/panic/unwind_safe.rs:272:9
[INFO] [stdout]   36:     0x582e710bae6e - std::panicking::try::do_call::hb26ecd7cd9a9355d
[INFO] [stdout]                                at /rustc/90b35a6239c3d8bdabc530a6a0816f7ff89a0aaf/library/std/src/panicking.rs:557:40
[INFO] [stdout]   37:     0x582e710bae6e - std::panicking::try::h8ddeca9d705f9069
[INFO] [stdout]                                at /rustc/90b35a6239c3d8bdabc530a6a0816f7ff89a0aaf/library/std/src/panicking.rs:520:19
[INFO] [stdout]   38:     0x582e710bae6e - std::panic::catch_unwind::h49e1c33078844c46
[INFO] [stdout]                                at /rustc/90b35a6239c3d8bdabc530a6a0816f7ff89a0aaf/library/std/src/panic.rs:358:14
[INFO] [stdout]   39:     0x582e710bae6e - std::thread::Builder::spawn_unchecked_::{{closure}}::h6073db6ff56ad35d
[INFO] [stdout]                                at /rustc/90b35a6239c3d8bdabc530a6a0816f7ff89a0aaf/library/std/src/thread/mod.rs:537:30
[INFO] [stdout]   40:     0x582e710bae6e - core::ops::function::FnOnce::call_once{{vtable.shim}}::h2c5a5f3779c774f1
[INFO] [stdout]                                at /rustc/90b35a6239c3d8bdabc530a6a0816f7ff89a0aaf/library/core/src/ops/function.rs:250:5
[INFO] [stdout]   41:     0x582e713d500b - <alloc::boxed::Box<F,A> as core::ops::function::FnOnce<Args>>::call_once::hf75717d9f28faebf
[INFO] [stdout]                                at /rustc/90b35a6239c3d8bdabc530a6a0816f7ff89a0aaf/library/alloc/src/boxed.rs:2454:9
[INFO] [stdout]   42:     0x582e713d500b - <alloc::boxed::Box<F,A> as core::ops::function::FnOnce<Args>>::call_once::h7bd883a5f3c5f3c1
[INFO] [stdout]                                at /rustc/90b35a6239c3d8bdabc530a6a0816f7ff89a0aaf/library/alloc/src/boxed.rs:2454:9
[INFO] [stdout]   43:     0x582e713d500b - std::sys::pal::unix::thread::Thread::new::thread_start::hcc78f3943333fa94
[INFO] [stdout]                                at /rustc/90b35a6239c3d8bdabc530a6a0816f7ff89a0aaf/library/std/src/sys/pal/unix/thread.rs:105:17
[INFO] [stdout]   44:     0x795555d2aac3 - <unknown>
[INFO] [stdout]   45:     0x795555dbba04 - clone
[INFO] [stdout]   46:                0x0 - <unknown>
[INFO] [stdout] 
[INFO] [stdout] 
[INFO] [stdout] failures:
[INFO] [stdout]     tests::day10_task1
[INFO] [stdout]     tests::day10_task2
[INFO] [stdout] 
[INFO] [stdout] test result: FAILED. 18 passed; 2 failed; 0 ignored; 0 measured; 0 filtered out; finished in 0.16s
[INFO] [stdout] 
[INFO] [stderr] error: test failed, to rerun pass `--bin adventofcode2023_rust`
[INFO] running `Command { std: "docker" "inspect" "ea6d6c7806997f271429e97d4fd25b937b82f176bb163f1839c402134e30ad15", kill_on_drop: false }`
[INFO] running `Command { std: "docker" "rm" "-f" "ea6d6c7806997f271429e97d4fd25b937b82f176bb163f1839c402134e30ad15", kill_on_drop: false }`
[INFO] [stdout] ea6d6c7806997f271429e97d4fd25b937b82f176bb163f1839c402134e30ad15
