[INFO] cloning repository https://github.com/lazareviczoran/advent-of-code
[INFO] running `Command { std: "git" "-c" "credential.helper=" "-c" "credential.helper=/workspace/cargo-home/bin/git-credential-null" "clone" "--bare" "https://github.com/lazareviczoran/advent-of-code" "/workspace/cache/git-repos/https%3A%2F%2Fgithub.com%2Flazareviczoran%2Fadvent-of-code", kill_on_drop: false }`
[INFO] [stderr] Cloning into bare repository '/workspace/cache/git-repos/https%3A%2F%2Fgithub.com%2Flazareviczoran%2Fadvent-of-code'...
[INFO] running `Command { std: "git" "rev-parse" "HEAD", kill_on_drop: false }`
[INFO] [stdout] df166401ef50f1d0ae460a3b77a9e836ccfbc772
[INFO] testing lazareviczoran/advent-of-code against 1.83.0 for beta-1.84.0-4-retry
[INFO] running `Command { std: "git" "clone" "/workspace/cache/git-repos/https%3A%2F%2Fgithub.com%2Flazareviczoran%2Fadvent-of-code" "/workspace/builds/worker-5-tc1/source", kill_on_drop: false }`
[INFO] [stderr] Cloning into '/workspace/builds/worker-5-tc1/source'...
[INFO] [stderr] done.
[INFO] validating manifest of git repo https://github.com/lazareviczoran/advent-of-code on toolchain 1.83.0
[INFO] running `Command { std: CARGO_HOME="/workspace/cargo-home" RUSTUP_HOME="/workspace/rustup-home" "/workspace/cargo-home/bin/cargo" "+1.83.0" "metadata" "--manifest-path" "Cargo.toml" "--no-deps", kill_on_drop: false }`
[INFO] started tweaking git repo https://github.com/lazareviczoran/advent-of-code
[INFO] finished tweaking git repo https://github.com/lazareviczoran/advent-of-code
[INFO] tweaked toml for git repo https://github.com/lazareviczoran/advent-of-code written to /workspace/builds/worker-5-tc1/source/Cargo.toml
[INFO] crate git repo https://github.com/lazareviczoran/advent-of-code already has a lockfile, it will not be regenerated
[INFO] running `Command { std: CARGO_HOME="/workspace/cargo-home" RUSTUP_HOME="/workspace/rustup-home" "/workspace/cargo-home/bin/cargo" "+1.83.0" "fetch" "--manifest-path" "Cargo.toml", kill_on_drop: false }`
[INFO] [stderr]     Blocking waiting for file lock on package cache
[INFO] running `Command { std: "docker" "create" "-v" "/var/lib/crater-agent-workspace/builds/worker-5-tc1/target:/opt/rustwide/target:rw,Z" "-v" "/var/lib/crater-agent-workspace/builds/worker-5-tc1/source:/opt/rustwide/workdir:ro,Z" "-v" "/var/lib/crater-agent-workspace/cargo-home:/opt/rustwide/cargo-home:ro,Z" "-v" "/var/lib/crater-agent-workspace/rustup-home:/opt/rustwide/rustup-home:ro,Z" "-e" "SOURCE_DIR=/opt/rustwide/workdir" "-e" "CARGO_TARGET_DIR=/opt/rustwide/target" "-e" "CARGO_HOME=/opt/rustwide/cargo-home" "-e" "RUSTUP_HOME=/opt/rustwide/rustup-home" "-w" "/opt/rustwide/workdir" "-m" "1610612736" "--user" "0:0" "--network" "none" "ghcr.io/rust-lang/crates-build-env/linux@sha256:f3a9d4ad9d972b27faf3965f35b62e55ba32bbce8f20bc8fe909558a86702fde" "/opt/rustwide/cargo-home/bin/cargo" "+1.83.0" "metadata" "--no-deps" "--format-version=1", kill_on_drop: false }`
[INFO] [stdout] b9ed41e6071c6b4f0a91733a67a92f553bc9bed540959435c857bcc6ad74a5d7
[INFO] running `Command { std: "docker" "start" "-a" "b9ed41e6071c6b4f0a91733a67a92f553bc9bed540959435c857bcc6ad74a5d7", kill_on_drop: false }`
[INFO] running `Command { std: "docker" "inspect" "b9ed41e6071c6b4f0a91733a67a92f553bc9bed540959435c857bcc6ad74a5d7", kill_on_drop: false }`
[INFO] running `Command { std: "docker" "rm" "-f" "b9ed41e6071c6b4f0a91733a67a92f553bc9bed540959435c857bcc6ad74a5d7", kill_on_drop: false }`
[INFO] [stdout] b9ed41e6071c6b4f0a91733a67a92f553bc9bed540959435c857bcc6ad74a5d7
[INFO] running `Command { std: "docker" "create" "-v" "/var/lib/crater-agent-workspace/builds/worker-5-tc1/target:/opt/rustwide/target:rw,Z" "-v" "/var/lib/crater-agent-workspace/builds/worker-5-tc1/source:/opt/rustwide/workdir:ro,Z" "-v" "/var/lib/crater-agent-workspace/cargo-home:/opt/rustwide/cargo-home:ro,Z" "-v" "/var/lib/crater-agent-workspace/rustup-home:/opt/rustwide/rustup-home:ro,Z" "-e" "SOURCE_DIR=/opt/rustwide/workdir" "-e" "CARGO_TARGET_DIR=/opt/rustwide/target" "-e" "CARGO_INCREMENTAL=0" "-e" "RUST_BACKTRACE=full" "-e" "RUSTFLAGS=--cap-lints=warn" "-e" "RUSTDOCFLAGS=--cap-lints=warn" "-e" "CARGO_HOME=/opt/rustwide/cargo-home" "-e" "RUSTUP_HOME=/opt/rustwide/rustup-home" "-w" "/opt/rustwide/workdir" "-m" "1610612736" "--user" "0:0" "--network" "none" "ghcr.io/rust-lang/crates-build-env/linux@sha256:f3a9d4ad9d972b27faf3965f35b62e55ba32bbce8f20bc8fe909558a86702fde" "/opt/rustwide/cargo-home/bin/cargo" "+1.83.0" "build" "--frozen" "--message-format=json", kill_on_drop: false }`
[INFO] [stdout] d0da58f70e40106652d04f8ec73263547bc7fd16f99b3803ef73172f372e5157
[INFO] running `Command { std: "docker" "start" "-a" "d0da58f70e40106652d04f8ec73263547bc7fd16f99b3803ef73172f372e5157", kill_on_drop: false }`
[INFO] [stderr]    Compiling aoc_utils v0.1.0 (/opt/rustwide/workdir/aoc_utils)
[INFO] [stderr]    Compiling crossbeam-utils v0.8.20
[INFO] [stderr]    Compiling either v1.13.0
[INFO] [stderr]    Compiling serde v1.0.215
[INFO] [stderr]    Compiling rayon-core v1.12.1
[INFO] [stderr]    Compiling serde_json v1.0.133
[INFO] [stderr]    Compiling itoa v1.0.14
[INFO] [stderr]    Compiling md5 v0.7.0
[INFO] [stderr]    Compiling rustc-hash v2.1.0
[INFO] [stderr]    Compiling aoc-2023 v0.1.0 (/opt/rustwide/workdir/aoc-2023)
[INFO] [stderr]    Compiling num-traits v0.2.19
[INFO] [stderr]    Compiling regex-automata v0.4.9
[INFO] [stderr]    Compiling itertools v0.13.0
[INFO] [stderr]    Compiling crossbeam-epoch v0.9.18
[INFO] [stderr]    Compiling crossbeam-deque v0.8.5
[INFO] [stderr]    Compiling num-integer v0.1.46
[INFO] [stderr]    Compiling num-complex v0.4.6
[INFO] [stderr]    Compiling aoc-2021 v0.1.0 (/opt/rustwide/workdir/aoc-2021)
[INFO] [stderr]    Compiling num-bigint v0.4.6
[INFO] [stderr]    Compiling num-iter v0.1.45
[INFO] [stderr]    Compiling rayon v1.10.0
[INFO] [stderr]    Compiling regex v1.11.1
[INFO] [stderr]    Compiling num-rational v0.4.2
[INFO] [stderr]    Compiling num v0.4.3
[INFO] [stderr]    Compiling aoc-2018 v0.1.0 (/opt/rustwide/workdir/aoc-2018)
[INFO] [stderr]    Compiling aoc-2022 v0.1.0 (/opt/rustwide/workdir/aoc-2022)
[INFO] [stderr]    Compiling aoc-2016 v0.1.0 (/opt/rustwide/workdir/aoc-2016)
[INFO] [stderr]    Compiling aoc-2017 v0.1.0 (/opt/rustwide/workdir/aoc-2017)
[INFO] [stderr]    Compiling aoc-2019 v0.1.0 (/opt/rustwide/workdir/aoc-2019)
[INFO] [stderr]    Compiling aoc-2020 v0.1.0 (/opt/rustwide/workdir/aoc-2020)
[INFO] [stderr]    Compiling aoc-2015 v0.1.0 (/opt/rustwide/workdir/aoc-2015)
[INFO] [stderr]    Compiling aoc-2024 v0.1.0 (/opt/rustwide/workdir/aoc-2024)
[INFO] [stderr]     Finished `dev` profile [unoptimized + debuginfo] target(s) in 36.10s
[INFO] running `Command { std: "docker" "inspect" "d0da58f70e40106652d04f8ec73263547bc7fd16f99b3803ef73172f372e5157", kill_on_drop: false }`
[INFO] running `Command { std: "docker" "rm" "-f" "d0da58f70e40106652d04f8ec73263547bc7fd16f99b3803ef73172f372e5157", kill_on_drop: false }`
[INFO] [stdout] d0da58f70e40106652d04f8ec73263547bc7fd16f99b3803ef73172f372e5157
[INFO] running `Command { std: "docker" "create" "-v" "/var/lib/crater-agent-workspace/builds/worker-5-tc1/target:/opt/rustwide/target:rw,Z" "-v" "/var/lib/crater-agent-workspace/builds/worker-5-tc1/source:/opt/rustwide/workdir:ro,Z" "-v" "/var/lib/crater-agent-workspace/cargo-home:/opt/rustwide/cargo-home:ro,Z" "-v" "/var/lib/crater-agent-workspace/rustup-home:/opt/rustwide/rustup-home:ro,Z" "-e" "SOURCE_DIR=/opt/rustwide/workdir" "-e" "CARGO_TARGET_DIR=/opt/rustwide/target" "-e" "CARGO_INCREMENTAL=0" "-e" "RUST_BACKTRACE=full" "-e" "RUSTFLAGS=--cap-lints=warn" "-e" "RUSTDOCFLAGS=--cap-lints=warn" "-e" "CARGO_HOME=/opt/rustwide/cargo-home" "-e" "RUSTUP_HOME=/opt/rustwide/rustup-home" "-w" "/opt/rustwide/workdir" "-m" "1610612736" "--user" "0:0" "--network" "none" "ghcr.io/rust-lang/crates-build-env/linux@sha256:f3a9d4ad9d972b27faf3965f35b62e55ba32bbce8f20bc8fe909558a86702fde" "/opt/rustwide/cargo-home/bin/cargo" "+1.83.0" "test" "--frozen" "--no-run" "--message-format=json", kill_on_drop: false }`
[INFO] [stdout] 2a2184f0dfe35a62ccf5159963f5d4c6d56f80957062b0b24590bf201638448c
[INFO] running `Command { std: "docker" "start" "-a" "2a2184f0dfe35a62ccf5159963f5d4c6d56f80957062b0b24590bf201638448c", kill_on_drop: false }`
[INFO] [stderr]    Compiling aoc-2023 v0.1.0 (/opt/rustwide/workdir/aoc-2023)
[INFO] [stderr]    Compiling aoc_utils v0.1.0 (/opt/rustwide/workdir/aoc_utils)
[INFO] [stderr]    Compiling aoc-2021 v0.1.0 (/opt/rustwide/workdir/aoc-2021)
[INFO] [stderr]    Compiling aoc-2022 v0.1.0 (/opt/rustwide/workdir/aoc-2022)
[INFO] [stderr]    Compiling aoc-2016 v0.1.0 (/opt/rustwide/workdir/aoc-2016)
[INFO] [stderr]    Compiling aoc-2018 v0.1.0 (/opt/rustwide/workdir/aoc-2018)
[INFO] [stderr]    Compiling aoc-2017 v0.1.0 (/opt/rustwide/workdir/aoc-2017)
[INFO] [stderr]    Compiling aoc-2015 v0.1.0 (/opt/rustwide/workdir/aoc-2015)
[INFO] [stderr]    Compiling aoc-2019 v0.1.0 (/opt/rustwide/workdir/aoc-2019)
[INFO] [stderr]    Compiling aoc-2024 v0.1.0 (/opt/rustwide/workdir/aoc-2024)
[INFO] [stderr]    Compiling aoc-2020 v0.1.0 (/opt/rustwide/workdir/aoc-2020)
[INFO] [stderr]     Finished `test` profile [unoptimized + debuginfo] target(s) in 18.00s
[INFO] running `Command { std: "docker" "inspect" "2a2184f0dfe35a62ccf5159963f5d4c6d56f80957062b0b24590bf201638448c", kill_on_drop: false }`
[INFO] running `Command { std: "docker" "rm" "-f" "2a2184f0dfe35a62ccf5159963f5d4c6d56f80957062b0b24590bf201638448c", kill_on_drop: false }`
[INFO] [stdout] 2a2184f0dfe35a62ccf5159963f5d4c6d56f80957062b0b24590bf201638448c
[INFO] running `Command { std: "docker" "create" "-v" "/var/lib/crater-agent-workspace/builds/worker-5-tc1/target:/opt/rustwide/target:rw,Z" "-v" "/var/lib/crater-agent-workspace/builds/worker-5-tc1/source:/opt/rustwide/workdir:ro,Z" "-v" "/var/lib/crater-agent-workspace/cargo-home:/opt/rustwide/cargo-home:ro,Z" "-v" "/var/lib/crater-agent-workspace/rustup-home:/opt/rustwide/rustup-home:ro,Z" "-e" "SOURCE_DIR=/opt/rustwide/workdir" "-e" "CARGO_TARGET_DIR=/opt/rustwide/target" "-e" "CARGO_INCREMENTAL=0" "-e" "RUST_BACKTRACE=full" "-e" "RUSTFLAGS=--cap-lints=warn" "-e" "RUSTDOCFLAGS=--cap-lints=warn" "-e" "CARGO_HOME=/opt/rustwide/cargo-home" "-e" "RUSTUP_HOME=/opt/rustwide/rustup-home" "-w" "/opt/rustwide/workdir" "-m" "1610612736" "--user" "0:0" "--network" "none" "ghcr.io/rust-lang/crates-build-env/linux@sha256:f3a9d4ad9d972b27faf3965f35b62e55ba32bbce8f20bc8fe909558a86702fde" "/opt/rustwide/cargo-home/bin/cargo" "+1.83.0" "test" "--frozen", kill_on_drop: false }`
[INFO] [stdout] e464396b08e4555a2879b53006327932945cb5edb2971cd124c5e2761e668caa
[INFO] running `Command { std: "docker" "start" "-a" "e464396b08e4555a2879b53006327932945cb5edb2971cd124c5e2761e668caa", kill_on_drop: false }`
[INFO] [stderr]     Finished `test` profile [unoptimized + debuginfo] target(s) in 0.13s
[INFO] [stderr]      Running unittests src/main.rs (/opt/rustwide/target/debug/deps/aoc_2015-09200283dfa1191f)
[INFO] [stdout] 
[INFO] [stdout] running 61 tests
[INFO] [stdout] test day01::test::part1_input1 ... ok
[INFO] [stdout] test day01::test::part2_input1 ... ok
[INFO] [stdout] test day01::test::part1_input2 ... ok
[INFO] [stdout] test day01::test::part1_input4 ... ok
[INFO] [stdout] test day01::test::part1_input3 ... ok
[INFO] [stdout] test day02::test::part1_input1 ... ok
[INFO] [stdout] test day02::test::part1_input2 ... ok
[INFO] [stdout] test day02::test::part2_input1 ... ok
[INFO] [stdout] test day02::test::part2_input2 ... ok
[INFO] [stdout] test day03::test::part1_input1 ... ok
[INFO] [stdout] test day03::test::part1_input2 ... ok
[INFO] [stdout] test day03::test::part2_input1 ... ok
[INFO] [stdout] test day03::test::part2_input2 ... ok
[INFO] [stdout] test day03::test::part2_input3 ... ok
[INFO] [stdout] test day03::test::part1_input3 ... ok
[INFO] [stdout] test day05::test::part1_input1 ... ok
[INFO] [stdout] test day05::test::part1_input3 ... ok
[INFO] [stdout] test day05::test::part2_input3 ... ok
[INFO] [stdout] test day05::test::part1_input2 ... ok
[INFO] [stdout] test day05::test::part2_input1 ... ok
[INFO] [stdout] test day05::test::part1_input5 ... ok
[INFO] [stdout] test day08::test::part1_input1 ... ok
[INFO] [stdout] test day08::test::part2_input1 ... ok
[INFO] [stdout] test day05::test::part2_input4 ... ok
[INFO] [stdout] test day12::test::part2_input1 ... ok
[INFO] [stdout] test day05::test::part2_input2 ... ok
[INFO] [stdout] test day10::test::part1_input1 ... ok
[INFO] [stdout] test day11::test::part1_generate_next_pass ... ok
[INFO] [stdout] test day17::test::part1_input1 ... ok
[INFO] [stdout] test day17::test::part2_input1 ... ok
[INFO] [stdout] test day18::test::part1_input1 ... ok
[INFO] [stdout] test day18::test::part2_input1 ... ok
[INFO] [stdout] test day09::test::part2_input1 ... ok
[INFO] [stdout] test day19::test::part1_input2 ... ok
[INFO] [stdout] test day19::test::part1_input1 ... ok
[INFO] [stdout] test day11::test::part1_is_valid ... ok
[INFO] [stdout] test day15::test::part2_input1 ... ok
[INFO] [stdout] test day19::test::part2_input1 ... ok
[INFO] [stdout] test day12::test::part1_input2 ... ok
[INFO] [stdout] test day21::test::get_combinations_test ... ok
[INFO] [stdout] test day22::test::part1_test1 ... ok
[INFO] [stdout] test day19::test::part1_input3 ... ok
[INFO] [stdout] test day20::test::part1_find_first_house_with_at_least_n_presents ... ok
[INFO] [stdout] test day05::test::part1_input4 ... ok
[INFO] [stdout] test day22::test::part1_test2 ... ok
[INFO] [stdout] test day14::test::part1_input1 ... ok
[INFO] [stdout] test day09::test::part1_input1 ... ok
[INFO] [stdout] test day07::test::part1_input1 ... ok
[INFO] [stdout] test day21::test::part1_test ... ok
[INFO] [stdout] test day24::test::part2_test ... ok
[INFO] [stdout] test day13::test::part1_input1 ... ok
[INFO] [stdout] test day23::test::part1_test ... ok
[INFO] [stdout] test day24::test::part1_test ... ok
[INFO] [stdout] test day19::test::part2_input2 ... ok
[INFO] [stdout] test day15::test::part1_input1 ... ok
[INFO] [stdout] test day14::test::part2_input1 ... ok
[INFO] [stdout] test day12::test::part1_input1 ... ok
[INFO] [stdout] test day25::test::part1_test ... ok
[INFO] [stdout] test day04::test::part1_input1 ... ok
[INFO] [stdout] test day11::test::part1_get_next_valid_password ... ok
[INFO] [stdout] test day04::test::part1_input2 ... ok
[INFO] [stdout] 
[INFO] [stdout] test result: ok. 61 passed; 0 failed; 0 ignored; 0 measured; 0 filtered out; finished in 7.10s
[INFO] [stdout] 
[INFO] [stderr]      Running unittests src/main.rs (/opt/rustwide/target/debug/deps/aoc_2016-e48129e6e8786341)
[INFO] [stdout] 
[INFO] [stdout] running 33 tests
[INFO] [stdout] test day01::tests::part1_tests ... ok
[INFO] [stdout] test day01::tests::part2_tests ... ok
[INFO] [stdout] test day02::tests::part1_test ... ok
[INFO] [stdout] test day04::tests::part2_test ... ok
[INFO] [stdout] test day07::tests::part1_test ... ok
[INFO] [stdout] test day07::tests::part2_test ... ok
[INFO] [stdout] test day08::tests::part1_tests ... ok
[INFO] [stdout] test day11::tests::part1_test ... ok
[INFO] [stdout] test day09::tests::part2_tests ... ok
[INFO] [stdout] test day16::tests::test_checksum ... ok
[INFO] [stdout] test day13::tests::part1_test ... ok
[INFO] [stdout] test day16::tests::test_find_checksum_for ... ok
[INFO] [stdout] test day16::tests::test_fill_disk ... ok
[INFO] [stdout] test day02::tests::part2_test ... ok
[INFO] [stdout] test day12::tests::part1_tests ... ok
[INFO] [stdout] test day17::tests::part1_tests ... ok
[INFO] [stdout] test day04::tests::part1_test ... ok
[INFO] [stdout] test day18::tests::part1_tests ... ok
[INFO] [stdout] test day09::tests::part1_tests ... ok
[INFO] [stdout] test day19::tests::part2_test ... ok
[INFO] [stdout] test day15::tests::part1_test ... ok
[INFO] [stdout] test day19::tests::part1_test ... ok
[INFO] [stdout] test day21::tests::part1_test ... ok
[INFO] [stdout] test day21::tests::part2_test ... ok
[INFO] [stdout] test day23::tests::part1_tests ... ok
[INFO] [stdout] test day24::tests::part1_tests ... ok
[INFO] [stdout] test day10::tests::part1_tests ... ok
[INFO] [stdout] test day21::tests::part2_test2 ... FAILED
[INFO] [stdout] test day17::tests::part2_tests ... ok
[INFO] [stdout] test day14::tests::part1_test ... ok
[INFO] [stdout] test day05::tests::part1_test ... ok
[INFO] [stdout] test day05::tests::part2_test has been running for over 60 seconds
[INFO] [stdout] test day14::tests::part2_test has been running for over 60 seconds
[INFO] [stdout] test day05::tests::part2_test ... ok
[INFO] [stdout] test day14::tests::part2_test ... ok
[INFO] [stdout] 
[INFO] [stdout] failures:
[INFO] [stdout] 
[INFO] [stdout] ---- day21::tests::part2_test2 stdout ----
[INFO] [stdout] thread 'day21::tests::part2_test2' panicked at aoc-2016/src/day21/mod.rs:122:5:
[INFO] [stdout] Failed to read file: Os { code: 2, kind: NotFound, message: "No such file or directory" }
[INFO] [stdout] stack backtrace:
[INFO] [stdout]    0:     0x64cc5461124a - std::backtrace_rs::backtrace::libunwind::trace::h5a5b8284f2d0c266
[INFO] [stdout]                                at /rustc/90b35a6239c3d8bdabc530a6a0816f7ff89a0aaf/library/std/src/../../backtrace/src/backtrace/libunwind.rs:116:5
[INFO] [stdout]    1:     0x64cc5461124a - std::backtrace_rs::backtrace::trace_unsynchronized::h76d4f1c9b0b875e3
[INFO] [stdout]                                at /rustc/90b35a6239c3d8bdabc530a6a0816f7ff89a0aaf/library/std/src/../../backtrace/src/backtrace/mod.rs:66:5
[INFO] [stdout]    2:     0x64cc5461124a - std::sys::backtrace::_print_fmt::hc4546b8364a537c6
[INFO] [stdout]                                at /rustc/90b35a6239c3d8bdabc530a6a0816f7ff89a0aaf/library/std/src/sys/backtrace.rs:66:9
[INFO] [stdout]    3:     0x64cc5461124a - <std::sys::backtrace::BacktraceLock::print::DisplayBacktrace as core::fmt::Display>::fmt::h5b6bd5631a6d1f6b
[INFO] [stdout]                                at /rustc/90b35a6239c3d8bdabc530a6a0816f7ff89a0aaf/library/std/src/sys/backtrace.rs:39:26
[INFO] [stdout]    4:     0x64cc54636be3 - core::fmt::rt::Argument::fmt::h270f6602a2b96f62
[INFO] [stdout]                                at /rustc/90b35a6239c3d8bdabc530a6a0816f7ff89a0aaf/library/core/src/fmt/rt.rs:177:76
[INFO] [stdout]    5:     0x64cc54636be3 - core::fmt::write::h7550c97b06c86515
[INFO] [stdout]                                at /rustc/90b35a6239c3d8bdabc530a6a0816f7ff89a0aaf/library/core/src/fmt/mod.rs:1186:21
[INFO] [stdout]    6:     0x64cc5460e413 - std::io::Write::write_fmt::h509ff860e5956e5e
[INFO] [stdout]                                at /rustc/90b35a6239c3d8bdabc530a6a0816f7ff89a0aaf/library/std/src/io/mod.rs:1839:15
[INFO] [stdout]    7:     0x64cc54611092 - std::sys::backtrace::BacktraceLock::print::h2395ccd2c84ba3aa
[INFO] [stdout]                                at /rustc/90b35a6239c3d8bdabc530a6a0816f7ff89a0aaf/library/std/src/sys/backtrace.rs:42:9
[INFO] [stdout]    8:     0x64cc546126aa - std::panicking::default_hook::{{closure}}::he19d4c7230e07961
[INFO] [stdout]                                at /rustc/90b35a6239c3d8bdabc530a6a0816f7ff89a0aaf/library/std/src/panicking.rs:268:22
[INFO] [stdout]    9:     0x64cc546124b4 - std::panicking::default_hook::hf614597d3c67bbdb
[INFO] [stdout]                                at /rustc/90b35a6239c3d8bdabc530a6a0816f7ff89a0aaf/library/std/src/panicking.rs:292:9
[INFO] [stdout]   10:     0x64cc543565f9 - <alloc::boxed::Box<F,A> as core::ops::function::Fn<Args>>::call::h39b51ce4599c23d1
[INFO] [stdout]                                at /rustc/90b35a6239c3d8bdabc530a6a0816f7ff89a0aaf/library/alloc/src/boxed.rs:2468:9
[INFO] [stdout]   11:     0x64cc543565f9 - test::test_main::{{closure}}::he977ae839a582784
[INFO] [stdout]                                at /rustc/90b35a6239c3d8bdabc530a6a0816f7ff89a0aaf/library/test/src/lib.rs:133:21
[INFO] [stdout]   12:     0x64cc54612d48 - <alloc::boxed::Box<F,A> as core::ops::function::Fn<Args>>::call::h9455091b6b06f9fb
[INFO] [stdout]                                at /rustc/90b35a6239c3d8bdabc530a6a0816f7ff89a0aaf/library/alloc/src/boxed.rs:2468:9
[INFO] [stdout]   13:     0x64cc54612d48 - std::panicking::rust_panic_with_hook::h8942133a8b252070
[INFO] [stdout]                                at /rustc/90b35a6239c3d8bdabc530a6a0816f7ff89a0aaf/library/std/src/panicking.rs:809:13
[INFO] [stdout]   14:     0x64cc54612b0a - std::panicking::begin_panic_handler::{{closure}}::hb5f5963570096b29
[INFO] [stdout]                                at /rustc/90b35a6239c3d8bdabc530a6a0816f7ff89a0aaf/library/std/src/panicking.rs:674:13
[INFO] [stdout]   15:     0x64cc54611729 - std::sys::backtrace::__rust_end_short_backtrace::h6208cedc1922feda
[INFO] [stdout]                                at /rustc/90b35a6239c3d8bdabc530a6a0816f7ff89a0aaf/library/std/src/sys/backtrace.rs:170:18
[INFO] [stdout]   16:     0x64cc5461279c - rust_begin_unwind
[INFO] [stdout]                                at /rustc/90b35a6239c3d8bdabc530a6a0816f7ff89a0aaf/library/std/src/panicking.rs:665:5
[INFO] [stdout]   17:     0x64cc54292130 - core::panicking::panic_fmt::h0c3082644d1bf418
[INFO] [stdout]                                at /rustc/90b35a6239c3d8bdabc530a6a0816f7ff89a0aaf/library/core/src/panicking.rs:74:14
[INFO] [stdout]   18:     0x64cc542925b6 - core::result::unwrap_failed::hd20b4aa073bda1e2
[INFO] [stdout]                                at /rustc/90b35a6239c3d8bdabc530a6a0816f7ff89a0aaf/library/core/src/result.rs:1700:5
[INFO] [stdout]   19:     0x64cc543020e4 - core::result::Result<T,E>::expect::hf16e84ae18bc7b53
[INFO] [stdout]                                at /rustc/90b35a6239c3d8bdabc530a6a0816f7ff89a0aaf/library/core/src/result.rs:1061:23
[INFO] [stdout]   20:     0x64cc542f4bc2 - aoc_2016::day21::read::hc80d1533d6cfc1ab
[INFO] [stdout]                                at /opt/rustwide/workdir/aoc-2016/src/day21/mod.rs:122:5
[INFO] [stdout]   21:     0x64cc542ec792 - aoc_2016::day21::tests::part2_test2::hc3a302f31254763b
[INFO] [stdout]                                at /opt/rustwide/workdir/aoc-2016/src/day21/mod.rs:218:28
[INFO] [stdout]   22:     0x64cc542ec757 - aoc_2016::day21::tests::part2_test2::{{closure}}::hb44032bf5ba6cbf3
[INFO] [stdout]                                at /opt/rustwide/workdir/aoc-2016/src/day21/mod.rs:217:21
[INFO] [stdout]   23:     0x64cc542fddc6 - core::ops::function::FnOnce::call_once::h3416f363529155bc
[INFO] [stdout]                                at /rustc/90b35a6239c3d8bdabc530a6a0816f7ff89a0aaf/library/core/src/ops/function.rs:250:5
[INFO] [stdout]   24:     0x64cc5435afbb - core::ops::function::FnOnce::call_once::h109cf8051a59b34e
[INFO] [stdout]                                at /rustc/90b35a6239c3d8bdabc530a6a0816f7ff89a0aaf/library/core/src/ops/function.rs:250:5
[INFO] [stdout]   25:     0x64cc5435afbb - test::__rust_begin_short_backtrace::hf4fff89d377446ba
[INFO] [stdout]                                at /rustc/90b35a6239c3d8bdabc530a6a0816f7ff89a0aaf/library/test/src/lib.rs:621:18
[INFO] [stdout]   26:     0x64cc5435a7f7 - test::run_test_in_process::{{closure}}::h0e39181dd7ee5a43
[INFO] [stdout]                                at /rustc/90b35a6239c3d8bdabc530a6a0816f7ff89a0aaf/library/test/src/lib.rs:644:60
[INFO] [stdout]   27:     0x64cc5435a7f7 - <core::panic::unwind_safe::AssertUnwindSafe<F> as core::ops::function::FnOnce<()>>::call_once::hc5a66a30f0bdfd1f
[INFO] [stdout]                                at /rustc/90b35a6239c3d8bdabc530a6a0816f7ff89a0aaf/library/core/src/panic/unwind_safe.rs:272:9
[INFO] [stdout]   28:     0x64cc5435a7f7 - std::panicking::try::do_call::h873b7cf639554a5e
[INFO] [stdout]                                at /rustc/90b35a6239c3d8bdabc530a6a0816f7ff89a0aaf/library/std/src/panicking.rs:557:40
[INFO] [stdout]   29:     0x64cc5435a7f7 - std::panicking::try::hdb19862fad9c8bd1
[INFO] [stdout]                                at /rustc/90b35a6239c3d8bdabc530a6a0816f7ff89a0aaf/library/std/src/panicking.rs:520:19
[INFO] [stdout]   30:     0x64cc5435a7f7 - std::panic::catch_unwind::h281fe732d236d260
[INFO] [stdout]                                at /rustc/90b35a6239c3d8bdabc530a6a0816f7ff89a0aaf/library/std/src/panic.rs:358:14
[INFO] [stdout]   31:     0x64cc5435a7f7 - test::run_test_in_process::h949b6df8457ed338
[INFO] [stdout]                                at /rustc/90b35a6239c3d8bdabc530a6a0816f7ff89a0aaf/library/test/src/lib.rs:644:27
[INFO] [stdout]   32:     0x64cc5435a7f7 - test::run_test::{{closure}}::h52c556a6d4740e10
[INFO] [stdout]                                at /rustc/90b35a6239c3d8bdabc530a6a0816f7ff89a0aaf/library/test/src/lib.rs:565:43
[INFO] [stdout]   33:     0x64cc5431fad4 - test::run_test::{{closure}}::h4237f6381c45ccb9
[INFO] [stdout]                                at /rustc/90b35a6239c3d8bdabc530a6a0816f7ff89a0aaf/library/test/src/lib.rs:595:41
[INFO] [stdout]   34:     0x64cc5431fad4 - std::sys::backtrace::__rust_begin_short_backtrace::h505c97a579eca628
[INFO] [stdout]                                at /rustc/90b35a6239c3d8bdabc530a6a0816f7ff89a0aaf/library/std/src/sys/backtrace.rs:154:18
[INFO] [stdout]   35:     0x64cc5432319e - std::thread::Builder::spawn_unchecked_::{{closure}}::{{closure}}::h9e86b2e2bc107ea3
[INFO] [stdout]                                at /rustc/90b35a6239c3d8bdabc530a6a0816f7ff89a0aaf/library/std/src/thread/mod.rs:538:17
[INFO] [stdout]   36:     0x64cc5432319e - <core::panic::unwind_safe::AssertUnwindSafe<F> as core::ops::function::FnOnce<()>>::call_once::h8b06ddb275ff4a25
[INFO] [stdout]                                at /rustc/90b35a6239c3d8bdabc530a6a0816f7ff89a0aaf/library/core/src/panic/unwind_safe.rs:272:9
[INFO] [stdout]   37:     0x64cc5432319e - std::panicking::try::do_call::hb26ecd7cd9a9355d
[INFO] [stdout]                                at /rustc/90b35a6239c3d8bdabc530a6a0816f7ff89a0aaf/library/std/src/panicking.rs:557:40
[INFO] [stdout]   38:     0x64cc5432319e - std::panicking::try::h8ddeca9d705f9069
[INFO] [stdout]                                at /rustc/90b35a6239c3d8bdabc530a6a0816f7ff89a0aaf/library/std/src/panicking.rs:520:19
[INFO] [stdout]   39:     0x64cc5432319e - std::panic::catch_unwind::h49e1c33078844c46
[INFO] [stdout]                                at /rustc/90b35a6239c3d8bdabc530a6a0816f7ff89a0aaf/library/std/src/panic.rs:358:14
[INFO] [stdout]   40:     0x64cc5432319e - std::thread::Builder::spawn_unchecked_::{{closure}}::h6073db6ff56ad35d
[INFO] [stdout]                                at /rustc/90b35a6239c3d8bdabc530a6a0816f7ff89a0aaf/library/std/src/thread/mod.rs:537:30
[INFO] [stdout]   41:     0x64cc5432319e - core::ops::function::FnOnce::call_once{{vtable.shim}}::h2c5a5f3779c774f1
[INFO] [stdout]                                at /rustc/90b35a6239c3d8bdabc530a6a0816f7ff89a0aaf/library/core/src/ops/function.rs:250:5
[INFO] [stdout]   42:     0x64cc54616a9b - <alloc::boxed::Box<F,A> as core::ops::function::FnOnce<Args>>::call_once::hf75717d9f28faebf
[INFO] [stdout]                                at /rustc/90b35a6239c3d8bdabc530a6a0816f7ff89a0aaf/library/alloc/src/boxed.rs:2454:9
[INFO] [stdout]   43:     0x64cc54616a9b - <alloc::boxed::Box<F,A> as core::ops::function::FnOnce<Args>>::call_once::h7bd883a5f3c5f3c1
[INFO] [stdout]                                at /rustc/90b35a6239c3d8bdabc530a6a0816f7ff89a0aaf/library/alloc/src/boxed.rs:2454:9
[INFO] [stdout]   44:     0x64cc54616a9b - std::sys::pal::unix::thread::Thread::new::thread_start::hcc78f3943333fa94
[INFO] [stdout]                                at /rustc/90b35a6239c3d8bdabc530a6a0816f7ff89a0aaf/library/std/src/sys/pal/unix/thread.rs:105:17
[INFO] [stdout]   45:     0x7ec04c104ac3 - <unknown>
[INFO] [stdout]   46:     0x7ec04c195a04 - clone
[INFO] [stdout]   47:                0x0 - <unknown>
[INFO] [stdout] 
[INFO] [stdout] 
[INFO] [stdout] failures:
[INFO] [stdout]     day21::tests::part2_test2
[INFO] [stdout] 
[INFO] [stdout] test result: FAILED. 32 passed; 1 failed; 0 ignored; 0 measured; 0 filtered out; finished in 209.24s
[INFO] [stdout] 
[INFO] [stderr] error: test failed, to rerun pass `-p aoc-2016 --bin aoc-2016`
[INFO] running `Command { std: "docker" "inspect" "e464396b08e4555a2879b53006327932945cb5edb2971cd124c5e2761e668caa", kill_on_drop: false }`
[INFO] running `Command { std: "docker" "rm" "-f" "e464396b08e4555a2879b53006327932945cb5edb2971cd124c5e2761e668caa", kill_on_drop: false }`
[INFO] [stdout] e464396b08e4555a2879b53006327932945cb5edb2971cd124c5e2761e668caa
