[INFO] cloning repository https://github.com/kurtbuilds/fake
[INFO] running `Command { std: "git" "-c" "credential.helper=" "-c" "credential.helper=/workspace/cargo-home/bin/git-credential-null" "clone" "--bare" "https://github.com/kurtbuilds/fake" "/workspace/cache/git-repos/https%3A%2F%2Fgithub.com%2Fkurtbuilds%2Ffake", kill_on_drop: false }`
[INFO] [stderr] Cloning into bare repository '/workspace/cache/git-repos/https%3A%2F%2Fgithub.com%2Fkurtbuilds%2Ffake'...
[INFO] running `Command { std: "git" "rev-parse" "HEAD", kill_on_drop: false }`
[INFO] [stdout] f4c72f58012ce9323261ef1f7735937abab0b010
[INFO] testing kurtbuilds/fake against 1.83.0 for beta-1.84.0-4-retry
[INFO] running `Command { std: "git" "clone" "/workspace/cache/git-repos/https%3A%2F%2Fgithub.com%2Fkurtbuilds%2Ffake" "/workspace/builds/worker-1-tc1/source", kill_on_drop: false }`
[INFO] [stderr] Cloning into '/workspace/builds/worker-1-tc1/source'...
[INFO] [stderr] done.
[INFO] validating manifest of git repo https://github.com/kurtbuilds/fake on toolchain 1.83.0
[INFO] running `Command { std: CARGO_HOME="/workspace/cargo-home" RUSTUP_HOME="/workspace/rustup-home" "/workspace/cargo-home/bin/cargo" "+1.83.0" "metadata" "--manifest-path" "Cargo.toml" "--no-deps", kill_on_drop: false }`
[INFO] started tweaking git repo https://github.com/kurtbuilds/fake
[INFO] finished tweaking git repo https://github.com/kurtbuilds/fake
[INFO] tweaked toml for git repo https://github.com/kurtbuilds/fake written to /workspace/builds/worker-1-tc1/source/Cargo.toml
[INFO] crate git repo https://github.com/kurtbuilds/fake already has a lockfile, it will not be regenerated
[INFO] running `Command { std: CARGO_HOME="/workspace/cargo-home" RUSTUP_HOME="/workspace/rustup-home" "/workspace/cargo-home/bin/cargo" "+1.83.0" "fetch" "--manifest-path" "Cargo.toml", kill_on_drop: false }`
[INFO] [stderr]     Blocking waiting for file lock on package cache
[INFO] [stderr]     Updating crates.io index
[INFO] [stderr]     Blocking waiting for file lock on package cache
[INFO] [stderr]      Locking 6 packages to latest compatible versions
[INFO] [stderr]       Adding itoa v1.0.14
[INFO] [stderr]       Adding memchr v2.7.4
[INFO] [stderr]       Adding ryu v1.0.18
[INFO] [stderr]       Adding serde v1.0.210 (available: v1.0.216)
[INFO] [stderr]       Adding serde_derive v1.0.210 (available: v1.0.216)
[INFO] [stderr]       Adding serde_json v1.0.133
[INFO] [stderr]  Downloading crates ...
[INFO] [stderr]   Downloaded dummy v0.8.0
[INFO] [stderr]   Downloaded fake v2.10.0
[INFO] running `Command { std: "docker" "create" "-v" "/var/lib/crater-agent-workspace/builds/worker-1-tc1/target:/opt/rustwide/target:rw,Z" "-v" "/var/lib/crater-agent-workspace/builds/worker-1-tc1/source:/opt/rustwide/workdir:ro,Z" "-v" "/var/lib/crater-agent-workspace/cargo-home:/opt/rustwide/cargo-home:ro,Z" "-v" "/var/lib/crater-agent-workspace/rustup-home:/opt/rustwide/rustup-home:ro,Z" "-e" "SOURCE_DIR=/opt/rustwide/workdir" "-e" "CARGO_TARGET_DIR=/opt/rustwide/target" "-e" "CARGO_HOME=/opt/rustwide/cargo-home" "-e" "RUSTUP_HOME=/opt/rustwide/rustup-home" "-w" "/opt/rustwide/workdir" "-m" "1610612736" "--user" "0:0" "--network" "none" "ghcr.io/rust-lang/crates-build-env/linux@sha256:f3a9d4ad9d972b27faf3965f35b62e55ba32bbce8f20bc8fe909558a86702fde" "/opt/rustwide/cargo-home/bin/cargo" "+1.83.0" "metadata" "--no-deps" "--format-version=1", kill_on_drop: false }`
[INFO] [stdout] 63bea32cf4a1c83f5667daa287cb3f007617ad5f56b304c481b82f1fb2838974
[INFO] running `Command { std: "docker" "start" "-a" "63bea32cf4a1c83f5667daa287cb3f007617ad5f56b304c481b82f1fb2838974", kill_on_drop: false }`
[INFO] running `Command { std: "docker" "inspect" "63bea32cf4a1c83f5667daa287cb3f007617ad5f56b304c481b82f1fb2838974", kill_on_drop: false }`
[INFO] running `Command { std: "docker" "rm" "-f" "63bea32cf4a1c83f5667daa287cb3f007617ad5f56b304c481b82f1fb2838974", kill_on_drop: false }`
[INFO] [stdout] 63bea32cf4a1c83f5667daa287cb3f007617ad5f56b304c481b82f1fb2838974
[INFO] running `Command { std: "docker" "create" "-v" "/var/lib/crater-agent-workspace/builds/worker-1-tc1/target:/opt/rustwide/target:rw,Z" "-v" "/var/lib/crater-agent-workspace/builds/worker-1-tc1/source:/opt/rustwide/workdir:ro,Z" "-v" "/var/lib/crater-agent-workspace/cargo-home:/opt/rustwide/cargo-home:ro,Z" "-v" "/var/lib/crater-agent-workspace/rustup-home:/opt/rustwide/rustup-home:ro,Z" "-e" "SOURCE_DIR=/opt/rustwide/workdir" "-e" "CARGO_TARGET_DIR=/opt/rustwide/target" "-e" "CARGO_INCREMENTAL=0" "-e" "RUST_BACKTRACE=full" "-e" "RUSTFLAGS=--cap-lints=warn" "-e" "RUSTDOCFLAGS=--cap-lints=warn" "-e" "CARGO_HOME=/opt/rustwide/cargo-home" "-e" "RUSTUP_HOME=/opt/rustwide/rustup-home" "-w" "/opt/rustwide/workdir" "-m" "1610612736" "--user" "0:0" "--network" "none" "ghcr.io/rust-lang/crates-build-env/linux@sha256:f3a9d4ad9d972b27faf3965f35b62e55ba32bbce8f20bc8fe909558a86702fde" "/opt/rustwide/cargo-home/bin/cargo" "+1.83.0" "build" "--frozen" "--message-format=json", kill_on_drop: false }`
[INFO] [stdout] dd8d4daf321954b32690ed32d7890aa9c4b34406dfa7f456b8c3084fdc763141
[INFO] running `Command { std: "docker" "start" "-a" "dd8d4daf321954b32690ed32d7890aa9c4b34406dfa7f456b8c3084fdc763141", kill_on_drop: false }`
[INFO] [stderr]    Compiling proc-macro2 v1.0.87
[INFO] [stderr]    Compiling unicode-ident v1.0.13
[INFO] [stderr]    Compiling version_check v0.9.5
[INFO] [stderr]    Compiling libc v0.2.159
[INFO] [stderr]    Compiling byteorder v1.5.0
[INFO] [stderr]    Compiling fnv v1.0.7
[INFO] [stderr]    Compiling autocfg v1.4.0
[INFO] [stderr]    Compiling bytemuck v1.18.0
[INFO] [stderr]    Compiling sha1_smol v1.0.1
[INFO] [stderr]    Compiling deunicode v1.6.0
[INFO] [stderr]    Compiling atomic v0.6.0
[INFO] [stderr]    Compiling generic-array v0.14.7
[INFO] [stderr]    Compiling num-traits v0.2.19
[INFO] [stderr]    Compiling crypto-common v0.1.6
[INFO] [stderr]    Compiling block-buffer v0.10.4
[INFO] [stderr]    Compiling digest v0.10.7
[INFO] [stderr]    Compiling quote v1.0.37
[INFO] [stderr]    Compiling md-5 v0.10.6
[INFO] [stderr]    Compiling syn v2.0.79
[INFO] [stderr]    Compiling getrandom v0.2.15
[INFO] [stderr]    Compiling chrono v0.4.38
[INFO] [stderr]    Compiling rand_core v0.6.4
[INFO] [stderr]    Compiling uuid v1.10.0
[INFO] [stderr]    Compiling darling_core v0.20.10
[INFO] [stderr]    Compiling zerocopy-derive v0.7.35
[INFO] [stderr]    Compiling zerocopy v0.7.35
[INFO] [stderr]    Compiling darling_macro v0.20.10
[INFO] [stderr]    Compiling ppv-lite86 v0.2.20
[INFO] [stderr]    Compiling darling v0.20.10
[INFO] [stderr]    Compiling rand_chacha v0.3.1
[INFO] [stderr]    Compiling dummy v0.8.0
[INFO] [stderr]    Compiling rand v0.8.5
[INFO] [stderr]    Compiling fake v2.10.0
[INFO] [stderr]    Compiling kurtbuilds_fake v0.1.1 (/opt/rustwide/workdir)
[INFO] [stderr]     Finished `dev` profile [unoptimized + debuginfo] target(s) in 14.17s
[INFO] running `Command { std: "docker" "inspect" "dd8d4daf321954b32690ed32d7890aa9c4b34406dfa7f456b8c3084fdc763141", kill_on_drop: false }`
[INFO] running `Command { std: "docker" "rm" "-f" "dd8d4daf321954b32690ed32d7890aa9c4b34406dfa7f456b8c3084fdc763141", kill_on_drop: false }`
[INFO] [stdout] dd8d4daf321954b32690ed32d7890aa9c4b34406dfa7f456b8c3084fdc763141
[INFO] running `Command { std: "docker" "create" "-v" "/var/lib/crater-agent-workspace/builds/worker-1-tc1/target:/opt/rustwide/target:rw,Z" "-v" "/var/lib/crater-agent-workspace/builds/worker-1-tc1/source:/opt/rustwide/workdir:ro,Z" "-v" "/var/lib/crater-agent-workspace/cargo-home:/opt/rustwide/cargo-home:ro,Z" "-v" "/var/lib/crater-agent-workspace/rustup-home:/opt/rustwide/rustup-home:ro,Z" "-e" "SOURCE_DIR=/opt/rustwide/workdir" "-e" "CARGO_TARGET_DIR=/opt/rustwide/target" "-e" "CARGO_INCREMENTAL=0" "-e" "RUST_BACKTRACE=full" "-e" "RUSTFLAGS=--cap-lints=warn" "-e" "RUSTDOCFLAGS=--cap-lints=warn" "-e" "CARGO_HOME=/opt/rustwide/cargo-home" "-e" "RUSTUP_HOME=/opt/rustwide/rustup-home" "-w" "/opt/rustwide/workdir" "-m" "1610612736" "--user" "0:0" "--network" "none" "ghcr.io/rust-lang/crates-build-env/linux@sha256:f3a9d4ad9d972b27faf3965f35b62e55ba32bbce8f20bc8fe909558a86702fde" "/opt/rustwide/cargo-home/bin/cargo" "+1.83.0" "test" "--frozen" "--no-run" "--message-format=json", kill_on_drop: false }`
[INFO] [stdout] a77f888449a734fe464402ecf5e9b8dd6840668837688d5d21be27b21e376ac3
[INFO] running `Command { std: "docker" "start" "-a" "a77f888449a734fe464402ecf5e9b8dd6840668837688d5d21be27b21e376ac3", kill_on_drop: false }`
[INFO] [stderr]    Compiling kurtbuilds_fake v0.1.1 (/opt/rustwide/workdir)
[INFO] [stderr]     Finished `test` profile [unoptimized + debuginfo] target(s) in 0.42s
[INFO] running `Command { std: "docker" "inspect" "a77f888449a734fe464402ecf5e9b8dd6840668837688d5d21be27b21e376ac3", kill_on_drop: false }`
[INFO] running `Command { std: "docker" "rm" "-f" "a77f888449a734fe464402ecf5e9b8dd6840668837688d5d21be27b21e376ac3", kill_on_drop: false }`
[INFO] [stdout] a77f888449a734fe464402ecf5e9b8dd6840668837688d5d21be27b21e376ac3
[INFO] running `Command { std: "docker" "create" "-v" "/var/lib/crater-agent-workspace/builds/worker-1-tc1/target:/opt/rustwide/target:rw,Z" "-v" "/var/lib/crater-agent-workspace/builds/worker-1-tc1/source:/opt/rustwide/workdir:ro,Z" "-v" "/var/lib/crater-agent-workspace/cargo-home:/opt/rustwide/cargo-home:ro,Z" "-v" "/var/lib/crater-agent-workspace/rustup-home:/opt/rustwide/rustup-home:ro,Z" "-e" "SOURCE_DIR=/opt/rustwide/workdir" "-e" "CARGO_TARGET_DIR=/opt/rustwide/target" "-e" "CARGO_INCREMENTAL=0" "-e" "RUST_BACKTRACE=full" "-e" "RUSTFLAGS=--cap-lints=warn" "-e" "RUSTDOCFLAGS=--cap-lints=warn" "-e" "CARGO_HOME=/opt/rustwide/cargo-home" "-e" "RUSTUP_HOME=/opt/rustwide/rustup-home" "-w" "/opt/rustwide/workdir" "-m" "1610612736" "--user" "0:0" "--network" "none" "ghcr.io/rust-lang/crates-build-env/linux@sha256:f3a9d4ad9d972b27faf3965f35b62e55ba32bbce8f20bc8fe909558a86702fde" "/opt/rustwide/cargo-home/bin/cargo" "+1.83.0" "test" "--frozen", kill_on_drop: false }`
[INFO] [stdout] 150b4261f2831c0fba6aaa04293a3669b0809553ed344266a29140df82073c94
[INFO] running `Command { std: "docker" "start" "-a" "150b4261f2831c0fba6aaa04293a3669b0809553ed344266a29140df82073c94", kill_on_drop: false }`
[INFO] [stderr]     Finished `test` profile [unoptimized + debuginfo] target(s) in 0.05s
[INFO] [stderr]      Running unittests src/lib.rs (/opt/rustwide/target/debug/deps/fake-148a14553432cf12)
[INFO] [stdout] 
[INFO] [stdout] running 0 tests
[INFO] [stdout] 
[INFO] [stdout] test result: ok. 0 passed; 0 failed; 0 ignored; 0 measured; 0 filtered out; finished in 0.00s
[INFO] [stdout] 
[INFO] [stderr]    Doc-tests fake
[INFO] [stderr] error[E0464]: multiple candidates for `rlib` dependency `fake` found
[INFO] [stderr]  --> src/lib.rs:1:9
[INFO] [stderr]   |
[INFO] [stderr] 1 | pub use fake::*;
[INFO] [stderr]   |         ^^^^
[INFO] [stderr]   |
[INFO] [stderr]   = note: candidate #1: /opt/rustwide/target/debug/deps/libfake-0704df49f3a68fa7.rlib
[INFO] [stderr]   = note: candidate #2: /opt/rustwide/target/debug/deps/libfake-0980d057ca3c326f.rlib
[INFO] [stderr] 
[INFO] [stderr] error[E0405]: cannot find trait `Dummy` in this scope
[INFO] [stderr]  --> src/lib.rs:9:8
[INFO] [stderr]   |
[INFO] [stderr] 9 |     T: Dummy<Faker>,
[INFO] [stderr]   |        ^^^^^ not found in this scope
[INFO] [stderr] 
[INFO] [stderr] error[E0412]: cannot find type `Faker` in this scope
[INFO] [stderr]  --> src/lib.rs:9:14
[INFO] [stderr]   |
[INFO] [stderr] 9 |     T: Dummy<Faker>,
[INFO] [stderr]   |              ^^^^^ not found in this scope
[INFO] [stderr]   |
[INFO] [stderr] help: you might be missing a type parameter
[INFO] [stderr]   |
[INFO] [stderr] 7 | impl<T, Faker> FluentFake for T
[INFO] [stderr]   |       +++++++
[INFO] [stderr] 
[INFO] [stderr] error: aborting due to 3 previous errors
[INFO] [stderr] 
[INFO] [stderr] Some errors have detailed explanations: E0405, E0412, E0464.
[INFO] [stderr] For more information about an error, try `rustc --explain E0405`.
[INFO] [stderr] error: doctest failed, to rerun pass `--doc`
[INFO] [stderr] 
[INFO] [stderr] Caused by:
[INFO] [stderr]   process didn't exit successfully: `/opt/rustwide/rustup-home/toolchains/1.83.0-x86_64-unknown-linux-gnu/bin/rustdoc --edition=2021 --crate-type lib --color auto --crate-name fake --test src/lib.rs --test-run-directory /opt/rustwide/workdir -L dependency=/opt/rustwide/target/debug/deps -L dependency=/opt/rustwide/target/debug/deps --extern fake=/opt/rustwide/target/debug/deps/libfake-0980d057ca3c326f.rlib --extern fake=/opt/rustwide/target/debug/deps/libfake-0704df49f3a68fa7.rlib -C embed-bitcode=no --check-cfg 'cfg(docsrs)' --check-cfg 'cfg(feature, values("chrono", "derive", "serde_json", "uuid"))' --cap-lints=warn --error-format human` (exit status: 1)
[INFO] [stderr] note: test exited abnormally; to see the full output pass --nocapture to the harness.
[INFO] running `Command { std: "docker" "inspect" "150b4261f2831c0fba6aaa04293a3669b0809553ed344266a29140df82073c94", kill_on_drop: false }`
[INFO] running `Command { std: "docker" "rm" "-f" "150b4261f2831c0fba6aaa04293a3669b0809553ed344266a29140df82073c94", kill_on_drop: false }`
[INFO] [stdout] 150b4261f2831c0fba6aaa04293a3669b0809553ed344266a29140df82073c94
