[INFO] cloning repository https://github.com/kruserr/cli-pdf-reader
[INFO] running `Command { std: "git" "-c" "credential.helper=" "-c" "credential.helper=/workspace/cargo-home/bin/git-credential-null" "clone" "--bare" "https://github.com/kruserr/cli-pdf-reader" "/workspace/cache/git-repos/https%3A%2F%2Fgithub.com%2Fkruserr%2Fcli-pdf-reader", kill_on_drop: false }`
[INFO] [stderr] Cloning into bare repository '/workspace/cache/git-repos/https%3A%2F%2Fgithub.com%2Fkruserr%2Fcli-pdf-reader'...
[INFO] running `Command { std: "git" "rev-parse" "HEAD", kill_on_drop: false }`
[INFO] [stdout] 8062d0a4e2ebcdc6b2a43f9ab48670e616671fb9
[INFO] testing kruserr/cli-pdf-reader against 1.83.0 for beta-1.84.0-4-retry
[INFO] running `Command { std: "git" "clone" "/workspace/cache/git-repos/https%3A%2F%2Fgithub.com%2Fkruserr%2Fcli-pdf-reader" "/workspace/builds/worker-4-tc1/source", kill_on_drop: false }`
[INFO] [stderr] Cloning into '/workspace/builds/worker-4-tc1/source'...
[INFO] [stderr] done.
[INFO] validating manifest of git repo https://github.com/kruserr/cli-pdf-reader on toolchain 1.83.0
[INFO] running `Command { std: CARGO_HOME="/workspace/cargo-home" RUSTUP_HOME="/workspace/rustup-home" "/workspace/cargo-home/bin/cargo" "+1.83.0" "metadata" "--manifest-path" "Cargo.toml" "--no-deps", kill_on_drop: false }`
[INFO] removed /workspace/builds/worker-4-tc1/source/.cargo/config.toml
[INFO] started tweaking git repo https://github.com/kruserr/cli-pdf-reader
[INFO] finished tweaking git repo https://github.com/kruserr/cli-pdf-reader
[INFO] tweaked toml for git repo https://github.com/kruserr/cli-pdf-reader written to /workspace/builds/worker-4-tc1/source/Cargo.toml
[INFO] crate git repo https://github.com/kruserr/cli-pdf-reader already has a lockfile, it will not be regenerated
[INFO] running `Command { std: CARGO_HOME="/workspace/cargo-home" RUSTUP_HOME="/workspace/rustup-home" "/workspace/cargo-home/bin/cargo" "+1.83.0" "fetch" "--manifest-path" "Cargo.toml", kill_on_drop: false }`
[INFO] [stderr]     Blocking waiting for file lock on package cache
[INFO] [stderr]     Updating crates.io index
[INFO] [stderr]     Blocking waiting for file lock on package cache
[INFO] [stderr]  Downloading crates ...
[INFO] [stderr]   Downloaded derive_arbitrary v1.4.1
[INFO] [stderr]   Downloaded markup5ever v0.14.0
[INFO] [stderr]   Downloaded html5ever v0.29.0
[INFO] [stderr]   Downloaded html2text v0.13.4
[INFO] [stderr]   Downloaded libc v0.2.165
[INFO] [stderr]   Downloaded epub v2.1.2
[INFO] running `Command { std: "docker" "create" "-v" "/var/lib/crater-agent-workspace/builds/worker-4-tc1/target:/opt/rustwide/target:rw,Z" "-v" "/var/lib/crater-agent-workspace/builds/worker-4-tc1/source:/opt/rustwide/workdir:ro,Z" "-v" "/var/lib/crater-agent-workspace/cargo-home:/opt/rustwide/cargo-home:ro,Z" "-v" "/var/lib/crater-agent-workspace/rustup-home:/opt/rustwide/rustup-home:ro,Z" "-e" "SOURCE_DIR=/opt/rustwide/workdir" "-e" "CARGO_TARGET_DIR=/opt/rustwide/target" "-e" "CARGO_HOME=/opt/rustwide/cargo-home" "-e" "RUSTUP_HOME=/opt/rustwide/rustup-home" "-w" "/opt/rustwide/workdir" "-m" "1610612736" "--user" "0:0" "--network" "none" "ghcr.io/rust-lang/crates-build-env/linux@sha256:f3a9d4ad9d972b27faf3965f35b62e55ba32bbce8f20bc8fe909558a86702fde" "/opt/rustwide/cargo-home/bin/cargo" "+1.83.0" "metadata" "--no-deps" "--format-version=1", kill_on_drop: false }`
[INFO] [stdout] bb1ae662540bfb26a0fb434a4c905c6be8f61bc5b807fc6fdf065fc69d757129
[INFO] running `Command { std: "docker" "start" "-a" "bb1ae662540bfb26a0fb434a4c905c6be8f61bc5b807fc6fdf065fc69d757129", kill_on_drop: false }`
[INFO] running `Command { std: "docker" "inspect" "bb1ae662540bfb26a0fb434a4c905c6be8f61bc5b807fc6fdf065fc69d757129", kill_on_drop: false }`
[INFO] running `Command { std: "docker" "rm" "-f" "bb1ae662540bfb26a0fb434a4c905c6be8f61bc5b807fc6fdf065fc69d757129", kill_on_drop: false }`
[INFO] [stdout] bb1ae662540bfb26a0fb434a4c905c6be8f61bc5b807fc6fdf065fc69d757129
[INFO] running `Command { std: "docker" "create" "-v" "/var/lib/crater-agent-workspace/builds/worker-4-tc1/target:/opt/rustwide/target:rw,Z" "-v" "/var/lib/crater-agent-workspace/builds/worker-4-tc1/source:/opt/rustwide/workdir:ro,Z" "-v" "/var/lib/crater-agent-workspace/cargo-home:/opt/rustwide/cargo-home:ro,Z" "-v" "/var/lib/crater-agent-workspace/rustup-home:/opt/rustwide/rustup-home:ro,Z" "-e" "SOURCE_DIR=/opt/rustwide/workdir" "-e" "CARGO_TARGET_DIR=/opt/rustwide/target" "-e" "CARGO_INCREMENTAL=0" "-e" "RUST_BACKTRACE=full" "-e" "RUSTFLAGS=--cap-lints=warn" "-e" "RUSTDOCFLAGS=--cap-lints=warn" "-e" "CARGO_HOME=/opt/rustwide/cargo-home" "-e" "RUSTUP_HOME=/opt/rustwide/rustup-home" "-w" "/opt/rustwide/workdir" "-m" "1610612736" "--user" "0:0" "--network" "none" "ghcr.io/rust-lang/crates-build-env/linux@sha256:f3a9d4ad9d972b27faf3965f35b62e55ba32bbce8f20bc8fe909558a86702fde" "/opt/rustwide/cargo-home/bin/cargo" "+1.83.0" "build" "--frozen" "--message-format=json", kill_on_drop: false }`
[INFO] [stdout] e97a0d8e8cddf0748de1fff090943cd021464ab0f537df92979986b44e7ba8fa
[INFO] running `Command { std: "docker" "start" "-a" "e97a0d8e8cddf0748de1fff090943cd021464ab0f537df92979986b44e7ba8fa", kill_on_drop: false }`
[INFO] [stderr]    Compiling proc-macro2 v1.0.92
[INFO] [stderr]    Compiling unicode-ident v1.0.14
[INFO] [stderr]    Compiling libc v0.2.165
[INFO] [stderr]    Compiling autocfg v1.4.0
[INFO] [stderr]    Compiling siphasher v0.3.11
[INFO] [stderr]    Compiling byteorder v1.5.0
[INFO] [stderr]    Compiling serde v1.0.215
[INFO] [stderr]    Compiling log v0.4.22
[INFO] [stderr]    Compiling parking_lot_core v0.9.10
[INFO] [stderr]    Compiling hashbrown v0.15.2
[INFO] [stderr]    Compiling memchr v2.7.4
[INFO] [stderr]    Compiling adler2 v2.0.0
[INFO] [stderr]    Compiling smallvec v1.13.2
[INFO] [stderr]    Compiling crc32fast v1.4.2
[INFO] [stderr]    Compiling typenum v1.17.0
[INFO] [stderr]    Compiling miniz_oxide v0.8.0
[INFO] [stderr]    Compiling version_check v0.9.5
[INFO] [stderr]    Compiling phf_shared v0.10.0
[INFO] [stderr]    Compiling phf_shared v0.11.2
[INFO] [stderr]    Compiling itoa v1.0.14
[INFO] [stderr]    Compiling minimal-lexical v0.2.1
[INFO] [stderr]    Compiling crossbeam-utils v0.8.20
[INFO] [stderr]    Compiling winnow v0.6.20
[INFO] [stderr]    Compiling new_debug_unreachable v1.0.6
[INFO] [stderr]    Compiling toml_datetime v0.6.8
[INFO] [stderr]    Compiling mac v0.1.1
[INFO] [stderr]    Compiling unicode-width v0.1.14
[INFO] [stderr]    Compiling futf v0.1.5
[INFO] [stderr]    Compiling lock_api v0.4.12
[INFO] [stderr]    Compiling num-traits v0.2.19
[INFO] [stderr]    Compiling generic-array v0.14.7
[INFO] [stderr]    Compiling precomputed-hash v0.1.1
[INFO] [stderr]    Compiling utf-8 v0.7.6
[INFO] [stderr]    Compiling once_cell v1.20.2
[INFO] [stderr]    Compiling thiserror v1.0.69
[INFO] [stderr]    Compiling flate2 v1.0.35
[INFO] [stderr]    Compiling nom v7.1.3
[INFO] [stderr]    Compiling getopts v0.2.21
[INFO] [stderr]    Compiling iana-time-zone v0.1.61
[INFO] [stderr]    Compiling rayon-core v1.12.1
[INFO] [stderr]    Compiling signal-hook v0.3.17
[INFO] [stderr]    Compiling quote v1.0.37
[INFO] [stderr]    Compiling indexmap v2.6.0
[INFO] [stderr]    Compiling tendril v0.4.3
[INFO] [stderr]    Compiling time v0.3.36
[INFO] [stderr]    Compiling syn v2.0.89
[INFO] [stderr]    Compiling phf v0.11.2
[INFO] [stderr]    Compiling encoding_rs v0.8.35
[INFO] [stderr]    Compiling regex-syntax v0.8.5
[INFO] [stderr]    Compiling zip v1.1.4
[INFO] [stderr]    Compiling rustix v0.38.41
[INFO] [stderr]    Compiling crossbeam-epoch v0.9.18
[INFO] [stderr]    Compiling pom v1.1.0
[INFO] [stderr]    Compiling getrandom v0.2.15
[INFO] [stderr]    Compiling thiserror v2.0.3
[INFO] [stderr]    Compiling signal-hook-registry v1.4.2
[INFO] [stderr]    Compiling rand_core v0.6.4
[INFO] [stderr]    Compiling crossbeam-deque v0.8.5
[INFO] [stderr]    Compiling weezl v0.1.8
[INFO] [stderr]    Compiling parking_lot v0.12.3
[INFO] [stderr]    Compiling tinyvec v1.8.0
[INFO] [stderr]    Compiling mio v1.0.2
[INFO] [stderr]    Compiling either v1.13.0
[INFO] [stderr]    Compiling serde_json v1.0.133
[INFO] [stderr]    Compiling option-ext v0.2.0
[INFO] [stderr]    Compiling bitflags v2.6.0
[INFO] [stderr]    Compiling md5 v0.7.0
[INFO] [stderr]    Compiling linux-raw-sys v0.4.14
[INFO] [stderr]    Compiling dirs-sys v0.4.1
[INFO] [stderr]    Compiling euclid v0.20.14
[INFO] [stderr]    Compiling adobe-cmap-parser v0.4.1
[INFO] [stderr]    Compiling type1-encoding-parser v0.1.0
[INFO] [stderr]    Compiling signal-hook-mio v0.2.4
[INFO] [stderr]    Compiling block-buffer v0.10.4
[INFO] [stderr]    Compiling crypto-common v0.1.6
[INFO] [stderr]    Compiling digest v0.10.7
[INFO] [stderr]    Compiling rayon v1.10.0
[INFO] [stderr]    Compiling cli-justify v0.1.11 (/opt/rustwide/workdir/cli-justify)
[INFO] [stderr]    Compiling toml_edit v0.22.22
[INFO] [stderr]    Compiling md-5 v0.10.6
[INFO] [stderr]    Compiling ryu v1.0.18
[INFO] [stderr]    Compiling unicode-width v0.2.0
[INFO] [stderr]    Compiling xml-rs v0.8.23
[INFO] [stderr]    Compiling unicode-normalization v0.1.24
[INFO] [stderr]    Compiling percent-encoding v2.3.1
[INFO] [stderr]    Compiling rangemap v1.5.1
[INFO] [stderr]    Compiling postscript v0.14.1
[INFO] [stderr]    Compiling crossterm v0.28.1
[INFO] [stderr]    Compiling dirs v5.0.1
[INFO] [stderr]    Compiling redirect-stderr v0.1.11 (/opt/rustwide/workdir/redirect-stderr)
[INFO] [stderr]    Compiling dotenvy v0.15.7
[INFO] [stderr]    Compiling uuid v1.11.0
[INFO] [stderr]    Compiling regex-automata v0.4.9
[INFO] [stderr]    Compiling lopdf v0.32.0
[INFO] [stderr]    Compiling proc-macro-crate v3.2.0
[INFO] [stderr]    Compiling pdf-extract v0.7.10
[INFO] [stderr]    Compiling regex v1.11.1
[INFO] [stderr]    Compiling zerocopy-derive v0.7.35
[INFO] [stderr]    Compiling serde_derive v1.0.215
[INFO] [stderr]    Compiling html5ever v0.29.0
[INFO] [stderr]    Compiling num_enum_derive v0.7.3
[INFO] [stderr]    Compiling thiserror-impl v1.0.69
[INFO] [stderr]    Compiling thiserror-impl v2.0.3
[INFO] [stderr]    Compiling displaydoc v0.2.5
[INFO] [stderr]    Compiling zerocopy v0.7.35
[INFO] [stderr]    Compiling num_enum v0.7.3
[INFO] [stderr]    Compiling ppv-lite86 v0.2.20
[INFO] [stderr]    Compiling epub v2.1.2
[INFO] [stderr]    Compiling rand_chacha v0.3.1
[INFO] [stderr]    Compiling rand v0.8.5
[INFO] [stderr]    Compiling phf_generator v0.10.0
[INFO] [stderr]    Compiling phf_generator v0.11.2
[INFO] [stderr]    Compiling string_cache_codegen v0.5.2
[INFO] [stderr]    Compiling phf_codegen v0.11.2
[INFO] [stderr]    Compiling markup5ever v0.14.0
[INFO] [stderr]    Compiling string_cache v0.8.7
[INFO] [stderr]    Compiling chrono v0.4.38
[INFO] [stderr]    Compiling lopdf v0.34.0
[INFO] [stderr]    Compiling cli-text-reader v0.1.11 (/opt/rustwide/workdir/cli-text-reader)
[INFO] [stdout] warning: irrefutable `if let` pattern
[INFO] [stdout]   --> cli-text-reader/src/progress.rs:77:8
[INFO] [stdout]    |
[INFO] [stdout] 77 |       if let Event::UpdateProgress {
[INFO] [stdout]    |  ________^
[INFO] [stdout] 78 | |       document_hash: hash,
[INFO] [stdout] 79 | |       offset,
[INFO] [stdout] 80 | |       total_lines,
[INFO] [stdout] 81 | |       percentage,
[INFO] [stdout] 82 | |       ..
[INFO] [stdout] 83 | |     } = event
[INFO] [stdout]    | |_____________^
[INFO] [stdout]    |
[INFO] [stdout]    = note: this pattern will always match, so the `if let` is useless
[INFO] [stdout]    = help: consider replacing the `if let` with a `let`
[INFO] [stdout]    = note: `#[warn(irrefutable_let_patterns)]` on by default
[INFO] [stdout] 
[INFO] [stdout] 
[INFO] [stdout] warning: field `last_search_index` is never read
[INFO] [stdout]   --> cli-text-reader/src/editor.rs:27:7
[INFO] [stdout]    |
[INFO] [stdout] 22 | pub struct EditorState {
[INFO] [stdout]    |            ----------- field in this struct
[INFO] [stdout] ...
[INFO] [stdout] 27 |   pub last_search_index: Option<usize>,
[INFO] [stdout]    |       ^^^^^^^^^^^^^^^^^
[INFO] [stdout]    |
[INFO] [stdout]    = note: `#[warn(dead_code)]` on by default
[INFO] [stdout] 
[INFO] [stdout] 
[INFO] [stdout] warning: field `progress_display_until` is never read
[INFO] [stdout]   --> cli-text-reader/src/editor.rs:54:3
[INFO] [stdout]    |
[INFO] [stdout] 44 | pub struct Editor {
[INFO] [stdout]    |            ------ field in this struct
[INFO] [stdout] ...
[INFO] [stdout] 54 |   progress_display_until: Option<std::time::Instant>,
[INFO] [stdout]    |   ^^^^^^^^^^^^^^^^^^^^^^
[INFO] [stdout] 
[INFO] [stdout] 
[INFO] [stderr]    Compiling html2text v0.13.4
[INFO] [stderr]    Compiling cli-epub-to-text v0.1.11 (/opt/rustwide/workdir/cli-epub-to-text)
[INFO] [stderr]    Compiling cli-pdf-to-text v0.1.11 (/opt/rustwide/workdir/cli-pdf-to-text)
[INFO] [stderr]    Compiling hygg v0.1.11 (/opt/rustwide/workdir/hygg)
[INFO] [stderr]     Finished `dev` profile [unoptimized + debuginfo] target(s) in 1m 02s
[INFO] running `Command { std: "docker" "inspect" "e97a0d8e8cddf0748de1fff090943cd021464ab0f537df92979986b44e7ba8fa", kill_on_drop: false }`
[INFO] running `Command { std: "docker" "rm" "-f" "e97a0d8e8cddf0748de1fff090943cd021464ab0f537df92979986b44e7ba8fa", kill_on_drop: false }`
[INFO] [stdout] e97a0d8e8cddf0748de1fff090943cd021464ab0f537df92979986b44e7ba8fa
[INFO] running `Command { std: "docker" "create" "-v" "/var/lib/crater-agent-workspace/builds/worker-4-tc1/target:/opt/rustwide/target:rw,Z" "-v" "/var/lib/crater-agent-workspace/builds/worker-4-tc1/source:/opt/rustwide/workdir:ro,Z" "-v" "/var/lib/crater-agent-workspace/cargo-home:/opt/rustwide/cargo-home:ro,Z" "-v" "/var/lib/crater-agent-workspace/rustup-home:/opt/rustwide/rustup-home:ro,Z" "-e" "SOURCE_DIR=/opt/rustwide/workdir" "-e" "CARGO_TARGET_DIR=/opt/rustwide/target" "-e" "CARGO_INCREMENTAL=0" "-e" "RUST_BACKTRACE=full" "-e" "RUSTFLAGS=--cap-lints=warn" "-e" "RUSTDOCFLAGS=--cap-lints=warn" "-e" "CARGO_HOME=/opt/rustwide/cargo-home" "-e" "RUSTUP_HOME=/opt/rustwide/rustup-home" "-w" "/opt/rustwide/workdir" "-m" "1610612736" "--user" "0:0" "--network" "none" "ghcr.io/rust-lang/crates-build-env/linux@sha256:f3a9d4ad9d972b27faf3965f35b62e55ba32bbce8f20bc8fe909558a86702fde" "/opt/rustwide/cargo-home/bin/cargo" "+1.83.0" "test" "--frozen" "--no-run" "--message-format=json", kill_on_drop: false }`
[INFO] [stdout] 575acca2574537b5a794a73d26670b583dc86dce894ad81658330780c8b10603
[INFO] running `Command { std: "docker" "start" "-a" "575acca2574537b5a794a73d26670b583dc86dce894ad81658330780c8b10603", kill_on_drop: false }`
[INFO] [stderr]    Compiling cli-justify v0.1.11 (/opt/rustwide/workdir/cli-justify)
[INFO] [stderr]    Compiling redirect-stderr v0.1.11 (/opt/rustwide/workdir/redirect-stderr)
[INFO] [stderr]    Compiling cli-pdf-to-text v0.1.11 (/opt/rustwide/workdir/cli-pdf-to-text)
[INFO] [stderr]    Compiling cli-text-reader v0.1.11 (/opt/rustwide/workdir/cli-text-reader)
[INFO] [stderr]    Compiling cli-epub-to-text v0.1.11 (/opt/rustwide/workdir/cli-epub-to-text)
[INFO] [stderr]    Compiling hygg v0.1.11 (/opt/rustwide/workdir/hygg)
[INFO] [stdout] warning: irrefutable `if let` pattern
[INFO] [stdout]   --> cli-text-reader/src/progress.rs:77:8
[INFO] [stdout]    |
[INFO] [stdout] 77 |       if let Event::UpdateProgress {
[INFO] [stdout]    |  ________^
[INFO] [stdout] 78 | |       document_hash: hash,
[INFO] [stdout] 79 | |       offset,
[INFO] [stdout] 80 | |       total_lines,
[INFO] [stdout] 81 | |       percentage,
[INFO] [stdout] 82 | |       ..
[INFO] [stdout] 83 | |     } = event
[INFO] [stdout]    | |_____________^
[INFO] [stdout]    |
[INFO] [stdout]    = note: this pattern will always match, so the `if let` is useless
[INFO] [stdout]    = help: consider replacing the `if let` with a `let`
[INFO] [stdout]    = note: `#[warn(irrefutable_let_patterns)]` on by default
[INFO] [stdout] 
[INFO] [stdout] 
[INFO] [stdout] warning: field `last_search_index` is never read
[INFO] [stdout]   --> cli-text-reader/src/editor.rs:27:7
[INFO] [stdout]    |
[INFO] [stdout] 22 | pub struct EditorState {
[INFO] [stdout]    |            ----------- field in this struct
[INFO] [stdout] ...
[INFO] [stdout] 27 |   pub last_search_index: Option<usize>,
[INFO] [stdout]    |       ^^^^^^^^^^^^^^^^^
[INFO] [stdout]    |
[INFO] [stdout]    = note: `#[warn(dead_code)]` on by default
[INFO] [stdout] 
[INFO] [stdout] 
[INFO] [stdout] warning: field `progress_display_until` is never read
[INFO] [stdout]   --> cli-text-reader/src/editor.rs:54:3
[INFO] [stdout]    |
[INFO] [stdout] 44 | pub struct Editor {
[INFO] [stdout]    |            ------ field in this struct
[INFO] [stdout] ...
[INFO] [stdout] 54 |   progress_display_until: Option<std::time::Instant>,
[INFO] [stdout]    |   ^^^^^^^^^^^^^^^^^^^^^^
[INFO] [stdout] 
[INFO] [stdout] 
[INFO] [stdout] warning: irrefutable `if let` pattern
[INFO] [stdout]   --> cli-text-reader/src/progress.rs:77:8
[INFO] [stdout]    |
[INFO] [stdout] 77 |       if let Event::UpdateProgress {
[INFO] [stdout]    |  ________^
[INFO] [stdout] 78 | |       document_hash: hash,
[INFO] [stdout] 79 | |       offset,
[INFO] [stdout] 80 | |       total_lines,
[INFO] [stdout] 81 | |       percentage,
[INFO] [stdout] 82 | |       ..
[INFO] [stdout] 83 | |     } = event
[INFO] [stdout]    | |_____________^
[INFO] [stdout]    |
[INFO] [stdout]    = note: this pattern will always match, so the `if let` is useless
[INFO] [stdout]    = help: consider replacing the `if let` with a `let`
[INFO] [stdout]    = note: `#[warn(irrefutable_let_patterns)]` on by default
[INFO] [stdout] 
[INFO] [stdout] 
[INFO] [stdout] warning: field `last_search_index` is never read
[INFO] [stdout]   --> cli-text-reader/src/editor.rs:27:7
[INFO] [stdout]    |
[INFO] [stdout] 22 | pub struct EditorState {
[INFO] [stdout]    |            ----------- field in this struct
[INFO] [stdout] ...
[INFO] [stdout] 27 |   pub last_search_index: Option<usize>,
[INFO] [stdout]    |       ^^^^^^^^^^^^^^^^^
[INFO] [stdout]    |
[INFO] [stdout]    = note: `#[warn(dead_code)]` on by default
[INFO] [stdout] 
[INFO] [stdout] 
[INFO] [stdout] warning: field `progress_display_until` is never read
[INFO] [stdout]   --> cli-text-reader/src/editor.rs:54:3
[INFO] [stdout]    |
[INFO] [stdout] 44 | pub struct Editor {
[INFO] [stdout]    |            ------ field in this struct
[INFO] [stdout] ...
[INFO] [stdout] 54 |   progress_display_until: Option<std::time::Instant>,
[INFO] [stdout]    |   ^^^^^^^^^^^^^^^^^^^^^^
[INFO] [stdout] 
[INFO] [stdout] 
[INFO] [stderr]     Finished `test` profile [unoptimized + debuginfo] target(s) in 1.85s
[INFO] running `Command { std: "docker" "inspect" "575acca2574537b5a794a73d26670b583dc86dce894ad81658330780c8b10603", kill_on_drop: false }`
[INFO] running `Command { std: "docker" "rm" "-f" "575acca2574537b5a794a73d26670b583dc86dce894ad81658330780c8b10603", kill_on_drop: false }`
[INFO] [stdout] 575acca2574537b5a794a73d26670b583dc86dce894ad81658330780c8b10603
[INFO] running `Command { std: "docker" "create" "-v" "/var/lib/crater-agent-workspace/builds/worker-4-tc1/target:/opt/rustwide/target:rw,Z" "-v" "/var/lib/crater-agent-workspace/builds/worker-4-tc1/source:/opt/rustwide/workdir:ro,Z" "-v" "/var/lib/crater-agent-workspace/cargo-home:/opt/rustwide/cargo-home:ro,Z" "-v" "/var/lib/crater-agent-workspace/rustup-home:/opt/rustwide/rustup-home:ro,Z" "-e" "SOURCE_DIR=/opt/rustwide/workdir" "-e" "CARGO_TARGET_DIR=/opt/rustwide/target" "-e" "CARGO_INCREMENTAL=0" "-e" "RUST_BACKTRACE=full" "-e" "RUSTFLAGS=--cap-lints=warn" "-e" "RUSTDOCFLAGS=--cap-lints=warn" "-e" "CARGO_HOME=/opt/rustwide/cargo-home" "-e" "RUSTUP_HOME=/opt/rustwide/rustup-home" "-w" "/opt/rustwide/workdir" "-m" "1610612736" "--user" "0:0" "--network" "none" "ghcr.io/rust-lang/crates-build-env/linux@sha256:f3a9d4ad9d972b27faf3965f35b62e55ba32bbce8f20bc8fe909558a86702fde" "/opt/rustwide/cargo-home/bin/cargo" "+1.83.0" "test" "--frozen", kill_on_drop: false }`
[INFO] [stdout] 781692ca4d67a8eb7ae16128ef6f6ceb9d2a31e44cfc1d491fc19a7698a416eb
[INFO] running `Command { std: "docker" "start" "-a" "781692ca4d67a8eb7ae16128ef6f6ceb9d2a31e44cfc1d491fc19a7698a416eb", kill_on_drop: false }`
[INFO] [stderr] warning: irrefutable `if let` pattern
[INFO] [stderr]   --> cli-text-reader/src/progress.rs:77:8
[INFO] [stderr]    |
[INFO] [stderr] 77 |       if let Event::UpdateProgress {
[INFO] [stderr]    |  ________^
[INFO] [stderr] 78 | |       document_hash: hash,
[INFO] [stderr] 79 | |       offset,
[INFO] [stderr] 80 | |       total_lines,
[INFO] [stderr] 81 | |       percentage,
[INFO] [stderr] 82 | |       ..
[INFO] [stderr] 83 | |     } = event
[INFO] [stderr]    | |_____________^
[INFO] [stderr]    |
[INFO] [stderr]    = note: this pattern will always match, so the `if let` is useless
[INFO] [stderr]    = help: consider replacing the `if let` with a `let`
[INFO] [stderr]    = note: `#[warn(irrefutable_let_patterns)]` on by default
[INFO] [stderr] 
[INFO] [stderr] warning: field `last_search_index` is never read
[INFO] [stderr]   --> cli-text-reader/src/editor.rs:27:7
[INFO] [stderr]    |
[INFO] [stderr] 22 | pub struct EditorState {
[INFO] [stderr]    |            ----------- field in this struct
[INFO] [stderr] ...
[INFO] [stderr] 27 |   pub last_search_index: Option<usize>,
[INFO] [stderr]    |       ^^^^^^^^^^^^^^^^^
[INFO] [stderr]    |
[INFO] [stderr]    = note: `#[warn(dead_code)]` on by default
[INFO] [stderr] 
[INFO] [stderr] warning: field `progress_display_until` is never read
[INFO] [stderr]   --> cli-text-reader/src/editor.rs:54:3
[INFO] [stderr]    |
[INFO] [stderr] 44 | pub struct Editor {
[INFO] [stderr]    |            ------ field in this struct
[INFO] [stderr] ...
[INFO] [stderr] 54 |   progress_display_until: Option<std::time::Instant>,
[INFO] [stderr]    |   ^^^^^^^^^^^^^^^^^^^^^^
[INFO] [stderr] 
[INFO] [stderr] warning: `cli-text-reader` (lib) generated 3 warnings
[INFO] [stderr] warning: `cli-text-reader` (lib test) generated 3 warnings (3 duplicates)
[INFO] [stderr]     Finished `test` profile [unoptimized + debuginfo] target(s) in 0.16s
[INFO] [stderr]      Running unittests src/lib.rs (/opt/rustwide/target/debug/deps/cli_epub_to_text-28e27ba3085cc94e)
[INFO] [stdout] 
[INFO] [stdout] running 0 tests
[INFO] [stdout] 
[INFO] [stdout] test result: ok. 0 passed; 0 failed; 0 ignored; 0 measured; 0 filtered out; finished in 0.00s
[INFO] [stdout] 
[INFO] [stderr]      Running unittests src/main.rs (/opt/rustwide/target/debug/deps/cli_epub_to_text-712251ea68f0b8fa)
[INFO] [stdout] 
[INFO] [stdout] running 0 tests
[INFO] [stdout] 
[INFO] [stdout] test result: ok. 0 passed; 0 failed; 0 ignored; 0 measured; 0 filtered out; finished in 0.00s
[INFO] [stdout] 
[INFO] [stderr]      Running unittests src/lib.rs (/opt/rustwide/target/debug/deps/cli_justify-6c8b5b104150109e)
[INFO] [stderr]      Running unittests src/main.rs (/opt/rustwide/target/debug/deps/cli_justify-524c8502234e21e6)
[INFO] [stdout] 
[INFO] [stdout] running 1 test
[INFO] [stdout] test tests::test_handles_long_words ... ok
[INFO] [stdout] 
[INFO] [stdout] test result: ok. 1 passed; 0 failed; 0 ignored; 0 measured; 0 filtered out; finished in 0.00s
[INFO] [stdout] 
[INFO] [stdout] 
[INFO] [stdout] running 0 tests
[INFO] [stdout] 
[INFO] [stderr]      Running unittests src/lib.rs (/opt/rustwide/target/debug/deps/cli_pdf_to_text-6e373600ff32ab48)
[INFO] [stdout] test result: ok. 0 passed; 0 failed; 0 ignored; 0 measured; 0 filtered out; finished in 0.00s
[INFO] [stdout] 
[INFO] [stdout] 
[INFO] [stdout] running 0 tests
[INFO] [stdout] 
[INFO] [stdout] test result: ok. 0 passed; 0 failed; 0 ignored; 0 measured; 0 filtered out; finished in 0.00s
[INFO] [stdout] 
[INFO] [stderr]      Running unittests src/main.rs (/opt/rustwide/target/debug/deps/cli_pdf_to_text-6611dafaa7c05e49)
[INFO] [stdout] 
[INFO] [stdout] running 0 tests
[INFO] [stdout] 
[INFO] [stdout] test result: ok. 0 passed; 0 failed; 0 ignored; 0 measured; 0 filtered out; finished in 0.00s
[INFO] [stdout] 
[INFO] [stderr]      Running tests/cli_test.rs (/opt/rustwide/target/debug/deps/cli_test-d28b8109f8ed9a75)
[INFO] [stdout] 
[INFO] [stdout] running 1 test
[INFO] [stdout] test tests::test_end_to_end ... FAILED
[INFO] [stdout] 
[INFO] [stdout] failures:
[INFO] [stdout] 
[INFO] [stdout] ---- tests::test_end_to_end stdout ----
[INFO] [stdout] thread 'tests::test_end_to_end' panicked at cli-pdf-to-text/tests/cli_test.rs:156:8:
[INFO] [stdout] Failed to execute command: Os { code: 2, kind: NotFound, message: "No such file or directory" }
[INFO] [stdout] stack backtrace:
[INFO] [stdout]    0:     0x5beaa1d08e2a - std::backtrace_rs::backtrace::libunwind::trace::h5a5b8284f2d0c266
[INFO] [stdout]                                at /rustc/90b35a6239c3d8bdabc530a6a0816f7ff89a0aaf/library/std/src/../../backtrace/src/backtrace/libunwind.rs:116:5
[INFO] [stdout]    1:     0x5beaa1d08e2a - std::backtrace_rs::backtrace::trace_unsynchronized::h76d4f1c9b0b875e3
[INFO] [stdout]                                at /rustc/90b35a6239c3d8bdabc530a6a0816f7ff89a0aaf/library/std/src/../../backtrace/src/backtrace/mod.rs:66:5
[INFO] [stdout]    2:     0x5beaa1d08e2a - std::sys::backtrace::_print_fmt::hc4546b8364a537c6
[INFO] [stdout]                                at /rustc/90b35a6239c3d8bdabc530a6a0816f7ff89a0aaf/library/std/src/sys/backtrace.rs:66:9
[INFO] [stdout]    3:     0x5beaa1d08e2a - <std::sys::backtrace::BacktraceLock::print::DisplayBacktrace as core::fmt::Display>::fmt::h5b6bd5631a6d1f6b
[INFO] [stdout]                                at /rustc/90b35a6239c3d8bdabc530a6a0816f7ff89a0aaf/library/std/src/sys/backtrace.rs:39:26
[INFO] [stdout]    4:     0x5beaa1d2e2e3 - core::fmt::rt::Argument::fmt::h270f6602a2b96f62
[INFO] [stdout]                                at /rustc/90b35a6239c3d8bdabc530a6a0816f7ff89a0aaf/library/core/src/fmt/rt.rs:177:76
[INFO] [stdout]    5:     0x5beaa1d2e2e3 - core::fmt::write::h7550c97b06c86515
[INFO] [stdout]                                at /rustc/90b35a6239c3d8bdabc530a6a0816f7ff89a0aaf/library/core/src/fmt/mod.rs:1186:21
[INFO] [stdout]    6:     0x5beaa1d05dd3 - std::io::Write::write_fmt::h509ff860e5956e5e
[INFO] [stdout]                                at /rustc/90b35a6239c3d8bdabc530a6a0816f7ff89a0aaf/library/std/src/io/mod.rs:1839:15
[INFO] [stdout]    7:     0x5beaa1d08c72 - std::sys::backtrace::BacktraceLock::print::h2395ccd2c84ba3aa
[INFO] [stdout]                                at /rustc/90b35a6239c3d8bdabc530a6a0816f7ff89a0aaf/library/std/src/sys/backtrace.rs:42:9
[INFO] [stdout]    8:     0x5beaa1d0a28a - std::panicking::default_hook::{{closure}}::he19d4c7230e07961
[INFO] [stdout]                                at /rustc/90b35a6239c3d8bdabc530a6a0816f7ff89a0aaf/library/std/src/panicking.rs:268:22
[INFO] [stdout]    9:     0x5beaa1d0a094 - std::panicking::default_hook::hf614597d3c67bbdb
[INFO] [stdout]                                at /rustc/90b35a6239c3d8bdabc530a6a0816f7ff89a0aaf/library/std/src/panicking.rs:292:9
[INFO] [stdout]   10:     0x5beaa1cd2a69 - <alloc::boxed::Box<F,A> as core::ops::function::Fn<Args>>::call::h39b51ce4599c23d1
[INFO] [stdout]                                at /rustc/90b35a6239c3d8bdabc530a6a0816f7ff89a0aaf/library/alloc/src/boxed.rs:2468:9
[INFO] [stdout]   11:     0x5beaa1cd2a69 - test::test_main::{{closure}}::he977ae839a582784
[INFO] [stdout]                                at /rustc/90b35a6239c3d8bdabc530a6a0816f7ff89a0aaf/library/test/src/lib.rs:133:21
[INFO] [stdout]   12:     0x5beaa1d0a928 - <alloc::boxed::Box<F,A> as core::ops::function::Fn<Args>>::call::h9455091b6b06f9fb
[INFO] [stdout]                                at /rustc/90b35a6239c3d8bdabc530a6a0816f7ff89a0aaf/library/alloc/src/boxed.rs:2468:9
[INFO] [stdout]   13:     0x5beaa1d0a928 - std::panicking::rust_panic_with_hook::h8942133a8b252070
[INFO] [stdout]                                at /rustc/90b35a6239c3d8bdabc530a6a0816f7ff89a0aaf/library/std/src/panicking.rs:809:13
[INFO] [stdout]   14:     0x5beaa1d0a6ea - std::panicking::begin_panic_handler::{{closure}}::hb5f5963570096b29
[INFO] [stdout]                                at /rustc/90b35a6239c3d8bdabc530a6a0816f7ff89a0aaf/library/std/src/panicking.rs:674:13
[INFO] [stdout]   15:     0x5beaa1d09309 - std::sys::backtrace::__rust_end_short_backtrace::h6208cedc1922feda
[INFO] [stdout]                                at /rustc/90b35a6239c3d8bdabc530a6a0816f7ff89a0aaf/library/std/src/sys/backtrace.rs:170:18
[INFO] [stdout]   16:     0x5beaa1d0a37c - rust_begin_unwind
[INFO] [stdout]                                at /rustc/90b35a6239c3d8bdabc530a6a0816f7ff89a0aaf/library/std/src/panicking.rs:665:5
[INFO] [stdout]   17:     0x5beaa1c95a60 - core::panicking::panic_fmt::h0c3082644d1bf418
[INFO] [stdout]                                at /rustc/90b35a6239c3d8bdabc530a6a0816f7ff89a0aaf/library/core/src/panicking.rs:74:14
[INFO] [stdout]   18:     0x5beaa1c95e06 - core::result::unwrap_failed::hd20b4aa073bda1e2
[INFO] [stdout]                                at /rustc/90b35a6239c3d8bdabc530a6a0816f7ff89a0aaf/library/core/src/result.rs:1700:5
[INFO] [stdout]   19:     0x5beaa1c978d8 - core::result::Result<T,E>::expect::hf69a0b88cfa9692e
[INFO] [stdout]                                at /rustc/90b35a6239c3d8bdabc530a6a0816f7ff89a0aaf/library/core/src/result.rs:1061:23
[INFO] [stdout]   20:     0x5beaa1c99f89 - cli_test::tests::test_end_to_end::h92ae5621da825c36
[INFO] [stdout]                                at /opt/rustwide/workdir/cli-pdf-to-text/tests/cli_test.rs:153:18
[INFO] [stdout]   21:     0x5beaa1c99bf7 - cli_test::tests::test_end_to_end::{{closure}}::h2e29dadc4c7fe27c
[INFO] [stdout]                                at /opt/rustwide/workdir/cli-pdf-to-text/tests/cli_test.rs:123:23
[INFO] [stdout]   22:     0x5beaa1c96e56 - core::ops::function::FnOnce::call_once::h4b487626254da1d8
[INFO] [stdout]                                at /rustc/90b35a6239c3d8bdabc530a6a0816f7ff89a0aaf/library/core/src/ops/function.rs:250:5
[INFO] [stdout]   23:     0x5beaa1cd742b - core::ops::function::FnOnce::call_once::h109cf8051a59b34e
[INFO] [stdout]                                at /rustc/90b35a6239c3d8bdabc530a6a0816f7ff89a0aaf/library/core/src/ops/function.rs:250:5
[INFO] [stdout]   24:     0x5beaa1cd742b - test::__rust_begin_short_backtrace::hf4fff89d377446ba
[INFO] [stdout]                                at /rustc/90b35a6239c3d8bdabc530a6a0816f7ff89a0aaf/library/test/src/lib.rs:621:18
[INFO] [stdout]   25:     0x5beaa1cd6c67 - test::run_test_in_process::{{closure}}::h0e39181dd7ee5a43
[INFO] [stdout]                                at /rustc/90b35a6239c3d8bdabc530a6a0816f7ff89a0aaf/library/test/src/lib.rs:644:60
[INFO] [stdout]   26:     0x5beaa1cd6c67 - <core::panic::unwind_safe::AssertUnwindSafe<F> as core::ops::function::FnOnce<()>>::call_once::hc5a66a30f0bdfd1f
[INFO] [stdout]                                at /rustc/90b35a6239c3d8bdabc530a6a0816f7ff89a0aaf/library/core/src/panic/unwind_safe.rs:272:9
[INFO] [stdout]   27:     0x5beaa1cd6c67 - std::panicking::try::do_call::h873b7cf639554a5e
[INFO] [stdout]                                at /rustc/90b35a6239c3d8bdabc530a6a0816f7ff89a0aaf/library/std/src/panicking.rs:557:40
[INFO] [stdout]   28:     0x5beaa1cd6c67 - std::panicking::try::hdb19862fad9c8bd1
[INFO] [stdout]                                at /rustc/90b35a6239c3d8bdabc530a6a0816f7ff89a0aaf/library/std/src/panicking.rs:520:19
[INFO] [stdout]   29:     0x5beaa1cd6c67 - std::panic::catch_unwind::h281fe732d236d260
[INFO] [stdout]                                at /rustc/90b35a6239c3d8bdabc530a6a0816f7ff89a0aaf/library/std/src/panic.rs:358:14
[INFO] [stdout]   30:     0x5beaa1cd6c67 - test::run_test_in_process::h949b6df8457ed338
[INFO] [stdout]                                at /rustc/90b35a6239c3d8bdabc530a6a0816f7ff89a0aaf/library/test/src/lib.rs:644:27
[INFO] [stdout]   31:     0x5beaa1cd6c67 - test::run_test::{{closure}}::h52c556a6d4740e10
[INFO] [stdout]                                at /rustc/90b35a6239c3d8bdabc530a6a0816f7ff89a0aaf/library/test/src/lib.rs:565:43
[INFO] [stdout]   32:     0x5beaa1c9bf44 - test::run_test::{{closure}}::h4237f6381c45ccb9
[INFO] [stdout]                                at /rustc/90b35a6239c3d8bdabc530a6a0816f7ff89a0aaf/library/test/src/lib.rs:595:41
[INFO] [stdout]   33:     0x5beaa1c9bf44 - std::sys::backtrace::__rust_begin_short_backtrace::h505c97a579eca628
[INFO] [stdout]                                at /rustc/90b35a6239c3d8bdabc530a6a0816f7ff89a0aaf/library/std/src/sys/backtrace.rs:154:18
[INFO] [stdout]   34:     0x5beaa1c9f60e - std::thread::Builder::spawn_unchecked_::{{closure}}::{{closure}}::h9e86b2e2bc107ea3
[INFO] [stdout]                                at /rustc/90b35a6239c3d8bdabc530a6a0816f7ff89a0aaf/library/std/src/thread/mod.rs:538:17
[INFO] [stdout]   35:     0x5beaa1c9f60e - <core::panic::unwind_safe::AssertUnwindSafe<F> as core::ops::function::FnOnce<()>>::call_once::h8b06ddb275ff4a25
[INFO] [stdout]                                at /rustc/90b35a6239c3d8bdabc530a6a0816f7ff89a0aaf/library/core/src/panic/unwind_safe.rs:272:9
[INFO] [stdout]   36:     0x5beaa1c9f60e - std::panicking::try::do_call::hb26ecd7cd9a9355d
[INFO] [stdout]                                at /rustc/90b35a6239c3d8bdabc530a6a0816f7ff89a0aaf/library/std/src/panicking.rs:557:40
[INFO] [stdout]   37:     0x5beaa1c9f60e - std::panicking::try::h8ddeca9d705f9069
[INFO] [stdout]                                at /rustc/90b35a6239c3d8bdabc530a6a0816f7ff89a0aaf/library/std/src/panicking.rs:520:19
[INFO] [stdout]   38:     0x5beaa1c9f60e - std::panic::catch_unwind::h49e1c33078844c46
[INFO] [stdout]                                at /rustc/90b35a6239c3d8bdabc530a6a0816f7ff89a0aaf/library/std/src/panic.rs:358:14
[INFO] [stdout]   39:     0x5beaa1c9f60e - std::thread::Builder::spawn_unchecked_::{{closure}}::h6073db6ff56ad35d
[INFO] [stdout]                                at /rustc/90b35a6239c3d8bdabc530a6a0816f7ff89a0aaf/library/std/src/thread/mod.rs:537:30
[INFO] [stdout]   40:     0x5beaa1c9f60e - core::ops::function::FnOnce::call_once{{vtable.shim}}::h2c5a5f3779c774f1
[INFO] [stdout]                                at /rustc/90b35a6239c3d8bdabc530a6a0816f7ff89a0aaf/library/core/src/ops/function.rs:250:5
[INFO] [stdout]   41:     0x5beaa1d0e68b - <alloc::boxed::Box<F,A> as core::ops::function::FnOnce<Args>>::call_once::hf75717d9f28faebf
[INFO] [stdout]                                at /rustc/90b35a6239c3d8bdabc530a6a0816f7ff89a0aaf/library/alloc/src/boxed.rs:2454:9
[INFO] [stdout]   42:     0x5beaa1d0e68b - <alloc::boxed::Box<F,A> as core::ops::function::FnOnce<Args>>::call_once::h7bd883a5f3c5f3c1
[INFO] [stdout]                                at /rustc/90b35a6239c3d8bdabc530a6a0816f7ff89a0aaf/library/alloc/src/boxed.rs:2454:9
[INFO] [stdout]   43:     0x5beaa1d0e68b - std::sys::pal::unix::thread::Thread::new::thread_start::hcc78f3943333fa94
[INFO] [stdout]                                at /rustc/90b35a6239c3d8bdabc530a6a0816f7ff89a0aaf/library/std/src/sys/pal/unix/thread.rs:105:17
[INFO] [stdout]   44:     0x73cefabb5ac3 - <unknown>
[INFO] [stdout]   45:     0x73cefac46a04 - clone
[INFO] [stdout]   46:                0x0 - <unknown>
[INFO] [stdout] 
[INFO] [stdout] 
[INFO] [stdout] failures:
[INFO] [stdout]     tests::test_end_to_end
[INFO] [stdout] 
[INFO] [stdout] test result: FAILED. 0 passed; 1 failed; 0 ignored; 0 measured; 0 filtered out; finished in 0.04s
[INFO] [stdout] 
[INFO] [stderr] error: test failed, to rerun pass `-p cli-pdf-to-text --test cli_test`
[INFO] running `Command { std: "docker" "inspect" "781692ca4d67a8eb7ae16128ef6f6ceb9d2a31e44cfc1d491fc19a7698a416eb", kill_on_drop: false }`
[INFO] running `Command { std: "docker" "rm" "-f" "781692ca4d67a8eb7ae16128ef6f6ceb9d2a31e44cfc1d491fc19a7698a416eb", kill_on_drop: false }`
[INFO] [stdout] 781692ca4d67a8eb7ae16128ef6f6ceb9d2a31e44cfc1d491fc19a7698a416eb
