[INFO] cloning repository https://github.com/krisbrud/advent-of-code-2024
[INFO] running `Command { std: "git" "-c" "credential.helper=" "-c" "credential.helper=/workspace/cargo-home/bin/git-credential-null" "clone" "--bare" "https://github.com/krisbrud/advent-of-code-2024" "/workspace/cache/git-repos/https%3A%2F%2Fgithub.com%2Fkrisbrud%2Fadvent-of-code-2024", kill_on_drop: false }`
[INFO] [stderr] Cloning into bare repository '/workspace/cache/git-repos/https%3A%2F%2Fgithub.com%2Fkrisbrud%2Fadvent-of-code-2024'...
[INFO] running `Command { std: "git" "rev-parse" "HEAD", kill_on_drop: false }`
[INFO] [stdout] e64d8c1af56c5e2a79b88c50f49b5cc64fe61277
[INFO] testing krisbrud/advent-of-code-2024 against beta-2024-12-08 for beta-1.84.0-4-retry
[INFO] running `Command { std: "git" "clone" "/workspace/cache/git-repos/https%3A%2F%2Fgithub.com%2Fkrisbrud%2Fadvent-of-code-2024" "/workspace/builds/worker-3-tc2/source", kill_on_drop: false }`
[INFO] [stderr] Cloning into '/workspace/builds/worker-3-tc2/source'...
[INFO] [stderr] done.
[INFO] validating manifest of git repo https://github.com/krisbrud/advent-of-code-2024 on toolchain beta-2024-12-08
[INFO] running `Command { std: CARGO_HOME="/workspace/cargo-home" RUSTUP_HOME="/workspace/rustup-home" "/workspace/cargo-home/bin/cargo" "+beta-2024-12-08" "metadata" "--manifest-path" "Cargo.toml" "--no-deps", kill_on_drop: false }`
[INFO] removed /workspace/builds/worker-3-tc2/source/.cargo/config.toml
[INFO] started tweaking git repo https://github.com/krisbrud/advent-of-code-2024
[INFO] finished tweaking git repo https://github.com/krisbrud/advent-of-code-2024
[INFO] tweaked toml for git repo https://github.com/krisbrud/advent-of-code-2024 written to /workspace/builds/worker-3-tc2/source/Cargo.toml
[INFO] crate git repo https://github.com/krisbrud/advent-of-code-2024 already has a lockfile, it will not be regenerated
[INFO] running `Command { std: CARGO_HOME="/workspace/cargo-home" RUSTUP_HOME="/workspace/rustup-home" "/workspace/cargo-home/bin/cargo" "+beta-2024-12-08" "fetch" "--manifest-path" "Cargo.toml", kill_on_drop: false }`
[INFO] [stderr]     Blocking waiting for file lock on package cache
[INFO] running `Command { std: "docker" "create" "-v" "/var/lib/crater-agent-workspace/builds/worker-3-tc2/target:/opt/rustwide/target:rw,Z" "-v" "/var/lib/crater-agent-workspace/builds/worker-3-tc2/source:/opt/rustwide/workdir:ro,Z" "-v" "/var/lib/crater-agent-workspace/cargo-home:/opt/rustwide/cargo-home:ro,Z" "-v" "/var/lib/crater-agent-workspace/rustup-home:/opt/rustwide/rustup-home:ro,Z" "-e" "SOURCE_DIR=/opt/rustwide/workdir" "-e" "CARGO_TARGET_DIR=/opt/rustwide/target" "-e" "CARGO_HOME=/opt/rustwide/cargo-home" "-e" "RUSTUP_HOME=/opt/rustwide/rustup-home" "-w" "/opt/rustwide/workdir" "-m" "1610612736" "--user" "0:0" "--network" "none" "ghcr.io/rust-lang/crates-build-env/linux@sha256:f3a9d4ad9d972b27faf3965f35b62e55ba32bbce8f20bc8fe909558a86702fde" "/opt/rustwide/cargo-home/bin/cargo" "+beta-2024-12-08" "metadata" "--no-deps" "--format-version=1", kill_on_drop: false }`
[INFO] [stdout] aefa2a2f5c0f49464a812e43094aa7529f0e073fab676174afb027502d920a88
[INFO] running `Command { std: "docker" "start" "-a" "aefa2a2f5c0f49464a812e43094aa7529f0e073fab676174afb027502d920a88", kill_on_drop: false }`
[INFO] running `Command { std: "docker" "inspect" "aefa2a2f5c0f49464a812e43094aa7529f0e073fab676174afb027502d920a88", kill_on_drop: false }`
[INFO] running `Command { std: "docker" "rm" "-f" "aefa2a2f5c0f49464a812e43094aa7529f0e073fab676174afb027502d920a88", kill_on_drop: false }`
[INFO] [stdout] aefa2a2f5c0f49464a812e43094aa7529f0e073fab676174afb027502d920a88
[INFO] running `Command { std: "docker" "create" "-v" "/var/lib/crater-agent-workspace/builds/worker-3-tc2/target:/opt/rustwide/target:rw,Z" "-v" "/var/lib/crater-agent-workspace/builds/worker-3-tc2/source:/opt/rustwide/workdir:ro,Z" "-v" "/var/lib/crater-agent-workspace/cargo-home:/opt/rustwide/cargo-home:ro,Z" "-v" "/var/lib/crater-agent-workspace/rustup-home:/opt/rustwide/rustup-home:ro,Z" "-e" "SOURCE_DIR=/opt/rustwide/workdir" "-e" "CARGO_TARGET_DIR=/opt/rustwide/target" "-e" "CARGO_INCREMENTAL=0" "-e" "RUST_BACKTRACE=full" "-e" "RUSTFLAGS=--cap-lints=warn" "-e" "RUSTDOCFLAGS=--cap-lints=warn" "-e" "CARGO_HOME=/opt/rustwide/cargo-home" "-e" "RUSTUP_HOME=/opt/rustwide/rustup-home" "-w" "/opt/rustwide/workdir" "-m" "1610612736" "--user" "0:0" "--network" "none" "ghcr.io/rust-lang/crates-build-env/linux@sha256:f3a9d4ad9d972b27faf3965f35b62e55ba32bbce8f20bc8fe909558a86702fde" "/opt/rustwide/cargo-home/bin/cargo" "+beta-2024-12-08" "build" "--frozen" "--message-format=json", kill_on_drop: false }`
[INFO] [stdout] 6c34f762441a955bff510be405324e1bc37cf6bb8e9a90b584761328713c8548
[INFO] running `Command { std: "docker" "start" "-a" "6c34f762441a955bff510be405324e1bc37cf6bb8e9a90b584761328713c8548", kill_on_drop: false }`
[INFO] [stderr]    Compiling libc v0.2.168
[INFO] [stderr]    Compiling version_check v0.9.5
[INFO] [stderr]    Compiling proc-macro2 v1.0.70
[INFO] [stderr]    Compiling once_cell v1.19.0
[INFO] [stderr]    Compiling memchr v2.6.4
[INFO] [stderr]    Compiling lazy_static v1.5.0
[INFO] [stderr]    Compiling regex-syntax v0.8.5
[INFO] [stderr]    Compiling either v1.13.0
[INFO] [stderr]    Compiling tinyjson v2.5.1
[INFO] [stderr]    Compiling pico-args v0.5.0
[INFO] [stderr]    Compiling itertools v0.13.0
[INFO] [stderr]    Compiling ahash v0.7.8
[INFO] [stderr]    Compiling aho-corasick v1.1.3
[INFO] [stderr]    Compiling quote v1.0.33
[INFO] [stderr]    Compiling syn v1.0.109
[INFO] [stderr]    Compiling getrandom v0.2.15
[INFO] [stderr]    Compiling hashbrown v0.12.3
[INFO] [stderr]    Compiling regex-automata v0.4.9
[INFO] [stderr]    Compiling lru v0.7.8
[INFO] [stderr]    Compiling memoize-inner v0.4.3
[INFO] [stderr]    Compiling regex v1.11.1
[INFO] [stderr]    Compiling memoize v0.4.2
[INFO] [stderr]    Compiling advent_of_code v0.11.0 (/opt/rustwide/workdir)
[INFO] [stdout] warning: unused import: `HashMap`
[INFO] [stdout]  --> src/bin/05.rs:2:25
[INFO] [stdout]   |
[INFO] [stdout] 2 | use std::{collections::{HashMap, HashSet}, cmp::Ordering};
[INFO] [stdout]   |                         ^^^^^^^
[INFO] [stdout]   |
[INFO] [stdout]   = note: `#[warn(unused_imports)]` on by default
[INFO] [stdout] 
[INFO] [stdout] 
[INFO] [stdout] warning: unused imports: `BorrowMut`, `Borrow`, `Display`, `hash_map::Entry`, and `self`
[INFO] [stdout]  --> src/bin/06.rs:3:14
[INFO] [stdout]   |
[INFO] [stdout] 3 |     borrow::{Borrow, BorrowMut},
[INFO] [stdout]   |              ^^^^^^  ^^^^^^^^^
[INFO] [stdout] 4 |     collections::{hash_map::Entry, HashMap},
[INFO] [stdout]   |                   ^^^^^^^^^^^^^^^
[INFO] [stdout] 5 |     fmt::{self, Display},
[INFO] [stdout]   |           ^^^^  ^^^^^^^
[INFO] [stdout]   |
[INFO] [stdout]   = note: `#[warn(unused_imports)]` on by default
[INFO] [stdout] 
[INFO] [stdout] 
[INFO] [stdout] warning: unused variable: `c`
[INFO] [stdout]   --> src/bin/10.rs:44:14
[INFO] [stdout]    |
[INFO] [stdout] 44 |     .filter(|c| is_within_bounds(coordinate, rows, cols))
[INFO] [stdout]    |              ^ help: if this is intentional, prefix it with an underscore: `_c`
[INFO] [stdout]    |
[INFO] [stdout]    = note: `#[warn(unused_variables)]` on by default
[INFO] [stdout] 
[INFO] [stdout] 
[INFO] [stdout] warning: function `concatenate_first_two` is never used
[INFO] [stdout]   --> src/bin/07.rs:55:4
[INFO] [stdout]    |
[INFO] [stdout] 55 | fn concatenate_first_two(lhs: u64, rest: Vec<u64>) -> Vec<u64> {
[INFO] [stdout]    |    ^^^^^^^^^^^^^^^^^^^^^
[INFO] [stdout]    |
[INFO] [stdout]    = note: `#[warn(dead_code)]` on by default
[INFO] [stdout] 
[INFO] [stdout] 
[INFO] [stdout] warning: associated function `print` is never used
[INFO] [stdout]    --> src/bin/06.rs:131:8
[INFO] [stdout]     |
[INFO] [stdout] 105 | impl Board {
[INFO] [stdout]     | ---------- associated function in this implementation
[INFO] [stdout] ...
[INFO] [stdout] 131 |     fn print(board: &Board) {
[INFO] [stdout]     |        ^^^^^
[INFO] [stdout]     |
[INFO] [stdout]     = note: `#[warn(dead_code)]` on by default
[INFO] [stdout] 
[INFO] [stdout] 
[INFO] [stdout] warning: unused variable: `entries`
[INFO] [stdout]    --> src/bin/09.rs:112:13
[INFO] [stdout]     |
[INFO] [stdout] 112 |     let mut entries = diskmap
[INFO] [stdout]     |             ^^^^^^^ help: if this is intentional, prefix it with an underscore: `_entries`
[INFO] [stdout]     |
[INFO] [stdout]     = note: `#[warn(unused_variables)]` on by default
[INFO] [stdout] 
[INFO] [stdout] 
[INFO] [stdout] warning: unused variable: `l`
[INFO] [stdout]    --> src/bin/09.rs:118:13
[INFO] [stdout]     |
[INFO] [stdout] 118 |     let mut l: usize = 0;
[INFO] [stdout]     |             ^ help: if this is intentional, prefix it with an underscore: `_l`
[INFO] [stdout] 
[INFO] [stdout] 
[INFO] [stdout] warning: variable does not need to be mutable
[INFO] [stdout]    --> src/bin/09.rs:112:9
[INFO] [stdout]     |
[INFO] [stdout] 112 |     let mut entries = diskmap
[INFO] [stdout]     |         ----^^^^^^^
[INFO] [stdout]     |         |
[INFO] [stdout]     |         help: remove this `mut`
[INFO] [stdout]     |
[INFO] [stdout]     = note: `#[warn(unused_mut)]` on by default
[INFO] [stdout] 
[INFO] [stdout] 
[INFO] [stdout] warning: function `minus` is never used
[INFO] [stdout]   --> src/bin/08.rs:60:4
[INFO] [stdout]    |
[INFO] [stdout] 60 | fn minus(a: (i32, i32), b: (i32, i32)) -> (i32, i32) {
[INFO] [stdout]    |    ^^^^^
[INFO] [stdout]    |
[INFO] [stdout]    = note: `#[warn(dead_code)]` on by default
[INFO] [stdout] 
[INFO] [stdout] 
[INFO] [stdout] warning: variable does not need to be mutable
[INFO] [stdout]    --> src/bin/09.rs:118:9
[INFO] [stdout]     |
[INFO] [stdout] 118 |     let mut l: usize = 0;
[INFO] [stdout]     |         ----^
[INFO] [stdout]     |         |
[INFO] [stdout]     |         help: remove this `mut`
[INFO] [stdout] 
[INFO] [stdout] 
[INFO] [stdout] warning: struct `IdentifiedEntry` is never constructed
[INFO] [stdout]   --> src/bin/09.rs:29:8
[INFO] [stdout]    |
[INFO] [stdout] 29 | struct IdentifiedEntry {
[INFO] [stdout]    |        ^^^^^^^^^^^^^^^
[INFO] [stdout]    |
[INFO] [stdout]    = note: `#[warn(dead_code)]` on by default
[INFO] [stdout] 
[INFO] [stdout] 
[INFO] [stderr]     Finished `dev` profile [unoptimized + debuginfo] target(s) in 18.32s
[INFO] running `Command { std: "docker" "inspect" "6c34f762441a955bff510be405324e1bc37cf6bb8e9a90b584761328713c8548", kill_on_drop: false }`
[INFO] running `Command { std: "docker" "rm" "-f" "6c34f762441a955bff510be405324e1bc37cf6bb8e9a90b584761328713c8548", kill_on_drop: false }`
[INFO] [stdout] 6c34f762441a955bff510be405324e1bc37cf6bb8e9a90b584761328713c8548
[INFO] running `Command { std: "docker" "create" "-v" "/var/lib/crater-agent-workspace/builds/worker-3-tc2/target:/opt/rustwide/target:rw,Z" "-v" "/var/lib/crater-agent-workspace/builds/worker-3-tc2/source:/opt/rustwide/workdir:ro,Z" "-v" "/var/lib/crater-agent-workspace/cargo-home:/opt/rustwide/cargo-home:ro,Z" "-v" "/var/lib/crater-agent-workspace/rustup-home:/opt/rustwide/rustup-home:ro,Z" "-e" "SOURCE_DIR=/opt/rustwide/workdir" "-e" "CARGO_TARGET_DIR=/opt/rustwide/target" "-e" "CARGO_INCREMENTAL=0" "-e" "RUST_BACKTRACE=full" "-e" "RUSTFLAGS=--cap-lints=warn" "-e" "RUSTDOCFLAGS=--cap-lints=warn" "-e" "CARGO_HOME=/opt/rustwide/cargo-home" "-e" "RUSTUP_HOME=/opt/rustwide/rustup-home" "-w" "/opt/rustwide/workdir" "-m" "1610612736" "--user" "0:0" "--network" "none" "ghcr.io/rust-lang/crates-build-env/linux@sha256:f3a9d4ad9d972b27faf3965f35b62e55ba32bbce8f20bc8fe909558a86702fde" "/opt/rustwide/cargo-home/bin/cargo" "+beta-2024-12-08" "test" "--frozen" "--no-run" "--message-format=json", kill_on_drop: false }`
[INFO] [stdout] 81e5e1dafef88ca52cdaa389d9179e5a7f002e32cae657cb61abe25bc621e110
[INFO] running `Command { std: "docker" "start" "-a" "81e5e1dafef88ca52cdaa389d9179e5a7f002e32cae657cb61abe25bc621e110", kill_on_drop: false }`
[INFO] [stderr]    Compiling advent_of_code v0.11.0 (/opt/rustwide/workdir)
[INFO] [stdout] warning: unused import: `HashMap`
[INFO] [stdout]  --> src/bin/05.rs:2:25
[INFO] [stdout]   |
[INFO] [stdout] 2 | use std::{collections::{HashMap, HashSet}, cmp::Ordering};
[INFO] [stdout]   |                         ^^^^^^^
[INFO] [stdout]   |
[INFO] [stdout]   = note: `#[warn(unused_imports)]` on by default
[INFO] [stdout] 
[INFO] [stdout] 
[INFO] [stdout] warning: unused imports: `BorrowMut`, `Borrow`, `Display`, `hash_map::Entry`, and `self`
[INFO] [stdout]  --> src/bin/06.rs:3:14
[INFO] [stdout]   |
[INFO] [stdout] 3 |     borrow::{Borrow, BorrowMut},
[INFO] [stdout]   |              ^^^^^^  ^^^^^^^^^
[INFO] [stdout] 4 |     collections::{hash_map::Entry, HashMap},
[INFO] [stdout]   |                   ^^^^^^^^^^^^^^^
[INFO] [stdout] 5 |     fmt::{self, Display},
[INFO] [stdout]   |           ^^^^  ^^^^^^^
[INFO] [stdout]   |
[INFO] [stdout]   = note: `#[warn(unused_imports)]` on by default
[INFO] [stdout] 
[INFO] [stdout] 
[INFO] [stdout] warning: unused variable: `entries`
[INFO] [stdout]    --> src/bin/09.rs:112:13
[INFO] [stdout]     |
[INFO] [stdout] 112 |     let mut entries = diskmap
[INFO] [stdout]     |             ^^^^^^^ help: if this is intentional, prefix it with an underscore: `_entries`
[INFO] [stdout]     |
[INFO] [stdout]     = note: `#[warn(unused_variables)]` on by default
[INFO] [stdout] 
[INFO] [stdout] 
[INFO] [stdout] warning: unused variable: `l`
[INFO] [stdout]    --> src/bin/09.rs:118:13
[INFO] [stdout]     |
[INFO] [stdout] 118 |     let mut l: usize = 0;
[INFO] [stdout]     |             ^ help: if this is intentional, prefix it with an underscore: `_l`
[INFO] [stdout] 
[INFO] [stdout] 
[INFO] [stdout] warning: variable does not need to be mutable
[INFO] [stdout]    --> src/bin/09.rs:112:9
[INFO] [stdout]     |
[INFO] [stdout] 112 |     let mut entries = diskmap
[INFO] [stdout]     |         ----^^^^^^^
[INFO] [stdout]     |         |
[INFO] [stdout]     |         help: remove this `mut`
[INFO] [stdout]     |
[INFO] [stdout]     = note: `#[warn(unused_mut)]` on by default
[INFO] [stdout] 
[INFO] [stdout] 
[INFO] [stdout] warning: variable does not need to be mutable
[INFO] [stdout]    --> src/bin/09.rs:118:9
[INFO] [stdout]     |
[INFO] [stdout] 118 |     let mut l: usize = 0;
[INFO] [stdout]     |         ----^
[INFO] [stdout]     |         |
[INFO] [stdout]     |         help: remove this `mut`
[INFO] [stdout] 
[INFO] [stdout] 
[INFO] [stdout] warning: struct `IdentifiedEntry` is never constructed
[INFO] [stdout]   --> src/bin/09.rs:29:8
[INFO] [stdout]    |
[INFO] [stdout] 29 | struct IdentifiedEntry {
[INFO] [stdout]    |        ^^^^^^^^^^^^^^^
[INFO] [stdout]    |
[INFO] [stdout]    = note: `#[warn(dead_code)]` on by default
[INFO] [stdout] 
[INFO] [stdout] 
[INFO] [stdout] warning: unused variable: `c`
[INFO] [stdout]   --> src/bin/10.rs:44:14
[INFO] [stdout]    |
[INFO] [stdout] 44 |     .filter(|c| is_within_bounds(coordinate, rows, cols))
[INFO] [stdout]    |              ^ help: if this is intentional, prefix it with an underscore: `_c`
[INFO] [stdout]    |
[INFO] [stdout]    = note: `#[warn(unused_variables)]` on by default
[INFO] [stdout] 
[INFO] [stdout] 
[INFO] [stdout] warning: function `minus` is never used
[INFO] [stdout]   --> src/bin/08.rs:60:4
[INFO] [stdout]    |
[INFO] [stdout] 60 | fn minus(a: (i32, i32), b: (i32, i32)) -> (i32, i32) {
[INFO] [stdout]    |    ^^^^^
[INFO] [stdout]    |
[INFO] [stdout]    = note: `#[warn(dead_code)]` on by default
[INFO] [stdout] 
[INFO] [stdout] 
[INFO] [stdout] warning: associated function `print` is never used
[INFO] [stdout]    --> src/bin/06.rs:131:8
[INFO] [stdout]     |
[INFO] [stdout] 105 | impl Board {
[INFO] [stdout]     | ---------- associated function in this implementation
[INFO] [stdout] ...
[INFO] [stdout] 131 |     fn print(board: &Board) {
[INFO] [stdout]     |        ^^^^^
[INFO] [stdout]     |
[INFO] [stdout]     = note: `#[warn(dead_code)]` on by default
[INFO] [stdout] 
[INFO] [stdout] 
[INFO] [stderr]     Finished `test` profile [unoptimized + debuginfo] target(s) in 4.76s
[INFO] running `Command { std: "docker" "inspect" "81e5e1dafef88ca52cdaa389d9179e5a7f002e32cae657cb61abe25bc621e110", kill_on_drop: false }`
[INFO] running `Command { std: "docker" "rm" "-f" "81e5e1dafef88ca52cdaa389d9179e5a7f002e32cae657cb61abe25bc621e110", kill_on_drop: false }`
[INFO] [stdout] 81e5e1dafef88ca52cdaa389d9179e5a7f002e32cae657cb61abe25bc621e110
[INFO] running `Command { std: "docker" "create" "-v" "/var/lib/crater-agent-workspace/builds/worker-3-tc2/target:/opt/rustwide/target:rw,Z" "-v" "/var/lib/crater-agent-workspace/builds/worker-3-tc2/source:/opt/rustwide/workdir:ro,Z" "-v" "/var/lib/crater-agent-workspace/cargo-home:/opt/rustwide/cargo-home:ro,Z" "-v" "/var/lib/crater-agent-workspace/rustup-home:/opt/rustwide/rustup-home:ro,Z" "-e" "SOURCE_DIR=/opt/rustwide/workdir" "-e" "CARGO_TARGET_DIR=/opt/rustwide/target" "-e" "CARGO_INCREMENTAL=0" "-e" "RUST_BACKTRACE=full" "-e" "RUSTFLAGS=--cap-lints=warn" "-e" "RUSTDOCFLAGS=--cap-lints=warn" "-e" "CARGO_HOME=/opt/rustwide/cargo-home" "-e" "RUSTUP_HOME=/opt/rustwide/rustup-home" "-w" "/opt/rustwide/workdir" "-m" "1610612736" "--user" "0:0" "--network" "none" "ghcr.io/rust-lang/crates-build-env/linux@sha256:f3a9d4ad9d972b27faf3965f35b62e55ba32bbce8f20bc8fe909558a86702fde" "/opt/rustwide/cargo-home/bin/cargo" "+beta-2024-12-08" "test" "--frozen", kill_on_drop: false }`
[INFO] [stdout] 48afe00b642603fec23db2de18e44000b2b0253c0cc4cfd378c584fc389a0ff7
[INFO] running `Command { std: "docker" "start" "-a" "48afe00b642603fec23db2de18e44000b2b0253c0cc4cfd378c584fc389a0ff7", kill_on_drop: false }`
[INFO] [stderr] warning: unused import: `HashMap`
[INFO] [stderr]  --> src/bin/05.rs:2:25
[INFO] [stderr]   |
[INFO] [stderr] 2 | use std::{collections::{HashMap, HashSet}, cmp::Ordering};
[INFO] [stderr]   |                         ^^^^^^^
[INFO] [stderr]   |
[INFO] [stderr]   = note: `#[warn(unused_imports)]` on by default
[INFO] [stderr] 
[INFO] [stderr] warning: function `minus` is never used
[INFO] [stderr]   --> src/bin/08.rs:60:4
[INFO] [stderr]    |
[INFO] [stderr] 60 | fn minus(a: (i32, i32), b: (i32, i32)) -> (i32, i32) {
[INFO] [stderr]    |    ^^^^^
[INFO] [stderr]    |
[INFO] [stderr]    = note: `#[warn(dead_code)]` on by default
[INFO] [stderr] 
[INFO] [stderr] warning: unused variable: `c`
[INFO] [stderr]   --> src/bin/10.rs:44:14
[INFO] [stderr]    |
[INFO] [stderr] 44 |     .filter(|c| is_within_bounds(coordinate, rows, cols))
[INFO] [stderr]    |              ^ help: if this is intentional, prefix it with an underscore: `_c`
[INFO] [stderr]    |
[INFO] [stderr]    = note: `#[warn(unused_variables)]` on by default
[INFO] [stderr] 
[INFO] [stderr] warning: unused variable: `entries`
[INFO] [stderr]    --> src/bin/09.rs:112:13
[INFO] [stderr]     |
[INFO] [stderr] 112 |     let mut entries = diskmap
[INFO] [stderr]     |             ^^^^^^^ help: if this is intentional, prefix it with an underscore: `_entries`
[INFO] [stderr]     |
[INFO] [stderr]     = note: `#[warn(unused_variables)]` on by default
[INFO] [stderr] 
[INFO] [stderr] warning: unused variable: `l`
[INFO] [stderr]    --> src/bin/09.rs:118:13
[INFO] [stderr]     |
[INFO] [stderr] 118 |     let mut l: usize = 0;
[INFO] [stderr]     |             ^ help: if this is intentional, prefix it with an underscore: `_l`
[INFO] [stderr] 
[INFO] [stderr] warning: variable does not need to be mutable
[INFO] [stderr]    --> src/bin/09.rs:112:9
[INFO] [stderr]     |
[INFO] [stderr] 112 |     let mut entries = diskmap
[INFO] [stderr]     |         ----^^^^^^^
[INFO] [stderr]     |         |
[INFO] [stderr]     |         help: remove this `mut`
[INFO] [stderr]     |
[INFO] [stderr]     = note: `#[warn(unused_mut)]` on by default
[INFO] [stderr] 
[INFO] [stderr] warning: variable does not need to be mutable
[INFO] [stderr]    --> src/bin/09.rs:118:9
[INFO] [stderr]     |
[INFO] [stderr] 118 |     let mut l: usize = 0;
[INFO] [stderr]     |         ----^
[INFO] [stderr]     |         |
[INFO] [stderr]     |         help: remove this `mut`
[INFO] [stderr] 
[INFO] [stderr] warning: struct `IdentifiedEntry` is never constructed
[INFO] [stderr]   --> src/bin/09.rs:29:8
[INFO] [stderr]    |
[INFO] [stderr] 29 | struct IdentifiedEntry {
[INFO] [stderr]    |        ^^^^^^^^^^^^^^^
[INFO] [stderr]    |
[INFO] [stderr]    = note: `#[warn(dead_code)]` on by default
[INFO] [stderr] 
[INFO] [stderr] warning: unused imports: `BorrowMut`, `Borrow`, `Display`, `hash_map::Entry`, and `self`
[INFO] [stderr]  --> src/bin/06.rs:3:14
[INFO] [stderr]   |
[INFO] [stderr] 3 |     borrow::{Borrow, BorrowMut},
[INFO] [stderr]   |              ^^^^^^  ^^^^^^^^^
[INFO] [stderr] 4 |     collections::{hash_map::Entry, HashMap},
[INFO] [stderr]   |                   ^^^^^^^^^^^^^^^
[INFO] [stderr] 5 |     fmt::{self, Display},
[INFO] [stderr]   |           ^^^^  ^^^^^^^
[INFO] [stderr]   |
[INFO] [stderr]   = note: `#[warn(unused_imports)]` on by default
[INFO] [stderr] 
[INFO] [stderr] warning: associated function `print` is never used
[INFO] [stderr]    --> src/bin/06.rs:131:8
[INFO] [stderr]     |
[INFO] [stderr] 105 | impl Board {
[INFO] [stderr]     | ---------- associated function in this implementation
[INFO] [stderr] ...
[INFO] [stderr] 131 |     fn print(board: &Board) {
[INFO] [stderr]     |        ^^^^^
[INFO] [stderr]     |
[INFO] [stderr]     = note: `#[warn(dead_code)]` on by default
[INFO] [stderr] 
[INFO] [stderr] warning: `advent_of_code` (bin "05" test) generated 1 warning (run `cargo fix --bin "05" --tests` to apply 1 suggestion)
[INFO] [stderr] warning: `advent_of_code` (bin "08" test) generated 1 warning
[INFO] [stderr] warning: `advent_of_code` (bin "10" test) generated 1 warning
[INFO] [stderr] warning: `advent_of_code` (bin "09" test) generated 5 warnings (run `cargo fix --bin "09" --tests` to apply 2 suggestions)
[INFO] [stderr] warning: `advent_of_code` (bin "06" test) generated 2 warnings (run `cargo fix --bin "06" --tests` to apply 1 suggestion)
[INFO] [stderr]     Finished `test` profile [unoptimized + debuginfo] target(s) in 0.09s
[INFO] [stderr]      Running unittests src/lib.rs (/opt/rustwide/target/debug/deps/advent_of_code-0519614737f1cb24)
[INFO] [stdout] 
[INFO] [stdout] running 0 tests
[INFO] [stdout] 
[INFO] [stdout] test result: ok. 0 passed; 0 failed; 0 ignored; 0 measured; 0 filtered out; finished in 0.00s
[INFO] [stdout] 
[INFO] [stderr]      Running unittests src/bin/01.rs (/opt/rustwide/target/debug/deps/01-ffdfd5a8acfb6187)
[INFO] [stdout] 
[INFO] [stdout] running 3 tests
[INFO] [stdout] test tests::test_counts ... ok
[INFO] [stdout] test tests::test_part_two ... ok
[INFO] [stdout] test tests::test_part_one ... ok
[INFO] [stdout] 
[INFO] [stdout] test result: ok. 3 passed; 0 failed; 0 ignored; 0 measured; 0 filtered out; finished in 0.01s
[INFO] [stdout] 
[INFO] [stderr]      Running unittests src/bin/04.rs (/opt/rustwide/target/debug/deps/04-4bd65f086a58c552)
[INFO] [stdout] 
[INFO] [stdout] running 6 tests
[INFO] [stdout] test tests::test_diagonal_down_left_candidates ... ok
[INFO] [stdout] test tests::test_horizontal_candidates ... ok
[INFO] [stdout] test tests::test_part_two ... ok
[INFO] [stdout] test tests::test_part_one ... ok
[INFO] [stdout] test tests::test_vertical_candidates ... ok
[INFO] [stdout] test tests::test_diagonal_down_right_candidates ... ok
[INFO] [stdout] 
[INFO] [stdout] test result: ok. 6 passed; 0 failed; 0 ignored; 0 measured; 0 filtered out; finished in 0.01s
[INFO] [stdout] 
[INFO] [stderr]      Running unittests src/bin/05.rs (/opt/rustwide/target/debug/deps/05-036ebcb1f604cd03)
[INFO] [stdout] 
[INFO] [stdout] running 4 tests
[INFO] [stdout] test tests::test_parse_page_ordering ... ok
[INFO] [stdout] test tests::test_parse ... ok
[INFO] [stdout] test tests::test_part_two ... ok
[INFO] [stdout] test tests::test_part_one ... ok
[INFO] [stdout] 
[INFO] [stdout] test result: ok. 4 passed; 0 failed; 0 ignored; 0 measured; 0 filtered out; finished in 0.01s
[INFO] [stdout] 
[INFO] [stderr]      Running unittests src/bin/06.rs (/opt/rustwide/target/debug/deps/06-d62db06e5e78c4dc)
[INFO] [stdout] 
[INFO] [stdout] running 2 tests
[INFO] [stdout] test tests::test_part_one ... ok
[INFO] [stdout] test tests::test_part_two ... FAILED
[INFO] [stdout] 
[INFO] [stdout] failures:
[INFO] [stdout] 
[INFO] [stdout] ---- tests::test_part_two stdout ----
[INFO] [stdout] Outside of board!
[INFO] [stdout] thread 'tests::test_part_two' panicked at src/bin/06.rs:278:9:
[INFO] [stdout] assertion `left == right` failed
[INFO] [stdout]   left: Some(41)
[INFO] [stdout]  right: Some(6)
[INFO] [stdout] stack backtrace:
[INFO] [stdout]    0:     0x5754c8b7de2a - std::backtrace_rs::backtrace::libunwind::trace::h8810477743020387
[INFO] [stdout]                                at /rustc/202008a1b8de96d2e5b6bc02d379db03a877d34d/library/std/src/../../backtrace/src/backtrace/libunwind.rs:116:5
[INFO] [stdout]    1:     0x5754c8b7de2a - std::backtrace_rs::backtrace::trace_unsynchronized::h3aa55355dd6c54a6
[INFO] [stdout]                                at /rustc/202008a1b8de96d2e5b6bc02d379db03a877d34d/library/std/src/../../backtrace/src/backtrace/mod.rs:66:5
[INFO] [stdout]    2:     0x5754c8b7de2a - std::sys::backtrace::_print_fmt::h8588b0f62410823f
[INFO] [stdout]                                at /rustc/202008a1b8de96d2e5b6bc02d379db03a877d34d/library/std/src/sys/backtrace.rs:66:9
[INFO] [stdout]    3:     0x5754c8b7de2a - <std::sys::backtrace::BacktraceLock::print::DisplayBacktrace as core::fmt::Display>::fmt::h98c26ac25ffe89bb
[INFO] [stdout]                                at /rustc/202008a1b8de96d2e5b6bc02d379db03a877d34d/library/std/src/sys/backtrace.rs:39:26
[INFO] [stdout]    4:     0x5754c8ba3963 - core::fmt::rt::Argument::fmt::hf95377f4aebd453b
[INFO] [stdout]                                at /rustc/202008a1b8de96d2e5b6bc02d379db03a877d34d/library/core/src/fmt/rt.rs:177:76
[INFO] [stdout]    5:     0x5754c8ba3963 - core::fmt::write::h0dd5f6e2238c7982
[INFO] [stdout]                                at /rustc/202008a1b8de96d2e5b6bc02d379db03a877d34d/library/core/src/fmt/mod.rs:1189:21
[INFO] [stdout]    6:     0x5754c8b7ae23 - std::io::Write::write_fmt::h03bb0ca26e6faf8c
[INFO] [stdout]                                at /rustc/202008a1b8de96d2e5b6bc02d379db03a877d34d/library/std/src/io/mod.rs:1884:15
[INFO] [stdout]    7:     0x5754c8b7dc72 - std::sys::backtrace::BacktraceLock::print::h5c19c1c038ee186d
[INFO] [stdout]                                at /rustc/202008a1b8de96d2e5b6bc02d379db03a877d34d/library/std/src/sys/backtrace.rs:42:9
[INFO] [stdout]    8:     0x5754c8b7f2ad - std::panicking::default_hook::{{closure}}::h77172f079a1fcb13
[INFO] [stdout]                                at /rustc/202008a1b8de96d2e5b6bc02d379db03a877d34d/library/std/src/panicking.rs:268:22
[INFO] [stdout]    9:     0x5754c8b7f0b7 - std::panicking::default_hook::he5f8e3b203ccddba
[INFO] [stdout]                                at /rustc/202008a1b8de96d2e5b6bc02d379db03a877d34d/library/std/src/panicking.rs:292:9
[INFO] [stdout]   10:     0x5754c8b42117 - <alloc::boxed::Box<F,A> as core::ops::function::Fn<Args>>::call::h7a3c7b4a1ae77f2f
[INFO] [stdout]                                at /rustc/202008a1b8de96d2e5b6bc02d379db03a877d34d/library/alloc/src/boxed.rs:1986:9
[INFO] [stdout]   11:     0x5754c8b42117 - test::test_main::{{closure}}::hf0d3b69ae9b353d1
[INFO] [stdout]                                at /rustc/202008a1b8de96d2e5b6bc02d379db03a877d34d/library/test/src/lib.rs:134:21
[INFO] [stdout]   12:     0x5754c8b7f958 - <alloc::boxed::Box<F,A> as core::ops::function::Fn<Args>>::call::h6332e82e7b189abd
[INFO] [stdout]                                at /rustc/202008a1b8de96d2e5b6bc02d379db03a877d34d/library/alloc/src/boxed.rs:1986:9
[INFO] [stdout]   13:     0x5754c8b7f958 - std::panicking::rust_panic_with_hook::h53863d4e9018df39
[INFO] [stdout]                                at /rustc/202008a1b8de96d2e5b6bc02d379db03a877d34d/library/std/src/panicking.rs:809:13
[INFO] [stdout]   14:     0x5754c8b7f71a - std::panicking::begin_panic_handler::{{closure}}::h67280e6fa0757873
[INFO] [stdout]                                at /rustc/202008a1b8de96d2e5b6bc02d379db03a877d34d/library/std/src/panicking.rs:674:13
[INFO] [stdout]   15:     0x5754c8b7e309 - std::sys::backtrace::__rust_end_short_backtrace::h1dac3f54d6fbbeb2
[INFO] [stdout]                                at /rustc/202008a1b8de96d2e5b6bc02d379db03a877d34d/library/std/src/sys/backtrace.rs:170:18
[INFO] [stdout]   16:     0x5754c8b7f3ac - rust_begin_unwind
[INFO] [stdout]                                at /rustc/202008a1b8de96d2e5b6bc02d379db03a877d34d/library/std/src/panicking.rs:665:5
[INFO] [stdout]   17:     0x5754c8afbaa0 - core::panicking::panic_fmt::h6792bd1b2bf01041
[INFO] [stdout]                                at /rustc/202008a1b8de96d2e5b6bc02d379db03a877d34d/library/core/src/panicking.rs:76:14
[INFO] [stdout]   18:     0x5754c8afbdcb - core::panicking::assert_failed_inner::hf2c17e6d30928787
[INFO] [stdout]   19:     0x5754c8b0793f - core::panicking::assert_failed::h94494b733e93e7d3
[INFO] [stdout]                                at /rustc/202008a1b8de96d2e5b6bc02d379db03a877d34d/library/core/src/panicking.rs:373:5
[INFO] [stdout]   20:     0x5754c8b0888a - _06::tests::test_part_two::h12cfb90807da8c43
[INFO] [stdout]                                at /opt/rustwide/workdir/src/bin/06.rs:278:9
[INFO] [stdout]   21:     0x5754c8b08777 - _06::tests::test_part_two::{{closure}}::h7c0bd1fb0497a5d9
[INFO] [stdout]                                at /opt/rustwide/workdir/src/bin/06.rs:276:23
[INFO] [stdout]   22:     0x5754c8b06046 - core::ops::function::FnOnce::call_once::h6ba41cd5568ea70c
[INFO] [stdout]                                at /rustc/202008a1b8de96d2e5b6bc02d379db03a877d34d/library/core/src/ops/function.rs:250:5
[INFO] [stdout]   23:     0x5754c8b46c3b - core::ops::function::FnOnce::call_once::h871bf86719ec9aa4
[INFO] [stdout]                                at /rustc/202008a1b8de96d2e5b6bc02d379db03a877d34d/library/core/src/ops/function.rs:250:5
[INFO] [stdout]   24:     0x5754c8b46c3b - test::__rust_begin_short_backtrace::h2167df1e2b7d76fd
[INFO] [stdout]                                at /rustc/202008a1b8de96d2e5b6bc02d379db03a877d34d/library/test/src/lib.rs:632:18
[INFO] [stdout]   25:     0x5754c8b46628 - test::run_test_in_process::{{closure}}::h15d92f75a3adfb79
[INFO] [stdout]                                at /rustc/202008a1b8de96d2e5b6bc02d379db03a877d34d/library/test/src/lib.rs:655:60
[INFO] [stdout]   26:     0x5754c8b46628 - <core::panic::unwind_safe::AssertUnwindSafe<F> as core::ops::function::FnOnce<()>>::call_once::hb6c8955835a8dbbb
[INFO] [stdout]                                at /rustc/202008a1b8de96d2e5b6bc02d379db03a877d34d/library/core/src/panic/unwind_safe.rs:272:9
[INFO] [stdout]   27:     0x5754c8b46628 - std::panicking::try::do_call::hc79d0fc888a0bd30
[INFO] [stdout]                                at /rustc/202008a1b8de96d2e5b6bc02d379db03a877d34d/library/std/src/panicking.rs:557:40
[INFO] [stdout]   28:     0x5754c8b46628 - std::panicking::try::hb8a7878e3a8589d6
[INFO] [stdout]                                at /rustc/202008a1b8de96d2e5b6bc02d379db03a877d34d/library/std/src/panicking.rs:520:19
[INFO] [stdout]   29:     0x5754c8b46628 - std::panic::catch_unwind::hb8e4600ff0ff5cfa
[INFO] [stdout]                                at /rustc/202008a1b8de96d2e5b6bc02d379db03a877d34d/library/std/src/panic.rs:358:14
[INFO] [stdout]   30:     0x5754c8b46628 - test::run_test_in_process::hc2900b0b18688dd6
[INFO] [stdout]                                at /rustc/202008a1b8de96d2e5b6bc02d379db03a877d34d/library/test/src/lib.rs:655:27
[INFO] [stdout]   31:     0x5754c8b46628 - test::run_test::{{closure}}::hac2a9cb07be3d48d
[INFO] [stdout]                                at /rustc/202008a1b8de96d2e5b6bc02d379db03a877d34d/library/test/src/lib.rs:576:43
[INFO] [stdout]   32:     0x5754c8b0a0ca - test::run_test::{{closure}}::h4a5b729e66a38cd8
[INFO] [stdout]                                at /rustc/202008a1b8de96d2e5b6bc02d379db03a877d34d/library/test/src/lib.rs:606:41
[INFO] [stdout]   33:     0x5754c8b0a0ca - std::sys::backtrace::__rust_begin_short_backtrace::h0496fb742492f573
[INFO] [stdout]                                at /rustc/202008a1b8de96d2e5b6bc02d379db03a877d34d/library/std/src/sys/backtrace.rs:154:18
[INFO] [stdout]   34:     0x5754c8b0da44 - std::thread::Builder::spawn_unchecked_::{{closure}}::{{closure}}::hbb6d257c550a54bd
[INFO] [stdout]                                at /rustc/202008a1b8de96d2e5b6bc02d379db03a877d34d/library/std/src/thread/mod.rs:561:17
[INFO] [stdout]   35:     0x5754c8b0da44 - <core::panic::unwind_safe::AssertUnwindSafe<F> as core::ops::function::FnOnce<()>>::call_once::h46696fe4a6832328
[INFO] [stdout]                                at /rustc/202008a1b8de96d2e5b6bc02d379db03a877d34d/library/core/src/panic/unwind_safe.rs:272:9
[INFO] [stdout]   36:     0x5754c8b0da44 - std::panicking::try::do_call::h2625a51b667bfb64
[INFO] [stdout]                                at /rustc/202008a1b8de96d2e5b6bc02d379db03a877d34d/library/std/src/panicking.rs:557:40
[INFO] [stdout]   37:     0x5754c8b0da44 - std::panicking::try::hb956a59a1973aa4c
[INFO] [stdout]                                at /rustc/202008a1b8de96d2e5b6bc02d379db03a877d34d/library/std/src/panicking.rs:520:19
[INFO] [stdout]   38:     0x5754c8b0da44 - std::panic::catch_unwind::h64f3b9d1067ef6a0
[INFO] [stdout]                                at /rustc/202008a1b8de96d2e5b6bc02d379db03a877d34d/library/std/src/panic.rs:358:14
[INFO] [stdout]   39:     0x5754c8b0da44 - std::thread::Builder::spawn_unchecked_::{{closure}}::h42b2841295b6c0b2
[INFO] [stdout]                                at /rustc/202008a1b8de96d2e5b6bc02d379db03a877d34d/library/std/src/thread/mod.rs:559:30
[INFO] [stdout]   40:     0x5754c8b0da44 - core::ops::function::FnOnce::call_once{{vtable.shim}}::h6127de71b8124639
[INFO] [stdout]                                at /rustc/202008a1b8de96d2e5b6bc02d379db03a877d34d/library/core/src/ops/function.rs:250:5
[INFO] [stdout]   41:     0x5754c8b8389b - <alloc::boxed::Box<F,A> as core::ops::function::FnOnce<Args>>::call_once::h42f0ba71002a1b2c
[INFO] [stdout]                                at /rustc/202008a1b8de96d2e5b6bc02d379db03a877d34d/library/alloc/src/boxed.rs:1972:9
[INFO] [stderr] error: test failed, to rerun pass `--bin 06`
[INFO] [stdout]   42:     0x5754c8b8389b - <alloc::boxed::Box<F,A> as core::ops::function::FnOnce<Args>>::call_once::had9e47d7a3dcecb8
[INFO] [stdout]                                at /rustc/202008a1b8de96d2e5b6bc02d379db03a877d34d/library/alloc/src/boxed.rs:1972:9
[INFO] [stdout]   43:     0x5754c8b8389b - std::sys::pal::unix::thread::Thread::new::thread_start::h48cf765408f6f5f2
[INFO] [stdout]                                at /rustc/202008a1b8de96d2e5b6bc02d379db03a877d34d/library/std/src/sys/pal/unix/thread.rs:105:17
[INFO] [stdout]   44:     0x72e2554b0ac3 - <unknown>
[INFO] [stdout]   45:     0x72e255541a04 - clone
[INFO] [stdout]   46:                0x0 - <unknown>
[INFO] [stdout] 
[INFO] [stdout] 
[INFO] [stdout] failures:
[INFO] [stdout]     tests::test_part_two
[INFO] [stdout] 
[INFO] [stdout] test result: FAILED. 1 passed; 1 failed; 0 ignored; 0 measured; 0 filtered out; finished in 0.04s
[INFO] [stdout] 
[INFO] running `Command { std: "docker" "inspect" "48afe00b642603fec23db2de18e44000b2b0253c0cc4cfd378c584fc389a0ff7", kill_on_drop: false }`
[INFO] running `Command { std: "docker" "rm" "-f" "48afe00b642603fec23db2de18e44000b2b0253c0cc4cfd378c584fc389a0ff7", kill_on_drop: false }`
[INFO] [stdout] 48afe00b642603fec23db2de18e44000b2b0253c0cc4cfd378c584fc389a0ff7
