[INFO] cloning repository https://github.com/kraktus/syn-with-comments
[INFO] running `Command { std: "git" "-c" "credential.helper=" "-c" "credential.helper=/workspace/cargo-home/bin/git-credential-null" "clone" "--bare" "https://github.com/kraktus/syn-with-comments" "/workspace/cache/git-repos/https%3A%2F%2Fgithub.com%2Fkraktus%2Fsyn-with-comments", kill_on_drop: false }`
[INFO] [stderr] Cloning into bare repository '/workspace/cache/git-repos/https%3A%2F%2Fgithub.com%2Fkraktus%2Fsyn-with-comments'...
[INFO] running `Command { std: "git" "rev-parse" "HEAD", kill_on_drop: false }`
[INFO] [stdout] dde1dd7480094f0818eb0fbf514c2c2d7367d235
[INFO] testing kraktus/syn-with-comments against 1.83.0 for beta-1.84.0-4-retry
[INFO] running `Command { std: "git" "clone" "/workspace/cache/git-repos/https%3A%2F%2Fgithub.com%2Fkraktus%2Fsyn-with-comments" "/workspace/builds/worker-6-tc1/source", kill_on_drop: false }`
[INFO] [stderr] Cloning into '/workspace/builds/worker-6-tc1/source'...
[INFO] [stderr] done.
[INFO] validating manifest of git repo https://github.com/kraktus/syn-with-comments on toolchain 1.83.0
[INFO] running `Command { std: CARGO_HOME="/workspace/cargo-home" RUSTUP_HOME="/workspace/rustup-home" "/workspace/cargo-home/bin/cargo" "+1.83.0" "metadata" "--manifest-path" "Cargo.toml" "--no-deps", kill_on_drop: false }`
[INFO] started tweaking git repo https://github.com/kraktus/syn-with-comments
[INFO] finished tweaking git repo https://github.com/kraktus/syn-with-comments
[INFO] tweaked toml for git repo https://github.com/kraktus/syn-with-comments written to /workspace/builds/worker-6-tc1/source/Cargo.toml
[INFO] crate git repo https://github.com/kraktus/syn-with-comments already has a lockfile, it will not be regenerated
[INFO] running `Command { std: CARGO_HOME="/workspace/cargo-home" RUSTUP_HOME="/workspace/rustup-home" "/workspace/cargo-home/bin/cargo" "+1.83.0" "fetch" "--manifest-path" "Cargo.toml", kill_on_drop: false }`
[INFO] [stderr] warning: virtual workspace defaulting to `resolver = "1"` despite one or more workspace members being on edition 2021 which implies `resolver = "2"`
[INFO] [stderr] note: to keep the current resolver, specify `workspace.resolver = "1"` in the workspace root's manifest
[INFO] [stderr] note: to use the edition 2021 resolver, specify `workspace.resolver = "2"` in the workspace root's manifest
[INFO] [stderr] note: for more details see https://doc.rust-lang.org/cargo/reference/resolver.html#resolver-versions
[INFO] running `Command { std: "docker" "create" "-v" "/var/lib/crater-agent-workspace/builds/worker-6-tc1/target:/opt/rustwide/target:rw,Z" "-v" "/var/lib/crater-agent-workspace/builds/worker-6-tc1/source:/opt/rustwide/workdir:ro,Z" "-v" "/var/lib/crater-agent-workspace/cargo-home:/opt/rustwide/cargo-home:ro,Z" "-v" "/var/lib/crater-agent-workspace/rustup-home:/opt/rustwide/rustup-home:ro,Z" "-e" "SOURCE_DIR=/opt/rustwide/workdir" "-e" "CARGO_TARGET_DIR=/opt/rustwide/target" "-e" "CARGO_HOME=/opt/rustwide/cargo-home" "-e" "RUSTUP_HOME=/opt/rustwide/rustup-home" "-w" "/opt/rustwide/workdir" "-m" "1610612736" "--user" "0:0" "--network" "none" "ghcr.io/rust-lang/crates-build-env/linux@sha256:f3a9d4ad9d972b27faf3965f35b62e55ba32bbce8f20bc8fe909558a86702fde" "/opt/rustwide/cargo-home/bin/cargo" "+1.83.0" "metadata" "--no-deps" "--format-version=1", kill_on_drop: false }`
[INFO] [stdout] 36ce895f9de78a5bb985e9dd73ba80256b507001104902872b4550630756a6dc
[INFO] running `Command { std: "docker" "start" "-a" "36ce895f9de78a5bb985e9dd73ba80256b507001104902872b4550630756a6dc", kill_on_drop: false }`
[INFO] running `Command { std: "docker" "inspect" "36ce895f9de78a5bb985e9dd73ba80256b507001104902872b4550630756a6dc", kill_on_drop: false }`
[INFO] running `Command { std: "docker" "rm" "-f" "36ce895f9de78a5bb985e9dd73ba80256b507001104902872b4550630756a6dc", kill_on_drop: false }`
[INFO] [stdout] 36ce895f9de78a5bb985e9dd73ba80256b507001104902872b4550630756a6dc
[INFO] running `Command { std: "docker" "create" "-v" "/var/lib/crater-agent-workspace/builds/worker-6-tc1/target:/opt/rustwide/target:rw,Z" "-v" "/var/lib/crater-agent-workspace/builds/worker-6-tc1/source:/opt/rustwide/workdir:ro,Z" "-v" "/var/lib/crater-agent-workspace/cargo-home:/opt/rustwide/cargo-home:ro,Z" "-v" "/var/lib/crater-agent-workspace/rustup-home:/opt/rustwide/rustup-home:ro,Z" "-e" "SOURCE_DIR=/opt/rustwide/workdir" "-e" "CARGO_TARGET_DIR=/opt/rustwide/target" "-e" "CARGO_INCREMENTAL=0" "-e" "RUST_BACKTRACE=full" "-e" "RUSTFLAGS=--cap-lints=warn" "-e" "RUSTDOCFLAGS=--cap-lints=warn" "-e" "CARGO_HOME=/opt/rustwide/cargo-home" "-e" "RUSTUP_HOME=/opt/rustwide/rustup-home" "-w" "/opt/rustwide/workdir" "-m" "1610612736" "--user" "0:0" "--network" "none" "ghcr.io/rust-lang/crates-build-env/linux@sha256:f3a9d4ad9d972b27faf3965f35b62e55ba32bbce8f20bc8fe909558a86702fde" "/opt/rustwide/cargo-home/bin/cargo" "+1.83.0" "build" "--frozen" "--message-format=json", kill_on_drop: false }`
[INFO] [stdout] 0e8c69225e488eed186bdbf05c2cca33cf5fd30166e51c5554c142750a5ed9a4
[INFO] running `Command { std: "docker" "start" "-a" "0e8c69225e488eed186bdbf05c2cca33cf5fd30166e51c5554c142750a5ed9a4", kill_on_drop: false }`
[INFO] [stderr] warning: virtual workspace defaulting to `resolver = "1"` despite one or more workspace members being on edition 2021 which implies `resolver = "2"`
[INFO] [stderr] note: to keep the current resolver, specify `workspace.resolver = "1"` in the workspace root's manifest
[INFO] [stderr] note: to use the edition 2021 resolver, specify `workspace.resolver = "2"` in the workspace root's manifest
[INFO] [stderr] note: for more details see https://doc.rust-lang.org/cargo/reference/resolver.html#resolver-versions
[INFO] [stderr]    Compiling proc-macro2 v1.0.49
[INFO] [stderr]    Compiling quote v1.0.23
[INFO] [stderr]    Compiling unicode-ident v1.0.6
[INFO] [stderr]    Compiling version_check v0.9.4
[INFO] [stderr]    Compiling libc v0.2.139
[INFO] [stderr]    Compiling syn v1.0.107
[INFO] [stderr]    Compiling io-lifetimes v1.0.3
[INFO] [stderr]    Compiling rustix v0.36.6
[INFO] [stderr]    Compiling memchr v2.5.0
[INFO] [stderr]    Compiling bitflags v1.3.2
[INFO] [stderr]    Compiling linux-raw-sys v0.1.4
[INFO] [stderr]    Compiling log v0.4.17
[INFO] [stderr]    Compiling heck v0.4.0
[INFO] [stderr]    Compiling os_str_bytes v6.4.1
[INFO] [stderr]    Compiling prettyplease v0.1.22
[INFO] [stderr]    Compiling cfg-if v1.0.0
[INFO] [stderr]    Compiling termcolor v1.1.3
[INFO] [stderr]    Compiling regex-syntax v0.6.28
[INFO] [stderr]    Compiling diff v0.1.13
[INFO] [stderr]    Compiling clap_lex v0.3.0
[INFO] [stderr]    Compiling humantime v2.1.0
[INFO] [stderr]    Compiling once_cell v1.17.0
[INFO] [stderr]    Compiling yansi v0.5.1
[INFO] [stderr]    Compiling proc-macro-error-attr v1.0.4
[INFO] [stderr]    Compiling proc-macro-error v1.0.4
[INFO] [stderr]    Compiling strsim v0.10.0
[INFO] [stderr]    Compiling pretty_assertions v1.3.0
[INFO] [stderr]    Compiling aho-corasick v0.7.20
[INFO] [stderr]    Compiling regex v1.7.0
[INFO] [stderr]    Compiling is-terminal v0.4.2
[INFO] [stderr]    Compiling env_logger v0.10.0
[INFO] [stderr]    Compiling syn-with-comments v0.1.0-dev (/opt/rustwide/workdir/lib)
[INFO] [stdout] warning: variable does not need to be mutable
[INFO] [stdout]    --> lib/src/lib.rs:101:13
[INFO] [stdout]     |
[INFO] [stdout] 101 |         let mut ts = self.handle_token_stream(self.ts.clone(), 0);
[INFO] [stdout]     |             ----^^
[INFO] [stdout]     |             |
[INFO] [stdout]     |             help: remove this `mut`
[INFO] [stdout]     |
[INFO] [stdout]     = note: `#[warn(unused_mut)]` on by default
[INFO] [stdout] 
[INFO] [stdout] 
[INFO] [stderr]    Compiling clap_derive v4.0.21
[INFO] [stderr]    Compiling clap v4.0.32
[INFO] [stderr]    Compiling syn-with-comments-cli v0.1.0-dev (/opt/rustwide/workdir/cli)
[INFO] [stdout] warning: unexpected `cfg` condition value: `dhat`
[INFO] [stdout]   --> cli/src/main.rs:18:11
[INFO] [stdout]    |
[INFO] [stdout] 18 |     #[cfg(feature = "dhat")]
[INFO] [stdout]    |           ^^^^^^^^^^^^^^^^ help: remove the condition
[INFO] [stdout]    |
[INFO] [stdout]    = note: no expected values for `feature`
[INFO] [stdout]    = help: consider adding `dhat` as a feature in `Cargo.toml`
[INFO] [stdout]    = note: see <https://doc.rust-lang.org/nightly/rustc/check-cfg/cargo-specifics.html> for more information about checking conditional configuration
[INFO] [stdout]    = note: `#[warn(unexpected_cfgs)]` on by default
[INFO] [stdout] 
[INFO] [stdout] 
[INFO] [stderr]     Finished `dev` profile [unoptimized + debuginfo] target(s) in 26.79s
[INFO] running `Command { std: "docker" "inspect" "0e8c69225e488eed186bdbf05c2cca33cf5fd30166e51c5554c142750a5ed9a4", kill_on_drop: false }`
[INFO] running `Command { std: "docker" "rm" "-f" "0e8c69225e488eed186bdbf05c2cca33cf5fd30166e51c5554c142750a5ed9a4", kill_on_drop: false }`
[INFO] [stdout] 0e8c69225e488eed186bdbf05c2cca33cf5fd30166e51c5554c142750a5ed9a4
[INFO] running `Command { std: "docker" "create" "-v" "/var/lib/crater-agent-workspace/builds/worker-6-tc1/target:/opt/rustwide/target:rw,Z" "-v" "/var/lib/crater-agent-workspace/builds/worker-6-tc1/source:/opt/rustwide/workdir:ro,Z" "-v" "/var/lib/crater-agent-workspace/cargo-home:/opt/rustwide/cargo-home:ro,Z" "-v" "/var/lib/crater-agent-workspace/rustup-home:/opt/rustwide/rustup-home:ro,Z" "-e" "SOURCE_DIR=/opt/rustwide/workdir" "-e" "CARGO_TARGET_DIR=/opt/rustwide/target" "-e" "CARGO_INCREMENTAL=0" "-e" "RUST_BACKTRACE=full" "-e" "RUSTFLAGS=--cap-lints=warn" "-e" "RUSTDOCFLAGS=--cap-lints=warn" "-e" "CARGO_HOME=/opt/rustwide/cargo-home" "-e" "RUSTUP_HOME=/opt/rustwide/rustup-home" "-w" "/opt/rustwide/workdir" "-m" "1610612736" "--user" "0:0" "--network" "none" "ghcr.io/rust-lang/crates-build-env/linux@sha256:f3a9d4ad9d972b27faf3965f35b62e55ba32bbce8f20bc8fe909558a86702fde" "/opt/rustwide/cargo-home/bin/cargo" "+1.83.0" "test" "--frozen" "--no-run" "--message-format=json", kill_on_drop: false }`
[INFO] [stdout] 7db10ceec4c54306de7fa3b510ebca890f9a7717ea225b017e342995231cb057
[INFO] running `Command { std: "docker" "start" "-a" "7db10ceec4c54306de7fa3b510ebca890f9a7717ea225b017e342995231cb057", kill_on_drop: false }`
[INFO] [stderr] warning: virtual workspace defaulting to `resolver = "1"` despite one or more workspace members being on edition 2021 which implies `resolver = "2"`
[INFO] [stderr] note: to keep the current resolver, specify `workspace.resolver = "1"` in the workspace root's manifest
[INFO] [stderr] note: to use the edition 2021 resolver, specify `workspace.resolver = "2"` in the workspace root's manifest
[INFO] [stderr] note: for more details see https://doc.rust-lang.org/cargo/reference/resolver.html#resolver-versions
[INFO] [stderr]    Compiling syn-with-comments v0.1.0-dev (/opt/rustwide/workdir/lib)
[INFO] [stderr]    Compiling syn-with-comments-cli v0.1.0-dev (/opt/rustwide/workdir/cli)
[INFO] [stdout] warning: variable does not need to be mutable
[INFO] [stdout]    --> lib/src/lib.rs:101:13
[INFO] [stdout]     |
[INFO] [stdout] 101 |         let mut ts = self.handle_token_stream(self.ts.clone(), 0);
[INFO] [stdout]     |             ----^^
[INFO] [stdout]     |             |
[INFO] [stdout]     |             help: remove this `mut`
[INFO] [stdout]     |
[INFO] [stdout]     = note: `#[warn(unused_mut)]` on by default
[INFO] [stdout] 
[INFO] [stdout] 
[INFO] [stdout] warning: unexpected `cfg` condition value: `dhat`
[INFO] [stdout]   --> cli/src/main.rs:18:11
[INFO] [stdout]    |
[INFO] [stdout] 18 |     #[cfg(feature = "dhat")]
[INFO] [stdout]    |           ^^^^^^^^^^^^^^^^ help: remove the condition
[INFO] [stdout]    |
[INFO] [stdout]    = note: no expected values for `feature`
[INFO] [stdout]    = help: consider adding `dhat` as a feature in `Cargo.toml`
[INFO] [stdout]    = note: see <https://doc.rust-lang.org/nightly/rustc/check-cfg/cargo-specifics.html> for more information about checking conditional configuration
[INFO] [stdout]    = note: `#[warn(unexpected_cfgs)]` on by default
[INFO] [stdout] 
[INFO] [stdout] 
[INFO] [stdout] warning: unexpected `cfg` condition value: `dhat`
[INFO] [stdout]   --> cli/src/main.rs:18:11
[INFO] [stdout]    |
[INFO] [stdout] 18 |     #[cfg(feature = "dhat")]
[INFO] [stdout]    |           ^^^^^^^^^^^^^^^^ help: remove the condition
[INFO] [stdout]    |
[INFO] [stdout]    = note: no expected values for `feature`
[INFO] [stdout]    = help: consider adding `dhat` as a feature in `Cargo.toml`
[INFO] [stdout]    = note: see <https://doc.rust-lang.org/nightly/rustc/check-cfg/cargo-specifics.html> for more information about checking conditional configuration
[INFO] [stdout]    = note: `#[warn(unexpected_cfgs)]` on by default
[INFO] [stdout] 
[INFO] [stdout] 
[INFO] [stdout] warning: variable does not need to be mutable
[INFO] [stdout]    --> lib/src/lib.rs:101:13
[INFO] [stdout]     |
[INFO] [stdout] 101 |         let mut ts = self.handle_token_stream(self.ts.clone(), 0);
[INFO] [stdout]     |             ----^^
[INFO] [stdout]     |             |
[INFO] [stdout]     |             help: remove this `mut`
[INFO] [stdout]     |
[INFO] [stdout]     = note: `#[warn(unused_mut)]` on by default
[INFO] [stdout] 
[INFO] [stdout] 
[INFO] [stderr]     Finished `test` profile [unoptimized + debuginfo] target(s) in 1.60s
[INFO] running `Command { std: "docker" "inspect" "7db10ceec4c54306de7fa3b510ebca890f9a7717ea225b017e342995231cb057", kill_on_drop: false }`
[INFO] running `Command { std: "docker" "rm" "-f" "7db10ceec4c54306de7fa3b510ebca890f9a7717ea225b017e342995231cb057", kill_on_drop: false }`
[INFO] [stdout] 7db10ceec4c54306de7fa3b510ebca890f9a7717ea225b017e342995231cb057
[INFO] running `Command { std: "docker" "create" "-v" "/var/lib/crater-agent-workspace/builds/worker-6-tc1/target:/opt/rustwide/target:rw,Z" "-v" "/var/lib/crater-agent-workspace/builds/worker-6-tc1/source:/opt/rustwide/workdir:ro,Z" "-v" "/var/lib/crater-agent-workspace/cargo-home:/opt/rustwide/cargo-home:ro,Z" "-v" "/var/lib/crater-agent-workspace/rustup-home:/opt/rustwide/rustup-home:ro,Z" "-e" "SOURCE_DIR=/opt/rustwide/workdir" "-e" "CARGO_TARGET_DIR=/opt/rustwide/target" "-e" "CARGO_INCREMENTAL=0" "-e" "RUST_BACKTRACE=full" "-e" "RUSTFLAGS=--cap-lints=warn" "-e" "RUSTDOCFLAGS=--cap-lints=warn" "-e" "CARGO_HOME=/opt/rustwide/cargo-home" "-e" "RUSTUP_HOME=/opt/rustwide/rustup-home" "-w" "/opt/rustwide/workdir" "-m" "1610612736" "--user" "0:0" "--network" "none" "ghcr.io/rust-lang/crates-build-env/linux@sha256:f3a9d4ad9d972b27faf3965f35b62e55ba32bbce8f20bc8fe909558a86702fde" "/opt/rustwide/cargo-home/bin/cargo" "+1.83.0" "test" "--frozen", kill_on_drop: false }`
[INFO] [stdout] 40281a21d8d8f46d373e413430295cae7d3ead054483ae3c702326d38e7cfa8d
[INFO] running `Command { std: "docker" "start" "-a" "40281a21d8d8f46d373e413430295cae7d3ead054483ae3c702326d38e7cfa8d", kill_on_drop: false }`
[INFO] [stderr] warning: virtual workspace defaulting to `resolver = "1"` despite one or more workspace members being on edition 2021 which implies `resolver = "2"`
[INFO] [stderr] note: to keep the current resolver, specify `workspace.resolver = "1"` in the workspace root's manifest
[INFO] [stderr] note: to use the edition 2021 resolver, specify `workspace.resolver = "2"` in the workspace root's manifest
[INFO] [stderr] note: for more details see https://doc.rust-lang.org/cargo/reference/resolver.html#resolver-versions
[INFO] [stderr] warning: variable does not need to be mutable
[INFO] [stderr]    --> lib/src/lib.rs:101:13
[INFO] [stderr]     |
[INFO] [stderr] 101 |         let mut ts = self.handle_token_stream(self.ts.clone(), 0);
[INFO] [stderr]     |             ----^^
[INFO] [stderr]     |             |
[INFO] [stderr]     |             help: remove this `mut`
[INFO] [stderr]     |
[INFO] [stderr]     = note: `#[warn(unused_mut)]` on by default
[INFO] [stderr] 
[INFO] [stderr] warning: `syn-with-comments` (lib) generated 1 warning (run `cargo fix --lib -p syn-with-comments` to apply 1 suggestion)
[INFO] [stderr] warning: `syn-with-comments` (lib test) generated 1 warning (1 duplicate)
[INFO] [stderr] warning: unexpected `cfg` condition value: `dhat`
[INFO] [stderr]   --> cli/src/main.rs:18:11
[INFO] [stderr]    |
[INFO] [stderr] 18 |     #[cfg(feature = "dhat")]
[INFO] [stderr]    |           ^^^^^^^^^^^^^^^^ help: remove the condition
[INFO] [stderr]    |
[INFO] [stderr]    = note: no expected values for `feature`
[INFO] [stderr]    = help: consider adding `dhat` as a feature in `Cargo.toml`
[INFO] [stderr]    = note: see <https://doc.rust-lang.org/nightly/rustc/check-cfg/cargo-specifics.html> for more information about checking conditional configuration
[INFO] [stderr]    = note: `#[warn(unexpected_cfgs)]` on by default
[INFO] [stderr] 
[INFO] [stderr] warning: `syn-with-comments-cli` (bin "syn-with-comments-cli" test) generated 1 warning
[INFO] [stderr] warning: `syn-with-comments-cli` (bin "syn-with-comments-cli") generated 1 warning (1 duplicate)
[INFO] [stderr]     Finished `test` profile [unoptimized + debuginfo] target(s) in 0.06s
[INFO] [stderr]      Running unittests src/lib.rs (/opt/rustwide/target/debug/deps/syn_with_comments-36f9ab50f6da7466)
[INFO] [stdout] 
[INFO] [stdout] running 4 tests
[INFO] [stdout] test tests::test_parse_str_empty_group ... ignored, comments in empty groups not handled for the moment
[INFO] [stdout] test tests::test_trailing_comments ... ignored, trailing comments not handled for the moment
[INFO] [stdout] test tests::test_parse_str ... ok
[INFO] [stdout] test tests::test_parse_str2 ... FAILED
[INFO] [stdout] 
[INFO] [stdout] failures:
[INFO] [stdout] 
[INFO] [stdout] ---- tests::test_parse_str2 stdout ----
[INFO] [stdout] In TERMINAL token: Ident { sym: fn, span: bytes(1..3) }, span: bytes(1..3)
[INFO] [stdout] res fn
[INFO] [stdout] In TERMINAL token: Ident { sym: xxx, span: bytes(4..7) }, span: bytes(4..7)
[INFO] [stdout] res xxx
[INFO] [stdout] In GROUP: bytes(7..9)
[INFO] [stdout] res ()
[INFO] [stdout] In GROUP: bytes(10..88)
[INFO] [stdout] In TERMINAL token: Ident { sym: let, span: bytes(16..19) }, span: bytes(16..19)
[INFO] [stdout] res let
[INFO] [stdout] In TERMINAL token: Ident { sym: comments, span: bytes(20..28) }, span: bytes(20..28)
[INFO] [stdout] res comments
[INFO] [stdout] In TERMINAL token: Punct { char: '=', spacing: Alone, span: bytes(29..30) }, span: bytes(29..30)
[INFO] [stdout] res =
[INFO] [stdout] In TERMINAL token: Ident { sym: between, span: bytes(31..38) }, span: bytes(31..38)
[INFO] [stdout] res between
[INFO] [stdout] In TERMINAL token: Punct { char: '.', spacing: Alone, span: bytes(47..48) }, span: bytes(47..48)
[INFO] [stdout] res .
[INFO] [stdout] In TERMINAL token: Ident { sym: filter, span: bytes(48..54) }, span: bytes(48..54)
[INFO] [stdout] res filter
[INFO] [stderr] error: test failed, to rerun pass `-p syn-with-comments --lib`
[INFO] [stdout] In GROUP: bytes(54..56)
[INFO] [stdout] res ()
[INFO] [stdout] In TERMINAL token: Punct { char: '.', spacing: Alone, span: bytes(72..73) }, span: bytes(72..73)
[INFO] [stdout] res # [comment = " bar"] .
[INFO] [stdout] In TERMINAL token: Ident { sym: map, span: bytes(73..76) }, span: bytes(73..76)
[INFO] [stdout] res map
[INFO] [stdout] In GROUP: bytes(76..78)
[INFO] [stdout] res ()
[INFO] [stdout] In TERMINAL token: Punct { char: ';', spacing: Alone, span: bytes(78..79) }, span: bytes(78..79)
[INFO] [stdout] res ;
[INFO] [stdout] res { let comments = between . filter () # [comment = " bar"] . map () ; }
[INFO] [stdout] thread 'tests::test_parse_str2' panicked at lib/src/lib.rs:106:27:
[INFO] [stdout] error: expected `;`, span: bytes(72..73)
[INFO] [stdout] stack backtrace:
[INFO] [stdout]    0:     0x5cb56f244f1a - std::backtrace_rs::backtrace::libunwind::trace::h5a5b8284f2d0c266
[INFO] [stdout]                                at /rustc/90b35a6239c3d8bdabc530a6a0816f7ff89a0aaf/library/std/src/../../backtrace/src/backtrace/libunwind.rs:116:5
[INFO] [stdout]    1:     0x5cb56f244f1a - std::backtrace_rs::backtrace::trace_unsynchronized::h76d4f1c9b0b875e3
[INFO] [stdout]                                at /rustc/90b35a6239c3d8bdabc530a6a0816f7ff89a0aaf/library/std/src/../../backtrace/src/backtrace/mod.rs:66:5
[INFO] [stdout]    2:     0x5cb56f244f1a - std::sys::backtrace::_print_fmt::hc4546b8364a537c6
[INFO] [stdout]                                at /rustc/90b35a6239c3d8bdabc530a6a0816f7ff89a0aaf/library/std/src/sys/backtrace.rs:66:9
[INFO] [stdout]    3:     0x5cb56f244f1a - <std::sys::backtrace::BacktraceLock::print::DisplayBacktrace as core::fmt::Display>::fmt::h5b6bd5631a6d1f6b
[INFO] [stdout]                                at /rustc/90b35a6239c3d8bdabc530a6a0816f7ff89a0aaf/library/std/src/sys/backtrace.rs:39:26
[INFO] [stdout]    4:     0x5cb56f26a633 - core::fmt::rt::Argument::fmt::h270f6602a2b96f62
[INFO] [stdout]                                at /rustc/90b35a6239c3d8bdabc530a6a0816f7ff89a0aaf/library/core/src/fmt/rt.rs:177:76
[INFO] [stdout]    5:     0x5cb56f26a633 - core::fmt::write::h7550c97b06c86515
[INFO] [stdout]                                at /rustc/90b35a6239c3d8bdabc530a6a0816f7ff89a0aaf/library/core/src/fmt/mod.rs:1186:21
[INFO] [stdout]    6:     0x5cb56f2420d3 - std::io::Write::write_fmt::h509ff860e5956e5e
[INFO] [stdout]                                at /rustc/90b35a6239c3d8bdabc530a6a0816f7ff89a0aaf/library/std/src/io/mod.rs:1839:15
[INFO] [stdout]    7:     0x5cb56f244d62 - std::sys::backtrace::BacktraceLock::print::h2395ccd2c84ba3aa
[INFO] [stdout]                                at /rustc/90b35a6239c3d8bdabc530a6a0816f7ff89a0aaf/library/std/src/sys/backtrace.rs:42:9
[INFO] [stdout]    8:     0x5cb56f24637a - std::panicking::default_hook::{{closure}}::he19d4c7230e07961
[INFO] [stdout]                                at /rustc/90b35a6239c3d8bdabc530a6a0816f7ff89a0aaf/library/std/src/panicking.rs:268:22
[INFO] [stdout]    9:     0x5cb56f246184 - std::panicking::default_hook::hf614597d3c67bbdb
[INFO] [stdout]                                at /rustc/90b35a6239c3d8bdabc530a6a0816f7ff89a0aaf/library/std/src/panicking.rs:292:9
[INFO] [stdout]   10:     0x5cb56f0bbed9 - <alloc::boxed::Box<F,A> as core::ops::function::Fn<Args>>::call::h39b51ce4599c23d1
[INFO] [stdout]                                at /rustc/90b35a6239c3d8bdabc530a6a0816f7ff89a0aaf/library/alloc/src/boxed.rs:2468:9
[INFO] [stdout]   11:     0x5cb56f0bbed9 - test::test_main::{{closure}}::he977ae839a582784
[INFO] [stdout]                                at /rustc/90b35a6239c3d8bdabc530a6a0816f7ff89a0aaf/library/test/src/lib.rs:133:21
[INFO] [stdout]   12:     0x5cb56f246a18 - <alloc::boxed::Box<F,A> as core::ops::function::Fn<Args>>::call::h9455091b6b06f9fb
[INFO] [stdout]                                at /rustc/90b35a6239c3d8bdabc530a6a0816f7ff89a0aaf/library/alloc/src/boxed.rs:2468:9
[INFO] [stdout]   13:     0x5cb56f246a18 - std::panicking::rust_panic_with_hook::h8942133a8b252070
[INFO] [stdout]                                at /rustc/90b35a6239c3d8bdabc530a6a0816f7ff89a0aaf/library/std/src/panicking.rs:809:13
[INFO] [stdout]   14:     0x5cb56f2467da - std::panicking::begin_panic_handler::{{closure}}::hb5f5963570096b29
[INFO] [stdout]                                at /rustc/90b35a6239c3d8bdabc530a6a0816f7ff89a0aaf/library/std/src/panicking.rs:674:13
[INFO] [stdout]   15:     0x5cb56f2453f9 - std::sys::backtrace::__rust_end_short_backtrace::h6208cedc1922feda
[INFO] [stdout]                                at /rustc/90b35a6239c3d8bdabc530a6a0816f7ff89a0aaf/library/std/src/sys/backtrace.rs:170:18
[INFO] [stdout]   16:     0x5cb56f24646c - rust_begin_unwind
[INFO] [stdout]                                at /rustc/90b35a6239c3d8bdabc530a6a0816f7ff89a0aaf/library/std/src/panicking.rs:665:5
[INFO] [stdout]   17:     0x5cb56f0497c0 - core::panicking::panic_fmt::h0c3082644d1bf418
[INFO] [stdout]                                at /rustc/90b35a6239c3d8bdabc530a6a0816f7ff89a0aaf/library/core/src/panicking.rs:74:14
[INFO] [stdout]   18:     0x5cb56f051c00 - syn_with_comments::CommentsRetriever::parse_str::hdc393355a37fe122
[INFO] [stdout]                                at /opt/rustwide/workdir/lib/src/lib.rs:106:27
[INFO] [stdout]   19:     0x5cb56f04d97a - core::ops::function::FnOnce::call_once::hf16f732f4985fd1f
[INFO] [stdout]                                at /rustc/90b35a6239c3d8bdabc530a6a0816f7ff89a0aaf/library/core/src/ops/function.rs:250:5
[INFO] [stdout]   20:     0x5cb56f04ebb1 - core::result::Result<T,E>::map::h8887e0d1dabe97f1
[INFO] [stdout]                                at /rustc/90b35a6239c3d8bdabc530a6a0816f7ff89a0aaf/library/core/src/result.rs:773:25
[INFO] [stdout]   21:     0x5cb56f051c51 - syn_with_comments::parse_str::h04799a0515c7131f
[INFO] [stdout]                                at /opt/rustwide/workdir/lib/src/lib.rs:113:5
[INFO] [stdout]   22:     0x5cb56f052420 - syn_with_comments::tests::test_parse_str2::hcebb8569efbb4f10
[INFO] [stdout]                                at /opt/rustwide/workdir/lib/src/lib.rs:166:23
[INFO] [stdout]   23:     0x5cb56f0523d7 - syn_with_comments::tests::test_parse_str2::{{closure}}::hc367453eaaf01eaa
[INFO] [stdout]                                at /opt/rustwide/workdir/lib/src/lib.rs:159:25
[INFO] [stdout]   24:     0x5cb56f04d926 - core::ops::function::FnOnce::call_once::hdb996b66faec8fb9
[INFO] [stdout]                                at /rustc/90b35a6239c3d8bdabc530a6a0816f7ff89a0aaf/library/core/src/ops/function.rs:250:5
[INFO] [stdout]   25:     0x5cb56f0c089b - core::ops::function::FnOnce::call_once::h109cf8051a59b34e
[INFO] [stdout]                                at /rustc/90b35a6239c3d8bdabc530a6a0816f7ff89a0aaf/library/core/src/ops/function.rs:250:5
[INFO] [stdout]   26:     0x5cb56f0c089b - test::__rust_begin_short_backtrace::hf4fff89d377446ba
[INFO] [stdout]                                at /rustc/90b35a6239c3d8bdabc530a6a0816f7ff89a0aaf/library/test/src/lib.rs:621:18
[INFO] [stdout]   27:     0x5cb56f0c00d7 - test::run_test_in_process::{{closure}}::h0e39181dd7ee5a43
[INFO] [stdout]                                at /rustc/90b35a6239c3d8bdabc530a6a0816f7ff89a0aaf/library/test/src/lib.rs:644:60
[INFO] [stdout]   28:     0x5cb56f0c00d7 - <core::panic::unwind_safe::AssertUnwindSafe<F> as core::ops::function::FnOnce<()>>::call_once::hc5a66a30f0bdfd1f
[INFO] [stdout]                                at /rustc/90b35a6239c3d8bdabc530a6a0816f7ff89a0aaf/library/core/src/panic/unwind_safe.rs:272:9
[INFO] [stdout]   29:     0x5cb56f0c00d7 - std::panicking::try::do_call::h873b7cf639554a5e
[INFO] [stdout]                                at /rustc/90b35a6239c3d8bdabc530a6a0816f7ff89a0aaf/library/std/src/panicking.rs:557:40
[INFO] [stdout]   30:     0x5cb56f0c00d7 - std::panicking::try::hdb19862fad9c8bd1
[INFO] [stdout]                                at /rustc/90b35a6239c3d8bdabc530a6a0816f7ff89a0aaf/library/std/src/panicking.rs:520:19
[INFO] [stdout]   31:     0x5cb56f0c00d7 - std::panic::catch_unwind::h281fe732d236d260
[INFO] [stdout]                                at /rustc/90b35a6239c3d8bdabc530a6a0816f7ff89a0aaf/library/std/src/panic.rs:358:14
[INFO] [stdout]   32:     0x5cb56f0c00d7 - test::run_test_in_process::h949b6df8457ed338
[INFO] [stdout]                                at /rustc/90b35a6239c3d8bdabc530a6a0816f7ff89a0aaf/library/test/src/lib.rs:644:27
[INFO] [stdout]   33:     0x5cb56f0c00d7 - test::run_test::{{closure}}::h52c556a6d4740e10
[INFO] [stdout]                                at /rustc/90b35a6239c3d8bdabc530a6a0816f7ff89a0aaf/library/test/src/lib.rs:565:43
[INFO] [stdout]   34:     0x5cb56f0853b4 - test::run_test::{{closure}}::h4237f6381c45ccb9
[INFO] [stdout]                                at /rustc/90b35a6239c3d8bdabc530a6a0816f7ff89a0aaf/library/test/src/lib.rs:595:41
[INFO] [stdout]   35:     0x5cb56f0853b4 - std::sys::backtrace::__rust_begin_short_backtrace::h505c97a579eca628
[INFO] [stdout]                                at /rustc/90b35a6239c3d8bdabc530a6a0816f7ff89a0aaf/library/std/src/sys/backtrace.rs:154:18
[INFO] [stdout]   36:     0x5cb56f088a7e - std::thread::Builder::spawn_unchecked_::{{closure}}::{{closure}}::h9e86b2e2bc107ea3
[INFO] [stdout]                                at /rustc/90b35a6239c3d8bdabc530a6a0816f7ff89a0aaf/library/std/src/thread/mod.rs:538:17
[INFO] [stdout]   37:     0x5cb56f088a7e - <core::panic::unwind_safe::AssertUnwindSafe<F> as core::ops::function::FnOnce<()>>::call_once::h8b06ddb275ff4a25
[INFO] [stdout]                                at /rustc/90b35a6239c3d8bdabc530a6a0816f7ff89a0aaf/library/core/src/panic/unwind_safe.rs:272:9
[INFO] [stdout]   38:     0x5cb56f088a7e - std::panicking::try::do_call::hb26ecd7cd9a9355d
[INFO] [stdout]                                at /rustc/90b35a6239c3d8bdabc530a6a0816f7ff89a0aaf/library/std/src/panicking.rs:557:40
[INFO] [stdout]   39:     0x5cb56f088a7e - std::panicking::try::h8ddeca9d705f9069
[INFO] [stdout]                                at /rustc/90b35a6239c3d8bdabc530a6a0816f7ff89a0aaf/library/std/src/panicking.rs:520:19
[INFO] [stdout]   40:     0x5cb56f088a7e - std::panic::catch_unwind::h49e1c33078844c46
[INFO] [stdout]                                at /rustc/90b35a6239c3d8bdabc530a6a0816f7ff89a0aaf/library/std/src/panic.rs:358:14
[INFO] [stdout]   41:     0x5cb56f088a7e - std::thread::Builder::spawn_unchecked_::{{closure}}::h6073db6ff56ad35d
[INFO] [stdout]                                at /rustc/90b35a6239c3d8bdabc530a6a0816f7ff89a0aaf/library/std/src/thread/mod.rs:537:30
[INFO] [stdout]   42:     0x5cb56f088a7e - core::ops::function::FnOnce::call_once{{vtable.shim}}::h2c5a5f3779c774f1
[INFO] [stdout]                                at /rustc/90b35a6239c3d8bdabc530a6a0816f7ff89a0aaf/library/core/src/ops/function.rs:250:5
[INFO] [stdout]   43:     0x5cb56f24a86b - <alloc::boxed::Box<F,A> as core::ops::function::FnOnce<Args>>::call_once::hf75717d9f28faebf
[INFO] [stdout]                                at /rustc/90b35a6239c3d8bdabc530a6a0816f7ff89a0aaf/library/alloc/src/boxed.rs:2454:9
[INFO] [stdout]   44:     0x5cb56f24a86b - <alloc::boxed::Box<F,A> as core::ops::function::FnOnce<Args>>::call_once::h7bd883a5f3c5f3c1
[INFO] [stdout]                                at /rustc/90b35a6239c3d8bdabc530a6a0816f7ff89a0aaf/library/alloc/src/boxed.rs:2454:9
[INFO] [stdout]   45:     0x5cb56f24a86b - std::sys::pal::unix::thread::Thread::new::thread_start::hcc78f3943333fa94
[INFO] [stdout]                                at /rustc/90b35a6239c3d8bdabc530a6a0816f7ff89a0aaf/library/std/src/sys/pal/unix/thread.rs:105:17
[INFO] [stdout]   46:     0x73e17cd59ac3 - <unknown>
[INFO] [stdout]   47:     0x73e17cdeaa04 - clone
[INFO] [stdout]   48:                0x0 - <unknown>
[INFO] [stdout] 
[INFO] [stdout] 
[INFO] [stdout] failures:
[INFO] [stdout]     tests::test_parse_str2
[INFO] [stdout] 
[INFO] [stdout] test result: FAILED. 1 passed; 1 failed; 2 ignored; 0 measured; 0 filtered out; finished in 0.05s
[INFO] [stdout] 
[INFO] running `Command { std: "docker" "inspect" "40281a21d8d8f46d373e413430295cae7d3ead054483ae3c702326d38e7cfa8d", kill_on_drop: false }`
[INFO] running `Command { std: "docker" "rm" "-f" "40281a21d8d8f46d373e413430295cae7d3ead054483ae3c702326d38e7cfa8d", kill_on_drop: false }`
[INFO] [stdout] 40281a21d8d8f46d373e413430295cae7d3ead054483ae3c702326d38e7cfa8d
