[INFO] cloning repository https://github.com/kpindur/aoc-2024
[INFO] running `Command { std: "git" "-c" "credential.helper=" "-c" "credential.helper=/workspace/cargo-home/bin/git-credential-null" "clone" "--bare" "https://github.com/kpindur/aoc-2024" "/workspace/cache/git-repos/https%3A%2F%2Fgithub.com%2Fkpindur%2Faoc-2024", kill_on_drop: false }`
[INFO] [stderr] Cloning into bare repository '/workspace/cache/git-repos/https%3A%2F%2Fgithub.com%2Fkpindur%2Faoc-2024'...
[INFO] running `Command { std: "git" "rev-parse" "HEAD", kill_on_drop: false }`
[INFO] [stdout] d8091ba8f00d72b590200762d931815017726bef
[INFO] testing kpindur/aoc-2024 against 1.83.0 for beta-1.84.0-4-retry
[INFO] running `Command { std: "git" "clone" "/workspace/cache/git-repos/https%3A%2F%2Fgithub.com%2Fkpindur%2Faoc-2024" "/workspace/builds/worker-2-tc1/source", kill_on_drop: false }`
[INFO] [stderr] Cloning into '/workspace/builds/worker-2-tc1/source'...
[INFO] [stderr] done.
[INFO] validating manifest of git repo https://github.com/kpindur/aoc-2024 on toolchain 1.83.0
[INFO] running `Command { std: CARGO_HOME="/workspace/cargo-home" RUSTUP_HOME="/workspace/rustup-home" "/workspace/cargo-home/bin/cargo" "+1.83.0" "metadata" "--manifest-path" "Cargo.toml" "--no-deps", kill_on_drop: false }`
[INFO] removed /workspace/builds/worker-2-tc1/source/.cargo/config.toml
[INFO] started tweaking git repo https://github.com/kpindur/aoc-2024
[INFO] finished tweaking git repo https://github.com/kpindur/aoc-2024
[INFO] tweaked toml for git repo https://github.com/kpindur/aoc-2024 written to /workspace/builds/worker-2-tc1/source/Cargo.toml
[INFO] crate git repo https://github.com/kpindur/aoc-2024 already has a lockfile, it will not be regenerated
[INFO] running `Command { std: CARGO_HOME="/workspace/cargo-home" RUSTUP_HOME="/workspace/rustup-home" "/workspace/cargo-home/bin/cargo" "+1.83.0" "fetch" "--manifest-path" "Cargo.toml", kill_on_drop: false }`
[INFO] running `Command { std: "docker" "create" "-v" "/var/lib/crater-agent-workspace/builds/worker-2-tc1/target:/opt/rustwide/target:rw,Z" "-v" "/var/lib/crater-agent-workspace/builds/worker-2-tc1/source:/opt/rustwide/workdir:ro,Z" "-v" "/var/lib/crater-agent-workspace/cargo-home:/opt/rustwide/cargo-home:ro,Z" "-v" "/var/lib/crater-agent-workspace/rustup-home:/opt/rustwide/rustup-home:ro,Z" "-e" "SOURCE_DIR=/opt/rustwide/workdir" "-e" "CARGO_TARGET_DIR=/opt/rustwide/target" "-e" "CARGO_HOME=/opt/rustwide/cargo-home" "-e" "RUSTUP_HOME=/opt/rustwide/rustup-home" "-w" "/opt/rustwide/workdir" "-m" "1610612736" "--user" "0:0" "--network" "none" "ghcr.io/rust-lang/crates-build-env/linux@sha256:f3a9d4ad9d972b27faf3965f35b62e55ba32bbce8f20bc8fe909558a86702fde" "/opt/rustwide/cargo-home/bin/cargo" "+1.83.0" "metadata" "--no-deps" "--format-version=1", kill_on_drop: false }`
[INFO] [stdout] d7860e15a968d44ddd6d3250a30083be5d8a0fd8a9bec4dcf123bacea32a15bc
[INFO] running `Command { std: "docker" "start" "-a" "d7860e15a968d44ddd6d3250a30083be5d8a0fd8a9bec4dcf123bacea32a15bc", kill_on_drop: false }`
[INFO] running `Command { std: "docker" "inspect" "d7860e15a968d44ddd6d3250a30083be5d8a0fd8a9bec4dcf123bacea32a15bc", kill_on_drop: false }`
[INFO] running `Command { std: "docker" "rm" "-f" "d7860e15a968d44ddd6d3250a30083be5d8a0fd8a9bec4dcf123bacea32a15bc", kill_on_drop: false }`
[INFO] [stdout] d7860e15a968d44ddd6d3250a30083be5d8a0fd8a9bec4dcf123bacea32a15bc
[INFO] running `Command { std: "docker" "create" "-v" "/var/lib/crater-agent-workspace/builds/worker-2-tc1/target:/opt/rustwide/target:rw,Z" "-v" "/var/lib/crater-agent-workspace/builds/worker-2-tc1/source:/opt/rustwide/workdir:ro,Z" "-v" "/var/lib/crater-agent-workspace/cargo-home:/opt/rustwide/cargo-home:ro,Z" "-v" "/var/lib/crater-agent-workspace/rustup-home:/opt/rustwide/rustup-home:ro,Z" "-e" "SOURCE_DIR=/opt/rustwide/workdir" "-e" "CARGO_TARGET_DIR=/opt/rustwide/target" "-e" "CARGO_INCREMENTAL=0" "-e" "RUST_BACKTRACE=full" "-e" "RUSTFLAGS=--cap-lints=warn" "-e" "RUSTDOCFLAGS=--cap-lints=warn" "-e" "CARGO_HOME=/opt/rustwide/cargo-home" "-e" "RUSTUP_HOME=/opt/rustwide/rustup-home" "-w" "/opt/rustwide/workdir" "-m" "1610612736" "--user" "0:0" "--network" "none" "ghcr.io/rust-lang/crates-build-env/linux@sha256:f3a9d4ad9d972b27faf3965f35b62e55ba32bbce8f20bc8fe909558a86702fde" "/opt/rustwide/cargo-home/bin/cargo" "+1.83.0" "build" "--frozen" "--message-format=json", kill_on_drop: false }`
[INFO] [stdout] 9fb2737d579d84cb97a213f9557a6e09301738f40a7b13dbb159724b65a0cb46
[INFO] running `Command { std: "docker" "start" "-a" "9fb2737d579d84cb97a213f9557a6e09301738f40a7b13dbb159724b65a0cb46", kill_on_drop: false }`
[INFO] [stderr]    Compiling rust v0.1.0 (/opt/rustwide/workdir)
[INFO] [stderr]     Finished `dev` profile [unoptimized + debuginfo] target(s) in 0.73s
[INFO] running `Command { std: "docker" "inspect" "9fb2737d579d84cb97a213f9557a6e09301738f40a7b13dbb159724b65a0cb46", kill_on_drop: false }`
[INFO] running `Command { std: "docker" "rm" "-f" "9fb2737d579d84cb97a213f9557a6e09301738f40a7b13dbb159724b65a0cb46", kill_on_drop: false }`
[INFO] [stdout] 9fb2737d579d84cb97a213f9557a6e09301738f40a7b13dbb159724b65a0cb46
[INFO] running `Command { std: "docker" "create" "-v" "/var/lib/crater-agent-workspace/builds/worker-2-tc1/target:/opt/rustwide/target:rw,Z" "-v" "/var/lib/crater-agent-workspace/builds/worker-2-tc1/source:/opt/rustwide/workdir:ro,Z" "-v" "/var/lib/crater-agent-workspace/cargo-home:/opt/rustwide/cargo-home:ro,Z" "-v" "/var/lib/crater-agent-workspace/rustup-home:/opt/rustwide/rustup-home:ro,Z" "-e" "SOURCE_DIR=/opt/rustwide/workdir" "-e" "CARGO_TARGET_DIR=/opt/rustwide/target" "-e" "CARGO_INCREMENTAL=0" "-e" "RUST_BACKTRACE=full" "-e" "RUSTFLAGS=--cap-lints=warn" "-e" "RUSTDOCFLAGS=--cap-lints=warn" "-e" "CARGO_HOME=/opt/rustwide/cargo-home" "-e" "RUSTUP_HOME=/opt/rustwide/rustup-home" "-w" "/opt/rustwide/workdir" "-m" "1610612736" "--user" "0:0" "--network" "none" "ghcr.io/rust-lang/crates-build-env/linux@sha256:f3a9d4ad9d972b27faf3965f35b62e55ba32bbce8f20bc8fe909558a86702fde" "/opt/rustwide/cargo-home/bin/cargo" "+1.83.0" "test" "--frozen" "--no-run" "--message-format=json", kill_on_drop: false }`
[INFO] [stdout] e3fd2a1e3491a35fdf17ed91256b1d2c243ef55fa7544b6d701dbedc50fc2c79
[INFO] running `Command { std: "docker" "start" "-a" "e3fd2a1e3491a35fdf17ed91256b1d2c243ef55fa7544b6d701dbedc50fc2c79", kill_on_drop: false }`
[INFO] [stderr]    Compiling rust v0.1.0 (/opt/rustwide/workdir)
[INFO] [stderr]     Finished `test` profile [unoptimized + debuginfo] target(s) in 0.76s
[INFO] running `Command { std: "docker" "inspect" "e3fd2a1e3491a35fdf17ed91256b1d2c243ef55fa7544b6d701dbedc50fc2c79", kill_on_drop: false }`
[INFO] running `Command { std: "docker" "rm" "-f" "e3fd2a1e3491a35fdf17ed91256b1d2c243ef55fa7544b6d701dbedc50fc2c79", kill_on_drop: false }`
[INFO] [stdout] e3fd2a1e3491a35fdf17ed91256b1d2c243ef55fa7544b6d701dbedc50fc2c79
[INFO] running `Command { std: "docker" "create" "-v" "/var/lib/crater-agent-workspace/builds/worker-2-tc1/target:/opt/rustwide/target:rw,Z" "-v" "/var/lib/crater-agent-workspace/builds/worker-2-tc1/source:/opt/rustwide/workdir:ro,Z" "-v" "/var/lib/crater-agent-workspace/cargo-home:/opt/rustwide/cargo-home:ro,Z" "-v" "/var/lib/crater-agent-workspace/rustup-home:/opt/rustwide/rustup-home:ro,Z" "-e" "SOURCE_DIR=/opt/rustwide/workdir" "-e" "CARGO_TARGET_DIR=/opt/rustwide/target" "-e" "CARGO_INCREMENTAL=0" "-e" "RUST_BACKTRACE=full" "-e" "RUSTFLAGS=--cap-lints=warn" "-e" "RUSTDOCFLAGS=--cap-lints=warn" "-e" "CARGO_HOME=/opt/rustwide/cargo-home" "-e" "RUSTUP_HOME=/opt/rustwide/rustup-home" "-w" "/opt/rustwide/workdir" "-m" "1610612736" "--user" "0:0" "--network" "none" "ghcr.io/rust-lang/crates-build-env/linux@sha256:f3a9d4ad9d972b27faf3965f35b62e55ba32bbce8f20bc8fe909558a86702fde" "/opt/rustwide/cargo-home/bin/cargo" "+1.83.0" "test" "--frozen", kill_on_drop: false }`
[INFO] [stdout] 5723b50d377e2c9a32743f1a0cc669b59b5d9e5a330db848df90423be988c85f
[INFO] running `Command { std: "docker" "start" "-a" "5723b50d377e2c9a32743f1a0cc669b59b5d9e5a330db848df90423be988c85f", kill_on_drop: false }`
[INFO] [stderr]     Finished `test` profile [unoptimized + debuginfo] target(s) in 0.02s
[INFO] [stderr]      Running unittests src/day5/main.rs (/opt/rustwide/target/debug/deps/day5-b90d9f0e3ecfaf40)
[INFO] [stdout] 
[INFO] [stdout] running 2 tests
[INFO] [stdout] test part2::test::test_part2_works ... FAILED
[INFO] [stderr] error: test failed, to rerun pass `--bin day5`
[INFO] [stdout] test part1::test::test_part1_works ... FAILED
[INFO] [stdout] 
[INFO] [stdout] failures:
[INFO] [stdout] 
[INFO] [stdout] ---- part2::test::test_part2_works stdout ----
[INFO] [stdout] Error: Os { code: 2, kind: NotFound, message: "No such file or directory" }
[INFO] [stdout] 
[INFO] [stdout] ---- part1::test::test_part1_works stdout ----
[INFO] [stdout] Error: Os { code: 2, kind: NotFound, message: "No such file or directory" }
[INFO] [stdout] 
[INFO] [stdout] 
[INFO] [stdout] failures:
[INFO] [stdout]     part1::test::test_part1_works
[INFO] [stdout]     part2::test::test_part2_works
[INFO] [stdout] 
[INFO] [stdout] test result: FAILED. 0 passed; 2 failed; 0 ignored; 0 measured; 0 filtered out; finished in 0.00s
[INFO] [stdout] 
[INFO] running `Command { std: "docker" "inspect" "5723b50d377e2c9a32743f1a0cc669b59b5d9e5a330db848df90423be988c85f", kill_on_drop: false }`
[INFO] running `Command { std: "docker" "rm" "-f" "5723b50d377e2c9a32743f1a0cc669b59b5d9e5a330db848df90423be988c85f", kill_on_drop: false }`
[INFO] [stdout] 5723b50d377e2c9a32743f1a0cc669b59b5d9e5a330db848df90423be988c85f
