[INFO] cloning repository https://github.com/kkozoriz/altlinux_package_comparator
[INFO] running `Command { std: "git" "-c" "credential.helper=" "-c" "credential.helper=/workspace/cargo-home/bin/git-credential-null" "clone" "--bare" "https://github.com/kkozoriz/altlinux_package_comparator" "/workspace/cache/git-repos/https%3A%2F%2Fgithub.com%2Fkkozoriz%2Faltlinux_package_comparator", kill_on_drop: false }`
[INFO] [stderr] Cloning into bare repository '/workspace/cache/git-repos/https%3A%2F%2Fgithub.com%2Fkkozoriz%2Faltlinux_package_comparator'...
[INFO] running `Command { std: "git" "rev-parse" "HEAD", kill_on_drop: false }`
[INFO] [stdout] 185992b956af2dc7fd31e6cf804d3e69b55a4d92
[INFO] testing kkozoriz/altlinux_package_comparator against 1.83.0 for beta-1.84.0-4-retry
[INFO] running `Command { std: "git" "clone" "/workspace/cache/git-repos/https%3A%2F%2Fgithub.com%2Fkkozoriz%2Faltlinux_package_comparator" "/workspace/builds/worker-7-tc1/source", kill_on_drop: false }`
[INFO] [stderr] Cloning into '/workspace/builds/worker-7-tc1/source'...
[INFO] [stderr] done.
[INFO] validating manifest of git repo https://github.com/kkozoriz/altlinux_package_comparator on toolchain 1.83.0
[INFO] running `Command { std: CARGO_HOME="/workspace/cargo-home" RUSTUP_HOME="/workspace/rustup-home" "/workspace/cargo-home/bin/cargo" "+1.83.0" "metadata" "--manifest-path" "Cargo.toml" "--no-deps", kill_on_drop: false }`
[INFO] started tweaking git repo https://github.com/kkozoriz/altlinux_package_comparator
[INFO] finished tweaking git repo https://github.com/kkozoriz/altlinux_package_comparator
[INFO] tweaked toml for git repo https://github.com/kkozoriz/altlinux_package_comparator written to /workspace/builds/worker-7-tc1/source/Cargo.toml
[INFO] running `Command { std: CARGO_HOME="/workspace/cargo-home" RUSTUP_HOME="/workspace/rustup-home" "/workspace/cargo-home/bin/cargo" "+1.83.0" "generate-lockfile" "--manifest-path" "Cargo.toml", kill_on_drop: false }`
[INFO] [stderr]     Updating crates.io index
[INFO] [stderr]      Locking 176 packages to latest compatible versions
[INFO] running `Command { std: CARGO_HOME="/workspace/cargo-home" RUSTUP_HOME="/workspace/rustup-home" "/workspace/cargo-home/bin/cargo" "+1.83.0" "fetch" "--manifest-path" "Cargo.toml", kill_on_drop: false }`
[INFO] running `Command { std: "docker" "create" "-v" "/var/lib/crater-agent-workspace/builds/worker-7-tc1/target:/opt/rustwide/target:rw,Z" "-v" "/var/lib/crater-agent-workspace/builds/worker-7-tc1/source:/opt/rustwide/workdir:ro,Z" "-v" "/var/lib/crater-agent-workspace/cargo-home:/opt/rustwide/cargo-home:ro,Z" "-v" "/var/lib/crater-agent-workspace/rustup-home:/opt/rustwide/rustup-home:ro,Z" "-e" "SOURCE_DIR=/opt/rustwide/workdir" "-e" "CARGO_TARGET_DIR=/opt/rustwide/target" "-e" "CARGO_HOME=/opt/rustwide/cargo-home" "-e" "RUSTUP_HOME=/opt/rustwide/rustup-home" "-w" "/opt/rustwide/workdir" "-m" "1610612736" "--user" "0:0" "--network" "none" "ghcr.io/rust-lang/crates-build-env/linux@sha256:f3a9d4ad9d972b27faf3965f35b62e55ba32bbce8f20bc8fe909558a86702fde" "/opt/rustwide/cargo-home/bin/cargo" "+1.83.0" "metadata" "--no-deps" "--format-version=1", kill_on_drop: false }`
[INFO] [stdout] 18feb48b556ff543526108b5dd5a81d533b879a8918781f51279f68953e1c95c
[INFO] running `Command { std: "docker" "start" "-a" "18feb48b556ff543526108b5dd5a81d533b879a8918781f51279f68953e1c95c", kill_on_drop: false }`
[INFO] running `Command { std: "docker" "inspect" "18feb48b556ff543526108b5dd5a81d533b879a8918781f51279f68953e1c95c", kill_on_drop: false }`
[INFO] running `Command { std: "docker" "rm" "-f" "18feb48b556ff543526108b5dd5a81d533b879a8918781f51279f68953e1c95c", kill_on_drop: false }`
[INFO] [stdout] 18feb48b556ff543526108b5dd5a81d533b879a8918781f51279f68953e1c95c
[INFO] running `Command { std: "docker" "create" "-v" "/var/lib/crater-agent-workspace/builds/worker-7-tc1/target:/opt/rustwide/target:rw,Z" "-v" "/var/lib/crater-agent-workspace/builds/worker-7-tc1/source:/opt/rustwide/workdir:ro,Z" "-v" "/var/lib/crater-agent-workspace/cargo-home:/opt/rustwide/cargo-home:ro,Z" "-v" "/var/lib/crater-agent-workspace/rustup-home:/opt/rustwide/rustup-home:ro,Z" "-e" "SOURCE_DIR=/opt/rustwide/workdir" "-e" "CARGO_TARGET_DIR=/opt/rustwide/target" "-e" "CARGO_INCREMENTAL=0" "-e" "RUST_BACKTRACE=full" "-e" "RUSTFLAGS=--cap-lints=warn" "-e" "RUSTDOCFLAGS=--cap-lints=warn" "-e" "CARGO_HOME=/opt/rustwide/cargo-home" "-e" "RUSTUP_HOME=/opt/rustwide/rustup-home" "-w" "/opt/rustwide/workdir" "-m" "1610612736" "--user" "0:0" "--network" "none" "ghcr.io/rust-lang/crates-build-env/linux@sha256:f3a9d4ad9d972b27faf3965f35b62e55ba32bbce8f20bc8fe909558a86702fde" "/opt/rustwide/cargo-home/bin/cargo" "+1.83.0" "build" "--frozen" "--message-format=json", kill_on_drop: false }`
[INFO] [stdout] 6bbde95b314cc2521bfdab2002515891f0b3d3689a8c2f085d865c6f8099567e
[INFO] running `Command { std: "docker" "start" "-a" "6bbde95b314cc2521bfdab2002515891f0b3d3689a8c2f085d865c6f8099567e", kill_on_drop: false }`
[INFO] [stderr]    Compiling proc-macro2 v1.0.92
[INFO] [stderr]    Compiling unicode-ident v1.0.14
[INFO] [stderr]    Compiling libc v0.2.168
[INFO] [stderr]    Compiling stable_deref_trait v1.2.0
[INFO] [stderr]    Compiling bytes v1.9.0
[INFO] [stderr]    Compiling shlex v1.3.0
[INFO] [stderr]    Compiling pin-project-lite v0.2.15
[INFO] [stderr]    Compiling itoa v1.0.14
[INFO] [stderr]    Compiling futures-core v0.3.31
[INFO] [stderr]    Compiling vcpkg v0.2.15
[INFO] [stderr]    Compiling cc v1.2.4
[INFO] [stderr]    Compiling once_cell v1.20.2
[INFO] [stderr]    Compiling pkg-config v0.3.31
[INFO] [stderr]    Compiling writeable v0.5.5
[INFO] [stderr]    Compiling litemap v0.7.4
[INFO] [stderr]    Compiling fnv v1.0.7
[INFO] [stderr]    Compiling smallvec v1.13.2
[INFO] [stderr]    Compiling autocfg v1.4.0
[INFO] [stderr]    Compiling http v1.2.0
[INFO] [stderr]    Compiling memchr v2.7.4
[INFO] [stderr]    Compiling cfg-if v1.0.0
[INFO] [stderr]    Compiling icu_locid_transform_data v1.5.0
[INFO] [stderr]    Compiling tracing-core v0.1.33
[INFO] [stderr]    Compiling foreign-types-shared v0.1.1
[INFO] [stderr]    Compiling httparse v1.9.5
[INFO] [stderr]    Compiling quote v1.0.37
[INFO] [stderr]    Compiling socket2 v0.5.8
[INFO] [stderr]    Compiling syn v2.0.90
[INFO] [stderr]    Compiling mio v1.0.3
[INFO] [stderr]    Compiling slab v0.4.9
[INFO] [stderr]    Compiling icu_properties_data v1.5.0
[INFO] [stderr]    Compiling openssl v0.10.68
[INFO] [stderr]    Compiling pin-utils v0.1.0
[INFO] [stderr]    Compiling log v0.4.22
[INFO] [stderr]    Compiling futures-task v0.3.31
[INFO] [stderr]    Compiling futures-sink v0.3.31
[INFO] [stderr]    Compiling hashbrown v0.15.2
[INFO] [stderr]    Compiling equivalent v1.0.1
[INFO] [stderr]    Compiling futures-util v0.3.31
[INFO] [stderr]    Compiling tracing v0.1.41
[INFO] [stderr]    Compiling http-body v1.0.1
[INFO] [stderr]    Compiling foreign-types v0.3.2
[INFO] [stderr]    Compiling bitflags v2.6.0
[INFO] [stderr]    Compiling utf16_iter v1.0.5
[INFO] [stderr]    Compiling native-tls v0.2.12
[INFO] [stderr]    Compiling icu_normalizer_data v1.5.0
[INFO] [stderr]    Compiling serde v1.0.216
[INFO] [stderr]    Compiling try-lock v0.2.5
[INFO] [stderr]    Compiling openssl-sys v0.9.104
[INFO] [stderr]    Compiling utf8_iter v1.0.4
[INFO] [stderr]    Compiling atomic-waker v1.1.2
[INFO] [stderr]    Compiling write16 v1.0.0
[INFO] [stderr]    Compiling utf8parse v0.2.2
[INFO] [stderr]    Compiling want v0.3.1
[INFO] [stderr]    Compiling anstyle-parse v0.2.6
[INFO] [stderr]    Compiling aho-corasick v1.1.3
[INFO] [stderr]    Compiling futures-channel v0.3.31
[INFO] [stderr]    Compiling regex-syntax v0.8.5
[INFO] [stderr]    Compiling anstyle v1.0.10
[INFO] [stderr]    Compiling indexmap v2.7.0
[INFO] [stderr]    Compiling is_terminal_polyfill v1.70.1
[INFO] [stderr]    Compiling openssl-probe v0.1.5
[INFO] [stderr]    Compiling colorchoice v1.0.3
[INFO] [stderr]    Compiling percent-encoding v2.3.1
[INFO] [stderr]    Compiling anstyle-query v1.1.2
[INFO] [stderr]    Compiling anstream v0.6.18
[INFO] [stderr]    Compiling form_urlencoded v1.2.1
[INFO] [stderr]    Compiling serde_json v1.0.133
[INFO] [stderr]    Compiling tower-service v0.3.3
[INFO] [stderr]    Compiling ryu v1.0.18
[INFO] [stderr]    Compiling clap_lex v0.7.4
[INFO] [stderr]    Compiling strsim v0.11.1
[INFO] [stderr]    Compiling heck v0.5.0
[INFO] [stderr]    Compiling rustls-pki-types v1.10.1
[INFO] [stderr]    Compiling clap_builder v4.5.23
[INFO] [stderr]    Compiling http-body-util v0.1.2
[INFO] [stderr]    Compiling encoding_rs v0.8.35
[INFO] [stderr]    Compiling regex-automata v0.4.9
[INFO] [stderr]    Compiling rustls-pemfile v2.2.0
[INFO] [stderr]    Compiling sync_wrapper v1.0.2
[INFO] [stderr]    Compiling base64 v0.22.1
[INFO] [stderr]    Compiling humantime v2.1.0
[INFO] [stderr]    Compiling ipnet v2.10.1
[INFO] [stderr]    Compiling mime v0.3.17
[INFO] [stderr]    Compiling libloading v0.8.6
[INFO] [stderr]    Compiling dotenvy v0.15.7
[INFO] [stderr]    Compiling synstructure v0.13.1
[INFO] [stderr]    Compiling zerofrom-derive v0.1.5
[INFO] [stderr]    Compiling yoke-derive v0.7.5
[INFO] [stderr]    Compiling zerovec-derive v0.10.3
[INFO] [stderr]    Compiling displaydoc v0.2.5
[INFO] [stderr]    Compiling tokio-macros v2.4.0
[INFO] [stderr]    Compiling icu_provider_macros v1.5.0
[INFO] [stderr]    Compiling tokio v1.42.0
[INFO] [stderr]    Compiling openssl-macros v0.1.1
[INFO] [stderr]    Compiling serde_derive v1.0.216
[INFO] [stderr]    Compiling regex v1.11.1
[INFO] [stderr]    Compiling clap_derive v4.5.18
[INFO] [stderr]    Compiling zerofrom v0.1.5
[INFO] [stderr]    Compiling env_filter v0.1.2
[INFO] [stderr]    Compiling yoke v0.7.5
[INFO] [stderr]    Compiling zerovec v0.10.4
[INFO] [stderr]    Compiling env_logger v0.11.5
[INFO] [stderr]    Compiling tinystr v0.7.6
[INFO] [stderr]    Compiling icu_collections v1.5.0
[INFO] [stderr]    Compiling icu_locid v1.5.0
[INFO] [stderr]    Compiling clap v4.5.23
[INFO] [stderr]    Compiling icu_provider v1.5.0
[INFO] [stderr]    Compiling icu_locid_transform v1.5.0
[INFO] [stderr]    Compiling icu_properties v1.5.1
[INFO] [stderr]    Compiling tokio-util v0.7.13
[INFO] [stderr]    Compiling tokio-native-tls v0.3.1
[INFO] [stderr]    Compiling h2 v0.4.7
[INFO] [stderr]    Compiling icu_normalizer v1.5.0
[INFO] [stderr]    Compiling idna_adapter v1.2.0
[INFO] [stderr]    Compiling serde_urlencoded v0.7.1
[INFO] [stderr]    Compiling idna v1.0.3
[INFO] [stderr]    Compiling url v2.5.4
[INFO] [stderr]    Compiling hyper v1.5.1
[INFO] [stderr]    Compiling hyper-util v0.1.10
[INFO] [stderr]    Compiling hyper-tls v0.6.0
[INFO] [stderr]    Compiling reqwest v0.12.9
[INFO] [stderr]    Compiling altlinux_package_comparator v0.1.0 (/opt/rustwide/workdir)
[INFO] [stderr]     Finished `dev` profile [unoptimized + debuginfo] target(s) in 1m 43s
[INFO] running `Command { std: "docker" "inspect" "6bbde95b314cc2521bfdab2002515891f0b3d3689a8c2f085d865c6f8099567e", kill_on_drop: false }`
[INFO] running `Command { std: "docker" "rm" "-f" "6bbde95b314cc2521bfdab2002515891f0b3d3689a8c2f085d865c6f8099567e", kill_on_drop: false }`
[INFO] [stdout] 6bbde95b314cc2521bfdab2002515891f0b3d3689a8c2f085d865c6f8099567e
[INFO] running `Command { std: "docker" "create" "-v" "/var/lib/crater-agent-workspace/builds/worker-7-tc1/target:/opt/rustwide/target:rw,Z" "-v" "/var/lib/crater-agent-workspace/builds/worker-7-tc1/source:/opt/rustwide/workdir:ro,Z" "-v" "/var/lib/crater-agent-workspace/cargo-home:/opt/rustwide/cargo-home:ro,Z" "-v" "/var/lib/crater-agent-workspace/rustup-home:/opt/rustwide/rustup-home:ro,Z" "-e" "SOURCE_DIR=/opt/rustwide/workdir" "-e" "CARGO_TARGET_DIR=/opt/rustwide/target" "-e" "CARGO_INCREMENTAL=0" "-e" "RUST_BACKTRACE=full" "-e" "RUSTFLAGS=--cap-lints=warn" "-e" "RUSTDOCFLAGS=--cap-lints=warn" "-e" "CARGO_HOME=/opt/rustwide/cargo-home" "-e" "RUSTUP_HOME=/opt/rustwide/rustup-home" "-w" "/opt/rustwide/workdir" "-m" "1610612736" "--user" "0:0" "--network" "none" "ghcr.io/rust-lang/crates-build-env/linux@sha256:f3a9d4ad9d972b27faf3965f35b62e55ba32bbce8f20bc8fe909558a86702fde" "/opt/rustwide/cargo-home/bin/cargo" "+1.83.0" "test" "--frozen" "--no-run" "--message-format=json", kill_on_drop: false }`
[INFO] [stdout] f2089aa79101946d1bd28667ed68986b2ffa8b038d623654215a6e125eb5af3b
[INFO] running `Command { std: "docker" "start" "-a" "f2089aa79101946d1bd28667ed68986b2ffa8b038d623654215a6e125eb5af3b", kill_on_drop: false }`
[INFO] [stderr]    Compiling altlinux_package_comparator v0.1.0 (/opt/rustwide/workdir)
[INFO] [stderr]     Finished `test` profile [unoptimized + debuginfo] target(s) in 1.95s
[INFO] running `Command { std: "docker" "inspect" "f2089aa79101946d1bd28667ed68986b2ffa8b038d623654215a6e125eb5af3b", kill_on_drop: false }`
[INFO] running `Command { std: "docker" "rm" "-f" "f2089aa79101946d1bd28667ed68986b2ffa8b038d623654215a6e125eb5af3b", kill_on_drop: false }`
[INFO] [stdout] f2089aa79101946d1bd28667ed68986b2ffa8b038d623654215a6e125eb5af3b
[INFO] running `Command { std: "docker" "create" "-v" "/var/lib/crater-agent-workspace/builds/worker-7-tc1/target:/opt/rustwide/target:rw,Z" "-v" "/var/lib/crater-agent-workspace/builds/worker-7-tc1/source:/opt/rustwide/workdir:ro,Z" "-v" "/var/lib/crater-agent-workspace/cargo-home:/opt/rustwide/cargo-home:ro,Z" "-v" "/var/lib/crater-agent-workspace/rustup-home:/opt/rustwide/rustup-home:ro,Z" "-e" "SOURCE_DIR=/opt/rustwide/workdir" "-e" "CARGO_TARGET_DIR=/opt/rustwide/target" "-e" "CARGO_INCREMENTAL=0" "-e" "RUST_BACKTRACE=full" "-e" "RUSTFLAGS=--cap-lints=warn" "-e" "RUSTDOCFLAGS=--cap-lints=warn" "-e" "CARGO_HOME=/opt/rustwide/cargo-home" "-e" "RUSTUP_HOME=/opt/rustwide/rustup-home" "-w" "/opt/rustwide/workdir" "-m" "1610612736" "--user" "0:0" "--network" "none" "ghcr.io/rust-lang/crates-build-env/linux@sha256:f3a9d4ad9d972b27faf3965f35b62e55ba32bbce8f20bc8fe909558a86702fde" "/opt/rustwide/cargo-home/bin/cargo" "+1.83.0" "test" "--frozen", kill_on_drop: false }`
[INFO] [stdout] 6b75598d6fccf7781d3d7cb1f94beb004a322b841464ef6e5e1c12f91e600833
[INFO] running `Command { std: "docker" "start" "-a" "6b75598d6fccf7781d3d7cb1f94beb004a322b841464ef6e5e1c12f91e600833", kill_on_drop: false }`
[INFO] [stderr]     Finished `test` profile [unoptimized + debuginfo] target(s) in 0.15s
[INFO] [stderr]      Running unittests src/lib.rs (/opt/rustwide/target/debug/deps/altlinux_package_comparator-dbed476d54de281b)
[INFO] [stdout] 
[INFO] [stdout] running 2 tests
[INFO] [stdout] test tests::test_get_difference ... ok
[INFO] [stdout] test tests::test_get_newer_versions_set ... FAILED
[INFO] [stdout] 
[INFO] [stdout] failures:
[INFO] [stdout] 
[INFO] [stdout] ---- tests::test_get_newer_versions_set stdout ----
[INFO] [stdout] thread 'tests::test_get_newer_versions_set' panicked at src/lib.rs:88:43:
[INFO] [stdout] 
[INFO] [stdout] Check the existence of the files:
[INFO] [stdout]     /usr/lib64/librpm.so.7
[INFO] [stdout]     /usr/lib64/librpm.so.7.0.1
[INFO] [stdout]     /usr/lib64/librpmio.so.7
[INFO] [stdout]     /usr/lib64/librpmio.so.7.0.1
[INFO] [stdout] Programm failed with: DlOpenUnknown
[INFO] [stdout] stack backtrace:
[INFO] [stdout]    0:     0x57d876d805da - std::backtrace_rs::backtrace::libunwind::trace::h5a5b8284f2d0c266
[INFO] [stdout]                                at /rustc/90b35a6239c3d8bdabc530a6a0816f7ff89a0aaf/library/std/src/../../backtrace/src/backtrace/libunwind.rs:116:5
[INFO] [stdout]    1:     0x57d876d805da - std::backtrace_rs::backtrace::trace_unsynchronized::h76d4f1c9b0b875e3
[INFO] [stdout]                                at /rustc/90b35a6239c3d8bdabc530a6a0816f7ff89a0aaf/library/std/src/../../backtrace/src/backtrace/mod.rs:66:5
[INFO] [stdout]    2:     0x57d876d805da - std::sys::backtrace::_print_fmt::hc4546b8364a537c6
[INFO] [stdout]                                at /rustc/90b35a6239c3d8bdabc530a6a0816f7ff89a0aaf/library/std/src/sys/backtrace.rs:66:9
[INFO] [stdout]    3:     0x57d876d805da - <std::sys::backtrace::BacktraceLock::print::DisplayBacktrace as core::fmt::Display>::fmt::h5b6bd5631a6d1f6b
[INFO] [stdout]                                at /rustc/90b35a6239c3d8bdabc530a6a0816f7ff89a0aaf/library/std/src/sys/backtrace.rs:39:26
[INFO] [stdout]    4:     0x57d876da5983 - core::fmt::rt::Argument::fmt::h270f6602a2b96f62
[INFO] [stdout]                                at /rustc/90b35a6239c3d8bdabc530a6a0816f7ff89a0aaf/library/core/src/fmt/rt.rs:177:76
[INFO] [stdout]    5:     0x57d876da5983 - core::fmt::write::h7550c97b06c86515
[INFO] [stdout]                                at /rustc/90b35a6239c3d8bdabc530a6a0816f7ff89a0aaf/library/core/src/fmt/mod.rs:1186:21
[INFO] [stdout]    6:     0x57d876d7d7a3 - std::io::Write::write_fmt::h509ff860e5956e5e
[INFO] [stdout]                                at /rustc/90b35a6239c3d8bdabc530a6a0816f7ff89a0aaf/library/std/src/io/mod.rs:1839:15
[INFO] [stdout]    7:     0x57d876d80422 - std::sys::backtrace::BacktraceLock::print::h2395ccd2c84ba3aa
[INFO] [stdout]                                at /rustc/90b35a6239c3d8bdabc530a6a0816f7ff89a0aaf/library/std/src/sys/backtrace.rs:42:9
[INFO] [stdout]    8:     0x57d876d81a3a - std::panicking::default_hook::{{closure}}::he19d4c7230e07961
[INFO] [stdout]                                at /rustc/90b35a6239c3d8bdabc530a6a0816f7ff89a0aaf/library/std/src/panicking.rs:268:22
[INFO] [stdout]    9:     0x57d876d81844 - std::panicking::default_hook::hf614597d3c67bbdb
[INFO] [stdout]                                at /rustc/90b35a6239c3d8bdabc530a6a0816f7ff89a0aaf/library/std/src/panicking.rs:292:9
[INFO] [stdout]   10:     0x57d876d44e09 - <alloc::boxed::Box<F,A> as core::ops::function::Fn<Args>>::call::h39b51ce4599c23d1
[INFO] [stdout]                                at /rustc/90b35a6239c3d8bdabc530a6a0816f7ff89a0aaf/library/alloc/src/boxed.rs:2468:9
[INFO] [stdout]   11:     0x57d876d44e09 - test::test_main::{{closure}}::he977ae839a582784
[INFO] [stdout]                                at /rustc/90b35a6239c3d8bdabc530a6a0816f7ff89a0aaf/library/test/src/lib.rs:133:21
[INFO] [stdout]   12:     0x57d876d820d8 - <alloc::boxed::Box<F,A> as core::ops::function::Fn<Args>>::call::h9455091b6b06f9fb
[INFO] [stdout]                                at /rustc/90b35a6239c3d8bdabc530a6a0816f7ff89a0aaf/library/alloc/src/boxed.rs:2468:9
[INFO] [stdout]   13:     0x57d876d820d8 - std::panicking::rust_panic_with_hook::h8942133a8b252070
[INFO] [stdout]                                at /rustc/90b35a6239c3d8bdabc530a6a0816f7ff89a0aaf/library/std/src/panicking.rs:809:13
[INFO] [stdout]   14:     0x57d876d81e9a - std::panicking::begin_panic_handler::{{closure}}::hb5f5963570096b29
[INFO] [stdout]                                at /rustc/90b35a6239c3d8bdabc530a6a0816f7ff89a0aaf/library/std/src/panicking.rs:674:13
[INFO] [stdout]   15:     0x57d876d80ab9 - std::sys::backtrace::__rust_end_short_backtrace::h6208cedc1922feda
[INFO] [stdout]                                at /rustc/90b35a6239c3d8bdabc530a6a0816f7ff89a0aaf/library/std/src/sys/backtrace.rs:170:18
[INFO] [stdout]   16:     0x57d876d81b2c - rust_begin_unwind
[INFO] [stdout]                                at /rustc/90b35a6239c3d8bdabc530a6a0816f7ff89a0aaf/library/std/src/panicking.rs:665:5
[INFO] [stdout]   17:     0x57d876cffa60 - core::panicking::panic_fmt::h0c3082644d1bf418
[INFO] [stdout]                                at /rustc/90b35a6239c3d8bdabc530a6a0816f7ff89a0aaf/library/core/src/panicking.rs:74:14
[INFO] [stdout]   18:     0x57d876cffe06 - core::result::unwrap_failed::hd20b4aa073bda1e2
[INFO] [stdout]                                at /rustc/90b35a6239c3d8bdabc530a6a0816f7ff89a0aaf/library/core/src/result.rs:1700:5
[INFO] [stdout]   19:     0x57d876d08c88 - core::result::Result<T,E>::expect::hea26781ab5457e7b
[INFO] [stdout]                                at /rustc/90b35a6239c3d8bdabc530a6a0816f7ff89a0aaf/library/core/src/result.rs:1061:23
[INFO] [stdout]   20:     0x57d876d0bd0b - altlinux_package_comparator::get_newer_versions_set::{{closure}}::{{closure}}::h1b577d28b13ccff2
[INFO] [stdout]                                at /opt/rustwide/workdir/src/lib.rs:88:21
[INFO] [stdout]   21:     0x57d876d089c0 - core::option::Option<T>::filter::h3527fa29922281f6
[INFO] [stdout]                                at /rustc/90b35a6239c3d8bdabc530a6a0816f7ff89a0aaf/library/core/src/option.rs:1482:16
[INFO] [stdout]   22:     0x57d876d0b948 - altlinux_package_comparator::get_newer_versions_set::{{closure}}::h4aa32e91d4485f72
[INFO] [stdout]                                at /opt/rustwide/workdir/src/lib.rs:82:13
[INFO] [stdout]   23:     0x57d876d0845d - core::iter::adapters::filter_map::filter_map_fold::{{closure}}::h65b7d570df123ae9
[INFO] [stdout]                                at /rustc/90b35a6239c3d8bdabc530a6a0816f7ff89a0aaf/library/core/src/iter/adapters/filter_map.rs:39:28
[INFO] [stdout]   24:     0x57d876d0a71f - <hashbrown::map::Keys<K,V> as core::iter::traits::iterator::Iterator>::fold::{{closure}}::h2b1cb005b1e7a619
[INFO] [stdout]                                at /rust/deps/hashbrown-0.15.0/src/map.rs:3332:45
[INFO] [stdout]   25:     0x57d876d0a5cb - <hashbrown::map::Iter<K,V> as core::iter::traits::iterator::Iterator>::fold::{{closure}}::haaffd641a30af8a1
[INFO] [stdout]                                at /rust/deps/hashbrown-0.15.0/src/map.rs:3191:13
[INFO] [stdout]   26:     0x57d876d021b4 - hashbrown::raw::RawIterRange<T>::fold_impl::he3278fed8ef5f0bd
[INFO] [stdout]                                at /rust/deps/hashbrown-0.15.0/src/raw/mod.rs:3604:23
[INFO] [stdout]   27:     0x57d876d0a4d7 - <hashbrown::raw::RawIter<T> as core::iter::traits::iterator::Iterator>::fold::h40bb52ce35e29fa9
[INFO] [stdout]                                at /rust/deps/hashbrown-0.15.0/src/raw/mod.rs:3768:18
[INFO] [stdout]   28:     0x57d876d0a4d7 - <hashbrown::map::Iter<K,V> as core::iter::traits::iterator::Iterator>::fold::h27f07b4f5d5aabfb
[INFO] [stdout]                                at /rust/deps/hashbrown-0.15.0/src/map.rs:3189:20
[INFO] [stdout]   29:     0x57d876d0a674 - <hashbrown::map::Keys<K,V> as core::iter::traits::iterator::Iterator>::fold::h511c72a1cdf0908d
[INFO] [stdout]                                at /rust/deps/hashbrown-0.15.0/src/map.rs:3332:9
[INFO] [stdout]   30:     0x57d876d05993 - <hashbrown::set::Iter<K> as core::iter::traits::iterator::Iterator>::fold::h23dfcc7016565d5b
[INFO] [stdout]                                at /rust/deps/hashbrown-0.15.0/src/set.rs:1812:9
[INFO] [stdout]   31:     0x57d876d05993 - <std::collections::hash::set::Iter<K> as core::iter::traits::iterator::Iterator>::fold::hdc678c59ec0188a3
[INFO] [stdout]                                at /rustc/90b35a6239c3d8bdabc530a6a0816f7ff89a0aaf/library/std/src/collections/hash/set.rs:1506:19
[INFO] [stdout]   32:     0x57d876d069a5 - <core::iter::adapters::filter_map::FilterMap<I,F> as core::iter::traits::iterator::Iterator>::fold::h87c07f30a73332b4
[INFO] [stdout]                                at /rustc/90b35a6239c3d8bdabc530a6a0816f7ff89a0aaf/library/core/src/iter/adapters/filter_map.rs:148:9
[INFO] [stdout]   33:     0x57d876d05a62 - <core::iter::adapters::map::Map<I,F> as core::iter::traits::iterator::Iterator>::fold::h976741f9c92e7f80
[INFO] [stdout]                                at /rustc/90b35a6239c3d8bdabc530a6a0816f7ff89a0aaf/library/core/src/iter/adapters/map.rs:128:9
[INFO] [stdout]   34:     0x57d876d083fa - core::iter::traits::iterator::Iterator::for_each::hd38189ec0ef92c58
[INFO] [stdout]                                at /rustc/90b35a6239c3d8bdabc530a6a0816f7ff89a0aaf/library/core/src/iter/traits/iterator.rs:813:9
[INFO] [stdout]   35:     0x57d876d06e81 - <hashbrown::map::HashMap<K,V,S,A> as core::iter::traits::collect::Extend<(K,V)>>::extend::h2dfabb5160c57ab2
[INFO] [stdout]                                at /rust/deps/hashbrown-0.15.0/src/map.rs:4490:9
[INFO] [stdout]   36:     0x57d876d05ae6 - <hashbrown::set::HashSet<T,S,A> as core::iter::traits::collect::Extend<T>>::extend::h081e7991c035cdb0
[INFO] [stdout]                                at /rust/deps/hashbrown-0.15.0/src/set.rs:1306:9
[INFO] [stdout]   37:     0x57d876d06d18 - <std::collections::hash::set::HashSet<T,S> as core::iter::traits::collect::Extend<T>>::extend::hfcd8bd06ccca0a75
[INFO] [stdout]                                at /rustc/90b35a6239c3d8bdabc530a6a0816f7ff89a0aaf/library/std/src/collections/hash/set.rs:1045:9
[INFO] [stdout]   38:     0x57d876d06d18 - <std::collections::hash::set::HashSet<T,S> as core::iter::traits::collect::FromIterator<T>>::from_iter::haadeb31b3e34aa58
[INFO] [stdout]                                at /rustc/90b35a6239c3d8bdabc530a6a0816f7ff89a0aaf/library/std/src/collections/hash/set.rs:1001:13
[INFO] [stdout]   39:     0x57d876d083cd - core::iter::traits::iterator::Iterator::collect::hf0b6c1e118cdf2d7
[INFO] [stdout]                                at /rustc/90b35a6239c3d8bdabc530a6a0816f7ff89a0aaf/library/core/src/iter/traits/iterator.rs:2001:9
[INFO] [stdout]   40:     0x57d876d0b910 - altlinux_package_comparator::get_newer_versions_set::ha4d1c3f178bdb31b
[INFO] [stdout]                                at /opt/rustwide/workdir/src/lib.rs:79:5
[INFO] [stdout]   41:     0x57d876d0c935 - altlinux_package_comparator::tests::test_get_newer_versions_set::hff9d1ada654e19fa
[INFO] [stdout]                                at /opt/rustwide/workdir/src/lib.rs:146:30
[INFO] [stdout]   42:     0x57d876d0c607 - altlinux_package_comparator::tests::test_get_newer_versions_set::{{closure}}::h6b53a2c57ea2423d
[INFO] [stdout]                                at /opt/rustwide/workdir/src/lib.rs:132:37
[INFO] [stdout]   43:     0x57d876d07df6 - core::ops::function::FnOnce::call_once::hacec212979270245
[INFO] [stdout]                                at /rustc/90b35a6239c3d8bdabc530a6a0816f7ff89a0aaf/library/core/src/ops/function.rs:250:5
[INFO] [stdout]   44:     0x57d876d497cb - core::ops::function::FnOnce::call_once::h109cf8051a59b34e
[INFO] [stdout]                                at /rustc/90b35a6239c3d8bdabc530a6a0816f7ff89a0aaf/library/core/src/ops/function.rs:250:5
[INFO] [stdout]   45:     0x57d876d497cb - test::__rust_begin_short_backtrace::hf4fff89d377446ba
[INFO] [stdout]                                at /rustc/90b35a6239c3d8bdabc530a6a0816f7ff89a0aaf/library/test/src/lib.rs:621:18
[INFO] [stdout]   46:     0x57d876d49007 - test::run_test_in_process::{{closure}}::h0e39181dd7ee5a43
[INFO] [stdout]                                at /rustc/90b35a6239c3d8bdabc530a6a0816f7ff89a0aaf/library/test/src/lib.rs:644:60
[INFO] [stdout]   47:     0x57d876d49007 - <core::panic::unwind_safe::AssertUnwindSafe<F> as core::ops::function::FnOnce<()>>::call_once::hc5a66a30f0bdfd1f
[INFO] [stdout]                                at /rustc/90b35a6239c3d8bdabc530a6a0816f7ff89a0aaf/library/core/src/panic/unwind_safe.rs:272:9
[INFO] [stdout]   48:     0x57d876d49007 - std::panicking::try::do_call::h873b7cf639554a5e
[INFO] [stdout]                                at /rustc/90b35a6239c3d8bdabc530a6a0816f7ff89a0aaf/library/std/src/panicking.rs:557:40
[INFO] [stdout]   49:     0x57d876d49007 - std::panicking::try::hdb19862fad9c8bd1
[INFO] [stdout]                                at /rustc/90b35a6239c3d8bdabc530a6a0816f7ff89a0aaf/library/std/src/panicking.rs:520:19
[INFO] [stdout]   50:     0x57d876d49007 - std::panic::catch_unwind::h281fe732d236d260
[INFO] [stdout]                                at /rustc/90b35a6239c3d8bdabc530a6a0816f7ff89a0aaf/library/std/src/panic.rs:358:14
[INFO] [stdout]   51:     0x57d876d49007 - test::run_test_in_process::h949b6df8457ed338
[INFO] [stdout]                                at /rustc/90b35a6239c3d8bdabc530a6a0816f7ff89a0aaf/library/test/src/lib.rs:644:27
[INFO] [stdout]   52:     0x57d876d49007 - test::run_test::{{closure}}::h52c556a6d4740e10
[INFO] [stdout]                                at /rustc/90b35a6239c3d8bdabc530a6a0816f7ff89a0aaf/library/test/src/lib.rs:565:43
[INFO] [stdout]   53:     0x57d876d0e2e4 - test::run_test::{{closure}}::h4237f6381c45ccb9
[INFO] [stdout]                                at /rustc/90b35a6239c3d8bdabc530a6a0816f7ff89a0aaf/library/test/src/lib.rs:595:41
[INFO] [stdout]   54:     0x57d876d0e2e4 - std::sys::backtrace::__rust_begin_short_backtrace::h505c97a579eca628
[INFO] [stdout]                                at /rustc/90b35a6239c3d8bdabc530a6a0816f7ff89a0aaf/library/std/src/sys/backtrace.rs:154:18
[INFO] [stdout]   55:     0x57d876d119ae - std::thread::Builder::spawn_unchecked_::{{closure}}::{{closure}}::h9e86b2e2bc107ea3
[INFO] [stdout]                                at /rustc/90b35a6239c3d8bdabc530a6a0816f7ff89a0aaf/library/std/src/thread/mod.rs:538:17
[INFO] [stdout]   56:     0x57d876d119ae - <core::panic::unwind_safe::AssertUnwindSafe<F> as core::ops::function::FnOnce<()>>::call_once::h8b06ddb275ff4a25
[INFO] [stdout]                                at /rustc/90b35a6239c3d8bdabc530a6a0816f7ff89a0aaf/library/core/src/panic/unwind_safe.rs:272:9
[INFO] [stdout]   57:     0x57d876d119ae - std::panicking::try::do_call::hb26ecd7cd9a9355d
[INFO] [stdout]                                at /rustc/90b35a6239c3d8bdabc530a6a0816f7ff89a0aaf/library/std/src/panicking.rs:557:40
[INFO] [stdout]   58:     0x57d876d119ae - std::panicking::try::h8ddeca9d705f9069
[INFO] [stdout]                                at /rustc/90b35a6239c3d8bdabc530a6a0816f7ff89a0aaf/library/std/src/panicking.rs:520:19
[INFO] [stdout]   59:     0x57d876d119ae - std::panic::catch_unwind::h49e1c33078844c46
[INFO] [stdout]                                at /rustc/90b35a6239c3d8bdabc530a6a0816f7ff89a0aaf/library/std/src/panic.rs:358:14
[INFO] [stdout]   60:     0x57d876d119ae - std::thread::Builder::spawn_unchecked_::{{closure}}::h6073db6ff56ad35d
[INFO] [stdout]                                at /rustc/90b35a6239c3d8bdabc530a6a0816f7ff89a0aaf/library/std/src/thread/mod.rs:537:30
[INFO] [stdout]   61:     0x57d876d119ae - core::ops::function::FnOnce::call_once{{vtable.shim}}::h2c5a5f3779c774f1
[INFO] [stdout]                                at /rustc/90b35a6239c3d8bdabc530a6a0816f7ff89a0aaf/library/core/src/ops/function.rs:250:5
[INFO] [stdout]   62:     0x57d876d85e2b - <alloc::boxed::Box<F,A> as core::ops::function::FnOnce<Args>>::call_once::hf75717d9f28faebf
[INFO] [stdout]                                at /rustc/90b35a6239c3d8bdabc530a6a0816f7ff89a0aaf/library/alloc/src/boxed.rs:2454:9
[INFO] [stdout]   63:     0x57d876d85e2b - <alloc::boxed::Box<F,A> as core::ops::function::FnOnce<Args>>::call_once::h7bd883a5f3c5f3c1
[INFO] [stdout]                                at /rustc/90b35a6239c3d8bdabc530a6a0816f7ff89a0aaf/library/alloc/src/boxed.rs:2454:9
[INFO] [stdout]   64:     0x57d876d85e2b - std::sys::pal::unix::thread::Thread::new::thread_start::hcc78f3943333fa94
[INFO] [stdout]                                at /rustc/90b35a6239c3d8bdabc530a6a0816f7ff89a0aaf/library/std/src/sys/pal/unix/thread.rs:105:17
[INFO] [stdout]   65:     0x70fe86f7cac3 - <unknown>
[INFO] [stdout]   66:     0x70fe8700da04 - clone
[INFO] [stdout]   67:                0x0 - <unknown>
[INFO] [stdout] 
[INFO] [stdout] 
[INFO] [stdout] failures:
[INFO] [stdout]     tests::test_get_newer_versions_set
[INFO] [stdout] 
[INFO] [stdout] test result: FAILED. 1 passed; 1 failed; 0 ignored; 0 measured; 0 filtered out; finished in 0.06s
[INFO] [stdout] 
[INFO] [stderr] error: test failed, to rerun pass `--lib`
[INFO] running `Command { std: "docker" "inspect" "6b75598d6fccf7781d3d7cb1f94beb004a322b841464ef6e5e1c12f91e600833", kill_on_drop: false }`
[INFO] running `Command { std: "docker" "rm" "-f" "6b75598d6fccf7781d3d7cb1f94beb004a322b841464ef6e5e1c12f91e600833", kill_on_drop: false }`
[INFO] [stdout] 6b75598d6fccf7781d3d7cb1f94beb004a322b841464ef6e5e1c12f91e600833
