[INFO] cloning repository https://github.com/kivel/AoC_2024
[INFO] running `Command { std: "git" "-c" "credential.helper=" "-c" "credential.helper=/workspace/cargo-home/bin/git-credential-null" "clone" "--bare" "https://github.com/kivel/AoC_2024" "/workspace/cache/git-repos/https%3A%2F%2Fgithub.com%2Fkivel%2FAoC_2024", kill_on_drop: false }`
[INFO] [stderr] Cloning into bare repository '/workspace/cache/git-repos/https%3A%2F%2Fgithub.com%2Fkivel%2FAoC_2024'...
[INFO] running `Command { std: "git" "rev-parse" "HEAD", kill_on_drop: false }`
[INFO] [stdout] cee04721cda38ce3704f96119f457f47eced0518
[INFO] testing kivel/AoC_2024 against beta-2024-12-08 for beta-1.84.0-4-retry
[INFO] running `Command { std: "git" "clone" "/workspace/cache/git-repos/https%3A%2F%2Fgithub.com%2Fkivel%2FAoC_2024" "/workspace/builds/worker-5-tc2/source", kill_on_drop: false }`
[INFO] [stderr] Cloning into '/workspace/builds/worker-5-tc2/source'...
[INFO] [stderr] done.
[INFO] validating manifest of git repo https://github.com/kivel/AoC_2024 on toolchain beta-2024-12-08
[INFO] running `Command { std: CARGO_HOME="/workspace/cargo-home" RUSTUP_HOME="/workspace/rustup-home" "/workspace/cargo-home/bin/cargo" "+beta-2024-12-08" "metadata" "--manifest-path" "Cargo.toml" "--no-deps", kill_on_drop: false }`
[INFO] started tweaking git repo https://github.com/kivel/AoC_2024
[INFO] finished tweaking git repo https://github.com/kivel/AoC_2024
[INFO] tweaked toml for git repo https://github.com/kivel/AoC_2024 written to /workspace/builds/worker-5-tc2/source/Cargo.toml
[INFO] crate git repo https://github.com/kivel/AoC_2024 already has a lockfile, it will not be regenerated
[INFO] running `Command { std: CARGO_HOME="/workspace/cargo-home" RUSTUP_HOME="/workspace/rustup-home" "/workspace/cargo-home/bin/cargo" "+beta-2024-12-08" "fetch" "--manifest-path" "Cargo.toml", kill_on_drop: false }`
[INFO] running `Command { std: "docker" "create" "-v" "/var/lib/crater-agent-workspace/builds/worker-5-tc2/target:/opt/rustwide/target:rw,Z" "-v" "/var/lib/crater-agent-workspace/builds/worker-5-tc2/source:/opt/rustwide/workdir:ro,Z" "-v" "/var/lib/crater-agent-workspace/cargo-home:/opt/rustwide/cargo-home:ro,Z" "-v" "/var/lib/crater-agent-workspace/rustup-home:/opt/rustwide/rustup-home:ro,Z" "-e" "SOURCE_DIR=/opt/rustwide/workdir" "-e" "CARGO_TARGET_DIR=/opt/rustwide/target" "-e" "CARGO_HOME=/opt/rustwide/cargo-home" "-e" "RUSTUP_HOME=/opt/rustwide/rustup-home" "-w" "/opt/rustwide/workdir" "-m" "1610612736" "--user" "0:0" "--network" "none" "ghcr.io/rust-lang/crates-build-env/linux@sha256:f3a9d4ad9d972b27faf3965f35b62e55ba32bbce8f20bc8fe909558a86702fde" "/opt/rustwide/cargo-home/bin/cargo" "+beta-2024-12-08" "metadata" "--no-deps" "--format-version=1", kill_on_drop: false }`
[INFO] [stdout] 681a6f71bf837f9ed9c6fb425d433ce33577dc422b95666e6e44369654f90d9a
[INFO] running `Command { std: "docker" "start" "-a" "681a6f71bf837f9ed9c6fb425d433ce33577dc422b95666e6e44369654f90d9a", kill_on_drop: false }`
[INFO] running `Command { std: "docker" "inspect" "681a6f71bf837f9ed9c6fb425d433ce33577dc422b95666e6e44369654f90d9a", kill_on_drop: false }`
[INFO] running `Command { std: "docker" "rm" "-f" "681a6f71bf837f9ed9c6fb425d433ce33577dc422b95666e6e44369654f90d9a", kill_on_drop: false }`
[INFO] [stdout] 681a6f71bf837f9ed9c6fb425d433ce33577dc422b95666e6e44369654f90d9a
[INFO] running `Command { std: "docker" "create" "-v" "/var/lib/crater-agent-workspace/builds/worker-5-tc2/target:/opt/rustwide/target:rw,Z" "-v" "/var/lib/crater-agent-workspace/builds/worker-5-tc2/source:/opt/rustwide/workdir:ro,Z" "-v" "/var/lib/crater-agent-workspace/cargo-home:/opt/rustwide/cargo-home:ro,Z" "-v" "/var/lib/crater-agent-workspace/rustup-home:/opt/rustwide/rustup-home:ro,Z" "-e" "SOURCE_DIR=/opt/rustwide/workdir" "-e" "CARGO_TARGET_DIR=/opt/rustwide/target" "-e" "CARGO_INCREMENTAL=0" "-e" "RUST_BACKTRACE=full" "-e" "RUSTFLAGS=--cap-lints=warn" "-e" "RUSTDOCFLAGS=--cap-lints=warn" "-e" "CARGO_HOME=/opt/rustwide/cargo-home" "-e" "RUSTUP_HOME=/opt/rustwide/rustup-home" "-w" "/opt/rustwide/workdir" "-m" "1610612736" "--user" "0:0" "--network" "none" "ghcr.io/rust-lang/crates-build-env/linux@sha256:f3a9d4ad9d972b27faf3965f35b62e55ba32bbce8f20bc8fe909558a86702fde" "/opt/rustwide/cargo-home/bin/cargo" "+beta-2024-12-08" "build" "--frozen" "--message-format=json", kill_on_drop: false }`
[INFO] [stdout] 551cf0b7609f171e6b10fdd494c51d25a2355f94e9fffd9a686934fa0894ce03
[INFO] running `Command { std: "docker" "start" "-a" "551cf0b7609f171e6b10fdd494c51d25a2355f94e9fffd9a686934fa0894ce03", kill_on_drop: false }`
[INFO] [stderr]    Compiling memchr v2.7.4
[INFO] [stderr]    Compiling aho-corasick v1.1.3
[INFO] [stderr]    Compiling regex-automata v0.4.9
[INFO] [stderr]    Compiling regex v1.11.1
[INFO] [stderr]    Compiling aoc_2024 v0.1.0 (/opt/rustwide/workdir)
[INFO] [stdout] warning: value assigned to `min_x` is never read
[INFO] [stdout]   --> src/bin/day8_1.rs:64:17
[INFO] [stdout]    |
[INFO] [stdout] 64 |         let mut min_x = min(pos1_x, pos2_x) as isize - dx;
[INFO] [stdout]    |                 ^^^^^
[INFO] [stdout]    |
[INFO] [stdout]    = help: maybe it is overwritten before being read?
[INFO] [stdout]    = note: `#[warn(unused_assignments)]` on by default
[INFO] [stdout] 
[INFO] [stdout] 
[INFO] [stdout] warning: value assigned to `max_x` is never read
[INFO] [stdout]   --> src/bin/day8_1.rs:65:17
[INFO] [stdout]    |
[INFO] [stdout] 65 |         let mut max_x = max(pos1_x, pos2_x) as isize + dx;
[INFO] [stdout]    |                 ^^^^^
[INFO] [stdout]    |
[INFO] [stdout]    = help: maybe it is overwritten before being read?
[INFO] [stdout] 
[INFO] [stdout] 
[INFO] [stdout] warning: value assigned to `min_y` is never read
[INFO] [stdout]   --> src/bin/day8_1.rs:66:17
[INFO] [stdout]    |
[INFO] [stdout] 66 |         let mut min_y = min(pos1_y, pos2_y) as isize - dy;
[INFO] [stdout]    |                 ^^^^^
[INFO] [stdout]    |
[INFO] [stdout]    = help: maybe it is overwritten before being read?
[INFO] [stdout] 
[INFO] [stdout] 
[INFO] [stdout] warning: value assigned to `max_y` is never read
[INFO] [stdout]   --> src/bin/day8_1.rs:67:17
[INFO] [stdout]    |
[INFO] [stdout] 67 |         let mut max_y = max(pos1_y, pos2_y) as isize + dy;
[INFO] [stdout]    |                 ^^^^^
[INFO] [stdout]    |
[INFO] [stdout]    = help: maybe it is overwritten before being read?
[INFO] [stdout] 
[INFO] [stdout] 
[INFO] [stdout] warning: unused variable: `freq`
[INFO] [stdout]    --> src/bin/day8_1.rs:132:29
[INFO] [stdout]     |
[INFO] [stdout] 132 |     pairs.iter().for_each(|(freq, pairs)| {
[INFO] [stdout]     |                             ^^^^ help: if this is intentional, prefix it with an underscore: `_freq`
[INFO] [stdout]     |
[INFO] [stdout]     = note: `#[warn(unused_variables)]` on by default
[INFO] [stdout] 
[INFO] [stdout] 
[INFO] [stderr]     Finished `dev` profile [unoptimized + debuginfo] target(s) in 19.62s
[INFO] running `Command { std: "docker" "inspect" "551cf0b7609f171e6b10fdd494c51d25a2355f94e9fffd9a686934fa0894ce03", kill_on_drop: false }`
[INFO] running `Command { std: "docker" "rm" "-f" "551cf0b7609f171e6b10fdd494c51d25a2355f94e9fffd9a686934fa0894ce03", kill_on_drop: false }`
[INFO] [stdout] 551cf0b7609f171e6b10fdd494c51d25a2355f94e9fffd9a686934fa0894ce03
[INFO] running `Command { std: "docker" "create" "-v" "/var/lib/crater-agent-workspace/builds/worker-5-tc2/target:/opt/rustwide/target:rw,Z" "-v" "/var/lib/crater-agent-workspace/builds/worker-5-tc2/source:/opt/rustwide/workdir:ro,Z" "-v" "/var/lib/crater-agent-workspace/cargo-home:/opt/rustwide/cargo-home:ro,Z" "-v" "/var/lib/crater-agent-workspace/rustup-home:/opt/rustwide/rustup-home:ro,Z" "-e" "SOURCE_DIR=/opt/rustwide/workdir" "-e" "CARGO_TARGET_DIR=/opt/rustwide/target" "-e" "CARGO_INCREMENTAL=0" "-e" "RUST_BACKTRACE=full" "-e" "RUSTFLAGS=--cap-lints=warn" "-e" "RUSTDOCFLAGS=--cap-lints=warn" "-e" "CARGO_HOME=/opt/rustwide/cargo-home" "-e" "RUSTUP_HOME=/opt/rustwide/rustup-home" "-w" "/opt/rustwide/workdir" "-m" "1610612736" "--user" "0:0" "--network" "none" "ghcr.io/rust-lang/crates-build-env/linux@sha256:f3a9d4ad9d972b27faf3965f35b62e55ba32bbce8f20bc8fe909558a86702fde" "/opt/rustwide/cargo-home/bin/cargo" "+beta-2024-12-08" "test" "--frozen" "--no-run" "--message-format=json", kill_on_drop: false }`
[INFO] [stdout] 19c797e98dc0ae8911d1d991b31695ddba008ef3e46c11d90736f097824fd009
[INFO] running `Command { std: "docker" "start" "-a" "19c797e98dc0ae8911d1d991b31695ddba008ef3e46c11d90736f097824fd009", kill_on_drop: false }`
[INFO] [stderr]    Compiling aoc_2024 v0.1.0 (/opt/rustwide/workdir)
[INFO] [stdout] warning: value assigned to `min_x` is never read
[INFO] [stdout]   --> src/bin/day8_1.rs:64:17
[INFO] [stdout]    |
[INFO] [stdout] 64 |         let mut min_x = min(pos1_x, pos2_x) as isize - dx;
[INFO] [stdout]    |                 ^^^^^
[INFO] [stdout]    |
[INFO] [stdout]    = help: maybe it is overwritten before being read?
[INFO] [stdout]    = note: `#[warn(unused_assignments)]` on by default
[INFO] [stdout] 
[INFO] [stdout] 
[INFO] [stdout] warning: value assigned to `max_x` is never read
[INFO] [stdout]   --> src/bin/day8_1.rs:65:17
[INFO] [stdout]    |
[INFO] [stdout] 65 |         let mut max_x = max(pos1_x, pos2_x) as isize + dx;
[INFO] [stdout]    |                 ^^^^^
[INFO] [stdout]    |
[INFO] [stdout]    = help: maybe it is overwritten before being read?
[INFO] [stdout] 
[INFO] [stdout] 
[INFO] [stdout] warning: value assigned to `min_y` is never read
[INFO] [stdout]   --> src/bin/day8_1.rs:66:17
[INFO] [stdout]    |
[INFO] [stdout] 66 |         let mut min_y = min(pos1_y, pos2_y) as isize - dy;
[INFO] [stdout]    |                 ^^^^^
[INFO] [stdout]    |
[INFO] [stdout]    = help: maybe it is overwritten before being read?
[INFO] [stdout] 
[INFO] [stdout] 
[INFO] [stdout] warning: value assigned to `max_y` is never read
[INFO] [stdout]   --> src/bin/day8_1.rs:67:17
[INFO] [stdout]    |
[INFO] [stdout] 67 |         let mut max_y = max(pos1_y, pos2_y) as isize + dy;
[INFO] [stdout]    |                 ^^^^^
[INFO] [stdout]    |
[INFO] [stdout]    = help: maybe it is overwritten before being read?
[INFO] [stdout] 
[INFO] [stdout] 
[INFO] [stdout] warning: unused variable: `freq`
[INFO] [stdout]    --> src/bin/day8_1.rs:132:29
[INFO] [stdout]     |
[INFO] [stdout] 132 |     pairs.iter().for_each(|(freq, pairs)| {
[INFO] [stdout]     |                             ^^^^ help: if this is intentional, prefix it with an underscore: `_freq`
[INFO] [stdout]     |
[INFO] [stdout]     = note: `#[warn(unused_variables)]` on by default
[INFO] [stdout] 
[INFO] [stdout] 
[INFO] [stderr]     Finished `test` profile [unoptimized + debuginfo] target(s) in 9.49s
[INFO] running `Command { std: "docker" "inspect" "19c797e98dc0ae8911d1d991b31695ddba008ef3e46c11d90736f097824fd009", kill_on_drop: false }`
[INFO] running `Command { std: "docker" "rm" "-f" "19c797e98dc0ae8911d1d991b31695ddba008ef3e46c11d90736f097824fd009", kill_on_drop: false }`
[INFO] [stdout] 19c797e98dc0ae8911d1d991b31695ddba008ef3e46c11d90736f097824fd009
[INFO] running `Command { std: "docker" "create" "-v" "/var/lib/crater-agent-workspace/builds/worker-5-tc2/target:/opt/rustwide/target:rw,Z" "-v" "/var/lib/crater-agent-workspace/builds/worker-5-tc2/source:/opt/rustwide/workdir:ro,Z" "-v" "/var/lib/crater-agent-workspace/cargo-home:/opt/rustwide/cargo-home:ro,Z" "-v" "/var/lib/crater-agent-workspace/rustup-home:/opt/rustwide/rustup-home:ro,Z" "-e" "SOURCE_DIR=/opt/rustwide/workdir" "-e" "CARGO_TARGET_DIR=/opt/rustwide/target" "-e" "CARGO_INCREMENTAL=0" "-e" "RUST_BACKTRACE=full" "-e" "RUSTFLAGS=--cap-lints=warn" "-e" "RUSTDOCFLAGS=--cap-lints=warn" "-e" "CARGO_HOME=/opt/rustwide/cargo-home" "-e" "RUSTUP_HOME=/opt/rustwide/rustup-home" "-w" "/opt/rustwide/workdir" "-m" "1610612736" "--user" "0:0" "--network" "none" "ghcr.io/rust-lang/crates-build-env/linux@sha256:f3a9d4ad9d972b27faf3965f35b62e55ba32bbce8f20bc8fe909558a86702fde" "/opt/rustwide/cargo-home/bin/cargo" "+beta-2024-12-08" "test" "--frozen", kill_on_drop: false }`
[INFO] [stdout] 7d4d38d85ec25570bd4959051670f7a2ebb142887cb6f2d3994ff57a28e247e5
[INFO] running `Command { std: "docker" "start" "-a" "7d4d38d85ec25570bd4959051670f7a2ebb142887cb6f2d3994ff57a28e247e5", kill_on_drop: false }`
[INFO] [stderr] warning: value assigned to `min_x` is never read
[INFO] [stderr]   --> src/bin/day8_1.rs:64:17
[INFO] [stderr]    |
[INFO] [stderr] 64 |         let mut min_x = min(pos1_x, pos2_x) as isize - dx;
[INFO] [stderr]    |                 ^^^^^
[INFO] [stderr]    |
[INFO] [stderr]    = help: maybe it is overwritten before being read?
[INFO] [stderr]    = note: `#[warn(unused_assignments)]` on by default
[INFO] [stderr] 
[INFO] [stderr] warning: value assigned to `max_x` is never read
[INFO] [stderr]   --> src/bin/day8_1.rs:65:17
[INFO] [stderr]    |
[INFO] [stderr] 65 |         let mut max_x = max(pos1_x, pos2_x) as isize + dx;
[INFO] [stderr]    |                 ^^^^^
[INFO] [stderr]    |
[INFO] [stderr]    = help: maybe it is overwritten before being read?
[INFO] [stderr] 
[INFO] [stderr] warning: value assigned to `min_y` is never read
[INFO] [stderr]   --> src/bin/day8_1.rs:66:17
[INFO] [stderr]    |
[INFO] [stderr] 66 |         let mut min_y = min(pos1_y, pos2_y) as isize - dy;
[INFO] [stderr]    |                 ^^^^^
[INFO] [stderr]    |
[INFO] [stderr]    = help: maybe it is overwritten before being read?
[INFO] [stderr] 
[INFO] [stderr] warning: value assigned to `max_y` is never read
[INFO] [stderr]   --> src/bin/day8_1.rs:67:17
[INFO] [stderr]    |
[INFO] [stderr] 67 |         let mut max_y = max(pos1_y, pos2_y) as isize + dy;
[INFO] [stderr]    |                 ^^^^^
[INFO] [stderr]    |
[INFO] [stderr]    = help: maybe it is overwritten before being read?
[INFO] [stderr] 
[INFO] [stderr] warning: unused variable: `freq`
[INFO] [stderr]    --> src/bin/day8_1.rs:132:29
[INFO] [stderr]     |
[INFO] [stderr] 132 |     pairs.iter().for_each(|(freq, pairs)| {
[INFO] [stderr]     |                             ^^^^ help: if this is intentional, prefix it with an underscore: `_freq`
[INFO] [stderr]     |
[INFO] [stderr]     = note: `#[warn(unused_variables)]` on by default
[INFO] [stderr] 
[INFO] [stderr] warning: `aoc_2024` (bin "day8_1" test) generated 5 warnings
[INFO] [stderr]     Finished `test` profile [unoptimized + debuginfo] target(s) in 0.04s
[INFO] [stderr]      Running unittests src/main.rs (/opt/rustwide/target/debug/deps/aoc_2024-4f0900848ba0b29a)
[INFO] [stdout] 
[INFO] [stdout] running 0 tests
[INFO] [stderr]      Running unittests src/bin/day1_1.rs (/opt/rustwide/target/debug/deps/day1_1-7d710507a1dc5a12)
[INFO] [stdout] 
[INFO] [stdout] test result: ok. 0 passed; 0 failed; 0 ignored; 0 measured; 0 filtered out; finished in 0.00s
[INFO] [stdout] 
[INFO] [stdout] 
[INFO] [stdout] running 2 tests
[INFO] [stdout] test tests::day1_res ... ok
[INFO] [stdout] test tests::day1_final ... ok
[INFO] [stderr]      Running unittests src/bin/day1_2.rs (/opt/rustwide/target/debug/deps/day1_2-598d39c511ed8b12)
[INFO] [stdout] 
[INFO] [stdout] test result: ok. 2 passed; 0 failed; 0 ignored; 0 measured; 0 filtered out; finished in 0.01s
[INFO] [stdout] 
[INFO] [stdout] 
[INFO] [stdout] running 2 tests
[INFO] [stdout] test tests::day1_final ... ok
[INFO] [stdout] test tests::day1_res ... ok
[INFO] [stdout] 
[INFO] [stdout] test result: ok. 2 passed; 0 failed; 0 ignored; 0 measured; 0 filtered out; finished in 0.01s
[INFO] [stdout] 
[INFO] [stderr]      Running unittests src/bin/day2_1.rs (/opt/rustwide/target/debug/deps/day2_1-29ee07c83f1f4665)
[INFO] [stdout] 
[INFO] [stdout] running 2 tests
[INFO] [stdout] test tests::day1_final ... ok
[INFO] [stdout] test tests::day1_res ... ok
[INFO] [stdout] 
[INFO] [stdout] test result: ok. 2 passed; 0 failed; 0 ignored; 0 measured; 0 filtered out; finished in 0.01s
[INFO] [stdout] 
[INFO] [stderr]      Running unittests src/bin/day2_2.rs (/opt/rustwide/target/debug/deps/day2_2-793607766bcb0c62)
[INFO] [stdout] 
[INFO] [stdout] running 2 tests
[INFO] [stdout] test tests::res_test ... ok
[INFO] [stdout] test tests::res_final ... ok
[INFO] [stdout] 
[INFO] [stdout] test result: ok. 2 passed; 0 failed; 0 ignored; 0 measured; 0 filtered out; finished in 0.02s
[INFO] [stdout] 
[INFO] [stderr]      Running unittests src/bin/day3_1.rs (/opt/rustwide/target/debug/deps/day3_1-c58556bead939195)
[INFO] [stdout] 
[INFO] [stdout] running 2 tests
[INFO] [stdout] test tests::res_test ... ok
[INFO] [stdout] test tests::final_test ... ok
[INFO] [stdout] 
[INFO] [stdout] test result: ok. 2 passed; 0 failed; 0 ignored; 0 measured; 0 filtered out; finished in 0.02s
[INFO] [stdout] 
[INFO] [stderr]      Running unittests src/bin/day3_2.rs (/opt/rustwide/target/debug/deps/day3_2-5789629e5d36d80c)
[INFO] [stdout] 
[INFO] [stdout] running 2 tests
[INFO] [stdout] test tests::res_test ... ok
[INFO] [stdout] test tests::final_test ... ok
[INFO] [stdout] 
[INFO] [stdout] test result: ok. 2 passed; 0 failed; 0 ignored; 0 measured; 0 filtered out; finished in 0.03s
[INFO] [stdout] 
[INFO] [stderr]      Running unittests src/bin/day4_1.rs (/opt/rustwide/target/debug/deps/day4_1-4bcfb083e2ba03fe)
[INFO] [stdout] 
[INFO] [stdout] running 4 tests
[INFO] [stdout] test tests::res_test ... ok
[INFO] [stdout] test tests::xmas ... ok
[INFO] [stdout] test tests::small_matrix ... ok
[INFO] [stdout] test tests::res_final ... ok
[INFO] [stdout] 
[INFO] [stdout] test result: ok. 4 passed; 0 failed; 0 ignored; 0 measured; 0 filtered out; finished in 0.07s
[INFO] [stdout] 
[INFO] [stderr]      Running unittests src/bin/day4_2.rs (/opt/rustwide/target/debug/deps/day4_2-ed5d072550b4ca52)
[INFO] [stdout] 
[INFO] [stdout] running 2 tests
[INFO] [stdout] test tests::res_test ... ok
[INFO] [stdout] test tests::res_final ... ok
[INFO] [stdout] 
[INFO] [stdout] test result: ok. 2 passed; 0 failed; 0 ignored; 0 measured; 0 filtered out; finished in 0.05s
[INFO] [stdout] 
[INFO] [stderr]      Running unittests src/bin/day5_1.rs (/opt/rustwide/target/debug/deps/day5_1-e919b317afd4e971)
[INFO] [stdout] 
[INFO] [stdout] running 2 tests
[INFO] [stdout] test tests::res_test ... ok
[INFO] [stdout] test tests::res_final ... ok
[INFO] [stdout] 
[INFO] [stdout] test result: ok. 2 passed; 0 failed; 0 ignored; 0 measured; 0 filtered out; finished in 0.01s
[INFO] [stdout] 
[INFO] [stderr]      Running unittests src/bin/day5_2.rs (/opt/rustwide/target/debug/deps/day5_2-9cf19cb1ec692135)
[INFO] [stdout] 
[INFO] [stdout] running 2 tests
[INFO] [stdout] test tests::res_test ... ok
[INFO] [stdout] test tests::res_final ... FAILED
[INFO] [stdout] 
[INFO] [stdout] failures:
[INFO] [stdout] 
[INFO] [stdout] ---- tests::res_final stdout ----
[INFO] [stdout] [66, 91, 22, 15, 18, 98, 76, 13, 78, 42, 93, 67, 95, 35, 17, 33, 36, 25, 59, 12, 21, 75, 57]
[INFO] [stdout] [43, 66, 91, 75, 41, 12, 98, 59, 76, 25, 18, 95, 22, 35, 15]
[INFO] [stdout] [43, 92, 71, 76, 57, 88, 53, 82, 81, 86, 41, 12, 16, 66, 89, 46, 99, 65, 11, 36, 54, 59, 83]
[INFO] [stdout] [37, 21, 51, 92, 45, 89, 13, 64, 71, 11, 18]
[INFO] [stdout] [37, 96, 25, 13, 18]
[INFO] [stdout] [53, 81, 88, 66, 96, 86, 87, 16, 71, 43, 57, 37, 29, 99, 83, 82, 46, 59, 11, 65, 92]
[INFO] [stdout] [59, 12, 43, 99, 76, 66, 53, 82, 16, 92, 54, 15, 41, 81, 71, 89, 88, 46, 57]
[INFO] [stdout] [76, 42, 91, 71, 54, 81, 88, 12, 41, 53, 57, 83, 43, 66, 11, 82, 16, 92, 59, 89, 95]
[INFO] [stdout] [96, 31, 35, 98, 45, 64, 55, 18, 13, 75, 12, 42, 21, 95, 33, 51, 78, 17, 22]
[INFO] [stdout] [95, 35, 33, 51, 22, 91, 12, 78, 66, 93, 59, 75, 18, 55, 15, 36, 42]
[INFO] [stdout] [43, 35, 93, 95, 81, 42, 41]
[INFO] [stdout] [55, 53, 82, 64, 45, 21, 31]
[INFO] [stdout] [95, 33, 35, 13, 36, 25, 51, 22, 91, 15, 98, 31, 45, 93, 42]
[INFO] [stdout] [36, 22, 93, 89, 95, 99, 88, 57, 42, 12, 66, 35, 53, 98, 25, 91, 83, 54, 76, 81, 59]
[INFO] [stdout] [76, 53, 11, 43, 59, 99, 95, 92, 81, 12, 46, 88, 91]
[INFO] [stdout] [36, 98, 66, 83, 93, 57, 25, 91, 43, 12, 22, 99, 35, 95, 89, 15, 42, 76, 41]
[INFO] [stdout] [55, 78, 93, 21, 92, 45, 29, 13, 86]
[INFO] [stdout] [91, 43, 83, 76, 81, 53, 16, 71, 92, 57, 82, 46, 54]
[INFO] [stdout] [67, 21, 25, 45, 13, 12, 42, 22, 33, 17, 55, 93, 18, 15, 91, 78, 59]
[INFO] [stdout] [41, 65, 36, 91, 11, 99, 66, 89, 76, 86, 92, 43, 54, 16, 82, 81, 12]
[INFO] [stdout] [82, 54, 65, 66, 81, 86, 88, 11, 71, 43, 29, 53, 46, 36, 57, 59, 92, 89, 16]
[INFO] [stdout] [46, 16, 65, 87, 66, 88, 36, 71, 57, 89, 99, 81, 11, 43, 29]
[INFO] [stdout] [81, 46, 76, 71, 54, 43, 89, 96, 29, 53, 66, 88, 99, 41, 57]
[INFO] [stdout] [12, 18, 15, 36, 95, 75, 66, 91, 41, 21, 42, 59, 35]
[INFO] [stdout] [82, 64, 65, 18, 45, 29, 11, 67, 51, 87, 78, 25, 21]
[INFO] [stdout] [33, 91, 93, 67, 76, 75, 95, 55, 42, 35, 78, 64, 51]
[INFO] [stdout] [22, 59, 95, 66, 81, 21, 15, 43, 42, 67, 51, 93, 18, 25, 57]
[INFO] [stdout] [35, 67, 12, 21, 81, 75, 76, 93, 59, 36, 17, 98, 42]
[INFO] [stdout] [91, 25, 88, 59, 36, 12, 89]
[INFO] [stdout] [12, 22, 36, 93, 81, 66, 35, 57, 15, 91, 76, 95, 88, 25, 98, 99, 89, 43, 54]
[INFO] [stdout] [78, 65, 45, 33, 15, 17, 55, 13, 25, 67, 87, 35, 37, 64, 21, 18, 31]
[INFO] [stdout] [98, 41, 92, 54, 71, 66, 91, 57, 99, 43, 83, 46, 15]
[INFO] [stdout] [98, 51, 36, 33, 75, 64, 93, 31, 95, 67, 22, 18, 12]
[INFO] [stdout] [66, 83, 22, 53, 88]
[INFO] [stdout] [17, 59, 35, 33, 45, 18, 25, 95, 42, 51, 15, 21, 13, 75, 67, 98, 22, 55, 91, 78, 76, 93, 12]
[INFO] [stdout] [21, 75, 55, 17, 66, 12, 15, 22, 93, 59, 98]
[INFO] [stdout] [36, 16, 81, 66, 83, 46, 53, 88, 57, 54, 12, 11, 41, 89, 76, 95, 71]
[INFO] [stdout] [12, 81, 53, 42, 83, 89, 99, 82, 66, 71, 92, 76, 16, 59, 11, 91, 95, 54, 88]
[INFO] [stdout] [36, 57, 76, 13, 33, 21, 12, 18, 95]
[INFO] [stdout] [25, 67, 18, 92, 93, 33, 31]
[INFO] [stdout] [78, 31, 29, 64, 15, 33, 42, 37, 17, 96, 75]
[INFO] [stdout] [41, 54, 25, 42, 59, 53, 36, 88, 91, 67, 57, 22, 15, 95, 78]
[INFO] [stdout] [99, 96, 11, 46, 51, 89, 86, 37, 33, 31, 55, 64, 53, 71, 45]
[INFO] [stdout] [76, 81, 95, 15, 98, 75, 57, 13, 88, 66, 22]
[INFO] [stdout] [53, 93, 15, 83, 57, 91, 66, 42, 22, 99, 59, 67, 88, 25, 54]
[INFO] [stdout] [96, 12, 25, 15, 98, 95, 35]
[INFO] [stdout] [64, 51, 15, 22, 45, 12, 93, 91, 25, 13, 17, 18, 42, 78, 55, 36, 76, 75, 98, 35, 67, 33, 95]
[INFO] [stdout] [98, 46, 81, 89, 71, 57, 54, 88, 92, 42, 95, 12, 16, 76, 41]
[INFO] [stdout] [92, 11, 57, 99, 29, 37, 59, 41, 53, 65, 87, 71, 16, 82, 81, 86, 96, 66, 43, 88, 46, 83, 89]
[INFO] [stdout] [86, 41, 43, 87, 65, 54, 59, 92, 11]
[INFO] [stdout] [35, 75, 76, 42, 95, 54, 21, 13, 57]
[INFO] [stdout] [59, 54, 71, 43, 91, 12, 76, 81, 83, 46, 36, 16, 53, 57, 41, 88, 92, 82, 11]
[INFO] [stdout] [29, 75, 17, 37, 13, 22, 65, 67, 78, 18, 55, 93, 21]
[INFO] [stdout] [18, 65, 87, 67, 35, 55, 29, 45, 13, 93, 51, 86, 78, 96, 11, 21, 64, 33, 22, 17, 75, 37, 25]
[INFO] [stdout] [25, 29, 21, 75, 22, 37, 33, 67, 55, 11, 18, 86, 51]
[INFO] [stdout] [25, 11, 13, 65, 29, 17, 46, 86, 75, 92, 96]
[INFO] [stdout] [12, 57, 88, 42, 53, 98, 78, 36, 22, 43, 15, 91, 35, 99, 25, 54, 95, 41, 76]
[INFO] [stdout] [41, 89, 15, 81, 98, 54, 57, 35, 43, 36, 91, 95, 71, 53, 12, 83, 76, 66, 42, 59, 93]
[INFO] [stdout] [46, 17, 16, 65, 18, 99, 86, 29, 71, 89, 82, 96, 83, 51, 53, 55, 87]
[INFO] [stdout] [95, 42, 15, 18, 41, 75, 22, 36, 59, 93, 21]
[INFO] [stdout] [37, 45, 29, 92, 31, 16, 18, 51, 86, 75, 17, 55, 82, 67, 13, 78, 46]
[INFO] [stdout] [65, 45, 55, 17, 18, 78, 31, 93, 64, 51, 87, 67, 35, 75, 22, 29, 86, 96, 33, 25, 98]
[INFO] [stdout] [54, 59, 53, 82, 87, 36, 86, 88, 99, 81, 41, 11, 89, 92, 46]
[INFO] [stdout] [33, 17, 89, 45, 46, 92, 53, 51, 87, 18, 55, 11, 64, 37, 65]
[INFO] [stdout] [41, 96, 29, 88, 89, 65, 76]
[INFO] [stdout] [45, 11, 88, 54, 92, 46, 96, 29, 86, 81, 41]
[INFO] [stdout] [41, 15, 88, 83, 54, 98, 43, 67, 22, 93, 76, 42, 53, 25, 99]
[INFO] [stdout] [87, 22, 17, 51, 55, 86, 25, 96, 13, 45, 29, 31, 65, 64, 35, 93, 21]
[INFO] [stdout] [18, 64, 93, 55, 17, 95, 98, 45, 15, 13, 36, 12, 78, 75, 91, 76, 25]
[INFO] [stdout] [13, 81, 93, 21, 42, 66, 25, 35, 67, 95, 91, 17, 36]
[INFO] [stdout] [95, 89, 22, 15, 66, 25, 76]
[INFO] [stdout] [41, 36, 57, 91, 59, 66, 42, 99, 82, 43, 88, 92, 83, 71, 15, 16, 95, 89, 54]
[INFO] [stdout] [16, 71, 46, 53, 92, 41, 66, 54, 65, 89, 29, 86, 59, 43, 82, 81, 36, 83, 99, 76, 88]
[INFO] [stdout] [29, 93, 51, 55, 33]
[INFO] [stdout] [53, 46, 95, 76, 88, 22, 89, 99, 91, 81, 83]
[INFO] [stdout] [81, 76, 57, 15, 42]
[INFO] [stdout] [71, 92, 89, 57, 53, 31, 43, 66, 16]
[INFO] [stdout] [29, 13, 17, 11, 37, 92, 65, 55, 75]
[INFO] [stdout] [99, 36, 86, 53, 11, 12, 54, 46, 82, 59, 89, 42, 92, 16, 57, 88, 91, 66, 41, 83, 43]
[INFO] [stdout] [59, 46, 16, 12, 42, 82, 36, 43, 83, 57, 99, 95, 11, 71, 92, 54, 53, 41, 89, 91, 66]
[INFO] [stdout] [82, 86, 17, 33, 45, 89, 65, 31, 71, 16, 29, 11, 13]
[INFO] [stdout] [46, 54, 87, 43, 89, 88, 66, 71, 83, 96, 41, 31, 65]
[INFO] [stdout] [82, 95, 12, 15, 36, 91, 89]
[INFO] [stdout] [59, 15, 66, 12, 89]
[INFO] [stdout] [87, 54, 64, 96, 11, 46, 37, 92, 16, 41, 53, 89, 33, 45, 29, 31, 99, 82, 55]
[INFO] [stdout] [67, 13, 22, 29, 21, 33, 45, 31, 55, 95, 25, 15, 17, 51, 37]
[INFO] [stdout] [22, 57, 75, 15, 78, 43, 21, 41, 18, 42, 13, 36, 67, 91, 76]
[INFO] [stdout] [53, 71, 16, 11, 57, 92, 64, 29, 88, 54, 43, 96, 86, 89, 81, 46, 31]
[INFO] [stdout] [64, 43, 71, 53, 81, 31, 65, 37, 92]
[INFO] [stdout] [46, 42, 66, 15, 59, 95, 53, 99, 81, 71, 83, 76, 91, 54, 92, 36, 89, 88, 57, 16, 43]
[INFO] [stdout] [15, 51, 35, 78, 55, 33, 95, 67, 45, 31, 21, 18, 29, 22, 17, 75, 37, 64, 13, 98, 96]
[INFO] [stdout] [33, 71, 55, 21, 65, 45, 86, 37, 29, 13, 11, 87, 75, 46, 78, 18, 51]
[INFO] [stdout] [96, 17, 51, 88, 33, 89, 92, 83, 46]
[INFO] [stdout] [43, 54, 36, 53, 71, 92, 83, 76, 89, 66, 46, 99, 29]
[INFO] [stdout] [89, 99, 88, 17, 11, 86, 82, 83, 46, 33, 55, 64, 96, 87, 31, 54, 53]
[INFO] [stdout] [78, 18, 45, 65, 93, 87, 29, 31, 13, 25, 11, 92, 82, 51, 55, 86, 96, 37, 64]
[INFO] [stdout] result: 0
[INFO] [stdout] thread 'tests::res_final' panicked at src/bin/day5_2.rs:159:9:
[INFO] [stdout] assertion `left == right` failed
[INFO] [stdout]   left: 0
[INFO] [stdout]  right: 5588
[INFO] [stdout] stack backtrace:
[INFO] [stdout]    0:     0x592c13e4f02a - std::backtrace_rs::backtrace::libunwind::trace::h8810477743020387
[INFO] [stdout]                                at /rustc/202008a1b8de96d2e5b6bc02d379db03a877d34d/library/std/src/../../backtrace/src/backtrace/libunwind.rs:116:5
[INFO] [stdout]    1:     0x592c13e4f02a - std::backtrace_rs::backtrace::trace_unsynchronized::h3aa55355dd6c54a6
[INFO] [stdout]                                at /rustc/202008a1b8de96d2e5b6bc02d379db03a877d34d/library/std/src/../../backtrace/src/backtrace/mod.rs:66:5
[INFO] [stdout]    2:     0x592c13e4f02a - std::sys::backtrace::_print_fmt::h8588b0f62410823f
[INFO] [stdout]                                at /rustc/202008a1b8de96d2e5b6bc02d379db03a877d34d/library/std/src/sys/backtrace.rs:66:9
[INFO] [stdout]    3:     0x592c13e4f02a - <std::sys::backtrace::BacktraceLock::print::DisplayBacktrace as core::fmt::Display>::fmt::h98c26ac25ffe89bb
[INFO] [stdout]                                at /rustc/202008a1b8de96d2e5b6bc02d379db03a877d34d/library/std/src/sys/backtrace.rs:39:26
[INFO] [stdout]    4:     0x592c13e74ae3 - core::fmt::rt::Argument::fmt::hf95377f4aebd453b
[INFO] [stdout]                                at /rustc/202008a1b8de96d2e5b6bc02d379db03a877d34d/library/core/src/fmt/rt.rs:177:76
[INFO] [stdout]    5:     0x592c13e74ae3 - core::fmt::write::h0dd5f6e2238c7982
[INFO] [stdout]                                at /rustc/202008a1b8de96d2e5b6bc02d379db03a877d34d/library/core/src/fmt/mod.rs:1189:21
[INFO] [stdout]    6:     0x592c13e4c1c3 - std::io::Write::write_fmt::h03bb0ca26e6faf8c
[INFO] [stdout]                                at /rustc/202008a1b8de96d2e5b6bc02d379db03a877d34d/library/std/src/io/mod.rs:1884:15
[INFO] [stdout]    7:     0x592c13e4ee72 - std::sys::backtrace::BacktraceLock::print::h5c19c1c038ee186d
[INFO] [stdout]                                at /rustc/202008a1b8de96d2e5b6bc02d379db03a877d34d/library/std/src/sys/backtrace.rs:42:9
[INFO] [stdout]    8:     0x592c13e504ad - std::panicking::default_hook::{{closure}}::h77172f079a1fcb13
[INFO] [stdout]                                at /rustc/202008a1b8de96d2e5b6bc02d379db03a877d34d/library/std/src/panicking.rs:268:22
[INFO] [stdout]    9:     0x592c13e502b7 - std::panicking::default_hook::he5f8e3b203ccddba
[INFO] [stdout]                                at /rustc/202008a1b8de96d2e5b6bc02d379db03a877d34d/library/std/src/panicking.rs:292:9
[INFO] [stdout]   10:     0x592c13e19be7 - <alloc::boxed::Box<F,A> as core::ops::function::Fn<Args>>::call::h7a3c7b4a1ae77f2f
[INFO] [stdout]                                at /rustc/202008a1b8de96d2e5b6bc02d379db03a877d34d/library/alloc/src/boxed.rs:1986:9
[INFO] [stdout]   11:     0x592c13e19be7 - test::test_main::{{closure}}::hf0d3b69ae9b353d1
[INFO] [stdout]                                at /rustc/202008a1b8de96d2e5b6bc02d379db03a877d34d/library/test/src/lib.rs:134:21
[INFO] [stdout]   12:     0x592c13e50b58 - <alloc::boxed::Box<F,A> as core::ops::function::Fn<Args>>::call::h6332e82e7b189abd
[INFO] [stdout]                                at /rustc/202008a1b8de96d2e5b6bc02d379db03a877d34d/library/alloc/src/boxed.rs:1986:9
[INFO] [stdout]   13:     0x592c13e50b58 - std::panicking::rust_panic_with_hook::h53863d4e9018df39
[INFO] [stdout]                                at /rustc/202008a1b8de96d2e5b6bc02d379db03a877d34d/library/std/src/panicking.rs:809:13
[INFO] [stdout]   14:     0x592c13e5091a - std::panicking::begin_panic_handler::{{closure}}::h67280e6fa0757873
[INFO] [stdout]                                at /rustc/202008a1b8de96d2e5b6bc02d379db03a877d34d/library/std/src/panicking.rs:674:13
[INFO] [stdout]   15:     0x592c13e4f509 - std::sys::backtrace::__rust_end_short_backtrace::h1dac3f54d6fbbeb2
[INFO] [stdout]                                at /rustc/202008a1b8de96d2e5b6bc02d379db03a877d34d/library/std/src/sys/backtrace.rs:170:18
[INFO] [stdout]   16:     0x592c13e505ac - rust_begin_unwind
[INFO] [stdout]                                at /rustc/202008a1b8de96d2e5b6bc02d379db03a877d34d/library/std/src/panicking.rs:665:5
[INFO] [stdout]   17:     0x592c13dbdab0 - core::panicking::panic_fmt::h6792bd1b2bf01041
[INFO] [stdout]                                at /rustc/202008a1b8de96d2e5b6bc02d379db03a877d34d/library/core/src/panicking.rs:76:14
[INFO] [stdout]   18:     0x592c13dbdddb - core::panicking::assert_failed_inner::hf2c17e6d30928787
[INFO] [stdout]   19:     0x592c13dd23f4 - core::panicking::assert_failed::hee6c81704bfe388c
[INFO] [stdout]                                at /rustc/202008a1b8de96d2e5b6bc02d379db03a877d34d/library/core/src/panicking.rs:373:5
[INFO] [stdout]   20:     0x592c13dd6dcf - day5_2::tests::res_final::hf9e73773a004d6b0
[INFO] [stdout]                                at /opt/rustwide/workdir/src/bin/day5_2.rs:159:9
[INFO] [stdout]   21:     0x592c13dd6ba7 - day5_2::tests::res_final::{{closure}}::h41e9bb0ed9f549b4
[INFO] [stdout]                                at /opt/rustwide/workdir/src/bin/day5_2.rs:155:19
[INFO] [stdout]   22:     0x592c13ddbdd6 - core::ops::function::FnOnce::call_once::h42729a238ae74bfb
[INFO] [stdout]                                at /rustc/202008a1b8de96d2e5b6bc02d379db03a877d34d/library/core/src/ops/function.rs:250:5
[INFO] [stdout]   23:     0x592c13e1e70b - core::ops::function::FnOnce::call_once::h871bf86719ec9aa4
[INFO] [stdout]                                at /rustc/202008a1b8de96d2e5b6bc02d379db03a877d34d/library/core/src/ops/function.rs:250:5
[INFO] [stdout]   24:     0x592c13e1e70b - test::__rust_begin_short_backtrace::h2167df1e2b7d76fd
[INFO] [stdout]                                at /rustc/202008a1b8de96d2e5b6bc02d379db03a877d34d/library/test/src/lib.rs:632:18
[INFO] [stdout]   25:     0x592c13e1e0f8 - test::run_test_in_process::{{closure}}::h15d92f75a3adfb79
[INFO] [stdout]                                at /rustc/202008a1b8de96d2e5b6bc02d379db03a877d34d/library/test/src/lib.rs:655:60
[INFO] [stdout]   26:     0x592c13e1e0f8 - <core::panic::unwind_safe::AssertUnwindSafe<F> as core::ops::function::FnOnce<()>>::call_once::hb6c8955835a8dbbb
[INFO] [stdout]                                at /rustc/202008a1b8de96d2e5b6bc02d379db03a877d34d/library/core/src/panic/unwind_safe.rs:272:9
[INFO] [stdout]   27:     0x592c13e1e0f8 - std::panicking::try::do_call::hc79d0fc888a0bd30
[INFO] [stdout]                                at /rustc/202008a1b8de96d2e5b6bc02d379db03a877d34d/library/std/src/panicking.rs:557:40
[INFO] [stdout]   28:     0x592c13e1e0f8 - std::panicking::try::hb8a7878e3a8589d6
[INFO] [stdout]                                at /rustc/202008a1b8de96d2e5b6bc02d379db03a877d34d/library/std/src/panicking.rs:520:19
[INFO] [stdout]   29:     0x592c13e1e0f8 - std::panic::catch_unwind::hb8e4600ff0ff5cfa
[INFO] [stdout]                                at /rustc/202008a1b8de96d2e5b6bc02d379db03a877d34d/library/std/src/panic.rs:358:14
[INFO] [stdout]   30:     0x592c13e1e0f8 - test::run_test_in_process::hc2900b0b18688dd6
[INFO] [stdout]                                at /rustc/202008a1b8de96d2e5b6bc02d379db03a877d34d/library/test/src/lib.rs:655:27
[INFO] [stdout]   31:     0x592c13e1e0f8 - test::run_test::{{closure}}::hac2a9cb07be3d48d
[INFO] [stdout]                                at /rustc/202008a1b8de96d2e5b6bc02d379db03a877d34d/library/test/src/lib.rs:576:43
[INFO] [stdout]   32:     0x592c13de1b9a - test::run_test::{{closure}}::h4a5b729e66a38cd8
[INFO] [stdout]                                at /rustc/202008a1b8de96d2e5b6bc02d379db03a877d34d/library/test/src/lib.rs:606:41
[INFO] [stdout]   33:     0x592c13de1b9a - std::sys::backtrace::__rust_begin_short_backtrace::h0496fb742492f573
[INFO] [stdout]                                at /rustc/202008a1b8de96d2e5b6bc02d379db03a877d34d/library/std/src/sys/backtrace.rs:154:18
[INFO] [stdout]   34:     0x592c13de5514 - std::thread::Builder::spawn_unchecked_::{{closure}}::{{closure}}::hbb6d257c550a54bd
[INFO] [stdout]                                at /rustc/202008a1b8de96d2e5b6bc02d379db03a877d34d/library/std/src/thread/mod.rs:561:17
[INFO] [stdout]   35:     0x592c13de5514 - <core::panic::unwind_safe::AssertUnwindSafe<F> as core::ops::function::FnOnce<()>>::call_once::h46696fe4a6832328
[INFO] [stdout]                                at /rustc/202008a1b8de96d2e5b6bc02d379db03a877d34d/library/core/src/panic/unwind_safe.rs:272:9
[INFO] [stdout]   36:     0x592c13de5514 - std::panicking::try::do_call::h2625a51b667bfb64
[INFO] [stdout]                                at /rustc/202008a1b8de96d2e5b6bc02d379db03a877d34d/library/std/src/panicking.rs:557:40
[INFO] [stdout]   37:     0x592c13de5514 - std::panicking::try::hb956a59a1973aa4c
[INFO] [stdout]                                at /rustc/202008a1b8de96d2e5b6bc02d379db03a877d34d/library/std/src/panicking.rs:520:19
[INFO] [stdout]   38:     0x592c13de5514 - std::panic::catch_unwind::h64f3b9d1067ef6a0
[INFO] [stdout]                                at /rustc/202008a1b8de96d2e5b6bc02d379db03a877d34d/library/std/src/panic.rs:358:14
[INFO] [stdout]   39:     0x592c13de5514 - std::thread::Builder::spawn_unchecked_::{{closure}}::h42b2841295b6c0b2
[INFO] [stdout]                                at /rustc/202008a1b8de96d2e5b6bc02d379db03a877d34d/library/std/src/thread/mod.rs:559:30
[INFO] [stdout]   40:     0x592c13de5514 - core::ops::function::FnOnce::call_once{{vtable.shim}}::h6127de71b8124639
[INFO] [stdout]                                at /rustc/202008a1b8de96d2e5b6bc02d379db03a877d34d/library/core/src/ops/function.rs:250:5
[INFO] [stdout]   41:     0x592c13e54aab - <alloc::boxed::Box<F,A> as core::ops::function::FnOnce<Args>>::call_once::h42f0ba71002a1b2c
[INFO] [stdout]                                at /rustc/202008a1b8de96d2e5b6bc02d379db03a877d34d/library/alloc/src/boxed.rs:1972:9
[INFO] [stdout]   42:     0x592c13e54aab - <alloc::boxed::Box<F,A> as core::ops::function::FnOnce<Args>>::call_once::had9e47d7a3dcecb8
[INFO] [stdout]                                at /rustc/202008a1b8de96d2e5b6bc02d379db03a877d34d/library/alloc/src/boxed.rs:1972:9
[INFO] [stdout]   43:     0x592c13e54aab - std::sys::pal::unix::thread::Thread::new::thread_start::h48cf765408f6f5f2
[INFO] [stdout]                                at /rustc/202008a1b8de96d2e5b6bc02d379db03a877d34d/library/std/src/sys/pal/unix/thread.rs:105:17
[INFO] [stdout]   44:     0x7103c8690ac3 - <unknown>
[INFO] [stdout]   45:     0x7103c8721a04 - clone
[INFO] [stdout]   46:                0x0 - <unknown>
[INFO] [stdout] 
[INFO] [stdout] 
[INFO] [stdout] failures:
[INFO] [stdout]     tests::res_final
[INFO] [stdout] 
[INFO] [stdout] test result: FAILED. 1 passed; 1 failed; 0 ignored; 0 measured; 0 filtered out; finished in 0.32s
[INFO] [stdout] 
[INFO] [stderr] error: test failed, to rerun pass `--bin day5_2`
[INFO] running `Command { std: "docker" "inspect" "7d4d38d85ec25570bd4959051670f7a2ebb142887cb6f2d3994ff57a28e247e5", kill_on_drop: false }`
[INFO] running `Command { std: "docker" "rm" "-f" "7d4d38d85ec25570bd4959051670f7a2ebb142887cb6f2d3994ff57a28e247e5", kill_on_drop: false }`
[INFO] [stdout] 7d4d38d85ec25570bd4959051670f7a2ebb142887cb6f2d3994ff57a28e247e5
