[INFO] cloning repository https://github.com/kildevaeld/odu-rs
[INFO] running `Command { std: "git" "-c" "credential.helper=" "-c" "credential.helper=/workspace/cargo-home/bin/git-credential-null" "clone" "--bare" "https://github.com/kildevaeld/odu-rs" "/workspace/cache/git-repos/https%3A%2F%2Fgithub.com%2Fkildevaeld%2Fodu-rs", kill_on_drop: false }`
[INFO] [stderr] Cloning into bare repository '/workspace/cache/git-repos/https%3A%2F%2Fgithub.com%2Fkildevaeld%2Fodu-rs'...
[INFO] running `Command { std: "git" "rev-parse" "HEAD", kill_on_drop: false }`
[INFO] [stdout] e059c4ab866e5e1c34d0da61753a4dfd298ebfaf
[INFO] testing kildevaeld/odu-rs against beta-2024-12-08 for beta-1.84.0-4-retry
[INFO] running `Command { std: "git" "clone" "/workspace/cache/git-repos/https%3A%2F%2Fgithub.com%2Fkildevaeld%2Fodu-rs" "/workspace/builds/worker-4-tc2/source", kill_on_drop: false }`
[INFO] [stderr] Cloning into '/workspace/builds/worker-4-tc2/source'...
[INFO] [stderr] done.
[INFO] validating manifest of git repo https://github.com/kildevaeld/odu-rs on toolchain beta-2024-12-08
[INFO] running `Command { std: CARGO_HOME="/workspace/cargo-home" RUSTUP_HOME="/workspace/rustup-home" "/workspace/cargo-home/bin/cargo" "+beta-2024-12-08" "metadata" "--manifest-path" "Cargo.toml" "--no-deps", kill_on_drop: false }`
[INFO] started tweaking git repo https://github.com/kildevaeld/odu-rs
[INFO] finished tweaking git repo https://github.com/kildevaeld/odu-rs
[INFO] tweaked toml for git repo https://github.com/kildevaeld/odu-rs written to /workspace/builds/worker-4-tc2/source/Cargo.toml
[INFO] crate git repo https://github.com/kildevaeld/odu-rs already has a lockfile, it will not be regenerated
[INFO] running `Command { std: CARGO_HOME="/workspace/cargo-home" RUSTUP_HOME="/workspace/rustup-home" "/workspace/cargo-home/bin/cargo" "+beta-2024-12-08" "fetch" "--manifest-path" "Cargo.toml", kill_on_drop: false }`
[INFO] running `Command { std: "docker" "create" "-v" "/var/lib/crater-agent-workspace/builds/worker-4-tc2/target:/opt/rustwide/target:rw,Z" "-v" "/var/lib/crater-agent-workspace/builds/worker-4-tc2/source:/opt/rustwide/workdir:ro,Z" "-v" "/var/lib/crater-agent-workspace/cargo-home:/opt/rustwide/cargo-home:ro,Z" "-v" "/var/lib/crater-agent-workspace/rustup-home:/opt/rustwide/rustup-home:ro,Z" "-e" "SOURCE_DIR=/opt/rustwide/workdir" "-e" "CARGO_TARGET_DIR=/opt/rustwide/target" "-e" "CARGO_HOME=/opt/rustwide/cargo-home" "-e" "RUSTUP_HOME=/opt/rustwide/rustup-home" "-w" "/opt/rustwide/workdir" "-m" "1610612736" "--user" "0:0" "--network" "none" "ghcr.io/rust-lang/crates-build-env/linux@sha256:f3a9d4ad9d972b27faf3965f35b62e55ba32bbce8f20bc8fe909558a86702fde" "/opt/rustwide/cargo-home/bin/cargo" "+beta-2024-12-08" "metadata" "--no-deps" "--format-version=1", kill_on_drop: false }`
[INFO] [stdout] 9c1a6c1bb95d34dfa4643c9693422186fc1cc24d69e2e09870528fbcda156f58
[INFO] running `Command { std: "docker" "start" "-a" "9c1a6c1bb95d34dfa4643c9693422186fc1cc24d69e2e09870528fbcda156f58", kill_on_drop: false }`
[INFO] running `Command { std: "docker" "inspect" "9c1a6c1bb95d34dfa4643c9693422186fc1cc24d69e2e09870528fbcda156f58", kill_on_drop: false }`
[INFO] running `Command { std: "docker" "rm" "-f" "9c1a6c1bb95d34dfa4643c9693422186fc1cc24d69e2e09870528fbcda156f58", kill_on_drop: false }`
[INFO] [stdout] 9c1a6c1bb95d34dfa4643c9693422186fc1cc24d69e2e09870528fbcda156f58
[INFO] running `Command { std: "docker" "create" "-v" "/var/lib/crater-agent-workspace/builds/worker-4-tc2/target:/opt/rustwide/target:rw,Z" "-v" "/var/lib/crater-agent-workspace/builds/worker-4-tc2/source:/opt/rustwide/workdir:ro,Z" "-v" "/var/lib/crater-agent-workspace/cargo-home:/opt/rustwide/cargo-home:ro,Z" "-v" "/var/lib/crater-agent-workspace/rustup-home:/opt/rustwide/rustup-home:ro,Z" "-e" "SOURCE_DIR=/opt/rustwide/workdir" "-e" "CARGO_TARGET_DIR=/opt/rustwide/target" "-e" "CARGO_INCREMENTAL=0" "-e" "RUST_BACKTRACE=full" "-e" "RUSTFLAGS=--cap-lints=warn" "-e" "RUSTDOCFLAGS=--cap-lints=warn" "-e" "CARGO_HOME=/opt/rustwide/cargo-home" "-e" "RUSTUP_HOME=/opt/rustwide/rustup-home" "-w" "/opt/rustwide/workdir" "-m" "1610612736" "--user" "0:0" "--network" "none" "ghcr.io/rust-lang/crates-build-env/linux@sha256:f3a9d4ad9d972b27faf3965f35b62e55ba32bbce8f20bc8fe909558a86702fde" "/opt/rustwide/cargo-home/bin/cargo" "+beta-2024-12-08" "build" "--frozen" "--message-format=json", kill_on_drop: false }`
[INFO] [stdout] 0bb5a69465ca07e2a4279bd50c4b57d26b0c7957caec88f4da4901d99f588b1e
[INFO] running `Command { std: "docker" "start" "-a" "0bb5a69465ca07e2a4279bd50c4b57d26b0c7957caec88f4da4901d99f588b1e", kill_on_drop: false }`
[INFO] [stderr]    Compiling libc v0.2.148
[INFO] [stderr]    Compiling lock_api v0.4.10
[INFO] [stderr]    Compiling num-traits v0.2.16
[INFO] [stderr]    Compiling parking_lot_core v0.9.8
[INFO] [stderr]    Compiling scopeguard v1.2.0
[INFO] [stderr]    Compiling once_cell v1.18.0
[INFO] [stderr]    Compiling smallvec v1.11.0
[INFO] [stderr]    Compiling iana-time-zone v0.1.57
[INFO] [stderr]    Compiling bytes v1.5.0
[INFO] [stderr]    Compiling proc-macro2 v1.0.67
[INFO] [stderr]    Compiling floating v0.1.0 (/opt/rustwide/workdir/floating)
[INFO] [stderr]    Compiling unicode-ident v1.0.12
[INFO] [stderr]    Compiling syn v1.0.109
[INFO] [stderr]    Compiling ahash v0.8.3
[INFO] [stderr]    Compiling quote v1.0.33
[INFO] [stderr]    Compiling getrandom v0.2.10
[INFO] [stderr]    Compiling parking_lot v0.12.1
[INFO] [stderr]    Compiling hashbrown v0.13.2
[INFO] [stderr]    Compiling chrono v0.4.31
[INFO] [stderr]    Compiling odu-types v0.1.0 (/opt/rustwide/workdir/odu-types)
[INFO] [stderr]    Compiling odu-value v0.1.0 (/opt/rustwide/workdir/odu-value)
[INFO] [stdout] warning: unused imports: `into_value::*` and `macros::*`
[INFO] [stdout]   --> odu-value/src/lib.rs:26:34
[INFO] [stdout]    |
[INFO] [stdout] 26 |     from_value::*, index::Index, into_value::*, list::*, macros::*, merge::*, number::*, object::*,
[INFO] [stdout]    |                                  ^^^^^^^^^^^^^           ^^^^^^^^^
[INFO] [stdout]    |
[INFO] [stdout]    = note: `#[warn(unused_imports)]` on by default
[INFO] [stdout] 
[INFO] [stdout] 
[INFO] [stderr]    Compiling odu-macros v0.1.0 (/opt/rustwide/workdir/odu-macros)
[INFO] [stderr]    Compiling odu-validate v0.1.0 (/opt/rustwide/workdir/odu-validate)
[INFO] [stderr]    Compiling odu-func v0.1.0 (/opt/rustwide/workdir/odu-func)
[INFO] [stdout] warning: field `desc` is never read
[INFO] [stdout]    --> odu-validate/src/validators.rs:118:5
[INFO] [stdout]     |
[INFO] [stdout] 108 | pub struct BoolValidator {
[INFO] [stdout]     |            ------------- field in this struct
[INFO] [stdout] ...
[INFO] [stdout] 118 |     desc: Option<String>,
[INFO] [stdout]     |     ^^^^
[INFO] [stdout]     |
[INFO] [stdout]     = note: `BoolValidator` has a derived impl for the trait `Debug`, but this is intentionally ignored during dead code analysis
[INFO] [stdout]     = note: `#[warn(dead_code)]` on by default
[INFO] [stdout] 
[INFO] [stdout] 
[INFO] [stdout] warning: field `desc` is never read
[INFO] [stdout]    --> odu-validate/src/validators.rs:177:5
[INFO] [stdout]     |
[INFO] [stdout] 167 | pub struct StringValidator {
[INFO] [stdout]     |            --------------- field in this struct
[INFO] [stdout] ...
[INFO] [stdout] 177 |     desc: Option<String>,
[INFO] [stdout]     |     ^^^^
[INFO] [stdout]     |
[INFO] [stdout]     = note: `StringValidator` has a derived impl for the trait `Debug`, but this is intentionally ignored during dead code analysis
[INFO] [stdout] 
[INFO] [stdout] 
[INFO] [stdout] warning: field `desc` is never read
[INFO] [stdout]    --> odu-validate/src/validators.rs:234:5
[INFO] [stdout]     |
[INFO] [stdout] 227 | pub struct ObjectValidator {
[INFO] [stdout]     |            --------------- field in this struct
[INFO] [stdout] ...
[INFO] [stdout] 234 |     desc: Option<String>,
[INFO] [stdout]     |     ^^^^
[INFO] [stdout]     |
[INFO] [stdout]     = note: `ObjectValidator` has a derived impl for the trait `Debug`, but this is intentionally ignored during dead code analysis
[INFO] [stdout] 
[INFO] [stdout] 
[INFO] [stdout] warning: field `desc` is never read
[INFO] [stdout]    --> odu-validate/src/validators.rs:331:5
[INFO] [stdout]     |
[INFO] [stdout] 321 | pub struct NumberValidator {
[INFO] [stdout]     |            --------------- field in this struct
[INFO] [stdout] ...
[INFO] [stdout] 331 |     desc: Option<String>,
[INFO] [stdout]     |     ^^^^
[INFO] [stdout]     |
[INFO] [stdout]     = note: `NumberValidator` has a derived impl for the trait `Debug`, but this is intentionally ignored during dead code analysis
[INFO] [stdout] 
[INFO] [stdout] 
[INFO] [stdout] warning: field `desc` is never read
[INFO] [stdout]    --> odu-validate/src/validators.rs:401:5
[INFO] [stdout]     |
[INFO] [stdout] 391 | pub struct ListValidator {
[INFO] [stdout]     |            ------------- field in this struct
[INFO] [stdout] ...
[INFO] [stdout] 401 |     desc: Option<String>,
[INFO] [stdout]     |     ^^^^
[INFO] [stdout]     |
[INFO] [stdout]     = note: `ListValidator` has a derived impl for the trait `Debug`, but this is intentionally ignored during dead code analysis
[INFO] [stdout] 
[INFO] [stdout] 
[INFO] [stdout] warning: field `desc` is never read
[INFO] [stdout]    --> odu-validate/src/validators.rs:477:5
[INFO] [stdout]     |
[INFO] [stdout] 467 | pub struct AnyValidator {
[INFO] [stdout]     |            ------------ field in this struct
[INFO] [stdout] ...
[INFO] [stdout] 477 |     desc: Option<String>,
[INFO] [stdout]     |     ^^^^
[INFO] [stdout]     |
[INFO] [stdout]     = note: `AnyValidator` has a derived impl for the trait `Debug`, but this is intentionally ignored during dead code analysis
[INFO] [stdout] 
[INFO] [stdout] 
[INFO] [stdout] warning: trait `Sealed` is never used
[INFO] [stdout]   --> odu-validate/src/type_ext.rs:27:15
[INFO] [stdout]    |
[INFO] [stdout] 27 |     pub trait Sealed {}
[INFO] [stdout]    |               ^^^^^^
[INFO] [stdout] 
[INFO] [stdout] 
[INFO] [stderr]    Compiling odu-input v0.1.0 (/opt/rustwide/workdir/odu-input)
[INFO] [stdout] warning: field `input` is never read
[INFO] [stdout]   --> odu-input/src/lib.rs:24:5
[INFO] [stdout]    |
[INFO] [stdout] 23 | pub struct List {
[INFO] [stdout]    |            ---- field in this struct
[INFO] [stdout] 24 |     input: Box<Input>,
[INFO] [stdout]    |     ^^^^^
[INFO] [stdout]    |
[INFO] [stdout]    = note: `#[warn(dead_code)]` on by default
[INFO] [stdout] 
[INFO] [stdout] 
[INFO] [stderr]     Finished `dev` profile [unoptimized + debuginfo] target(s) in 8.24s
[INFO] running `Command { std: "docker" "inspect" "0bb5a69465ca07e2a4279bd50c4b57d26b0c7957caec88f4da4901d99f588b1e", kill_on_drop: false }`
[INFO] running `Command { std: "docker" "rm" "-f" "0bb5a69465ca07e2a4279bd50c4b57d26b0c7957caec88f4da4901d99f588b1e", kill_on_drop: false }`
[INFO] [stdout] 0bb5a69465ca07e2a4279bd50c4b57d26b0c7957caec88f4da4901d99f588b1e
[INFO] running `Command { std: "docker" "create" "-v" "/var/lib/crater-agent-workspace/builds/worker-4-tc2/target:/opt/rustwide/target:rw,Z" "-v" "/var/lib/crater-agent-workspace/builds/worker-4-tc2/source:/opt/rustwide/workdir:ro,Z" "-v" "/var/lib/crater-agent-workspace/cargo-home:/opt/rustwide/cargo-home:ro,Z" "-v" "/var/lib/crater-agent-workspace/rustup-home:/opt/rustwide/rustup-home:ro,Z" "-e" "SOURCE_DIR=/opt/rustwide/workdir" "-e" "CARGO_TARGET_DIR=/opt/rustwide/target" "-e" "CARGO_INCREMENTAL=0" "-e" "RUST_BACKTRACE=full" "-e" "RUSTFLAGS=--cap-lints=warn" "-e" "RUSTDOCFLAGS=--cap-lints=warn" "-e" "CARGO_HOME=/opt/rustwide/cargo-home" "-e" "RUSTUP_HOME=/opt/rustwide/rustup-home" "-w" "/opt/rustwide/workdir" "-m" "1610612736" "--user" "0:0" "--network" "none" "ghcr.io/rust-lang/crates-build-env/linux@sha256:f3a9d4ad9d972b27faf3965f35b62e55ba32bbce8f20bc8fe909558a86702fde" "/opt/rustwide/cargo-home/bin/cargo" "+beta-2024-12-08" "test" "--frozen" "--no-run" "--message-format=json", kill_on_drop: false }`
[INFO] [stdout] c5551f1f97282008633262ed6f7732a2b6eba6dc845b98e6f0568970df6a28ab
[INFO] running `Command { std: "docker" "start" "-a" "c5551f1f97282008633262ed6f7732a2b6eba6dc845b98e6f0568970df6a28ab", kill_on_drop: false }`
[INFO] [stderr]    Compiling serde v1.0.188
[INFO] [stderr]    Compiling serde_json v1.0.107
[INFO] [stderr]    Compiling signal-hook v0.3.17
[INFO] [stderr]    Compiling slab v0.4.9
[INFO] [stderr]    Compiling log v0.4.20
[INFO] [stderr]    Compiling futures-task v0.3.28
[INFO] [stderr]    Compiling futures-core v0.3.28
[INFO] [stderr]    Compiling futures-util v0.3.28
[INFO] [stderr]    Compiling thiserror v1.0.48
[INFO] [stderr]    Compiling unicode-segmentation v1.10.1
[INFO] [stderr]    Compiling signal-hook-registry v1.4.1
[INFO] [stderr]    Compiling syn v2.0.37
[INFO] [stderr]    Compiling pin-project-lite v0.2.13
[INFO] [stdout] warning: unused imports: `into_value::*` and `macros::*`
[INFO] [stdout]   --> odu-value/src/lib.rs:26:34
[INFO] [stdout]    |
[INFO] [stdout] 26 |     from_value::*, index::Index, into_value::*, list::*, macros::*, merge::*, number::*, object::*,
[INFO] [stdout]    |                                  ^^^^^^^^^^^^^           ^^^^^^^^^
[INFO] [stdout]    |
[INFO] [stdout]    = note: `#[warn(unused_imports)]` on by default
[INFO] [stdout] 
[INFO] [stdout] 
[INFO] [stderr]    Compiling dyn-clone v1.0.13
[INFO] [stdout] warning: field `desc` is never read
[INFO] [stdout]    --> odu-validate/src/validators.rs:118:5
[INFO] [stdout]     |
[INFO] [stdout] 108 | pub struct BoolValidator {
[INFO] [stdout]     |            ------------- field in this struct
[INFO] [stdout] ...
[INFO] [stdout] 118 |     desc: Option<String>,
[INFO] [stdout]     |     ^^^^
[INFO] [stdout]     |
[INFO] [stdout]     = note: `BoolValidator` has a derived impl for the trait `Debug`, but this is intentionally ignored during dead code analysis
[INFO] [stdout]     = note: `#[warn(dead_code)]` on by default
[INFO] [stdout] 
[INFO] [stdout] 
[INFO] [stdout] warning: field `desc` is never read
[INFO] [stdout]    --> odu-validate/src/validators.rs:177:5
[INFO] [stdout]     |
[INFO] [stdout] 167 | pub struct StringValidator {
[INFO] [stdout]     |            --------------- field in this struct
[INFO] [stdout] ...
[INFO] [stdout] 177 |     desc: Option<String>,
[INFO] [stdout]     |     ^^^^
[INFO] [stdout]     |
[INFO] [stdout]     = note: `StringValidator` has a derived impl for the trait `Debug`, but this is intentionally ignored during dead code analysis
[INFO] [stdout] 
[INFO] [stdout] 
[INFO] [stdout] warning: field `desc` is never read
[INFO] [stdout]    --> odu-validate/src/validators.rs:234:5
[INFO] [stdout]     |
[INFO] [stdout] 227 | pub struct ObjectValidator {
[INFO] [stdout]     |            --------------- field in this struct
[INFO] [stdout] ...
[INFO] [stdout] 234 |     desc: Option<String>,
[INFO] [stdout]     |     ^^^^
[INFO] [stdout]     |
[INFO] [stdout]     = note: `ObjectValidator` has a derived impl for the trait `Debug`, but this is intentionally ignored during dead code analysis
[INFO] [stdout] 
[INFO] [stdout] 
[INFO] [stdout] warning: field `desc` is never read
[INFO] [stdout]    --> odu-validate/src/validators.rs:331:5
[INFO] [stdout]     |
[INFO] [stdout] 321 | pub struct NumberValidator {
[INFO] [stdout]     |            --------------- field in this struct
[INFO] [stdout] ...
[INFO] [stdout] 331 |     desc: Option<String>,
[INFO] [stdout]     |     ^^^^
[INFO] [stdout]     |
[INFO] [stdout]     = note: `NumberValidator` has a derived impl for the trait `Debug`, but this is intentionally ignored during dead code analysis
[INFO] [stdout] 
[INFO] [stdout] 
[INFO] [stdout] warning: field `desc` is never read
[INFO] [stdout]    --> odu-validate/src/validators.rs:401:5
[INFO] [stdout]     |
[INFO] [stdout] 391 | pub struct ListValidator {
[INFO] [stdout]     |            ------------- field in this struct
[INFO] [stdout] ...
[INFO] [stdout] 401 |     desc: Option<String>,
[INFO] [stdout]     |     ^^^^
[INFO] [stdout]     |
[INFO] [stdout]     = note: `ListValidator` has a derived impl for the trait `Debug`, but this is intentionally ignored during dead code analysis
[INFO] [stdout] 
[INFO] [stdout] 
[INFO] [stdout] warning: field `desc` is never read
[INFO] [stdout]    --> odu-validate/src/validators.rs:477:5
[INFO] [stdout]     |
[INFO] [stdout] 467 | pub struct AnyValidator {
[INFO] [stdout]     |            ------------ field in this struct
[INFO] [stdout] ...
[INFO] [stdout] 477 |     desc: Option<String>,
[INFO] [stdout]     |     ^^^^
[INFO] [stdout]     |
[INFO] [stdout]     = note: `AnyValidator` has a derived impl for the trait `Debug`, but this is intentionally ignored during dead code analysis
[INFO] [stdout] 
[INFO] [stdout] 
[INFO] [stdout] warning: trait `Sealed` is never used
[INFO] [stdout]   --> odu-validate/src/type_ext.rs:27:15
[INFO] [stdout]    |
[INFO] [stdout] 27 |     pub trait Sealed {}
[INFO] [stdout]    |               ^^^^^^
[INFO] [stdout] 
[INFO] [stdout] 
[INFO] [stderr]    Compiling odu-macros v0.1.0 (/opt/rustwide/workdir/odu-macros)
[INFO] [stdout] warning: field `input` is never read
[INFO] [stdout]   --> odu-input/src/lib.rs:24:5
[INFO] [stdout]    |
[INFO] [stdout] 23 | pub struct List {
[INFO] [stdout]    |            ---- field in this struct
[INFO] [stdout] 24 |     input: Box<Input>,
[INFO] [stdout]    |     ^^^^^
[INFO] [stdout]    |
[INFO] [stdout]    = note: `#[warn(dead_code)]` on by default
[INFO] [stdout] 
[INFO] [stdout] 
[INFO] [stderr]    Compiling odu-value v0.1.0 (/opt/rustwide/workdir/odu-value)
[INFO] [stdout] warning: unused imports: `into_value::*` and `macros::*`
[INFO] [stdout]   --> odu-value/src/lib.rs:26:34
[INFO] [stdout]    |
[INFO] [stdout] 26 |     from_value::*, index::Index, into_value::*, list::*, macros::*, merge::*, number::*, object::*,
[INFO] [stdout]    |                                  ^^^^^^^^^^^^^           ^^^^^^^^^
[INFO] [stdout]    |
[INFO] [stdout]    = note: `#[warn(unused_imports)]` on by default
[INFO] [stdout] 
[INFO] [stdout] 
[INFO] [stderr]    Compiling floating v0.1.0 (/opt/rustwide/workdir/floating)
[INFO] [stderr]    Compiling mio v0.8.8
[INFO] [stderr]    Compiling signal-hook-mio v0.2.3
[INFO] [stderr]    Compiling newline-converter v0.2.2
[INFO] [stderr]    Compiling crossterm v0.25.0
[INFO] [stderr]    Compiling thiserror-impl v1.0.48
[INFO] [stderr]    Compiling futures-executor v0.3.28
[INFO] [stderr]    Compiling inquire v0.5.3
[INFO] [stderr]    Compiling odu-input v0.1.0 (/opt/rustwide/workdir/odu-input)
[INFO] [stdout] warning: field `input` is never read
[INFO] [stdout]   --> odu-input/src/lib.rs:24:5
[INFO] [stdout]    |
[INFO] [stdout] 23 | pub struct List {
[INFO] [stdout]    |            ---- field in this struct
[INFO] [stdout] 24 |     input: Box<Input>,
[INFO] [stdout]    |     ^^^^^
[INFO] [stdout]    |
[INFO] [stdout]    = note: `#[warn(dead_code)]` on by default
[INFO] [stdout] 
[INFO] [stdout] 
[INFO] [stderr]    Compiling odu-types v0.1.0 (/opt/rustwide/workdir/odu-types)
[INFO] [stderr]    Compiling odu-func v0.1.0 (/opt/rustwide/workdir/odu-func)
[INFO] [stderr]    Compiling odu-validate v0.1.0 (/opt/rustwide/workdir/odu-validate)
[INFO] [stdout] warning: field `desc` is never read
[INFO] [stdout]    --> odu-validate/src/validators.rs:118:5
[INFO] [stdout]     |
[INFO] [stdout] 108 | pub struct BoolValidator {
[INFO] [stdout]     |            ------------- field in this struct
[INFO] [stdout] ...
[INFO] [stdout] 118 |     desc: Option<String>,
[INFO] [stdout]     |     ^^^^
[INFO] [stdout]     |
[INFO] [stdout]     = note: `BoolValidator` has a derived impl for the trait `Debug`, but this is intentionally ignored during dead code analysis
[INFO] [stdout]     = note: `#[warn(dead_code)]` on by default
[INFO] [stdout] 
[INFO] [stdout] 
[INFO] [stdout] warning: field `desc` is never read
[INFO] [stdout]    --> odu-validate/src/validators.rs:177:5
[INFO] [stdout]     |
[INFO] [stdout] 167 | pub struct StringValidator {
[INFO] [stdout]     |            --------------- field in this struct
[INFO] [stdout] ...
[INFO] [stdout] 177 |     desc: Option<String>,
[INFO] [stdout]     |     ^^^^
[INFO] [stdout]     |
[INFO] [stdout]     = note: `StringValidator` has a derived impl for the trait `Debug`, but this is intentionally ignored during dead code analysis
[INFO] [stdout] 
[INFO] [stdout] 
[INFO] [stdout] warning: field `desc` is never read
[INFO] [stdout]    --> odu-validate/src/validators.rs:234:5
[INFO] [stdout]     |
[INFO] [stdout] 227 | pub struct ObjectValidator {
[INFO] [stdout]     |            --------------- field in this struct
[INFO] [stdout] ...
[INFO] [stdout] 234 |     desc: Option<String>,
[INFO] [stdout]     |     ^^^^
[INFO] [stdout]     |
[INFO] [stdout]     = note: `ObjectValidator` has a derived impl for the trait `Debug`, but this is intentionally ignored during dead code analysis
[INFO] [stdout] 
[INFO] [stdout] 
[INFO] [stdout] warning: field `desc` is never read
[INFO] [stdout]    --> odu-validate/src/validators.rs:331:5
[INFO] [stdout]     |
[INFO] [stdout] 321 | pub struct NumberValidator {
[INFO] [stdout]     |            --------------- field in this struct
[INFO] [stdout] ...
[INFO] [stdout] 331 |     desc: Option<String>,
[INFO] [stdout]     |     ^^^^
[INFO] [stdout]     |
[INFO] [stdout]     = note: `NumberValidator` has a derived impl for the trait `Debug`, but this is intentionally ignored during dead code analysis
[INFO] [stdout] 
[INFO] [stdout] 
[INFO] [stdout] warning: field `desc` is never read
[INFO] [stdout]    --> odu-validate/src/validators.rs:401:5
[INFO] [stdout]     |
[INFO] [stdout] 391 | pub struct ListValidator {
[INFO] [stdout]     |            ------------- field in this struct
[INFO] [stdout] ...
[INFO] [stdout] 401 |     desc: Option<String>,
[INFO] [stdout]     |     ^^^^
[INFO] [stdout]     |
[INFO] [stdout]     = note: `ListValidator` has a derived impl for the trait `Debug`, but this is intentionally ignored during dead code analysis
[INFO] [stdout] 
[INFO] [stdout] 
[INFO] [stdout] warning: field `desc` is never read
[INFO] [stdout]    --> odu-validate/src/validators.rs:477:5
[INFO] [stdout]     |
[INFO] [stdout] 467 | pub struct AnyValidator {
[INFO] [stdout]     |            ------------ field in this struct
[INFO] [stdout] ...
[INFO] [stdout] 477 |     desc: Option<String>,
[INFO] [stdout]     |     ^^^^
[INFO] [stdout]     |
[INFO] [stdout]     = note: `AnyValidator` has a derived impl for the trait `Debug`, but this is intentionally ignored during dead code analysis
[INFO] [stdout] 
[INFO] [stdout] 
[INFO] [stdout] warning: trait `Sealed` is never used
[INFO] [stdout]   --> odu-validate/src/type_ext.rs:27:15
[INFO] [stdout]    |
[INFO] [stdout] 27 |     pub trait Sealed {}
[INFO] [stdout]    |               ^^^^^^
[INFO] [stdout] 
[INFO] [stdout] 
[INFO] [stderr]     Finished `test` profile [unoptimized + debuginfo] target(s) in 6.76s
[INFO] running `Command { std: "docker" "inspect" "c5551f1f97282008633262ed6f7732a2b6eba6dc845b98e6f0568970df6a28ab", kill_on_drop: false }`
[INFO] running `Command { std: "docker" "rm" "-f" "c5551f1f97282008633262ed6f7732a2b6eba6dc845b98e6f0568970df6a28ab", kill_on_drop: false }`
[INFO] [stdout] c5551f1f97282008633262ed6f7732a2b6eba6dc845b98e6f0568970df6a28ab
[INFO] running `Command { std: "docker" "create" "-v" "/var/lib/crater-agent-workspace/builds/worker-4-tc2/target:/opt/rustwide/target:rw,Z" "-v" "/var/lib/crater-agent-workspace/builds/worker-4-tc2/source:/opt/rustwide/workdir:ro,Z" "-v" "/var/lib/crater-agent-workspace/cargo-home:/opt/rustwide/cargo-home:ro,Z" "-v" "/var/lib/crater-agent-workspace/rustup-home:/opt/rustwide/rustup-home:ro,Z" "-e" "SOURCE_DIR=/opt/rustwide/workdir" "-e" "CARGO_TARGET_DIR=/opt/rustwide/target" "-e" "CARGO_INCREMENTAL=0" "-e" "RUST_BACKTRACE=full" "-e" "RUSTFLAGS=--cap-lints=warn" "-e" "RUSTDOCFLAGS=--cap-lints=warn" "-e" "CARGO_HOME=/opt/rustwide/cargo-home" "-e" "RUSTUP_HOME=/opt/rustwide/rustup-home" "-w" "/opt/rustwide/workdir" "-m" "1610612736" "--user" "0:0" "--network" "none" "ghcr.io/rust-lang/crates-build-env/linux@sha256:f3a9d4ad9d972b27faf3965f35b62e55ba32bbce8f20bc8fe909558a86702fde" "/opt/rustwide/cargo-home/bin/cargo" "+beta-2024-12-08" "test" "--frozen", kill_on_drop: false }`
[INFO] [stdout] 130a38dabdb1e92f9f63446f3e0bfe316447d74a892011d71b7367b755d2350d
[INFO] running `Command { std: "docker" "start" "-a" "130a38dabdb1e92f9f63446f3e0bfe316447d74a892011d71b7367b755d2350d", kill_on_drop: false }`
[INFO] [stderr] warning: unused imports: `into_value::*` and `macros::*`
[INFO] [stderr]   --> odu-value/src/lib.rs:26:34
[INFO] [stderr]    |
[INFO] [stderr] 26 |     from_value::*, index::Index, into_value::*, list::*, macros::*, merge::*, number::*, object::*,
[INFO] [stderr]    |                                  ^^^^^^^^^^^^^           ^^^^^^^^^
[INFO] [stderr]    |
[INFO] [stderr]    = note: `#[warn(unused_imports)]` on by default
[INFO] [stderr] 
[INFO] [stderr] warning: `odu-value` (lib) generated 1 warning (run `cargo fix --lib -p odu-value` to apply 1 suggestion)
[INFO] [stderr] warning: `odu-value` (lib test) generated 1 warning (1 duplicate)
[INFO] [stderr] warning: field `desc` is never read
[INFO] [stderr]    --> odu-validate/src/validators.rs:118:5
[INFO] [stderr]     |
[INFO] [stderr] 108 | pub struct BoolValidator {
[INFO] [stderr]     |            ------------- field in this struct
[INFO] [stderr] ...
[INFO] [stderr] 118 |     desc: Option<String>,
[INFO] [stderr]     |     ^^^^
[INFO] [stderr]     |
[INFO] [stderr]     = note: `BoolValidator` has a derived impl for the trait `Debug`, but this is intentionally ignored during dead code analysis
[INFO] [stderr]     = note: `#[warn(dead_code)]` on by default
[INFO] [stderr] 
[INFO] [stderr] warning: field `desc` is never read
[INFO] [stderr]    --> odu-validate/src/validators.rs:177:5
[INFO] [stderr]     |
[INFO] [stderr] 167 | pub struct StringValidator {
[INFO] [stderr]     |            --------------- field in this struct
[INFO] [stderr] ...
[INFO] [stderr] 177 |     desc: Option<String>,
[INFO] [stderr]     |     ^^^^
[INFO] [stderr]     |
[INFO] [stderr]     = note: `StringValidator` has a derived impl for the trait `Debug`, but this is intentionally ignored during dead code analysis
[INFO] [stderr] 
[INFO] [stderr] warning: field `desc` is never read
[INFO] [stderr]    --> odu-validate/src/validators.rs:234:5
[INFO] [stderr]     |
[INFO] [stderr] 227 | pub struct ObjectValidator {
[INFO] [stderr]     |            --------------- field in this struct
[INFO] [stderr] ...
[INFO] [stderr] 234 |     desc: Option<String>,
[INFO] [stderr]     |     ^^^^
[INFO] [stderr]     |
[INFO] [stderr]     = note: `ObjectValidator` has a derived impl for the trait `Debug`, but this is intentionally ignored during dead code analysis
[INFO] [stderr] 
[INFO] [stderr] warning: field `desc` is never read
[INFO] [stderr]    --> odu-validate/src/validators.rs:331:5
[INFO] [stderr]     |
[INFO] [stderr] 321 | pub struct NumberValidator {
[INFO] [stderr]     |            --------------- field in this struct
[INFO] [stderr] ...
[INFO] [stderr] 331 |     desc: Option<String>,
[INFO] [stderr]     |     ^^^^
[INFO] [stderr]     |
[INFO] [stderr]     = note: `NumberValidator` has a derived impl for the trait `Debug`, but this is intentionally ignored during dead code analysis
[INFO] [stderr] 
[INFO] [stderr] warning: field `desc` is never read
[INFO] [stderr]    --> odu-validate/src/validators.rs:401:5
[INFO] [stderr]     |
[INFO] [stderr] 391 | pub struct ListValidator {
[INFO] [stderr]     |            ------------- field in this struct
[INFO] [stderr] ...
[INFO] [stderr] 401 |     desc: Option<String>,
[INFO] [stderr]     |     ^^^^
[INFO] [stderr]     |
[INFO] [stderr]     = note: `ListValidator` has a derived impl for the trait `Debug`, but this is intentionally ignored during dead code analysis
[INFO] [stderr] 
[INFO] [stderr] warning: field `desc` is never read
[INFO] [stderr]    --> odu-validate/src/validators.rs:477:5
[INFO] [stderr]     |
[INFO] [stderr] 467 | pub struct AnyValidator {
[INFO] [stderr]     |            ------------ field in this struct
[INFO] [stderr] ...
[INFO] [stderr] 477 |     desc: Option<String>,
[INFO] [stderr]     |     ^^^^
[INFO] [stderr]     |
[INFO] [stderr]     = note: `AnyValidator` has a derived impl for the trait `Debug`, but this is intentionally ignored during dead code analysis
[INFO] [stderr] 
[INFO] [stderr] warning: trait `Sealed` is never used
[INFO] [stderr]   --> odu-validate/src/type_ext.rs:27:15
[INFO] [stderr]    |
[INFO] [stderr] 27 |     pub trait Sealed {}
[INFO] [stderr]    |               ^^^^^^
[INFO] [stderr] 
[INFO] [stderr] warning: `odu-validate` (lib) generated 7 warnings
[INFO] [stderr] warning: `odu-validate` (lib test) generated 7 warnings (7 duplicates)
[INFO] [stderr] warning: field `input` is never read
[INFO] [stderr]   --> odu-input/src/lib.rs:24:5
[INFO] [stderr]    |
[INFO] [stderr] 23 | pub struct List {
[INFO] [stderr]    |            ---- field in this struct
[INFO] [stderr] 24 |     input: Box<Input>,
[INFO] [stderr]    |     ^^^^^
[INFO] [stderr]    |
[INFO] [stderr]    = note: `#[warn(dead_code)]` on by default
[INFO] [stderr] 
[INFO] [stderr] warning: `odu-input` (lib) generated 1 warning
[INFO] [stderr] warning: `odu-input` (lib test) generated 1 warning (1 duplicate)
[INFO] [stderr]     Finished `test` profile [unoptimized + debuginfo] target(s) in 0.09s
[INFO] [stderr]      Running unittests src/lib.rs (/opt/rustwide/target/debug/deps/floating-5a4d5ce675ce75bf)
[INFO] [stdout] 
[INFO] [stdout] running 0 tests
[INFO] [stdout] 
[INFO] [stdout] test result: ok. 0 passed; 0 failed; 0 ignored; 0 measured; 0 filtered out; finished in 0.00s
[INFO] [stdout] 
[INFO] [stderr]      Running unittests src/lib.rs (/opt/rustwide/target/debug/deps/odu_func-bf757a9a5ceea37b)
[INFO] [stdout] 
[INFO] [stdout] running 0 tests
[INFO] [stdout] 
[INFO] [stdout] test result: ok. 0 passed; 0 failed; 0 ignored; 0 measured; 0 filtered out; finished in 0.00s
[INFO] [stdout] 
[INFO] [stderr]      Running unittests src/lib.rs (/opt/rustwide/target/debug/deps/odu_input-94c2fb77cda182a1)
[INFO] [stdout] 
[INFO] [stdout] running 0 tests
[INFO] [stdout] 
[INFO] [stdout] test result: ok. 0 passed; 0 failed; 0 ignored; 0 measured; 0 filtered out; finished in 0.00s
[INFO] [stdout] 
[INFO] [stderr]      Running unittests src/lib.rs (/opt/rustwide/target/debug/deps/odu_macros-26de164780818338)
[INFO] [stdout] 
[INFO] [stdout] running 0 tests
[INFO] [stdout] 
[INFO] [stdout] test result: ok. 0 passed; 0 failed; 0 ignored; 0 measured; 0 filtered out; finished in 0.00s
[INFO] [stdout] 
[INFO] [stderr]      Running unittests src/lib.rs (/opt/rustwide/target/debug/deps/odu_types-0bb64888329d5f79)
[INFO] [stdout] 
[INFO] [stdout] running 0 tests
[INFO] [stdout] 
[INFO] [stdout] test result: ok. 0 passed; 0 failed; 0 ignored; 0 measured; 0 filtered out; finished in 0.00s
[INFO] [stdout] 
[INFO] [stderr]      Running unittests src/lib.rs (/opt/rustwide/target/debug/deps/odu_validate-62cc5218fddb7a0b)
[INFO] [stdout] 
[INFO] [stdout] running 0 tests
[INFO] [stdout] 
[INFO] [stdout] test result: ok. 0 passed; 0 failed; 0 ignored; 0 measured; 0 filtered out; finished in 0.00s
[INFO] [stdout] 
[INFO] [stderr]      Running unittests src/lib.rs (/opt/rustwide/target/debug/deps/odu_value-5eea13df933426d9)
[INFO] [stdout] 
[INFO] [stdout] running 0 tests
[INFO] [stdout] 
[INFO] [stdout] test result: ok. 0 passed; 0 failed; 0 ignored; 0 measured; 0 filtered out; finished in 0.00s
[INFO] [stdout] 
[INFO] [stderr]    Doc-tests floating
[INFO] [stdout] 
[INFO] [stdout] running 0 tests
[INFO] [stdout] 
[INFO] [stdout] test result: ok. 0 passed; 0 failed; 0 ignored; 0 measured; 0 filtered out; finished in 0.00s
[INFO] [stdout] 
[INFO] [stderr]    Doc-tests odu_func
[INFO] [stdout] 
[INFO] [stdout] running 0 tests
[INFO] [stdout] 
[INFO] [stdout] test result: ok. 0 passed; 0 failed; 0 ignored; 0 measured; 0 filtered out; finished in 0.00s
[INFO] [stdout] 
[INFO] [stderr]    Doc-tests odu_input
[INFO] [stdout] 
[INFO] [stdout] running 0 tests
[INFO] [stdout] 
[INFO] [stdout] test result: ok. 0 passed; 0 failed; 0 ignored; 0 measured; 0 filtered out; finished in 0.00s
[INFO] [stdout] 
[INFO] [stderr]    Doc-tests odu_macros
[INFO] [stdout] 
[INFO] [stdout] running 0 tests
[INFO] [stdout] 
[INFO] [stdout] test result: ok. 0 passed; 0 failed; 0 ignored; 0 measured; 0 filtered out; finished in 0.00s
[INFO] [stdout] 
[INFO] [stderr]    Doc-tests odu_types
[INFO] [stdout] 
[INFO] [stdout] running 0 tests
[INFO] [stdout] 
[INFO] [stdout] test result: ok. 0 passed; 0 failed; 0 ignored; 0 measured; 0 filtered out; finished in 0.00s
[INFO] [stdout] 
[INFO] [stderr]    Doc-tests odu_validate
[INFO] [stdout] 
[INFO] [stdout] running 0 tests
[INFO] [stdout] 
[INFO] [stdout] test result: ok. 0 passed; 0 failed; 0 ignored; 0 measured; 0 filtered out; finished in 0.00s
[INFO] [stdout] 
[INFO] [stderr]    Doc-tests odu_value
[INFO] [stdout] 
[INFO] [stdout] running 3 tests
[INFO] [stdout] test odu-value/src/macros.rs - macros::value (line 5) ... FAILED
[INFO] [stdout] test odu-value/src/macros.rs - macros::value (line 44) ... FAILED
[INFO] [stdout] test odu-value/src/macros.rs - macros::value (line 27) ... FAILED
[INFO] [stdout] 
[INFO] [stdout] failures:
[INFO] [stdout] 
[INFO] [stdout] ---- odu-value/src/macros.rs - macros::value (line 5) stdout ----
[INFO] [stdout] error[E0432]: unresolved import `value`
[INFO] [stdout]  --> odu-value/src/macros.rs:6:5
[INFO] [stdout]   |
[INFO] [stdout] 3 | use value::value;
[INFO] [stdout]   |     ^^^^^ use of undeclared crate or module `value`
[INFO] [stdout] 
[INFO] [stdout] error: aborting due to 1 previous error
[INFO] [stdout] 
[INFO] [stdout] For more information about this error, try `rustc --explain E0432`.
[INFO] [stdout] Couldn't compile the test.
[INFO] [stdout] ---- odu-value/src/macros.rs - macros::value (line 44) stdout ----
[INFO] [stdout] error[E0432]: unresolved import `value`
[INFO] [stdout]  --> odu-value/src/macros.rs:45:5
[INFO] [stdout]   |
[INFO] [stdout] 3 | use value::value;
[INFO] [stdout]   |     ^^^^^ use of undeclared crate or module `value`
[INFO] [stdout] 
[INFO] [stdout] error: aborting due to 1 previous error
[INFO] [stdout] 
[INFO] [stdout] For more information about this error, try `rustc --explain E0432`.
[INFO] [stdout] Couldn't compile the test.
[INFO] [stdout] ---- odu-value/src/macros.rs - macros::value (line 27) stdout ----
[INFO] [stdout] error[E0432]: unresolved import `value`
[INFO] [stdout]  --> odu-value/src/macros.rs:28:5
[INFO] [stdout]   |
[INFO] [stdout] 3 | use value::value;
[INFO] [stdout]   |     ^^^^^ use of undeclared crate or module `value`
[INFO] [stdout] 
[INFO] [stdout] error: aborting due to 1 previous error
[INFO] [stdout] 
[INFO] [stdout] For more information about this error, try `rustc --explain E0432`.
[INFO] [stdout] Couldn't compile the test.
[INFO] [stdout] 
[INFO] [stdout] failures:
[INFO] [stdout]     odu-value/src/macros.rs - macros::value (line 27)
[INFO] [stdout]     odu-value/src/macros.rs - macros::value (line 44)
[INFO] [stdout]     odu-value/src/macros.rs - macros::value (line 5)
[INFO] [stdout] 
[INFO] [stdout] test result: FAILED. 0 passed; 3 failed; 0 ignored; 0 measured; 0 filtered out; finished in 0.04s
[INFO] [stdout] 
[INFO] [stderr] error: doctest failed, to rerun pass `-p odu-value --doc`
[INFO] running `Command { std: "docker" "inspect" "130a38dabdb1e92f9f63446f3e0bfe316447d74a892011d71b7367b755d2350d", kill_on_drop: false }`
[INFO] running `Command { std: "docker" "rm" "-f" "130a38dabdb1e92f9f63446f3e0bfe316447d74a892011d71b7367b755d2350d", kill_on_drop: false }`
[INFO] [stdout] 130a38dabdb1e92f9f63446f3e0bfe316447d74a892011d71b7367b755d2350d
