[INFO] cloning repository https://github.com/kgtkr/tocc
[INFO] running `Command { std: "git" "-c" "credential.helper=" "-c" "credential.helper=/workspace/cargo-home/bin/git-credential-null" "clone" "--bare" "https://github.com/kgtkr/tocc" "/workspace/cache/git-repos/https%3A%2F%2Fgithub.com%2Fkgtkr%2Ftocc", kill_on_drop: false }`
[INFO] [stderr] Cloning into bare repository '/workspace/cache/git-repos/https%3A%2F%2Fgithub.com%2Fkgtkr%2Ftocc'...
[INFO] running `Command { std: "git" "rev-parse" "HEAD", kill_on_drop: false }`
[INFO] [stdout] 6015262fdebea27e8f8cd365f287d4f26ac94eb9
[INFO] testing kgtkr/tocc against 1.83.0 for beta-1.84.0-4-retry
[INFO] running `Command { std: "git" "clone" "/workspace/cache/git-repos/https%3A%2F%2Fgithub.com%2Fkgtkr%2Ftocc" "/workspace/builds/worker-2-tc1/source", kill_on_drop: false }`
[INFO] [stderr] Cloning into '/workspace/builds/worker-2-tc1/source'...
[INFO] [stderr] done.
[INFO] validating manifest of git repo https://github.com/kgtkr/tocc on toolchain 1.83.0
[INFO] running `Command { std: CARGO_HOME="/workspace/cargo-home" RUSTUP_HOME="/workspace/rustup-home" "/workspace/cargo-home/bin/cargo" "+1.83.0" "metadata" "--manifest-path" "Cargo.toml" "--no-deps", kill_on_drop: false }`
[INFO] removed /workspace/builds/worker-2-tc1/source/rust-toolchain.toml
[INFO] started tweaking git repo https://github.com/kgtkr/tocc
[INFO] finished tweaking git repo https://github.com/kgtkr/tocc
[INFO] tweaked toml for git repo https://github.com/kgtkr/tocc written to /workspace/builds/worker-2-tc1/source/Cargo.toml
[INFO] crate git repo https://github.com/kgtkr/tocc already has a lockfile, it will not be regenerated
[INFO] running `Command { std: CARGO_HOME="/workspace/cargo-home" RUSTUP_HOME="/workspace/rustup-home" "/workspace/cargo-home/bin/cargo" "+1.83.0" "fetch" "--manifest-path" "Cargo.toml", kill_on_drop: false }`
[INFO] [stderr]     Blocking waiting for file lock on package cache
[INFO] [stderr]  Downloading crates ...
[INFO] [stderr]   Downloaded clap_derive v4.0.9
[INFO] running `Command { std: "docker" "create" "-v" "/var/lib/crater-agent-workspace/builds/worker-2-tc1/target:/opt/rustwide/target:rw,Z" "-v" "/var/lib/crater-agent-workspace/builds/worker-2-tc1/source:/opt/rustwide/workdir:ro,Z" "-v" "/var/lib/crater-agent-workspace/cargo-home:/opt/rustwide/cargo-home:ro,Z" "-v" "/var/lib/crater-agent-workspace/rustup-home:/opt/rustwide/rustup-home:ro,Z" "-e" "SOURCE_DIR=/opt/rustwide/workdir" "-e" "CARGO_TARGET_DIR=/opt/rustwide/target" "-e" "CARGO_HOME=/opt/rustwide/cargo-home" "-e" "RUSTUP_HOME=/opt/rustwide/rustup-home" "-w" "/opt/rustwide/workdir" "-m" "1610612736" "--user" "0:0" "--network" "none" "ghcr.io/rust-lang/crates-build-env/linux@sha256:f3a9d4ad9d972b27faf3965f35b62e55ba32bbce8f20bc8fe909558a86702fde" "/opt/rustwide/cargo-home/bin/cargo" "+1.83.0" "metadata" "--no-deps" "--format-version=1", kill_on_drop: false }`
[INFO] [stdout] 5d30d3dde6849973aa0f69ff0193d408f76a7730b8b1289f878da49c0712e6c8
[INFO] running `Command { std: "docker" "start" "-a" "5d30d3dde6849973aa0f69ff0193d408f76a7730b8b1289f878da49c0712e6c8", kill_on_drop: false }`
[INFO] running `Command { std: "docker" "inspect" "5d30d3dde6849973aa0f69ff0193d408f76a7730b8b1289f878da49c0712e6c8", kill_on_drop: false }`
[INFO] running `Command { std: "docker" "rm" "-f" "5d30d3dde6849973aa0f69ff0193d408f76a7730b8b1289f878da49c0712e6c8", kill_on_drop: false }`
[INFO] [stdout] 5d30d3dde6849973aa0f69ff0193d408f76a7730b8b1289f878da49c0712e6c8
[INFO] running `Command { std: "docker" "create" "-v" "/var/lib/crater-agent-workspace/builds/worker-2-tc1/target:/opt/rustwide/target:rw,Z" "-v" "/var/lib/crater-agent-workspace/builds/worker-2-tc1/source:/opt/rustwide/workdir:ro,Z" "-v" "/var/lib/crater-agent-workspace/cargo-home:/opt/rustwide/cargo-home:ro,Z" "-v" "/var/lib/crater-agent-workspace/rustup-home:/opt/rustwide/rustup-home:ro,Z" "-e" "SOURCE_DIR=/opt/rustwide/workdir" "-e" "CARGO_TARGET_DIR=/opt/rustwide/target" "-e" "CARGO_INCREMENTAL=0" "-e" "RUST_BACKTRACE=full" "-e" "RUSTFLAGS=--cap-lints=warn" "-e" "RUSTDOCFLAGS=--cap-lints=warn" "-e" "CARGO_HOME=/opt/rustwide/cargo-home" "-e" "RUSTUP_HOME=/opt/rustwide/rustup-home" "-w" "/opt/rustwide/workdir" "-m" "1610612736" "--user" "0:0" "--network" "none" "ghcr.io/rust-lang/crates-build-env/linux@sha256:f3a9d4ad9d972b27faf3965f35b62e55ba32bbce8f20bc8fe909558a86702fde" "/opt/rustwide/cargo-home/bin/cargo" "+1.83.0" "build" "--frozen" "--message-format=json", kill_on_drop: false }`
[INFO] [stdout] baa34f8608462f0faf6374a0e6c966f64ade8608efbea4f15012f7b447dd3a78
[INFO] running `Command { std: "docker" "start" "-a" "baa34f8608462f0faf6374a0e6c966f64ade8608efbea4f15012f7b447dd3a78", kill_on_drop: false }`
[INFO] [stderr]    Compiling proc-macro2 v1.0.46
[INFO] [stderr]    Compiling quote v1.0.21
[INFO] [stderr]    Compiling unicode-ident v1.0.4
[INFO] [stderr]    Compiling syn v1.0.101
[INFO] [stderr]    Compiling version_check v0.9.4
[INFO] [stderr]    Compiling libc v0.2.134
[INFO] [stderr]    Compiling heck v0.4.0
[INFO] [stderr]    Compiling thiserror v1.0.37
[INFO] [stderr]    Compiling os_str_bytes v6.3.0
[INFO] [stderr]    Compiling convert_case v0.4.0
[INFO] [stderr]    Compiling bitflags v1.3.2
[INFO] [stderr]    Compiling strsim v0.10.0
[INFO] [stderr]    Compiling once_cell v1.15.0
[INFO] [stderr]    Compiling termcolor v1.1.3
[INFO] [stderr]    Compiling clap_lex v0.3.0
[INFO] [stderr]    Compiling proc-macro-error-attr v1.0.4
[INFO] [stderr]    Compiling proc-macro-error v1.0.4
[INFO] [stderr]    Compiling atty v0.2.14
[INFO] [stderr]    Compiling clap_derive v4.0.9
[INFO] [stderr]    Compiling thiserror-impl v1.0.37
[INFO] [stderr]    Compiling derive_more v0.99.17
[INFO] [stderr]    Compiling clap v4.0.9
[INFO] [stderr]    Compiling tocc v0.1.0 (/opt/rustwide/workdir)
[INFO] [stdout] warning: unused import: `println`
[INFO] [stdout]  --> src/dom.rs:3:5
[INFO] [stdout]   |
[INFO] [stdout] 3 |     println,
[INFO] [stdout]   |     ^^^^^^^
[INFO] [stdout]   |
[INFO] [stdout]   = note: `#[warn(unused_imports)]` on by default
[INFO] [stdout] 
[INFO] [stdout] 
[INFO] [stdout] warning: unused variable: `r_inner_typ`
[INFO] [stdout]    --> src/tac_generator.rs:392:80
[INFO] [stdout]     |
[INFO] [stdout] 392 |             (Type::Ptr(TypePtr { typ: l_inner_typ }), Type::Ptr(TypePtr { typ: r_inner_typ })) => {
[INFO] [stdout]     |                                                                                ^^^^^^^^^^^ help: if this is intentional, prefix it with an underscore: `_r_inner_typ`
[INFO] [stdout]     |
[INFO] [stdout]     = note: `#[warn(unused_variables)]` on by default
[INFO] [stdout] 
[INFO] [stdout] 
[INFO] [stdout] warning: unused variable: `cond`
[INFO] [stdout]    --> src/static_analysis.rs:130:13
[INFO] [stdout]     |
[INFO] [stdout] 130 |         let cond = self.expr(&x.cond)?;
[INFO] [stdout]     |             ^^^^ help: if this is intentional, prefix it with an underscore: `_cond`
[INFO] [stdout] 
[INFO] [stdout] 
[INFO] [stdout] warning: unused variable: `l`
[INFO] [stdout]    --> src/static_analysis.rs:233:24
[INFO] [stdout]     |
[INFO] [stdout] 233 |             (Type::Ptr(l), Type::Ptr(r)) => Type::Int(TypeInt {
[INFO] [stdout]     |                        ^ help: if this is intentional, prefix it with an underscore: `_l`
[INFO] [stdout] 
[INFO] [stdout] 
[INFO] [stdout] warning: unused variable: `r`
[INFO] [stdout]    --> src/static_analysis.rs:233:38
[INFO] [stdout]     |
[INFO] [stdout] 233 |             (Type::Ptr(l), Type::Ptr(r)) => Type::Int(TypeInt {
[INFO] [stdout]     |                                      ^ help: if this is intentional, prefix it with an underscore: `_r`
[INFO] [stdout] 
[INFO] [stdout] 
[INFO] [stdout] warning: unused variable: `edges`
[INFO] [stdout]   --> src/dom.rs:36:17
[INFO] [stdout]    |
[INFO] [stdout] 36 |         for (a, edges) in cfg.iter().filter(|(&a, _)| a != entry) {
[INFO] [stdout]    |                 ^^^^^ help: if this is intentional, prefix it with an underscore: `_edges`
[INFO] [stdout] 
[INFO] [stdout] 
[INFO] [stdout] warning: multiple variants are never constructed
[INFO] [stdout]   --> src/generator.rs:9:5
[INFO] [stdout]    |
[INFO] [stdout] 6  | enum Register {
[INFO] [stdout]    |      -------- variants in this enum
[INFO] [stdout] ...
[INFO] [stdout] 9  |     Rcx,
[INFO] [stdout]    |     ^^^
[INFO] [stdout] 10 |     Rdx,
[INFO] [stdout]    |     ^^^
[INFO] [stdout] 11 |     Rsi,
[INFO] [stdout]    |     ^^^
[INFO] [stdout] 12 |     Rdi,
[INFO] [stdout] 13 |     Rbp,
[INFO] [stdout]    |     ^^^
[INFO] [stdout] 14 |     Rsp,
[INFO] [stdout]    |     ^^^
[INFO] [stdout] 15 |     R8,
[INFO] [stdout]    |     ^^
[INFO] [stdout] 16 |     R9,
[INFO] [stdout]    |     ^^
[INFO] [stdout]    |
[INFO] [stdout]    = note: `Register` has derived impls for the traits `Clone` and `Debug`, but these are intentionally ignored during dead code analysis
[INFO] [stdout]    = note: `#[warn(dead_code)]` on by default
[INFO] [stdout] 
[INFO] [stdout] 
[INFO] [stdout] warning: type alias `Graph` is never used
[INFO] [stdout]  --> src/dom.rs:6:6
[INFO] [stdout]   |
[INFO] [stdout] 6 | type Graph = HashMap<usize, HashSet<usize>>;
[INFO] [stdout]   |      ^^^^^
[INFO] [stdout] 
[INFO] [stdout] 
[INFO] [stdout] warning: function `dom` is never used
[INFO] [stdout]  --> src/dom.rs:8:4
[INFO] [stdout]   |
[INFO] [stdout] 8 | fn dom(entry: usize, cfg: &Graph) -> HashMap<usize, HashSet<usize>> {
[INFO] [stdout]   |    ^^^
[INFO] [stdout] 
[INFO] [stdout] 
[INFO] [stdout] warning: function `sdom` is never used
[INFO] [stdout]   --> src/dom.rs:59:4
[INFO] [stdout]    |
[INFO] [stdout] 59 | fn sdom(entry: usize, cfg: &Graph) -> HashMap<usize, HashSet<usize>> {
[INFO] [stdout]    |    ^^^^
[INFO] [stdout] 
[INFO] [stdout] 
[INFO] [stdout] warning: function `idom` is never used
[INFO] [stdout]   --> src/dom.rs:76:4
[INFO] [stdout]    |
[INFO] [stdout] 76 | fn idom(sdoms: HashMap<usize, HashSet<usize>>) -> HashMap<usize, Option<usize>> {
[INFO] [stdout]    |    ^^^^
[INFO] [stdout] 
[INFO] [stdout] 
[INFO] [stdout] warning: function `dom_front` is never used
[INFO] [stdout]    --> src/dom.rs:105:4
[INFO] [stdout]     |
[INFO] [stdout] 105 | fn dom_front(entry: usize, cfg: &Graph) -> HashMap<usize, HashSet<usize>> {
[INFO] [stdout]     |    ^^^^^^^^^
[INFO] [stdout] 
[INFO] [stdout] 
[INFO] [stderr]     Finished `dev` profile [unoptimized + debuginfo] target(s) in 17.05s
[INFO] running `Command { std: "docker" "inspect" "baa34f8608462f0faf6374a0e6c966f64ade8608efbea4f15012f7b447dd3a78", kill_on_drop: false }`
[INFO] running `Command { std: "docker" "rm" "-f" "baa34f8608462f0faf6374a0e6c966f64ade8608efbea4f15012f7b447dd3a78", kill_on_drop: false }`
[INFO] [stdout] baa34f8608462f0faf6374a0e6c966f64ade8608efbea4f15012f7b447dd3a78
[INFO] running `Command { std: "docker" "create" "-v" "/var/lib/crater-agent-workspace/builds/worker-2-tc1/target:/opt/rustwide/target:rw,Z" "-v" "/var/lib/crater-agent-workspace/builds/worker-2-tc1/source:/opt/rustwide/workdir:ro,Z" "-v" "/var/lib/crater-agent-workspace/cargo-home:/opt/rustwide/cargo-home:ro,Z" "-v" "/var/lib/crater-agent-workspace/rustup-home:/opt/rustwide/rustup-home:ro,Z" "-e" "SOURCE_DIR=/opt/rustwide/workdir" "-e" "CARGO_TARGET_DIR=/opt/rustwide/target" "-e" "CARGO_INCREMENTAL=0" "-e" "RUST_BACKTRACE=full" "-e" "RUSTFLAGS=--cap-lints=warn" "-e" "RUSTDOCFLAGS=--cap-lints=warn" "-e" "CARGO_HOME=/opt/rustwide/cargo-home" "-e" "RUSTUP_HOME=/opt/rustwide/rustup-home" "-w" "/opt/rustwide/workdir" "-m" "1610612736" "--user" "0:0" "--network" "none" "ghcr.io/rust-lang/crates-build-env/linux@sha256:f3a9d4ad9d972b27faf3965f35b62e55ba32bbce8f20bc8fe909558a86702fde" "/opt/rustwide/cargo-home/bin/cargo" "+1.83.0" "test" "--frozen" "--no-run" "--message-format=json", kill_on_drop: false }`
[INFO] [stdout] 3c530af0ad05125e2fccd48a82c2864f9191f59546573b28d73d215e75a2f57c
[INFO] running `Command { std: "docker" "start" "-a" "3c530af0ad05125e2fccd48a82c2864f9191f59546573b28d73d215e75a2f57c", kill_on_drop: false }`
[INFO] [stderr]    Compiling tocc v0.1.0 (/opt/rustwide/workdir)
[INFO] [stdout] warning: unused import: `println`
[INFO] [stdout]  --> src/dom.rs:3:5
[INFO] [stdout]   |
[INFO] [stdout] 3 |     println,
[INFO] [stdout]   |     ^^^^^^^
[INFO] [stdout]   |
[INFO] [stdout]   = note: `#[warn(unused_imports)]` on by default
[INFO] [stdout] 
[INFO] [stdout] 
[INFO] [stdout] warning: unused variable: `r_inner_typ`
[INFO] [stdout]    --> src/tac_generator.rs:392:80
[INFO] [stdout]     |
[INFO] [stdout] 392 |             (Type::Ptr(TypePtr { typ: l_inner_typ }), Type::Ptr(TypePtr { typ: r_inner_typ })) => {
[INFO] [stdout]     |                                                                                ^^^^^^^^^^^ help: if this is intentional, prefix it with an underscore: `_r_inner_typ`
[INFO] [stdout]     |
[INFO] [stdout]     = note: `#[warn(unused_variables)]` on by default
[INFO] [stdout] 
[INFO] [stdout] 
[INFO] [stdout] warning: unused variable: `cond`
[INFO] [stdout]    --> src/static_analysis.rs:130:13
[INFO] [stdout]     |
[INFO] [stdout] 130 |         let cond = self.expr(&x.cond)?;
[INFO] [stdout]     |             ^^^^ help: if this is intentional, prefix it with an underscore: `_cond`
[INFO] [stdout] 
[INFO] [stdout] 
[INFO] [stdout] warning: unused variable: `l`
[INFO] [stdout]    --> src/static_analysis.rs:233:24
[INFO] [stdout]     |
[INFO] [stdout] 233 |             (Type::Ptr(l), Type::Ptr(r)) => Type::Int(TypeInt {
[INFO] [stdout]     |                        ^ help: if this is intentional, prefix it with an underscore: `_l`
[INFO] [stdout] 
[INFO] [stdout] 
[INFO] [stdout] warning: unused variable: `r`
[INFO] [stdout]    --> src/static_analysis.rs:233:38
[INFO] [stdout]     |
[INFO] [stdout] 233 |             (Type::Ptr(l), Type::Ptr(r)) => Type::Int(TypeInt {
[INFO] [stdout]     |                                      ^ help: if this is intentional, prefix it with an underscore: `_r`
[INFO] [stdout] 
[INFO] [stdout] 
[INFO] [stdout] warning: unused variable: `edges`
[INFO] [stdout]   --> src/dom.rs:36:17
[INFO] [stdout]    |
[INFO] [stdout] 36 |         for (a, edges) in cfg.iter().filter(|(&a, _)| a != entry) {
[INFO] [stdout]    |                 ^^^^^ help: if this is intentional, prefix it with an underscore: `_edges`
[INFO] [stdout] 
[INFO] [stdout] 
[INFO] [stdout] warning: multiple variants are never constructed
[INFO] [stdout]   --> src/generator.rs:9:5
[INFO] [stdout]    |
[INFO] [stdout] 6  | enum Register {
[INFO] [stdout]    |      -------- variants in this enum
[INFO] [stdout] ...
[INFO] [stdout] 9  |     Rcx,
[INFO] [stdout]    |     ^^^
[INFO] [stdout] 10 |     Rdx,
[INFO] [stdout]    |     ^^^
[INFO] [stdout] 11 |     Rsi,
[INFO] [stdout]    |     ^^^
[INFO] [stdout] 12 |     Rdi,
[INFO] [stdout] 13 |     Rbp,
[INFO] [stdout]    |     ^^^
[INFO] [stdout] 14 |     Rsp,
[INFO] [stdout]    |     ^^^
[INFO] [stdout] 15 |     R8,
[INFO] [stdout]    |     ^^
[INFO] [stdout] 16 |     R9,
[INFO] [stdout]    |     ^^
[INFO] [stdout]    |
[INFO] [stdout]    = note: `Register` has derived impls for the traits `Clone` and `Debug`, but these are intentionally ignored during dead code analysis
[INFO] [stdout]    = note: `#[warn(dead_code)]` on by default
[INFO] [stdout] 
[INFO] [stdout] 
[INFO] [stdout] warning: type alias `Graph` is never used
[INFO] [stdout]  --> src/dom.rs:6:6
[INFO] [stdout]   |
[INFO] [stdout] 6 | type Graph = HashMap<usize, HashSet<usize>>;
[INFO] [stdout]   |      ^^^^^
[INFO] [stdout] 
[INFO] [stdout] 
[INFO] [stdout] warning: function `dom` is never used
[INFO] [stdout]  --> src/dom.rs:8:4
[INFO] [stdout]   |
[INFO] [stdout] 8 | fn dom(entry: usize, cfg: &Graph) -> HashMap<usize, HashSet<usize>> {
[INFO] [stdout]   |    ^^^
[INFO] [stdout] 
[INFO] [stdout] 
[INFO] [stdout] warning: function `sdom` is never used
[INFO] [stdout]   --> src/dom.rs:59:4
[INFO] [stdout]    |
[INFO] [stdout] 59 | fn sdom(entry: usize, cfg: &Graph) -> HashMap<usize, HashSet<usize>> {
[INFO] [stdout]    |    ^^^^
[INFO] [stdout] 
[INFO] [stdout] 
[INFO] [stdout] warning: function `idom` is never used
[INFO] [stdout]   --> src/dom.rs:76:4
[INFO] [stdout]    |
[INFO] [stdout] 76 | fn idom(sdoms: HashMap<usize, HashSet<usize>>) -> HashMap<usize, Option<usize>> {
[INFO] [stdout]    |    ^^^^
[INFO] [stdout] 
[INFO] [stdout] 
[INFO] [stdout] warning: function `dom_front` is never used
[INFO] [stdout]    --> src/dom.rs:105:4
[INFO] [stdout]     |
[INFO] [stdout] 105 | fn dom_front(entry: usize, cfg: &Graph) -> HashMap<usize, HashSet<usize>> {
[INFO] [stdout]     |    ^^^^^^^^^
[INFO] [stdout] 
[INFO] [stdout] 
[INFO] [stdout] warning: unused import: `println`
[INFO] [stdout]  --> src/dom.rs:3:5
[INFO] [stdout]   |
[INFO] [stdout] 3 |     println,
[INFO] [stdout]   |     ^^^^^^^
[INFO] [stdout]   |
[INFO] [stdout]   = note: `#[warn(unused_imports)]` on by default
[INFO] [stdout] 
[INFO] [stdout] 
[INFO] [stdout] warning: unused variable: `r_inner_typ`
[INFO] [stdout]    --> src/tac_generator.rs:392:80
[INFO] [stdout]     |
[INFO] [stdout] 392 |             (Type::Ptr(TypePtr { typ: l_inner_typ }), Type::Ptr(TypePtr { typ: r_inner_typ })) => {
[INFO] [stdout]     |                                                                                ^^^^^^^^^^^ help: if this is intentional, prefix it with an underscore: `_r_inner_typ`
[INFO] [stdout]     |
[INFO] [stdout]     = note: `#[warn(unused_variables)]` on by default
[INFO] [stdout] 
[INFO] [stdout] 
[INFO] [stdout] warning: unused variable: `cond`
[INFO] [stdout]    --> src/static_analysis.rs:130:13
[INFO] [stdout]     |
[INFO] [stdout] 130 |         let cond = self.expr(&x.cond)?;
[INFO] [stdout]     |             ^^^^ help: if this is intentional, prefix it with an underscore: `_cond`
[INFO] [stdout] 
[INFO] [stdout] 
[INFO] [stdout] warning: unused variable: `l`
[INFO] [stdout]    --> src/static_analysis.rs:233:24
[INFO] [stdout]     |
[INFO] [stdout] 233 |             (Type::Ptr(l), Type::Ptr(r)) => Type::Int(TypeInt {
[INFO] [stdout]     |                        ^ help: if this is intentional, prefix it with an underscore: `_l`
[INFO] [stdout] 
[INFO] [stdout] 
[INFO] [stdout] warning: unused variable: `r`
[INFO] [stdout]    --> src/static_analysis.rs:233:38
[INFO] [stdout]     |
[INFO] [stdout] 233 |             (Type::Ptr(l), Type::Ptr(r)) => Type::Int(TypeInt {
[INFO] [stdout]     |                                      ^ help: if this is intentional, prefix it with an underscore: `_r`
[INFO] [stdout] 
[INFO] [stdout] 
[INFO] [stdout] warning: unused variable: `edges`
[INFO] [stdout]   --> src/dom.rs:36:17
[INFO] [stdout]    |
[INFO] [stdout] 36 |         for (a, edges) in cfg.iter().filter(|(&a, _)| a != entry) {
[INFO] [stdout]    |                 ^^^^^ help: if this is intentional, prefix it with an underscore: `_edges`
[INFO] [stdout] 
[INFO] [stdout] 
[INFO] [stdout] warning: multiple variants are never constructed
[INFO] [stdout]   --> src/generator.rs:9:5
[INFO] [stdout]    |
[INFO] [stdout] 6  | enum Register {
[INFO] [stdout]    |      -------- variants in this enum
[INFO] [stdout] ...
[INFO] [stdout] 9  |     Rcx,
[INFO] [stdout]    |     ^^^
[INFO] [stdout] 10 |     Rdx,
[INFO] [stdout]    |     ^^^
[INFO] [stdout] 11 |     Rsi,
[INFO] [stdout]    |     ^^^
[INFO] [stdout] 12 |     Rdi,
[INFO] [stdout] 13 |     Rbp,
[INFO] [stdout]    |     ^^^
[INFO] [stdout] 14 |     Rsp,
[INFO] [stdout]    |     ^^^
[INFO] [stdout] 15 |     R8,
[INFO] [stdout]    |     ^^
[INFO] [stdout] 16 |     R9,
[INFO] [stdout]    |     ^^
[INFO] [stdout]    |
[INFO] [stdout]    = note: `Register` has derived impls for the traits `Clone` and `Debug`, but these are intentionally ignored during dead code analysis
[INFO] [stdout]    = note: `#[warn(dead_code)]` on by default
[INFO] [stdout] 
[INFO] [stdout] 
[INFO] [stderr]     Finished `test` profile [unoptimized + debuginfo] target(s) in 1.42s
[INFO] running `Command { std: "docker" "inspect" "3c530af0ad05125e2fccd48a82c2864f9191f59546573b28d73d215e75a2f57c", kill_on_drop: false }`
[INFO] running `Command { std: "docker" "rm" "-f" "3c530af0ad05125e2fccd48a82c2864f9191f59546573b28d73d215e75a2f57c", kill_on_drop: false }`
[INFO] [stdout] 3c530af0ad05125e2fccd48a82c2864f9191f59546573b28d73d215e75a2f57c
[INFO] running `Command { std: "docker" "create" "-v" "/var/lib/crater-agent-workspace/builds/worker-2-tc1/target:/opt/rustwide/target:rw,Z" "-v" "/var/lib/crater-agent-workspace/builds/worker-2-tc1/source:/opt/rustwide/workdir:ro,Z" "-v" "/var/lib/crater-agent-workspace/cargo-home:/opt/rustwide/cargo-home:ro,Z" "-v" "/var/lib/crater-agent-workspace/rustup-home:/opt/rustwide/rustup-home:ro,Z" "-e" "SOURCE_DIR=/opt/rustwide/workdir" "-e" "CARGO_TARGET_DIR=/opt/rustwide/target" "-e" "CARGO_INCREMENTAL=0" "-e" "RUST_BACKTRACE=full" "-e" "RUSTFLAGS=--cap-lints=warn" "-e" "RUSTDOCFLAGS=--cap-lints=warn" "-e" "CARGO_HOME=/opt/rustwide/cargo-home" "-e" "RUSTUP_HOME=/opt/rustwide/rustup-home" "-w" "/opt/rustwide/workdir" "-m" "1610612736" "--user" "0:0" "--network" "none" "ghcr.io/rust-lang/crates-build-env/linux@sha256:f3a9d4ad9d972b27faf3965f35b62e55ba32bbce8f20bc8fe909558a86702fde" "/opt/rustwide/cargo-home/bin/cargo" "+1.83.0" "test" "--frozen", kill_on_drop: false }`
[INFO] [stdout] da82b0d0539846c8a0bbc6e4cc3d39bfc9921565a741c00a89e380496950a7db
[INFO] running `Command { std: "docker" "start" "-a" "da82b0d0539846c8a0bbc6e4cc3d39bfc9921565a741c00a89e380496950a7db", kill_on_drop: false }`
[INFO] [stderr] warning: unused import: `println`
[INFO] [stderr]  --> src/dom.rs:3:5
[INFO] [stderr]   |
[INFO] [stderr] 3 |     println,
[INFO] [stderr]   |     ^^^^^^^
[INFO] [stderr]   |
[INFO] [stderr]   = note: `#[warn(unused_imports)]` on by default
[INFO] [stderr] 
[INFO] [stderr] warning: unused variable: `r_inner_typ`
[INFO] [stderr]    --> src/tac_generator.rs:392:80
[INFO] [stderr]     |
[INFO] [stderr] 392 |             (Type::Ptr(TypePtr { typ: l_inner_typ }), Type::Ptr(TypePtr { typ: r_inner_typ })) => {
[INFO] [stderr]     |                                                                                ^^^^^^^^^^^ help: if this is intentional, prefix it with an underscore: `_r_inner_typ`
[INFO] [stderr]     |
[INFO] [stderr]     = note: `#[warn(unused_variables)]` on by default
[INFO] [stderr] 
[INFO] [stderr] warning: unused variable: `cond`
[INFO] [stderr]    --> src/static_analysis.rs:130:13
[INFO] [stderr]     |
[INFO] [stderr] 130 |         let cond = self.expr(&x.cond)?;
[INFO] [stderr]     |             ^^^^ help: if this is intentional, prefix it with an underscore: `_cond`
[INFO] [stderr] 
[INFO] [stderr] warning: unused variable: `l`
[INFO] [stderr]    --> src/static_analysis.rs:233:24
[INFO] [stderr]     |
[INFO] [stderr] 233 |             (Type::Ptr(l), Type::Ptr(r)) => Type::Int(TypeInt {
[INFO] [stderr]     |                        ^ help: if this is intentional, prefix it with an underscore: `_l`
[INFO] [stderr] 
[INFO] [stderr] warning: unused variable: `r`
[INFO] [stderr]    --> src/static_analysis.rs:233:38
[INFO] [stderr]     |
[INFO] [stderr] 233 |             (Type::Ptr(l), Type::Ptr(r)) => Type::Int(TypeInt {
[INFO] [stderr]     |                                      ^ help: if this is intentional, prefix it with an underscore: `_r`
[INFO] [stderr] 
[INFO] [stderr] warning: unused variable: `edges`
[INFO] [stderr]   --> src/dom.rs:36:17
[INFO] [stderr]    |
[INFO] [stderr] 36 |         for (a, edges) in cfg.iter().filter(|(&a, _)| a != entry) {
[INFO] [stderr]    |                 ^^^^^ help: if this is intentional, prefix it with an underscore: `_edges`
[INFO] [stderr] 
[INFO] [stderr] warning: multiple variants are never constructed
[INFO] [stderr]   --> src/generator.rs:9:5
[INFO] [stderr]    |
[INFO] [stderr] 6  | enum Register {
[INFO] [stderr]    |      -------- variants in this enum
[INFO] [stderr] ...
[INFO] [stderr] 9  |     Rcx,
[INFO] [stderr]    |     ^^^
[INFO] [stderr] 10 |     Rdx,
[INFO] [stderr]    |     ^^^
[INFO] [stderr] 11 |     Rsi,
[INFO] [stderr]    |     ^^^
[INFO] [stderr] 12 |     Rdi,
[INFO] [stderr] 13 |     Rbp,
[INFO] [stderr]    |     ^^^
[INFO] [stderr] 14 |     Rsp,
[INFO] [stderr]    |     ^^^
[INFO] [stderr] 15 |     R8,
[INFO] [stderr]    |     ^^
[INFO] [stderr] 16 |     R9,
[INFO] [stderr]    |     ^^
[INFO] [stderr]    |
[INFO] [stderr]    = note: `Register` has derived impls for the traits `Clone` and `Debug`, but these are intentionally ignored during dead code analysis
[INFO] [stderr]    = note: `#[warn(dead_code)]` on by default
[INFO] [stderr] 
[INFO] [stderr] warning: type alias `Graph` is never used
[INFO] [stderr]  --> src/dom.rs:6:6
[INFO] [stderr]   |
[INFO] [stderr] 6 | type Graph = HashMap<usize, HashSet<usize>>;
[INFO] [stderr]   |      ^^^^^
[INFO] [stderr] 
[INFO] [stderr] warning: function `dom` is never used
[INFO] [stderr]  --> src/dom.rs:8:4
[INFO] [stderr]   |
[INFO] [stderr] 8 | fn dom(entry: usize, cfg: &Graph) -> HashMap<usize, HashSet<usize>> {
[INFO] [stderr]   |    ^^^
[INFO] [stderr] 
[INFO] [stderr] warning: function `sdom` is never used
[INFO] [stderr]   --> src/dom.rs:59:4
[INFO] [stderr]    |
[INFO] [stderr] 59 | fn sdom(entry: usize, cfg: &Graph) -> HashMap<usize, HashSet<usize>> {
[INFO] [stderr]    |    ^^^^
[INFO] [stderr] 
[INFO] [stderr] warning: function `idom` is never used
[INFO] [stderr]   --> src/dom.rs:76:4
[INFO] [stderr]    |
[INFO] [stderr] 76 | fn idom(sdoms: HashMap<usize, HashSet<usize>>) -> HashMap<usize, Option<usize>> {
[INFO] [stderr]    |    ^^^^
[INFO] [stderr] 
[INFO] [stderr] warning: function `dom_front` is never used
[INFO] [stderr]    --> src/dom.rs:105:4
[INFO] [stderr]     |
[INFO] [stderr] 105 | fn dom_front(entry: usize, cfg: &Graph) -> HashMap<usize, HashSet<usize>> {
[INFO] [stderr]     |    ^^^^^^^^^
[INFO] [stderr] 
[INFO] [stderr] warning: `tocc` (lib) generated 12 warnings (run `cargo fix --lib -p tocc` to apply 1 suggestion)
[INFO] [stderr] warning: `tocc` (lib test) generated 7 warnings (7 duplicates)
[INFO] [stderr]     Finished `test` profile [unoptimized + debuginfo] target(s) in 0.05s
[INFO] [stderr]      Running unittests src/lib.rs (/opt/rustwide/target/debug/deps/tocc-009784b7f1551e2c)
[INFO] [stdout] 
[INFO] [stdout] running 1 test
[INFO] [stdout] test dom::test_dom ... FAILED
[INFO] [stdout] 
[INFO] [stdout] failures:
[INFO] [stdout] 
[INFO] [stdout] ---- dom::test_dom stdout ----
[INFO] [stdout] thread 'dom::test_dom' panicked at src/dom.rs:143:5:
[INFO] [stdout] assertion `left == right` failed
[INFO] [stdout]   left: {2: {4, 6, 3}, 1: {5, 6, 4, 2, 3}, 4: {6}, 3: {6}, 6: {}, 5: {6}}
[INFO] [stdout]  right: {4: {6}, 2: {6}, 1: {}, 3: {6}, 5: {}, 6: {}}
[INFO] [stdout] stack backtrace:
[INFO] [stdout]    0:     0x62624d22ff8a - std::backtrace_rs::backtrace::libunwind::trace::h5a5b8284f2d0c266
[INFO] [stdout]                                at /rustc/90b35a6239c3d8bdabc530a6a0816f7ff89a0aaf/library/std/src/../../backtrace/src/backtrace/libunwind.rs:116:5
[INFO] [stdout]    1:     0x62624d22ff8a - std::backtrace_rs::backtrace::trace_unsynchronized::h76d4f1c9b0b875e3
[INFO] [stdout]                                at /rustc/90b35a6239c3d8bdabc530a6a0816f7ff89a0aaf/library/std/src/../../backtrace/src/backtrace/mod.rs:66:5
[INFO] [stdout]    2:     0x62624d22ff8a - std::sys::backtrace::_print_fmt::hc4546b8364a537c6
[INFO] [stdout]                                at /rustc/90b35a6239c3d8bdabc530a6a0816f7ff89a0aaf/library/std/src/sys/backtrace.rs:66:9
[INFO] [stdout]    3:     0x62624d22ff8a - <std::sys::backtrace::BacktraceLock::print::DisplayBacktrace as core::fmt::Display>::fmt::h5b6bd5631a6d1f6b
[INFO] [stdout]                                at /rustc/90b35a6239c3d8bdabc530a6a0816f7ff89a0aaf/library/std/src/sys/backtrace.rs:39:26
[INFO] [stdout]    4:     0x62624d2555a3 - core::fmt::rt::Argument::fmt::h270f6602a2b96f62
[INFO] [stdout]                                at /rustc/90b35a6239c3d8bdabc530a6a0816f7ff89a0aaf/library/core/src/fmt/rt.rs:177:76
[INFO] [stdout]    5:     0x62624d2555a3 - core::fmt::write::h7550c97b06c86515
[INFO] [stdout]                                at /rustc/90b35a6239c3d8bdabc530a6a0816f7ff89a0aaf/library/core/src/fmt/mod.rs:1186:21
[INFO] [stdout]    6:     0x62624d22d153 - std::io::Write::write_fmt::h509ff860e5956e5e
[INFO] [stdout]                                at /rustc/90b35a6239c3d8bdabc530a6a0816f7ff89a0aaf/library/std/src/io/mod.rs:1839:15
[INFO] [stdout]    7:     0x62624d22fdd2 - std::sys::backtrace::BacktraceLock::print::h2395ccd2c84ba3aa
[INFO] [stdout]                                at /rustc/90b35a6239c3d8bdabc530a6a0816f7ff89a0aaf/library/std/src/sys/backtrace.rs:42:9
[INFO] [stdout]    8:     0x62624d2313ea - std::panicking::default_hook::{{closure}}::he19d4c7230e07961
[INFO] [stdout]                                at /rustc/90b35a6239c3d8bdabc530a6a0816f7ff89a0aaf/library/std/src/panicking.rs:268:22
[INFO] [stdout]    9:     0x62624d2311f4 - std::panicking::default_hook::hf614597d3c67bbdb
[INFO] [stdout]                                at /rustc/90b35a6239c3d8bdabc530a6a0816f7ff89a0aaf/library/std/src/panicking.rs:292:9
[INFO] [stdout]   10:     0x62624d1fcad9 - <alloc::boxed::Box<F,A> as core::ops::function::Fn<Args>>::call::h39b51ce4599c23d1
[INFO] [stdout]                                at /rustc/90b35a6239c3d8bdabc530a6a0816f7ff89a0aaf/library/alloc/src/boxed.rs:2468:9
[INFO] [stdout]   11:     0x62624d1fcad9 - test::test_main::{{closure}}::he977ae839a582784
[INFO] [stdout]                                at /rustc/90b35a6239c3d8bdabc530a6a0816f7ff89a0aaf/library/test/src/lib.rs:133:21
[INFO] [stdout]   12:     0x62624d231a88 - <alloc::boxed::Box<F,A> as core::ops::function::Fn<Args>>::call::h9455091b6b06f9fb
[INFO] [stdout]                                at /rustc/90b35a6239c3d8bdabc530a6a0816f7ff89a0aaf/library/alloc/src/boxed.rs:2468:9
[INFO] [stdout]   13:     0x62624d231a88 - std::panicking::rust_panic_with_hook::h8942133a8b252070
[INFO] [stdout]                                at /rustc/90b35a6239c3d8bdabc530a6a0816f7ff89a0aaf/library/std/src/panicking.rs:809:13
[INFO] [stdout]   14:     0x62624d23184a - std::panicking::begin_panic_handler::{{closure}}::hb5f5963570096b29
[INFO] [stdout]                                at /rustc/90b35a6239c3d8bdabc530a6a0816f7ff89a0aaf/library/std/src/panicking.rs:674:13
[INFO] [stdout]   15:     0x62624d230469 - std::sys::backtrace::__rust_end_short_backtrace::h6208cedc1922feda
[INFO] [stdout]                                at /rustc/90b35a6239c3d8bdabc530a6a0816f7ff89a0aaf/library/std/src/sys/backtrace.rs:170:18
[INFO] [stdout]   16:     0x62624d2314dc - rust_begin_unwind
[INFO] [stdout]                                at /rustc/90b35a6239c3d8bdabc530a6a0816f7ff89a0aaf/library/std/src/panicking.rs:665:5
[INFO] [stdout]   17:     0x62624d1a2a60 - core::panicking::panic_fmt::h0c3082644d1bf418
[INFO] [stdout]                                at /rustc/90b35a6239c3d8bdabc530a6a0816f7ff89a0aaf/library/core/src/panicking.rs:74:14
[INFO] [stdout]   18:     0x62624d1a2d8b - core::panicking::assert_failed_inner::h2ddf1fcc067fa858
[INFO] [stdout]   19:     0x62624d1bf36c - core::panicking::assert_failed::hf999e7888eeff43d
[INFO] [stdout]                                at /rustc/90b35a6239c3d8bdabc530a6a0816f7ff89a0aaf/library/core/src/panicking.rs:367:5
[INFO] [stdout]   20:     0x62624d1bc8ad - tocc::dom::test_dom::hee2d30de79c6b103
[INFO] [stdout]                                at /opt/rustwide/workdir/src/dom.rs:143:5
[INFO] [stdout]   21:     0x62624d1bbe47 - tocc::dom::test_dom::{{closure}}::hf230327ab5982f10
[INFO] [stdout]                                at /opt/rustwide/workdir/src/dom.rs:132:14
[INFO] [stdout]   22:     0x62624d1b7066 - core::ops::function::FnOnce::call_once::h33f74a1722a02c4c
[INFO] [stdout]                                at /rustc/90b35a6239c3d8bdabc530a6a0816f7ff89a0aaf/library/core/src/ops/function.rs:250:5
[INFO] [stdout]   23:     0x62624d20149b - core::ops::function::FnOnce::call_once::h109cf8051a59b34e
[INFO] [stdout]                                at /rustc/90b35a6239c3d8bdabc530a6a0816f7ff89a0aaf/library/core/src/ops/function.rs:250:5
[INFO] [stdout]   24:     0x62624d20149b - test::__rust_begin_short_backtrace::hf4fff89d377446ba
[INFO] [stdout]                                at /rustc/90b35a6239c3d8bdabc530a6a0816f7ff89a0aaf/library/test/src/lib.rs:621:18
[INFO] [stdout]   25:     0x62624d200cd7 - test::run_test_in_process::{{closure}}::h0e39181dd7ee5a43
[INFO] [stdout]                                at /rustc/90b35a6239c3d8bdabc530a6a0816f7ff89a0aaf/library/test/src/lib.rs:644:60
[INFO] [stdout]   26:     0x62624d200cd7 - <core::panic::unwind_safe::AssertUnwindSafe<F> as core::ops::function::FnOnce<()>>::call_once::hc5a66a30f0bdfd1f
[INFO] [stdout]                                at /rustc/90b35a6239c3d8bdabc530a6a0816f7ff89a0aaf/library/core/src/panic/unwind_safe.rs:272:9
[INFO] [stdout]   27:     0x62624d200cd7 - std::panicking::try::do_call::h873b7cf639554a5e
[INFO] [stdout]                                at /rustc/90b35a6239c3d8bdabc530a6a0816f7ff89a0aaf/library/std/src/panicking.rs:557:40
[INFO] [stdout]   28:     0x62624d200cd7 - std::panicking::try::hdb19862fad9c8bd1
[INFO] [stdout]                                at /rustc/90b35a6239c3d8bdabc530a6a0816f7ff89a0aaf/library/std/src/panicking.rs:520:19
[INFO] [stdout]   29:     0x62624d200cd7 - std::panic::catch_unwind::h281fe732d236d260
[INFO] [stdout]                                at /rustc/90b35a6239c3d8bdabc530a6a0816f7ff89a0aaf/library/std/src/panic.rs:358:14
[INFO] [stdout]   30:     0x62624d200cd7 - test::run_test_in_process::h949b6df8457ed338
[INFO] [stdout]                                at /rustc/90b35a6239c3d8bdabc530a6a0816f7ff89a0aaf/library/test/src/lib.rs:644:27
[INFO] [stdout]   31:     0x62624d200cd7 - test::run_test::{{closure}}::h52c556a6d4740e10
[INFO] [stdout]                                at /rustc/90b35a6239c3d8bdabc530a6a0816f7ff89a0aaf/library/test/src/lib.rs:565:43
[INFO] [stdout]   32:     0x62624d1c5fb4 - test::run_test::{{closure}}::h4237f6381c45ccb9
[INFO] [stdout]                                at /rustc/90b35a6239c3d8bdabc530a6a0816f7ff89a0aaf/library/test/src/lib.rs:595:41
[INFO] [stdout]   33:     0x62624d1c5fb4 - std::sys::backtrace::__rust_begin_short_backtrace::h505c97a579eca628
[INFO] [stdout]                                at /rustc/90b35a6239c3d8bdabc530a6a0816f7ff89a0aaf/library/std/src/sys/backtrace.rs:154:18
[INFO] [stdout]   34:     0x62624d1c967e - std::thread::Builder::spawn_unchecked_::{{closure}}::{{closure}}::h9e86b2e2bc107ea3
[INFO] [stdout]                                at /rustc/90b35a6239c3d8bdabc530a6a0816f7ff89a0aaf/library/std/src/thread/mod.rs:538:17
[INFO] [stdout]   35:     0x62624d1c967e - <core::panic::unwind_safe::AssertUnwindSafe<F> as core::ops::function::FnOnce<()>>::call_once::h8b06ddb275ff4a25
[INFO] [stdout]                                at /rustc/90b35a6239c3d8bdabc530a6a0816f7ff89a0aaf/library/core/src/panic/unwind_safe.rs:272:9
[INFO] [stdout]   36:     0x62624d1c967e - std::panicking::try::do_call::hb26ecd7cd9a9355d
[INFO] [stdout]                                at /rustc/90b35a6239c3d8bdabc530a6a0816f7ff89a0aaf/library/std/src/panicking.rs:557:40
[INFO] [stdout]   37:     0x62624d1c967e - std::panicking::try::h8ddeca9d705f9069
[INFO] [stdout]                                at /rustc/90b35a6239c3d8bdabc530a6a0816f7ff89a0aaf/library/std/src/panicking.rs:520:19
[INFO] [stdout]   38:     0x62624d1c967e - std::panic::catch_unwind::h49e1c33078844c46
[INFO] [stdout]                                at /rustc/90b35a6239c3d8bdabc530a6a0816f7ff89a0aaf/library/std/src/panic.rs:358:14
[INFO] [stdout]   39:     0x62624d1c967e - std::thread::Builder::spawn_unchecked_::{{closure}}::h6073db6ff56ad35d
[INFO] [stdout]                                at /rustc/90b35a6239c3d8bdabc530a6a0816f7ff89a0aaf/library/std/src/thread/mod.rs:537:30
[INFO] [stdout]   40:     0x62624d1c967e - core::ops::function::FnOnce::call_once{{vtable.shim}}::h2c5a5f3779c774f1
[INFO] [stdout]                                at /rustc/90b35a6239c3d8bdabc530a6a0816f7ff89a0aaf/library/core/src/ops/function.rs:250:5
[INFO] [stdout]   41:     0x62624d2357db - <alloc::boxed::Box<F,A> as core::ops::function::FnOnce<Args>>::call_once::hf75717d9f28faebf
[INFO] [stdout]                                at /rustc/90b35a6239c3d8bdabc530a6a0816f7ff89a0aaf/library/alloc/src/boxed.rs:2454:9
[INFO] [stdout]   42:     0x62624d2357db - <alloc::boxed::Box<F,A> as core::ops::function::FnOnce<Args>>::call_once::h7bd883a5f3c5f3c1
[INFO] [stdout]                                at /rustc/90b35a6239c3d8bdabc530a6a0816f7ff89a0aaf/library/alloc/src/boxed.rs:2454:9
[INFO] [stdout]   43:     0x62624d2357db - std::sys::pal::unix::thread::Thread::new::thread_start::hcc78f3943333fa94
[INFO] [stdout]                                at /rustc/90b35a6239c3d8bdabc530a6a0816f7ff89a0aaf/library/std/src/sys/pal/unix/thread.rs:105:17
[INFO] [stdout]   44:     0x70912b822ac3 - <unknown>
[INFO] [stdout]   45:     0x70912b8b3a04 - clone
[INFO] [stdout]   46:                0x0 - <unknown>
[INFO] [stdout] 
[INFO] [stdout] 
[INFO] [stdout] failures:
[INFO] [stdout]     dom::test_dom
[INFO] [stdout] 
[INFO] [stdout] test result: FAILED. 0 passed; 1 failed; 0 ignored; 0 measured; 0 filtered out; finished in 0.02s
[INFO] [stdout] 
[INFO] [stderr] error: test failed, to rerun pass `--lib`
[INFO] running `Command { std: "docker" "inspect" "da82b0d0539846c8a0bbc6e4cc3d39bfc9921565a741c00a89e380496950a7db", kill_on_drop: false }`
[INFO] running `Command { std: "docker" "rm" "-f" "da82b0d0539846c8a0bbc6e4cc3d39bfc9921565a741c00a89e380496950a7db", kill_on_drop: false }`
[INFO] [stdout] da82b0d0539846c8a0bbc6e4cc3d39bfc9921565a741c00a89e380496950a7db
