[INFO] cloning repository https://github.com/kennoath/rustparty
[INFO] running `Command { std: "git" "-c" "credential.helper=" "-c" "credential.helper=/workspace/cargo-home/bin/git-credential-null" "clone" "--bare" "https://github.com/kennoath/rustparty" "/workspace/cache/git-repos/https%3A%2F%2Fgithub.com%2Fkennoath%2Frustparty", kill_on_drop: false }`
[INFO] [stderr] Cloning into bare repository '/workspace/cache/git-repos/https%3A%2F%2Fgithub.com%2Fkennoath%2Frustparty'...
[INFO] running `Command { std: "git" "rev-parse" "HEAD", kill_on_drop: false }`
[INFO] [stdout] 821782307afaea0cd27a5d8ee7a496b8066de24c
[INFO] testing kennoath/rustparty against beta-2024-12-08 for beta-1.84.0-4-retry
[INFO] running `Command { std: "git" "clone" "/workspace/cache/git-repos/https%3A%2F%2Fgithub.com%2Fkennoath%2Frustparty" "/workspace/builds/worker-5-tc2/source", kill_on_drop: false }`
[INFO] [stderr] Cloning into '/workspace/builds/worker-5-tc2/source'...
[INFO] [stderr] done.
[INFO] validating manifest of git repo https://github.com/kennoath/rustparty on toolchain beta-2024-12-08
[INFO] running `Command { std: CARGO_HOME="/workspace/cargo-home" RUSTUP_HOME="/workspace/rustup-home" "/workspace/cargo-home/bin/cargo" "+beta-2024-12-08" "metadata" "--manifest-path" "Cargo.toml" "--no-deps", kill_on_drop: false }`
[INFO] started tweaking git repo https://github.com/kennoath/rustparty
[INFO] finished tweaking git repo https://github.com/kennoath/rustparty
[INFO] tweaked toml for git repo https://github.com/kennoath/rustparty written to /workspace/builds/worker-5-tc2/source/Cargo.toml
[INFO] crate git repo https://github.com/kennoath/rustparty already has a lockfile, it will not be regenerated
[INFO] running `Command { std: CARGO_HOME="/workspace/cargo-home" RUSTUP_HOME="/workspace/rustup-home" "/workspace/cargo-home/bin/cargo" "+beta-2024-12-08" "fetch" "--manifest-path" "Cargo.toml", kill_on_drop: false }`
[INFO] running `Command { std: "docker" "create" "-v" "/var/lib/crater-agent-workspace/builds/worker-5-tc2/target:/opt/rustwide/target:rw,Z" "-v" "/var/lib/crater-agent-workspace/builds/worker-5-tc2/source:/opt/rustwide/workdir:ro,Z" "-v" "/var/lib/crater-agent-workspace/cargo-home:/opt/rustwide/cargo-home:ro,Z" "-v" "/var/lib/crater-agent-workspace/rustup-home:/opt/rustwide/rustup-home:ro,Z" "-e" "SOURCE_DIR=/opt/rustwide/workdir" "-e" "CARGO_TARGET_DIR=/opt/rustwide/target" "-e" "CARGO_HOME=/opt/rustwide/cargo-home" "-e" "RUSTUP_HOME=/opt/rustwide/rustup-home" "-w" "/opt/rustwide/workdir" "-m" "1610612736" "--user" "0:0" "--network" "none" "ghcr.io/rust-lang/crates-build-env/linux@sha256:f3a9d4ad9d972b27faf3965f35b62e55ba32bbce8f20bc8fe909558a86702fde" "/opt/rustwide/cargo-home/bin/cargo" "+beta-2024-12-08" "metadata" "--no-deps" "--format-version=1", kill_on_drop: false }`
[INFO] [stdout] de6355a59f5c7a5d3d415d30f6abcd7c05f598dec79fa565fa62f51c849ac391
[INFO] running `Command { std: "docker" "start" "-a" "de6355a59f5c7a5d3d415d30f6abcd7c05f598dec79fa565fa62f51c849ac391", kill_on_drop: false }`
[INFO] running `Command { std: "docker" "inspect" "de6355a59f5c7a5d3d415d30f6abcd7c05f598dec79fa565fa62f51c849ac391", kill_on_drop: false }`
[INFO] running `Command { std: "docker" "rm" "-f" "de6355a59f5c7a5d3d415d30f6abcd7c05f598dec79fa565fa62f51c849ac391", kill_on_drop: false }`
[INFO] [stdout] de6355a59f5c7a5d3d415d30f6abcd7c05f598dec79fa565fa62f51c849ac391
[INFO] running `Command { std: "docker" "create" "-v" "/var/lib/crater-agent-workspace/builds/worker-5-tc2/target:/opt/rustwide/target:rw,Z" "-v" "/var/lib/crater-agent-workspace/builds/worker-5-tc2/source:/opt/rustwide/workdir:ro,Z" "-v" "/var/lib/crater-agent-workspace/cargo-home:/opt/rustwide/cargo-home:ro,Z" "-v" "/var/lib/crater-agent-workspace/rustup-home:/opt/rustwide/rustup-home:ro,Z" "-e" "SOURCE_DIR=/opt/rustwide/workdir" "-e" "CARGO_TARGET_DIR=/opt/rustwide/target" "-e" "CARGO_INCREMENTAL=0" "-e" "RUST_BACKTRACE=full" "-e" "RUSTFLAGS=--cap-lints=warn" "-e" "RUSTDOCFLAGS=--cap-lints=warn" "-e" "CARGO_HOME=/opt/rustwide/cargo-home" "-e" "RUSTUP_HOME=/opt/rustwide/rustup-home" "-w" "/opt/rustwide/workdir" "-m" "1610612736" "--user" "0:0" "--network" "none" "ghcr.io/rust-lang/crates-build-env/linux@sha256:f3a9d4ad9d972b27faf3965f35b62e55ba32bbce8f20bc8fe909558a86702fde" "/opt/rustwide/cargo-home/bin/cargo" "+beta-2024-12-08" "build" "--frozen" "--message-format=json", kill_on_drop: false }`
[INFO] [stdout] ad3eae3e55b491db1896f5a56f523e9c92d7fc015c0edaca98f836dfd201f38f
[INFO] running `Command { std: "docker" "start" "-a" "ad3eae3e55b491db1896f5a56f523e9c92d7fc015c0edaca98f836dfd201f38f", kill_on_drop: false }`
[INFO] [stderr]    Compiling libc v0.2.101
[INFO] [stderr]    Compiling cfg-if v0.1.10
[INFO] [stderr]    Compiling version-compare v0.0.10
[INFO] [stderr]    Compiling cfg-if v1.0.0
[INFO] [stderr]    Compiling ppv-lite86 v0.2.10
[INFO] [stderr]    Compiling sdl2 v0.34.5
[INFO] [stderr]    Compiling lazy_static v1.4.0
[INFO] [stderr]    Compiling bitflags v1.3.2
[INFO] [stderr]    Compiling sdl2-sys v0.34.5
[INFO] [stderr]    Compiling getrandom v0.2.3
[INFO] [stderr]    Compiling rand_core v0.6.3
[INFO] [stderr]    Compiling rand_chacha v0.3.1
[INFO] [stderr]    Compiling rand v0.8.4
[INFO] [stderr]    Compiling rustparty v0.1.0 (/opt/rustwide/workdir)
[INFO] [stdout] warning: unused import: `crate::components::physics_component`
[INFO] [stdout]  --> src/games/wizard_duel.rs:1:5
[INFO] [stdout]   |
[INFO] [stdout] 1 | use crate::components::physics_component;
[INFO] [stdout]   |     ^^^^^^^^^^^^^^^^^^^^^^^^^^^^^^^^^^^^
[INFO] [stdout]   |
[INFO] [stdout]   = note: `#[warn(unused_imports)]` on by default
[INFO] [stdout] 
[INFO] [stdout] 
[INFO] [stdout] warning: unused import: `std::f32::INFINITY`
[INFO] [stdout]   --> src/games/wizard_duel.rs:28:5
[INFO] [stdout]    |
[INFO] [stdout] 28 | use std::f32::INFINITY;
[INFO] [stdout]    |     ^^^^^^^^^^^^^^^^^^
[INFO] [stdout] 
[INFO] [stdout] 
[INFO] [stdout] warning: unused import: `crate::grid::*`
[INFO] [stdout]  --> src/systems/collision.rs:2:5
[INFO] [stdout]   |
[INFO] [stdout] 2 | use crate::grid::*;
[INFO] [stdout]   |     ^^^^^^^^^^^^^^
[INFO] [stdout] 
[INFO] [stdout] 
[INFO] [stdout] warning: unused import: `std::f32::INFINITY`
[INFO] [stdout]  --> src/rect.rs:1:5
[INFO] [stdout]   |
[INFO] [stdout] 1 | use std::f32::INFINITY;
[INFO] [stdout]   |     ^^^^^^^^^^^^^^^^^^
[INFO] [stdout] 
[INFO] [stdout] 
[INFO] [stdout] warning: unused import: `rand::Rng`
[INFO] [stdout]  --> src/vec3.rs:1:5
[INFO] [stdout]   |
[INFO] [stdout] 1 | use rand::Rng;
[INFO] [stdout]   |     ^^^^^^^^^
[INFO] [stdout] 
[INFO] [stdout] 
[INFO] [stdout] warning: unreachable statement
[INFO] [stdout]    --> src/grid.rs:120:17
[INFO] [stdout]     |
[INFO] [stdout] 119 |                 panic!("raycast infinite loop");
[INFO] [stdout]     |                 ------------------------------- any code following this expression is unreachable
[INFO] [stdout] 120 |                 println!("bailing");
[INFO] [stdout]     |                 ^^^^^^^^^^^^^^^^^^^ unreachable statement
[INFO] [stdout]     |
[INFO] [stdout]     = note: `#[warn(unreachable_code)]` on by default
[INFO] [stdout]     = note: this warning originates in the macro `println` (in Nightly builds, run with -Z macro-backtrace for more info)
[INFO] [stdout] 
[INFO] [stdout] 
[INFO] [stdout] warning: unused variable: `subject_proj`
[INFO] [stdout]    --> src/games/wizard_duel.rs:223:25
[INFO] [stdout]     |
[INFO] [stdout] 223 |             if let Some(subject_proj) = self.entities.projectile_comps.get(&col.subject) {
[INFO] [stdout]     |                         ^^^^^^^^^^^^ help: if this is intentional, prefix it with an underscore: `_subject_proj`
[INFO] [stdout]     |
[INFO] [stdout]     = note: `#[warn(unused_variables)]` on by default
[INFO] [stdout] 
[INFO] [stdout] 
[INFO] [stdout] warning: unused variable: `object_proj`
[INFO] [stdout]    --> src/games/wizard_duel.rs:224:29
[INFO] [stdout]     |
[INFO] [stdout] 224 |                 if let Some(object_proj) = self.entities.projectile_comps.get(&col.object) {
[INFO] [stdout]     |                             ^^^^^^^^^^^ help: if this is intentional, prefix it with an underscore: `_object_proj`
[INFO] [stdout] 
[INFO] [stdout] 
[INFO] [stdout] warning: unused variable: `object_player`
[INFO] [stdout]    --> src/games/wizard_duel.rs:228:36
[INFO] [stdout]     |
[INFO] [stdout] 228 |                 } else if let Some(object_player) = self.entities.player_comps.get(&col.object) {
[INFO] [stdout]     |                                    ^^^^^^^^^^^^^ help: if this is intentional, prefix it with an underscore: `_object_player`
[INFO] [stdout] 
[INFO] [stdout] 
[INFO] [stdout] warning: unused variable: `projectile`
[INFO] [stdout]    --> src/games/wizard_duel.rs:261:25
[INFO] [stdout]     |
[INFO] [stdout] 261 |             if let Some(projectile) = self.entities.projectile_comps.get(key) {
[INFO] [stdout]     |                         ^^^^^^^^^^ help: if this is intentional, prefix it with an underscore: `_projectile`
[INFO] [stdout] 
[INFO] [stdout] 
[INFO] [stdout] warning: associated function `new` is never used
[INFO] [stdout]   --> src/games/testgame.rs:23:12
[INFO] [stdout]    |
[INFO] [stdout] 22 | impl TestGame {
[INFO] [stdout]    | ------------- associated function in this implementation
[INFO] [stdout] 23 |     pub fn new() -> TestGame {
[INFO] [stdout]    |            ^^^
[INFO] [stdout]    |
[INFO] [stdout]    = note: `#[warn(dead_code)]` on by default
[INFO] [stdout] 
[INFO] [stdout] 
[INFO] [stdout] warning: enum `EntityType` is never used
[INFO] [stdout]   --> src/games/wizard_duel.rs:50:6
[INFO] [stdout]    |
[INFO] [stdout] 50 | enum EntityType {
[INFO] [stdout]    |      ^^^^^^^^^^
[INFO] [stdout] 
[INFO] [stdout] 
[INFO] [stdout] warning: field `collision_events` is never read
[INFO] [stdout]    --> src/games/wizard_duel.rs:133:5
[INFO] [stdout]     |
[INFO] [stdout] 131 | pub struct WizardDuel {
[INFO] [stdout]     |            ---------- field in this struct
[INFO] [stdout] 132 |     side_effects: Vec<SideEffect>,
[INFO] [stdout] 133 |     collision_events: Vec<CollisionEvent>,
[INFO] [stdout]     |     ^^^^^^^^^^^^^^^^
[INFO] [stdout]     |
[INFO] [stdout]     = note: `WizardDuel` has a derived impl for the trait `Debug`, but this is intentionally ignored during dead code analysis
[INFO] [stdout] 
[INFO] [stdout] 
[INFO] [stdout] warning: fields `subject_vel` and `object_vel` are never read
[INFO] [stdout]   --> src/systems/collision.rs:19:9
[INFO] [stdout]    |
[INFO] [stdout] 13 | pub struct CollisionEvent {
[INFO] [stdout]    |            -------------- fields in this struct
[INFO] [stdout] ...
[INFO] [stdout] 19 |     pub subject_vel: Vec2,
[INFO] [stdout]    |         ^^^^^^^^^^^
[INFO] [stdout] 20 |     pub object_vel: Vec2,
[INFO] [stdout]    |         ^^^^^^^^^^
[INFO] [stdout]    |
[INFO] [stdout]    = note: `CollisionEvent` has a derived impl for the trait `Debug`, but this is intentionally ignored during dead code analysis
[INFO] [stdout] 
[INFO] [stdout] 
[INFO] [stdout] warning: methods `dilate` and `dir_side` are never used
[INFO] [stdout]   --> src/rect.rs:24:12
[INFO] [stdout]    |
[INFO] [stdout] 13 | impl Rect {
[INFO] [stdout]    | --------- methods in this implementation
[INFO] [stdout] ...
[INFO] [stdout] 24 |     pub fn dilate(&self, d: f32) -> Rect {
[INFO] [stdout]    |            ^^^^^^
[INFO] [stdout] ...
[INFO] [stdout] 27 |     pub fn dir_side(&self, dir: Vec2) -> f32 {
[INFO] [stdout]    |            ^^^^^^^^
[INFO] [stdout] 
[INFO] [stdout] 
[INFO] [stdout] warning: variant `End` is never constructed
[INFO] [stdout]   --> src/scene_manager.rs:17:5
[INFO] [stdout]    |
[INFO] [stdout] 15 | pub enum Signal {
[INFO] [stdout]    |          ------ variant in this enum
[INFO] [stdout] 16 |     Victory(u32),
[INFO] [stdout] 17 |     End,
[INFO] [stdout]    |     ^^^
[INFO] [stdout] 
[INFO] [stdout] 
[INFO] [stdout] warning: variants `Ground` and `Wall` are never constructed
[INFO] [stdout]  --> src/grid.rs:8:5
[INFO] [stdout]   |
[INFO] [stdout] 7 | pub enum Tile {
[INFO] [stdout]   |          ---- variants in this enum
[INFO] [stdout] 8 |     Ground,
[INFO] [stdout]   |     ^^^^^^
[INFO] [stdout] 9 |     Wall,
[INFO] [stdout]   |     ^^^^
[INFO] [stdout]   |
[INFO] [stdout]   = note: `Tile` has derived impls for the traits `Debug` and `Clone`, but these are intentionally ignored during dead code analysis
[INFO] [stdout] 
[INFO] [stdout] 
[INFO] [stdout] warning: struct `Grid` is never constructed
[INFO] [stdout]   --> src/grid.rs:12:12
[INFO] [stdout]    |
[INFO] [stdout] 12 | pub struct Grid {
[INFO] [stdout]    |            ^^^^
[INFO] [stdout] 
[INFO] [stdout] 
[INFO] [stdout] warning: multiple associated items are never used
[INFO] [stdout]   --> src/grid.rs:21:12
[INFO] [stdout]    |
[INFO] [stdout] 20 | impl Grid {
[INFO] [stdout]    | --------- associated items in this implementation
[INFO] [stdout] 21 |     pub fn new(w: i32, h: i32, elem_w: f32, elem_h: f32) -> Grid {
[INFO] [stdout]    |            ^^^
[INFO] [stdout] ...
[INFO] [stdout] 31 |     pub fn set_2d(&mut self, x: i32, y: i32, t: Tile) {
[INFO] [stdout]    |            ^^^^^^
[INFO] [stdout] ...
[INFO] [stdout] 35 |     pub fn get_2d(&self, x: i32, y: i32) -> Option<Tile> {
[INFO] [stdout]    |            ^^^^^^
[INFO] [stdout] ...
[INFO] [stdout] 43 |     pub fn get_rect_2d(&self, x: i32, y: i32) -> Rect {
[INFO] [stdout]    |            ^^^^^^^^^^^
[INFO] [stdout] ...
[INFO] [stdout] 52 |     pub fn get_rect_1d(&self, i: i32) -> Rect {
[INFO] [stdout]    |            ^^^^^^^^^^^
[INFO] [stdout] ...
[INFO] [stdout] 58 |     pub fn get_xy_of_position(&self, v: Vec2) -> (i32, i32) {
[INFO] [stdout]    |            ^^^^^^^^^^^^^^^^^^
[INFO] [stdout] ...
[INFO] [stdout] 71 |     pub fn get_position(&self, v: Vec2) -> Option<Tile> {
[INFO] [stdout]    |            ^^^^^^^^^^^^
[INFO] [stdout] ...
[INFO] [stdout] 79 |     pub fn raycast(&self, ray_origin: Vec2, ray_destination: Vec2) -> Option<Vec2> {
[INFO] [stdout]    |            ^^^^^^^
[INFO] [stdout] 
[INFO] [stdout] 
[INFO] [stdout] warning: methods `sub`, `lerp`, `clamp`, `spread`, `dot`, and `proj` are never used
[INFO] [stdout]   --> src/vec2.rs:16:12
[INFO] [stdout]    |
[INFO] [stdout] 9  | impl Vec2 {
[INFO] [stdout]    | --------- methods in this implementation
[INFO] [stdout] ...
[INFO] [stdout] 16 |     pub fn sub(&self, other: Vec2) -> Vec2 { Vec2::new(self.x - other.x, self.y - other.y) }
[INFO] [stdout]    |            ^^^
[INFO] [stdout] ...
[INFO] [stdout] 29 |     pub fn lerp(&self, other: Vec2, t: f32) -> Vec2 { Vec2::new(self.x*(1.0-t) + other.x*(t), self.y*(1.0-t) + other.y*(t)) }
[INFO] [stdout]    |            ^^^^
[INFO] [stdout] ...
[INFO] [stdout] 36 |     pub fn clamp(&self, min: Vec2, max: Vec2) -> Vec2 {
[INFO] [stdout]    |            ^^^^^
[INFO] [stdout] ...
[INFO] [stdout] 51 |     pub fn spread(&self, amount: f32) -> Vec2 {
[INFO] [stdout]    |            ^^^^^^
[INFO] [stdout] ...
[INFO] [stdout] 56 |     pub fn dot(&self, other: Vec2) -> f32 {
[INFO] [stdout]    |            ^^^
[INFO] [stdout] ...
[INFO] [stdout] 60 |     pub fn proj(&self, other: Vec2) -> f32 {
[INFO] [stdout]    |            ^^^^
[INFO] [stdout] 
[INFO] [stdout] 
[INFO] [stdout] warning: methods `sub`, `add`, `div_scalar`, `magnitude`, `normalize`, and `lerp` are never used
[INFO] [stdout]   --> src/vec3.rs:13:12
[INFO] [stdout]    |
[INFO] [stdout] 10 | impl Vec3 {
[INFO] [stdout]    | --------- methods in this implementation
[INFO] [stdout] ...
[INFO] [stdout] 13 |     pub fn sub(&self, other: Vec3) -> Vec3 { Vec3::new(self.x - other.x, self.y - other.y, self.z - other.z) }
[INFO] [stdout]    |            ^^^
[INFO] [stdout] 14 |     pub fn add(&self, other: Vec3) -> Vec3 { Vec3::new(self.x + other.x, self.y + other.y, self.z + other.z) }
[INFO] [stdout]    |            ^^^
[INFO] [stdout] 15 |     pub fn mul_scalar(&self, scalar: f32) -> Vec3 { Vec3::new(self.x * scalar, self.y * scalar, self.z * scalar) }
[INFO] [stdout] 16 |     pub fn div_scalar(&self, scalar: f32) -> Vec3 { Vec3::new(self.x / scalar, self.y / scalar, self.z * scalar) }
[INFO] [stdout]    |            ^^^^^^^^^^
[INFO] [stdout] 17 |     pub fn magnitude(&self) -> f32 { (self.x*self.x + self.y*self.y + self.z*self.z).sqrt() }
[INFO] [stdout]    |            ^^^^^^^^^
[INFO] [stdout] 18 |     pub fn normalize(&self) -> Vec3 { self.div_scalar(self.magnitude()) }
[INFO] [stdout]    |            ^^^^^^^^^
[INFO] [stdout] 19 |     pub fn lerp(&self, other: Vec3, t: f32) -> Vec3 { Vec3::new(self.x*(1.0-t) + other.x*(t), self.y*(1.0-t) + other.y*(t), self.z*(1.0-t...
[INFO] [stdout]    |            ^^^^
[INFO] [stdout] 
[INFO] [stdout] 
[INFO] [stdout] warning: static variable `player_speed` should have an upper case name
[INFO] [stdout]   --> src/games/wizard_duel.rs:33:8
[INFO] [stdout]    |
[INFO] [stdout] 33 | static player_speed: f32 = 0.25;
[INFO] [stdout]    |        ^^^^^^^^^^^^ help: convert the identifier to upper case: `PLAYER_SPEED`
[INFO] [stdout]    |
[INFO] [stdout]    = note: `#[warn(non_upper_case_globals)]` on by default
[INFO] [stdout] 
[INFO] [stdout] 
[INFO] [stdout] warning: static variable `player_size` should have an upper case name
[INFO] [stdout]   --> src/games/wizard_duel.rs:34:8
[INFO] [stdout]    |
[INFO] [stdout] 34 | static player_size: f32 = 0.05;
[INFO] [stdout]    |        ^^^^^^^^^^^ help: convert the identifier to upper case: `PLAYER_SIZE`
[INFO] [stdout] 
[INFO] [stdout] 
[INFO] [stdout] warning: static variable `mana_bar_size` should have an upper case name
[INFO] [stdout]   --> src/games/wizard_duel.rs:36:8
[INFO] [stdout]    |
[INFO] [stdout] 36 | static mana_bar_size: f32 = 0.01;
[INFO] [stdout]    |        ^^^^^^^^^^^^^ help: convert the identifier to upper case: `MANA_BAR_SIZE`
[INFO] [stdout] 
[INFO] [stdout] 
[INFO] [stdout] warning: static variable `mana_bar_gap` should have an upper case name
[INFO] [stdout]   --> src/games/wizard_duel.rs:37:8
[INFO] [stdout]    |
[INFO] [stdout] 37 | static mana_bar_gap: f32 = 0.005;
[INFO] [stdout]    |        ^^^^^^^^^^^^ help: convert the identifier to upper case: `MANA_BAR_GAP`
[INFO] [stdout] 
[INFO] [stdout] 
[INFO] [stdout] warning: static variable `mana_cost_to_fire` should have an upper case name
[INFO] [stdout]   --> src/games/wizard_duel.rs:40:8
[INFO] [stdout]    |
[INFO] [stdout] 40 | static mana_cost_to_fire: f32 = 0.7;
[INFO] [stdout]    |        ^^^^^^^^^^^^^^^^^ help: convert the identifier to upper case: `MANA_COST_TO_FIRE`
[INFO] [stdout] 
[INFO] [stdout] 
[INFO] [stdout] warning: static variable `mana_regen` should have an upper case name
[INFO] [stdout]   --> src/games/wizard_duel.rs:41:8
[INFO] [stdout]    |
[INFO] [stdout] 41 | static mana_regen: f32 = 0.2;
[INFO] [stdout]    |        ^^^^^^^^^^ help: convert the identifier to upper case: `MANA_REGEN`
[INFO] [stdout] 
[INFO] [stdout] 
[INFO] [stdout] warning: static variable `projectile_s` should have an upper case name
[INFO] [stdout]   --> src/games/wizard_duel.rs:43:8
[INFO] [stdout]    |
[INFO] [stdout] 43 | static projectile_s: f32 = 0.025;
[INFO] [stdout]    |        ^^^^^^^^^^^^ help: convert the identifier to upper case: `PROJECTILE_S`
[INFO] [stdout] 
[INFO] [stdout] 
[INFO] [stdout] warning: static variable `projectile_speed` should have an upper case name
[INFO] [stdout]   --> src/games/wizard_duel.rs:44:8
[INFO] [stdout]    |
[INFO] [stdout] 44 | static projectile_speed: f32 = 0.4;
[INFO] [stdout]    |        ^^^^^^^^^^^^^^^^ help: convert the identifier to upper case: `PROJECTILE_SPEED`
[INFO] [stdout] 
[INFO] [stdout] 
[INFO] [stdout] warning: static variable `projectile_ttl` should have an upper case name
[INFO] [stdout]   --> src/games/wizard_duel.rs:45:8
[INFO] [stdout]    |
[INFO] [stdout] 45 | static projectile_ttl: f32 = 0.7;
[INFO] [stdout]    |        ^^^^^^^^^^^^^^ help: convert the identifier to upper case: `PROJECTILE_TTL`
[INFO] [stdout] 
[INFO] [stdout] 
[INFO] [stdout] warning: static variable `spawn_away_distance` should have an upper case name
[INFO] [stdout]   --> src/games/wizard_duel.rs:46:8
[INFO] [stdout]    |
[INFO] [stdout] 46 | static spawn_away_distance: f32 = 0.02;
[INFO] [stdout]    |        ^^^^^^^^^^^^^^^^^^^ help: convert the identifier to upper case: `SPAWN_AWAY_DISTANCE`
[INFO] [stdout] 
[INFO] [stdout] 
[INFO] [stdout] warning: static variable `player_colours` should have an upper case name
[INFO] [stdout]  --> src/players.rs:3:12
[INFO] [stdout]   |
[INFO] [stdout] 3 | pub static player_colours: [Vec3; 4] = [
[INFO] [stdout]   |            ^^^^^^^^^^^^^^ help: convert the identifier to upper case: `PLAYER_COLOURS`
[INFO] [stdout] 
[INFO] [stdout] 
[INFO] [stdout] warning: unused `Result` that must be used
[INFO] [stdout]   --> src/canvas.rs:41:9
[INFO] [stdout]    |
[INFO] [stdout] 41 |         self.sdl_canvas.fill_rect(sdl_rect);
[INFO] [stdout]    |         ^^^^^^^^^^^^^^^^^^^^^^^^^^^^^^^^^^^
[INFO] [stdout]    |
[INFO] [stdout]    = note: this `Result` may be an `Err` variant, which should be handled
[INFO] [stdout]    = note: `#[warn(unused_must_use)]` on by default
[INFO] [stdout] help: use `let _ = ...` to ignore the resulting value
[INFO] [stdout]    |
[INFO] [stdout] 41 |         let _ = self.sdl_canvas.fill_rect(sdl_rect);
[INFO] [stdout]    |         +++++++
[INFO] [stdout] 
[INFO] [stdout] 
[INFO] [stderr]     Finished `dev` profile [optimized + debuginfo] target(s) in 6.87s
[INFO] running `Command { std: "docker" "inspect" "ad3eae3e55b491db1896f5a56f523e9c92d7fc015c0edaca98f836dfd201f38f", kill_on_drop: false }`
[INFO] running `Command { std: "docker" "rm" "-f" "ad3eae3e55b491db1896f5a56f523e9c92d7fc015c0edaca98f836dfd201f38f", kill_on_drop: false }`
[INFO] [stdout] ad3eae3e55b491db1896f5a56f523e9c92d7fc015c0edaca98f836dfd201f38f
[INFO] running `Command { std: "docker" "create" "-v" "/var/lib/crater-agent-workspace/builds/worker-5-tc2/target:/opt/rustwide/target:rw,Z" "-v" "/var/lib/crater-agent-workspace/builds/worker-5-tc2/source:/opt/rustwide/workdir:ro,Z" "-v" "/var/lib/crater-agent-workspace/cargo-home:/opt/rustwide/cargo-home:ro,Z" "-v" "/var/lib/crater-agent-workspace/rustup-home:/opt/rustwide/rustup-home:ro,Z" "-e" "SOURCE_DIR=/opt/rustwide/workdir" "-e" "CARGO_TARGET_DIR=/opt/rustwide/target" "-e" "CARGO_INCREMENTAL=0" "-e" "RUST_BACKTRACE=full" "-e" "RUSTFLAGS=--cap-lints=warn" "-e" "RUSTDOCFLAGS=--cap-lints=warn" "-e" "CARGO_HOME=/opt/rustwide/cargo-home" "-e" "RUSTUP_HOME=/opt/rustwide/rustup-home" "-w" "/opt/rustwide/workdir" "-m" "1610612736" "--user" "0:0" "--network" "none" "ghcr.io/rust-lang/crates-build-env/linux@sha256:f3a9d4ad9d972b27faf3965f35b62e55ba32bbce8f20bc8fe909558a86702fde" "/opt/rustwide/cargo-home/bin/cargo" "+beta-2024-12-08" "test" "--frozen" "--no-run" "--message-format=json", kill_on_drop: false }`
[INFO] [stdout] ce0e755b82e7e4e0d13f33323143d0b7c2a0dec51b75f71d5259783d16e8853e
[INFO] running `Command { std: "docker" "start" "-a" "ce0e755b82e7e4e0d13f33323143d0b7c2a0dec51b75f71d5259783d16e8853e", kill_on_drop: false }`
[INFO] [stderr]    Compiling rustparty v0.1.0 (/opt/rustwide/workdir)
[INFO] [stdout] warning: unused import: `crate::components::physics_component`
[INFO] [stdout]  --> src/games/wizard_duel.rs:1:5
[INFO] [stdout]   |
[INFO] [stdout] 1 | use crate::components::physics_component;
[INFO] [stdout]   |     ^^^^^^^^^^^^^^^^^^^^^^^^^^^^^^^^^^^^
[INFO] [stdout]   |
[INFO] [stdout]   = note: `#[warn(unused_imports)]` on by default
[INFO] [stdout] 
[INFO] [stdout] 
[INFO] [stdout] warning: unused import: `std::f32::INFINITY`
[INFO] [stdout]   --> src/games/wizard_duel.rs:28:5
[INFO] [stdout]    |
[INFO] [stdout] 28 | use std::f32::INFINITY;
[INFO] [stdout]    |     ^^^^^^^^^^^^^^^^^^
[INFO] [stdout] 
[INFO] [stdout] 
[INFO] [stdout] warning: unused import: `crate::grid::*`
[INFO] [stdout]  --> src/systems/collision.rs:2:5
[INFO] [stdout]   |
[INFO] [stdout] 2 | use crate::grid::*;
[INFO] [stdout]   |     ^^^^^^^^^^^^^^
[INFO] [stdout] 
[INFO] [stdout] 
[INFO] [stdout] warning: unused import: `std::f32::INFINITY`
[INFO] [stdout]  --> src/rect.rs:1:5
[INFO] [stdout]   |
[INFO] [stdout] 1 | use std::f32::INFINITY;
[INFO] [stdout]   |     ^^^^^^^^^^^^^^^^^^
[INFO] [stdout] 
[INFO] [stdout] 
[INFO] [stdout] warning: unused import: `rand::Rng`
[INFO] [stdout]  --> src/vec3.rs:1:5
[INFO] [stdout]   |
[INFO] [stdout] 1 | use rand::Rng;
[INFO] [stdout]   |     ^^^^^^^^^
[INFO] [stdout] 
[INFO] [stdout] 
[INFO] [stdout] warning: unreachable statement
[INFO] [stdout]    --> src/grid.rs:120:17
[INFO] [stdout]     |
[INFO] [stdout] 119 |                 panic!("raycast infinite loop");
[INFO] [stdout]     |                 ------------------------------- any code following this expression is unreachable
[INFO] [stdout] 120 |                 println!("bailing");
[INFO] [stdout]     |                 ^^^^^^^^^^^^^^^^^^^ unreachable statement
[INFO] [stdout]     |
[INFO] [stdout]     = note: `#[warn(unreachable_code)]` on by default
[INFO] [stdout]     = note: this warning originates in the macro `println` (in Nightly builds, run with -Z macro-backtrace for more info)
[INFO] [stdout] 
[INFO] [stdout] 
[INFO] [stdout] warning: unused variable: `subject_proj`
[INFO] [stdout]    --> src/games/wizard_duel.rs:223:25
[INFO] [stdout]     |
[INFO] [stdout] 223 |             if let Some(subject_proj) = self.entities.projectile_comps.get(&col.subject) {
[INFO] [stdout]     |                         ^^^^^^^^^^^^ help: if this is intentional, prefix it with an underscore: `_subject_proj`
[INFO] [stdout]     |
[INFO] [stdout]     = note: `#[warn(unused_variables)]` on by default
[INFO] [stdout] 
[INFO] [stdout] 
[INFO] [stdout] warning: unused variable: `object_proj`
[INFO] [stdout]    --> src/games/wizard_duel.rs:224:29
[INFO] [stdout]     |
[INFO] [stdout] 224 |                 if let Some(object_proj) = self.entities.projectile_comps.get(&col.object) {
[INFO] [stdout]     |                             ^^^^^^^^^^^ help: if this is intentional, prefix it with an underscore: `_object_proj`
[INFO] [stdout] 
[INFO] [stdout] 
[INFO] [stdout] warning: unused variable: `object_player`
[INFO] [stdout]    --> src/games/wizard_duel.rs:228:36
[INFO] [stdout]     |
[INFO] [stdout] 228 |                 } else if let Some(object_player) = self.entities.player_comps.get(&col.object) {
[INFO] [stdout]     |                                    ^^^^^^^^^^^^^ help: if this is intentional, prefix it with an underscore: `_object_player`
[INFO] [stdout] 
[INFO] [stdout] 
[INFO] [stdout] warning: unused variable: `projectile`
[INFO] [stdout]    --> src/games/wizard_duel.rs:261:25
[INFO] [stdout]     |
[INFO] [stdout] 261 |             if let Some(projectile) = self.entities.projectile_comps.get(key) {
[INFO] [stdout]     |                         ^^^^^^^^^^ help: if this is intentional, prefix it with an underscore: `_projectile`
[INFO] [stdout] 
[INFO] [stdout] 
[INFO] [stdout] warning: associated function `new` is never used
[INFO] [stdout]   --> src/games/testgame.rs:23:12
[INFO] [stdout]    |
[INFO] [stdout] 22 | impl TestGame {
[INFO] [stdout]    | ------------- associated function in this implementation
[INFO] [stdout] 23 |     pub fn new() -> TestGame {
[INFO] [stdout]    |            ^^^
[INFO] [stdout]    |
[INFO] [stdout]    = note: `#[warn(dead_code)]` on by default
[INFO] [stdout] 
[INFO] [stdout] 
[INFO] [stdout] warning: enum `EntityType` is never used
[INFO] [stdout]   --> src/games/wizard_duel.rs:50:6
[INFO] [stdout]    |
[INFO] [stdout] 50 | enum EntityType {
[INFO] [stdout]    |      ^^^^^^^^^^
[INFO] [stdout] 
[INFO] [stdout] 
[INFO] [stdout] warning: field `collision_events` is never read
[INFO] [stdout]    --> src/games/wizard_duel.rs:133:5
[INFO] [stdout]     |
[INFO] [stdout] 131 | pub struct WizardDuel {
[INFO] [stdout]     |            ---------- field in this struct
[INFO] [stdout] 132 |     side_effects: Vec<SideEffect>,
[INFO] [stdout] 133 |     collision_events: Vec<CollisionEvent>,
[INFO] [stdout]     |     ^^^^^^^^^^^^^^^^
[INFO] [stdout]     |
[INFO] [stdout]     = note: `WizardDuel` has a derived impl for the trait `Debug`, but this is intentionally ignored during dead code analysis
[INFO] [stdout] 
[INFO] [stdout] 
[INFO] [stdout] warning: fields `subject_vel` and `object_vel` are never read
[INFO] [stdout]   --> src/systems/collision.rs:19:9
[INFO] [stdout]    |
[INFO] [stdout] 13 | pub struct CollisionEvent {
[INFO] [stdout]    |            -------------- fields in this struct
[INFO] [stdout] ...
[INFO] [stdout] 19 |     pub subject_vel: Vec2,
[INFO] [stdout]    |         ^^^^^^^^^^^
[INFO] [stdout] 20 |     pub object_vel: Vec2,
[INFO] [stdout]    |         ^^^^^^^^^^
[INFO] [stdout]    |
[INFO] [stdout]    = note: `CollisionEvent` has a derived impl for the trait `Debug`, but this is intentionally ignored during dead code analysis
[INFO] [stdout] 
[INFO] [stdout] 
[INFO] [stdout] warning: methods `dilate` and `dir_side` are never used
[INFO] [stdout]   --> src/rect.rs:24:12
[INFO] [stdout]    |
[INFO] [stdout] 13 | impl Rect {
[INFO] [stdout]    | --------- methods in this implementation
[INFO] [stdout] ...
[INFO] [stdout] 24 |     pub fn dilate(&self, d: f32) -> Rect {
[INFO] [stdout]    |            ^^^^^^
[INFO] [stdout] ...
[INFO] [stdout] 27 |     pub fn dir_side(&self, dir: Vec2) -> f32 {
[INFO] [stdout]    |            ^^^^^^^^
[INFO] [stdout] 
[INFO] [stdout] 
[INFO] [stdout] warning: variant `End` is never constructed
[INFO] [stdout]   --> src/scene_manager.rs:17:5
[INFO] [stdout]    |
[INFO] [stdout] 15 | pub enum Signal {
[INFO] [stdout]    |          ------ variant in this enum
[INFO] [stdout] 16 |     Victory(u32),
[INFO] [stdout] 17 |     End,
[INFO] [stdout]    |     ^^^
[INFO] [stdout] 
[INFO] [stdout] 
[INFO] [stdout] warning: methods `get_rect_2d`, `get_rect_1d`, and `get_position` are never used
[INFO] [stdout]   --> src/grid.rs:43:12
[INFO] [stdout]    |
[INFO] [stdout] 20 | impl Grid {
[INFO] [stdout]    | --------- methods in this implementation
[INFO] [stdout] ...
[INFO] [stdout] 43 |     pub fn get_rect_2d(&self, x: i32, y: i32) -> Rect {
[INFO] [stdout]    |            ^^^^^^^^^^^
[INFO] [stdout] ...
[INFO] [stdout] 52 |     pub fn get_rect_1d(&self, i: i32) -> Rect {
[INFO] [stdout]    |            ^^^^^^^^^^^
[INFO] [stdout] ...
[INFO] [stdout] 71 |     pub fn get_position(&self, v: Vec2) -> Option<Tile> {
[INFO] [stdout]    |            ^^^^^^^^^^^^
[INFO] [stdout] 
[INFO] [stdout] 
[INFO] [stdout] warning: methods `lerp`, `clamp`, `spread`, `dot`, and `proj` are never used
[INFO] [stdout]   --> src/vec2.rs:29:12
[INFO] [stdout]    |
[INFO] [stdout] 9  | impl Vec2 {
[INFO] [stdout]    | --------- methods in this implementation
[INFO] [stdout] ...
[INFO] [stdout] 29 |     pub fn lerp(&self, other: Vec2, t: f32) -> Vec2 { Vec2::new(self.x*(1.0-t) + other.x*(t), self.y*(1.0-t) + other.y*(t)) }
[INFO] [stdout]    |            ^^^^
[INFO] [stdout] ...
[INFO] [stdout] 36 |     pub fn clamp(&self, min: Vec2, max: Vec2) -> Vec2 {
[INFO] [stdout]    |            ^^^^^
[INFO] [stdout] ...
[INFO] [stdout] 51 |     pub fn spread(&self, amount: f32) -> Vec2 {
[INFO] [stdout]    |            ^^^^^^
[INFO] [stdout] ...
[INFO] [stdout] 56 |     pub fn dot(&self, other: Vec2) -> f32 {
[INFO] [stdout]    |            ^^^
[INFO] [stdout] ...
[INFO] [stdout] 60 |     pub fn proj(&self, other: Vec2) -> f32 {
[INFO] [stdout]    |            ^^^^
[INFO] [stdout] 
[INFO] [stdout] 
[INFO] [stdout] warning: methods `sub`, `add`, `div_scalar`, `magnitude`, `normalize`, and `lerp` are never used
[INFO] [stdout]   --> src/vec3.rs:13:12
[INFO] [stdout]    |
[INFO] [stdout] 10 | impl Vec3 {
[INFO] [stdout]    | --------- methods in this implementation
[INFO] [stdout] ...
[INFO] [stdout] 13 |     pub fn sub(&self, other: Vec3) -> Vec3 { Vec3::new(self.x - other.x, self.y - other.y, self.z - other.z) }
[INFO] [stdout]    |            ^^^
[INFO] [stdout] 14 |     pub fn add(&self, other: Vec3) -> Vec3 { Vec3::new(self.x + other.x, self.y + other.y, self.z + other.z) }
[INFO] [stdout]    |            ^^^
[INFO] [stdout] 15 |     pub fn mul_scalar(&self, scalar: f32) -> Vec3 { Vec3::new(self.x * scalar, self.y * scalar, self.z * scalar) }
[INFO] [stdout] 16 |     pub fn div_scalar(&self, scalar: f32) -> Vec3 { Vec3::new(self.x / scalar, self.y / scalar, self.z * scalar) }
[INFO] [stdout]    |            ^^^^^^^^^^
[INFO] [stdout] 17 |     pub fn magnitude(&self) -> f32 { (self.x*self.x + self.y*self.y + self.z*self.z).sqrt() }
[INFO] [stdout]    |            ^^^^^^^^^
[INFO] [stdout] 18 |     pub fn normalize(&self) -> Vec3 { self.div_scalar(self.magnitude()) }
[INFO] [stdout]    |            ^^^^^^^^^
[INFO] [stdout] 19 |     pub fn lerp(&self, other: Vec3, t: f32) -> Vec3 { Vec3::new(self.x*(1.0-t) + other.x*(t), self.y*(1.0-t) + other.y*(t), self.z*(1.0-t...
[INFO] [stdout]    |            ^^^^
[INFO] [stdout] 
[INFO] [stdout] 
[INFO] [stdout] warning: static variable `player_speed` should have an upper case name
[INFO] [stdout]   --> src/games/wizard_duel.rs:33:8
[INFO] [stdout]    |
[INFO] [stdout] 33 | static player_speed: f32 = 0.25;
[INFO] [stdout]    |        ^^^^^^^^^^^^ help: convert the identifier to upper case: `PLAYER_SPEED`
[INFO] [stdout]    |
[INFO] [stdout]    = note: `#[warn(non_upper_case_globals)]` on by default
[INFO] [stdout] 
[INFO] [stdout] 
[INFO] [stdout] warning: static variable `player_size` should have an upper case name
[INFO] [stdout]   --> src/games/wizard_duel.rs:34:8
[INFO] [stdout]    |
[INFO] [stdout] 34 | static player_size: f32 = 0.05;
[INFO] [stdout]    |        ^^^^^^^^^^^ help: convert the identifier to upper case: `PLAYER_SIZE`
[INFO] [stdout] 
[INFO] [stdout] 
[INFO] [stdout] warning: static variable `mana_bar_size` should have an upper case name
[INFO] [stdout]   --> src/games/wizard_duel.rs:36:8
[INFO] [stdout]    |
[INFO] [stdout] 36 | static mana_bar_size: f32 = 0.01;
[INFO] [stdout]    |        ^^^^^^^^^^^^^ help: convert the identifier to upper case: `MANA_BAR_SIZE`
[INFO] [stdout] 
[INFO] [stdout] 
[INFO] [stdout] warning: static variable `mana_bar_gap` should have an upper case name
[INFO] [stdout]   --> src/games/wizard_duel.rs:37:8
[INFO] [stdout]    |
[INFO] [stdout] 37 | static mana_bar_gap: f32 = 0.005;
[INFO] [stdout]    |        ^^^^^^^^^^^^ help: convert the identifier to upper case: `MANA_BAR_GAP`
[INFO] [stdout] 
[INFO] [stdout] 
[INFO] [stdout] warning: static variable `mana_cost_to_fire` should have an upper case name
[INFO] [stdout]   --> src/games/wizard_duel.rs:40:8
[INFO] [stdout]    |
[INFO] [stdout] 40 | static mana_cost_to_fire: f32 = 0.7;
[INFO] [stdout]    |        ^^^^^^^^^^^^^^^^^ help: convert the identifier to upper case: `MANA_COST_TO_FIRE`
[INFO] [stdout] 
[INFO] [stdout] 
[INFO] [stdout] warning: static variable `mana_regen` should have an upper case name
[INFO] [stdout]   --> src/games/wizard_duel.rs:41:8
[INFO] [stdout]    |
[INFO] [stdout] 41 | static mana_regen: f32 = 0.2;
[INFO] [stdout]    |        ^^^^^^^^^^ help: convert the identifier to upper case: `MANA_REGEN`
[INFO] [stdout] 
[INFO] [stdout] 
[INFO] [stdout] warning: static variable `projectile_s` should have an upper case name
[INFO] [stdout]   --> src/games/wizard_duel.rs:43:8
[INFO] [stdout]    |
[INFO] [stdout] 43 | static projectile_s: f32 = 0.025;
[INFO] [stdout]    |        ^^^^^^^^^^^^ help: convert the identifier to upper case: `PROJECTILE_S`
[INFO] [stdout] 
[INFO] [stdout] 
[INFO] [stdout] warning: static variable `projectile_speed` should have an upper case name
[INFO] [stdout]   --> src/games/wizard_duel.rs:44:8
[INFO] [stdout]    |
[INFO] [stdout] 44 | static projectile_speed: f32 = 0.4;
[INFO] [stdout]    |        ^^^^^^^^^^^^^^^^ help: convert the identifier to upper case: `PROJECTILE_SPEED`
[INFO] [stdout] 
[INFO] [stdout] 
[INFO] [stdout] warning: static variable `projectile_ttl` should have an upper case name
[INFO] [stdout]   --> src/games/wizard_duel.rs:45:8
[INFO] [stdout]    |
[INFO] [stdout] 45 | static projectile_ttl: f32 = 0.7;
[INFO] [stdout]    |        ^^^^^^^^^^^^^^ help: convert the identifier to upper case: `PROJECTILE_TTL`
[INFO] [stdout] 
[INFO] [stdout] 
[INFO] [stdout] warning: static variable `spawn_away_distance` should have an upper case name
[INFO] [stdout]   --> src/games/wizard_duel.rs:46:8
[INFO] [stdout]    |
[INFO] [stdout] 46 | static spawn_away_distance: f32 = 0.02;
[INFO] [stdout]    |        ^^^^^^^^^^^^^^^^^^^ help: convert the identifier to upper case: `SPAWN_AWAY_DISTANCE`
[INFO] [stdout] 
[INFO] [stdout] 
[INFO] [stdout] warning: static variable `player_colours` should have an upper case name
[INFO] [stdout]  --> src/players.rs:3:12
[INFO] [stdout]   |
[INFO] [stdout] 3 | pub static player_colours: [Vec3; 4] = [
[INFO] [stdout]   |            ^^^^^^^^^^^^^^ help: convert the identifier to upper case: `PLAYER_COLOURS`
[INFO] [stdout] 
[INFO] [stdout] 
[INFO] [stdout] warning: unused `Result` that must be used
[INFO] [stdout]   --> src/canvas.rs:41:9
[INFO] [stdout]    |
[INFO] [stdout] 41 |         self.sdl_canvas.fill_rect(sdl_rect);
[INFO] [stdout]    |         ^^^^^^^^^^^^^^^^^^^^^^^^^^^^^^^^^^^
[INFO] [stdout]    |
[INFO] [stdout]    = note: this `Result` may be an `Err` variant, which should be handled
[INFO] [stdout]    = note: `#[warn(unused_must_use)]` on by default
[INFO] [stdout] help: use `let _ = ...` to ignore the resulting value
[INFO] [stdout]    |
[INFO] [stdout] 41 |         let _ = self.sdl_canvas.fill_rect(sdl_rect);
[INFO] [stdout]    |         +++++++
[INFO] [stdout] 
[INFO] [stdout] 
[INFO] [stderr]     Finished `test` profile [optimized + debuginfo] target(s) in 1.15s
[INFO] running `Command { std: "docker" "inspect" "ce0e755b82e7e4e0d13f33323143d0b7c2a0dec51b75f71d5259783d16e8853e", kill_on_drop: false }`
[INFO] running `Command { std: "docker" "rm" "-f" "ce0e755b82e7e4e0d13f33323143d0b7c2a0dec51b75f71d5259783d16e8853e", kill_on_drop: false }`
[INFO] [stdout] ce0e755b82e7e4e0d13f33323143d0b7c2a0dec51b75f71d5259783d16e8853e
[INFO] running `Command { std: "docker" "create" "-v" "/var/lib/crater-agent-workspace/builds/worker-5-tc2/target:/opt/rustwide/target:rw,Z" "-v" "/var/lib/crater-agent-workspace/builds/worker-5-tc2/source:/opt/rustwide/workdir:ro,Z" "-v" "/var/lib/crater-agent-workspace/cargo-home:/opt/rustwide/cargo-home:ro,Z" "-v" "/var/lib/crater-agent-workspace/rustup-home:/opt/rustwide/rustup-home:ro,Z" "-e" "SOURCE_DIR=/opt/rustwide/workdir" "-e" "CARGO_TARGET_DIR=/opt/rustwide/target" "-e" "CARGO_INCREMENTAL=0" "-e" "RUST_BACKTRACE=full" "-e" "RUSTFLAGS=--cap-lints=warn" "-e" "RUSTDOCFLAGS=--cap-lints=warn" "-e" "CARGO_HOME=/opt/rustwide/cargo-home" "-e" "RUSTUP_HOME=/opt/rustwide/rustup-home" "-w" "/opt/rustwide/workdir" "-m" "1610612736" "--user" "0:0" "--network" "none" "ghcr.io/rust-lang/crates-build-env/linux@sha256:f3a9d4ad9d972b27faf3965f35b62e55ba32bbce8f20bc8fe909558a86702fde" "/opt/rustwide/cargo-home/bin/cargo" "+beta-2024-12-08" "test" "--frozen", kill_on_drop: false }`
[INFO] [stdout] 7a67fbba5219e0c02a38c43f04c95b2a4f72c257774cd16f13e0e32abbaa7743
[INFO] running `Command { std: "docker" "start" "-a" "7a67fbba5219e0c02a38c43f04c95b2a4f72c257774cd16f13e0e32abbaa7743", kill_on_drop: false }`
[INFO] [stderr] warning: unused import: `crate::components::physics_component`
[INFO] [stderr]  --> src/games/wizard_duel.rs:1:5
[INFO] [stderr]   |
[INFO] [stderr] 1 | use crate::components::physics_component;
[INFO] [stderr]   |     ^^^^^^^^^^^^^^^^^^^^^^^^^^^^^^^^^^^^
[INFO] [stderr]   |
[INFO] [stderr]   = note: `#[warn(unused_imports)]` on by default
[INFO] [stderr] 
[INFO] [stderr] warning: unused import: `std::f32::INFINITY`
[INFO] [stderr]   --> src/games/wizard_duel.rs:28:5
[INFO] [stderr]    |
[INFO] [stderr] 28 | use std::f32::INFINITY;
[INFO] [stderr]    |     ^^^^^^^^^^^^^^^^^^
[INFO] [stderr] 
[INFO] [stderr] warning: unused import: `crate::grid::*`
[INFO] [stderr]  --> src/systems/collision.rs:2:5
[INFO] [stderr]   |
[INFO] [stderr] 2 | use crate::grid::*;
[INFO] [stderr]   |     ^^^^^^^^^^^^^^
[INFO] [stderr] 
[INFO] [stderr] warning: unused import: `std::f32::INFINITY`
[INFO] [stderr]  --> src/rect.rs:1:5
[INFO] [stderr]   |
[INFO] [stderr] 1 | use std::f32::INFINITY;
[INFO] [stderr]   |     ^^^^^^^^^^^^^^^^^^
[INFO] [stderr] 
[INFO] [stderr] warning: unused import: `rand::Rng`
[INFO] [stderr]  --> src/vec3.rs:1:5
[INFO] [stderr]   |
[INFO] [stderr] 1 | use rand::Rng;
[INFO] [stderr]   |     ^^^^^^^^^
[INFO] [stderr] 
[INFO] [stderr] warning: unreachable statement
[INFO] [stderr]    --> src/grid.rs:120:17
[INFO] [stderr]     |
[INFO] [stderr] 119 |                 panic!("raycast infinite loop");
[INFO] [stderr]     |                 ------------------------------- any code following this expression is unreachable
[INFO] [stderr] 120 |                 println!("bailing");
[INFO] [stderr]     |                 ^^^^^^^^^^^^^^^^^^^ unreachable statement
[INFO] [stderr]     |
[INFO] [stderr]     = note: `#[warn(unreachable_code)]` on by default
[INFO] [stderr]     = note: this warning originates in the macro `println` (in Nightly builds, run with -Z macro-backtrace for more info)
[INFO] [stderr] 
[INFO] [stderr] warning: unused variable: `subject_proj`
[INFO] [stderr]    --> src/games/wizard_duel.rs:223:25
[INFO] [stderr]     |
[INFO] [stderr] 223 |             if let Some(subject_proj) = self.entities.projectile_comps.get(&col.subject) {
[INFO] [stderr]     |                         ^^^^^^^^^^^^ help: if this is intentional, prefix it with an underscore: `_subject_proj`
[INFO] [stderr]     |
[INFO] [stderr]     = note: `#[warn(unused_variables)]` on by default
[INFO] [stderr] 
[INFO] [stderr] warning: unused variable: `object_proj`
[INFO] [stderr]    --> src/games/wizard_duel.rs:224:29
[INFO] [stderr]     |
[INFO] [stderr] 224 |                 if let Some(object_proj) = self.entities.projectile_comps.get(&col.object) {
[INFO] [stderr]     |                             ^^^^^^^^^^^ help: if this is intentional, prefix it with an underscore: `_object_proj`
[INFO] [stderr] 
[INFO] [stderr] warning: unused variable: `object_player`
[INFO] [stderr]    --> src/games/wizard_duel.rs:228:36
[INFO] [stderr]     |
[INFO] [stderr] 228 |                 } else if let Some(object_player) = self.entities.player_comps.get(&col.object) {
[INFO] [stderr]     |                                    ^^^^^^^^^^^^^ help: if this is intentional, prefix it with an underscore: `_object_player`
[INFO] [stderr] 
[INFO] [stderr] warning: unused variable: `projectile`
[INFO] [stderr]    --> src/games/wizard_duel.rs:261:25
[INFO] [stderr]     |
[INFO] [stderr] 261 |             if let Some(projectile) = self.entities.projectile_comps.get(key) {
[INFO] [stderr]     |                         ^^^^^^^^^^ help: if this is intentional, prefix it with an underscore: `_projectile`
[INFO] [stderr] 
[INFO] [stderr] warning: associated function `new` is never used
[INFO] [stderr]   --> src/games/testgame.rs:23:12
[INFO] [stderr]    |
[INFO] [stderr] 22 | impl TestGame {
[INFO] [stderr]    | ------------- associated function in this implementation
[INFO] [stderr] 23 |     pub fn new() -> TestGame {
[INFO] [stderr]    |            ^^^
[INFO] [stderr]    |
[INFO] [stderr]    = note: `#[warn(dead_code)]` on by default
[INFO] [stderr] 
[INFO] [stderr] warning: enum `EntityType` is never used
[INFO] [stderr]   --> src/games/wizard_duel.rs:50:6
[INFO] [stderr]    |
[INFO] [stderr] 50 | enum EntityType {
[INFO] [stderr]    |      ^^^^^^^^^^
[INFO] [stderr] 
[INFO] [stderr] warning: field `collision_events` is never read
[INFO] [stderr]    --> src/games/wizard_duel.rs:133:5
[INFO] [stderr]     |
[INFO] [stderr] 131 | pub struct WizardDuel {
[INFO] [stderr]     |            ---------- field in this struct
[INFO] [stderr] 132 |     side_effects: Vec<SideEffect>,
[INFO] [stderr] 133 |     collision_events: Vec<CollisionEvent>,
[INFO] [stderr]     |     ^^^^^^^^^^^^^^^^
[INFO] [stderr]     |
[INFO] [stderr]     = note: `WizardDuel` has a derived impl for the trait `Debug`, but this is intentionally ignored during dead code analysis
[INFO] [stderr] 
[INFO] [stderr] warning: fields `subject_vel` and `object_vel` are never read
[INFO] [stderr]   --> src/systems/collision.rs:19:9
[INFO] [stderr]    |
[INFO] [stderr] 13 | pub struct CollisionEvent {
[INFO] [stderr]    |            -------------- fields in this struct
[INFO] [stderr] ...
[INFO] [stderr] 19 |     pub subject_vel: Vec2,
[INFO] [stderr]    |         ^^^^^^^^^^^
[INFO] [stderr] 20 |     pub object_vel: Vec2,
[INFO] [stderr]    |         ^^^^^^^^^^
[INFO] [stderr]    |
[INFO] [stderr]    = note: `CollisionEvent` has a derived impl for the trait `Debug`, but this is intentionally ignored during dead code analysis
[INFO] [stderr] 
[INFO] [stderr] warning: methods `dilate` and `dir_side` are never used
[INFO] [stderr]   --> src/rect.rs:24:12
[INFO] [stderr]    |
[INFO] [stderr] 13 | impl Rect {
[INFO] [stderr]    | --------- methods in this implementation
[INFO] [stderr] ...
[INFO] [stderr] 24 |     pub fn dilate(&self, d: f32) -> Rect {
[INFO] [stderr]    |            ^^^^^^
[INFO] [stderr] ...
[INFO] [stderr] 27 |     pub fn dir_side(&self, dir: Vec2) -> f32 {
[INFO] [stderr]    |            ^^^^^^^^
[INFO] [stderr] 
[INFO] [stderr] warning: variant `End` is never constructed
[INFO] [stderr]   --> src/scene_manager.rs:17:5
[INFO] [stderr]    |
[INFO] [stderr] 15 | pub enum Signal {
[INFO] [stderr]    |          ------ variant in this enum
[INFO] [stderr] 16 |     Victory(u32),
[INFO] [stderr] 17 |     End,
[INFO] [stderr]    |     ^^^
[INFO] [stderr] 
[INFO] [stderr] warning: methods `get_rect_2d`, `get_rect_1d`, and `get_position` are never used
[INFO] [stderr]   --> src/grid.rs:43:12
[INFO] [stderr]    |
[INFO] [stderr] 20 | impl Grid {
[INFO] [stderr]    | --------- methods in this implementation
[INFO] [stderr] ...
[INFO] [stderr] 43 |     pub fn get_rect_2d(&self, x: i32, y: i32) -> Rect {
[INFO] [stderr]    |            ^^^^^^^^^^^
[INFO] [stderr] ...
[INFO] [stderr] 52 |     pub fn get_rect_1d(&self, i: i32) -> Rect {
[INFO] [stderr]    |            ^^^^^^^^^^^
[INFO] [stderr] ...
[INFO] [stderr] 71 |     pub fn get_position(&self, v: Vec2) -> Option<Tile> {
[INFO] [stderr]    |            ^^^^^^^^^^^^
[INFO] [stderr] 
[INFO] [stderr] warning: methods `lerp`, `clamp`, `spread`, `dot`, and `proj` are never used
[INFO] [stderr]   --> src/vec2.rs:29:12
[INFO] [stderr]    |
[INFO] [stderr] 9  | impl Vec2 {
[INFO] [stderr]    | --------- methods in this implementation
[INFO] [stderr] ...
[INFO] [stderr] 29 |     pub fn lerp(&self, other: Vec2, t: f32) -> Vec2 { Vec2::new(self.x*(1.0-t) + other.x*(t), self.y*(1.0-t) + other.y*(t)) }
[INFO] [stderr]    |            ^^^^
[INFO] [stderr] ...
[INFO] [stderr] 36 |     pub fn clamp(&self, min: Vec2, max: Vec2) -> Vec2 {
[INFO] [stderr]    |            ^^^^^
[INFO] [stderr] ...
[INFO] [stderr] 51 |     pub fn spread(&self, amount: f32) -> Vec2 {
[INFO] [stderr]    |            ^^^^^^
[INFO] [stderr] ...
[INFO] [stderr] 56 |     pub fn dot(&self, other: Vec2) -> f32 {
[INFO] [stderr]    |            ^^^
[INFO] [stderr] ...
[INFO] [stderr] 60 |     pub fn proj(&self, other: Vec2) -> f32 {
[INFO] [stderr]    |            ^^^^
[INFO] [stderr] 
[INFO] [stderr] warning: methods `sub`, `add`, `div_scalar`, `magnitude`, `normalize`, and `lerp` are never used
[INFO] [stderr]   --> src/vec3.rs:13:12
[INFO] [stderr]    |
[INFO] [stderr] 10 | impl Vec3 {
[INFO] [stderr]    | --------- methods in this implementation
[INFO] [stderr] ...
[INFO] [stderr] 13 |     pub fn sub(&self, other: Vec3) -> Vec3 { Vec3::new(self.x - other.x, self.y - other.y, self.z - other.z) }
[INFO] [stderr]    |            ^^^
[INFO] [stderr] 14 |     pub fn add(&self, other: Vec3) -> Vec3 { Vec3::new(self.x + other.x, self.y + other.y, self.z + other.z) }
[INFO] [stderr]    |            ^^^
[INFO] [stderr] 15 |     pub fn mul_scalar(&self, scalar: f32) -> Vec3 { Vec3::new(self.x * scalar, self.y * scalar, self.z * scalar) }
[INFO] [stderr] 16 |     pub fn div_scalar(&self, scalar: f32) -> Vec3 { Vec3::new(self.x / scalar, self.y / scalar, self.z * scalar) }
[INFO] [stderr]    |            ^^^^^^^^^^
[INFO] [stderr] 17 |     pub fn magnitude(&self) -> f32 { (self.x*self.x + self.y*self.y + self.z*self.z).sqrt() }
[INFO] [stderr]    |            ^^^^^^^^^
[INFO] [stderr] 18 |     pub fn normalize(&self) -> Vec3 { self.div_scalar(self.magnitude()) }
[INFO] [stderr]    |            ^^^^^^^^^
[INFO] [stderr] 19 |     pub fn lerp(&self, other: Vec3, t: f32) -> Vec3 { Vec3::new(self.x*(1.0-t) + other.x*(t), self.y*(1.0-t) + other.y*(t), self.z*(1.0-t...
[INFO] [stderr]    |            ^^^^
[INFO] [stderr] 
[INFO] [stderr] warning: static variable `player_speed` should have an upper case name
[INFO] [stderr]   --> src/games/wizard_duel.rs:33:8
[INFO] [stderr]    |
[INFO] [stderr] 33 | static player_speed: f32 = 0.25;
[INFO] [stderr]    |        ^^^^^^^^^^^^ help: convert the identifier to upper case: `PLAYER_SPEED`
[INFO] [stderr]    |
[INFO] [stderr]    = note: `#[warn(non_upper_case_globals)]` on by default
[INFO] [stderr] 
[INFO] [stderr] warning: static variable `player_size` should have an upper case name
[INFO] [stderr]   --> src/games/wizard_duel.rs:34:8
[INFO] [stderr]    |
[INFO] [stderr] 34 | static player_size: f32 = 0.05;
[INFO] [stderr]    |        ^^^^^^^^^^^ help: convert the identifier to upper case: `PLAYER_SIZE`
[INFO] [stderr] 
[INFO] [stderr] warning: static variable `mana_bar_size` should have an upper case name
[INFO] [stderr]   --> src/games/wizard_duel.rs:36:8
[INFO] [stderr]    |
[INFO] [stderr] 36 | static mana_bar_size: f32 = 0.01;
[INFO] [stderr]    |        ^^^^^^^^^^^^^ help: convert the identifier to upper case: `MANA_BAR_SIZE`
[INFO] [stderr] 
[INFO] [stderr] warning: static variable `mana_bar_gap` should have an upper case name
[INFO] [stderr]   --> src/games/wizard_duel.rs:37:8
[INFO] [stderr]    |
[INFO] [stderr] 37 | static mana_bar_gap: f32 = 0.005;
[INFO] [stderr]    |        ^^^^^^^^^^^^ help: convert the identifier to upper case: `MANA_BAR_GAP`
[INFO] [stderr] 
[INFO] [stderr] warning: static variable `mana_cost_to_fire` should have an upper case name
[INFO] [stderr]   --> src/games/wizard_duel.rs:40:8
[INFO] [stderr]    |
[INFO] [stderr] 40 | static mana_cost_to_fire: f32 = 0.7;
[INFO] [stderr]    |        ^^^^^^^^^^^^^^^^^ help: convert the identifier to upper case: `MANA_COST_TO_FIRE`
[INFO] [stderr] 
[INFO] [stderr] warning: static variable `mana_regen` should have an upper case name
[INFO] [stderr]   --> src/games/wizard_duel.rs:41:8
[INFO] [stderr]    |
[INFO] [stderr] 41 | static mana_regen: f32 = 0.2;
[INFO] [stderr]    |        ^^^^^^^^^^ help: convert the identifier to upper case: `MANA_REGEN`
[INFO] [stderr] 
[INFO] [stderr] warning: static variable `projectile_s` should have an upper case name
[INFO] [stderr]   --> src/games/wizard_duel.rs:43:8
[INFO] [stderr]    |
[INFO] [stderr] 43 | static projectile_s: f32 = 0.025;
[INFO] [stderr]    |        ^^^^^^^^^^^^ help: convert the identifier to upper case: `PROJECTILE_S`
[INFO] [stderr] 
[INFO] [stderr] warning: static variable `projectile_speed` should have an upper case name
[INFO] [stderr]   --> src/games/wizard_duel.rs:44:8
[INFO] [stderr]    |
[INFO] [stderr] 44 | static projectile_speed: f32 = 0.4;
[INFO] [stderr]    |        ^^^^^^^^^^^^^^^^ help: convert the identifier to upper case: `PROJECTILE_SPEED`
[INFO] [stderr] 
[INFO] [stderr] warning: static variable `projectile_ttl` should have an upper case name
[INFO] [stderr]   --> src/games/wizard_duel.rs:45:8
[INFO] [stderr]    |
[INFO] [stderr] 45 | static projectile_ttl: f32 = 0.7;
[INFO] [stderr]    |        ^^^^^^^^^^^^^^ help: convert the identifier to upper case: `PROJECTILE_TTL`
[INFO] [stderr] 
[INFO] [stderr] warning: static variable `spawn_away_distance` should have an upper case name
[INFO] [stderr]   --> src/games/wizard_duel.rs:46:8
[INFO] [stderr]    |
[INFO] [stderr] 46 | static spawn_away_distance: f32 = 0.02;
[INFO] [stderr]    |        ^^^^^^^^^^^^^^^^^^^ help: convert the identifier to upper case: `SPAWN_AWAY_DISTANCE`
[INFO] [stderr] 
[INFO] [stderr] warning: static variable `player_colours` should have an upper case name
[INFO] [stderr]  --> src/players.rs:3:12
[INFO] [stderr]   |
[INFO] [stderr] 3 | pub static player_colours: [Vec3; 4] = [
[INFO] [stderr]   |            ^^^^^^^^^^^^^^ help: convert the identifier to upper case: `PLAYER_COLOURS`
[INFO] [stderr] 
[INFO] [stderr] warning: unused `Result` that must be used
[INFO] [stderr]   --> src/canvas.rs:41:9
[INFO] [stderr]    |
[INFO] [stderr] 41 |         self.sdl_canvas.fill_rect(sdl_rect);
[INFO] [stderr]    |         ^^^^^^^^^^^^^^^^^^^^^^^^^^^^^^^^^^^
[INFO] [stderr]    |
[INFO] [stderr]    = note: this `Result` may be an `Err` variant, which should be handled
[INFO] [stderr]    = note: `#[warn(unused_must_use)]` on by default
[INFO] [stderr] help: use `let _ = ...` to ignore the resulting value
[INFO] [stderr]    |
[INFO] [stderr] 41 |         let _ = self.sdl_canvas.fill_rect(sdl_rect);
[INFO] [stderr]    |         +++++++
[INFO] [stderr] 
[INFO] [stderr] warning: `rustparty` (bin "rustparty" test) generated 31 warnings (run `cargo fix --bin "rustparty" --tests` to apply 5 suggestions)
[INFO] [stderr]     Finished `test` profile [optimized + debuginfo] target(s) in 0.03s
[INFO] [stderr]      Running unittests src/main.rs (/opt/rustwide/target/debug/deps/rustparty-f0e0d438643268b4)
[INFO] [stdout] 
[INFO] [stdout] running 5 tests
[INFO] [stdout] test grid::test_raycast ... ok
[INFO] [stdout] test rect::test_intersection ... ok
[INFO] [stdout] test grid::test_grid ... ok
[INFO] [stdout] test rect::test_least_pen ... FAILED
[INFO] [stdout] test systems::collision::test_apply_movement ... FAILED
[INFO] [stdout] 
[INFO] [stdout] failures:
[INFO] [stdout] 
[INFO] [stdout] ---- rect::test_least_pen stdout ----
[INFO] [stdout] thread 'rect::test_least_pen' panicked at src/rect.rs:108:5:
[INFO] [stdout] assertion `left == right` failed
[INFO] [stdout]   left: Vec2 { x: -0.100000024, y: 0.0 }
[INFO] [stdout]  right: Vec2 { x: -0.1, y: 0.0 }
[INFO] [stdout] stack backtrace:
[INFO] [stdout]    0:     0x574cf4d9f80a - std::backtrace_rs::backtrace::libunwind::trace::h8810477743020387
[INFO] [stdout]                                at /rustc/202008a1b8de96d2e5b6bc02d379db03a877d34d/library/std/src/../../backtrace/src/backtrace/libunwind.rs:116:5
[INFO] [stdout]    1:     0x574cf4d9f80a - std::backtrace_rs::backtrace::trace_unsynchronized::h3aa55355dd6c54a6
[INFO] [stdout]                                at /rustc/202008a1b8de96d2e5b6bc02d379db03a877d34d/library/std/src/../../backtrace/src/backtrace/mod.rs:66:5
[INFO] [stdout]    2:     0x574cf4d9f80a - std::sys::backtrace::_print_fmt::h8588b0f62410823f
[INFO] [stdout]                                at /rustc/202008a1b8de96d2e5b6bc02d379db03a877d34d/library/std/src/sys/backtrace.rs:66:9
[INFO] [stdout]    3:     0x574cf4d9f80a - <std::sys::backtrace::BacktraceLock::print::DisplayBacktrace as core::fmt::Display>::fmt::h98c26ac25ffe89bb
[INFO] [stdout]                                at /rustc/202008a1b8de96d2e5b6bc02d379db03a877d34d/library/std/src/sys/backtrace.rs:39:26
[INFO] [stdout]    4:     0x574cf4dc60a3 - core::fmt::rt::Argument::fmt::hf95377f4aebd453b
[INFO] [stdout]                                at /rustc/202008a1b8de96d2e5b6bc02d379db03a877d34d/library/core/src/fmt/rt.rs:177:76
[INFO] [stdout]    5:     0x574cf4dc60a3 - core::fmt::write::h0dd5f6e2238c7982
[INFO] [stdout]                                at /rustc/202008a1b8de96d2e5b6bc02d379db03a877d34d/library/core/src/fmt/mod.rs:1189:21
[INFO] [stdout]    6:     0x574cf4d9c9a3 - std::io::Write::write_fmt::h03bb0ca26e6faf8c
[INFO] [stdout]                                at /rustc/202008a1b8de96d2e5b6bc02d379db03a877d34d/library/std/src/io/mod.rs:1884:15
[INFO] [stdout]    7:     0x574cf4d9f652 - std::sys::backtrace::BacktraceLock::print::h5c19c1c038ee186d
[INFO] [stdout]                                at /rustc/202008a1b8de96d2e5b6bc02d379db03a877d34d/library/std/src/sys/backtrace.rs:42:9
[INFO] [stdout]    8:     0x574cf4da0c8d - std::panicking::default_hook::{{closure}}::h77172f079a1fcb13
[INFO] [stdout]                                at /rustc/202008a1b8de96d2e5b6bc02d379db03a877d34d/library/std/src/panicking.rs:268:22
[INFO] [stdout]    9:     0x574cf4da0a97 - std::panicking::default_hook::he5f8e3b203ccddba
[INFO] [stdout]                                at /rustc/202008a1b8de96d2e5b6bc02d379db03a877d34d/library/std/src/panicking.rs:292:9
[INFO] [stdout]   10:     0x574cf4d6a227 - <alloc::boxed::Box<F,A> as core::ops::function::Fn<Args>>::call::h7a3c7b4a1ae77f2f
[INFO] [stdout]                                at /rustc/202008a1b8de96d2e5b6bc02d379db03a877d34d/library/alloc/src/boxed.rs:1986:9
[INFO] [stdout]   11:     0x574cf4d6a227 - test::test_main::{{closure}}::hf0d3b69ae9b353d1
[INFO] [stdout]                                at /rustc/202008a1b8de96d2e5b6bc02d379db03a877d34d/library/test/src/lib.rs:134:21
[INFO] [stdout]   12:     0x574cf4da1338 - <alloc::boxed::Box<F,A> as core::ops::function::Fn<Args>>::call::h6332e82e7b189abd
[INFO] [stdout]                                at /rustc/202008a1b8de96d2e5b6bc02d379db03a877d34d/library/alloc/src/boxed.rs:1986:9
[INFO] [stdout]   13:     0x574cf4da1338 - std::panicking::rust_panic_with_hook::h53863d4e9018df39
[INFO] [stdout]                                at /rustc/202008a1b8de96d2e5b6bc02d379db03a877d34d/library/std/src/panicking.rs:809:13
[INFO] [stdout]   14:     0x574cf4da10fa - std::panicking::begin_panic_handler::{{closure}}::h67280e6fa0757873
[INFO] [stdout]                                at /rustc/202008a1b8de96d2e5b6bc02d379db03a877d34d/library/std/src/panicking.rs:674:13
[INFO] [stdout]   15:     0x574cf4d9fce9 - std::sys::backtrace::__rust_end_short_backtrace::h1dac3f54d6fbbeb2
[INFO] [stdout]                                at /rustc/202008a1b8de96d2e5b6bc02d379db03a877d34d/library/std/src/sys/backtrace.rs:170:18
[INFO] [stdout]   16:     0x574cf4da0d8c - rust_begin_unwind
[INFO] [stdout]                                at /rustc/202008a1b8de96d2e5b6bc02d379db03a877d34d/library/std/src/panicking.rs:665:5
[INFO] [stdout]   17:     0x574cf4d2c3d0 - core::panicking::panic_fmt::h6792bd1b2bf01041
[INFO] [stdout]                                at /rustc/202008a1b8de96d2e5b6bc02d379db03a877d34d/library/core/src/panicking.rs:76:14
[INFO] [stdout]   18:     0x574cf4d2c734 - core::panicking::assert_failed_inner::hf2c17e6d30928787
[INFO] [stdout]   19:     0x574cf4d298de - core::panicking::assert_failed::h3764b75779cc7cfe
[INFO] [stdout]                                at /rustc/202008a1b8de96d2e5b6bc02d379db03a877d34d/library/core/src/panicking.rs:373:5
[INFO] [stdout]   20:     0x574cf4d2cf2b - rustparty::rect::test_least_pen::ha45b78e0fa197c51
[INFO] [stdout]   21:     0x574cf4d2cf2b - rustparty::rect::test_least_pen::{{closure}}::heecd2074ac58fea0
[INFO] [stdout]                                at /opt/rustwide/workdir/src/rect.rs:104:20
[INFO] [stdout]   22:     0x574cf4d2cf2b - core::ops::function::FnOnce::call_once::h680fa10b1539eff0
[INFO] [stdout]                                at /rustc/202008a1b8de96d2e5b6bc02d379db03a877d34d/library/core/src/ops/function.rs:250:5
[INFO] [stdout]   23:     0x574cf4d6ed4b - core::ops::function::FnOnce::call_once::h871bf86719ec9aa4
[INFO] [stdout]                                at /rustc/202008a1b8de96d2e5b6bc02d379db03a877d34d/library/core/src/ops/function.rs:250:5
[INFO] [stdout]   24:     0x574cf4d6ed4b - test::__rust_begin_short_backtrace::h2167df1e2b7d76fd
[INFO] [stdout]                                at /rustc/202008a1b8de96d2e5b6bc02d379db03a877d34d/library/test/src/lib.rs:632:18
[INFO] [stdout]   25:     0x574cf4d6e738 - test::run_test_in_process::{{closure}}::h15d92f75a3adfb79
[INFO] [stdout]                                at /rustc/202008a1b8de96d2e5b6bc02d379db03a877d34d/library/test/src/lib.rs:655:60
[INFO] [stdout]   26:     0x574cf4d6e738 - <core::panic::unwind_safe::AssertUnwindSafe<F> as core::ops::function::FnOnce<()>>::call_once::hb6c8955835a8dbbb
[INFO] [stdout]                                at /rustc/202008a1b8de96d2e5b6bc02d379db03a877d34d/library/core/src/panic/unwind_safe.rs:272:9
[INFO] [stdout]   27:     0x574cf4d6e738 - std::panicking::try::do_call::hc79d0fc888a0bd30
[INFO] [stdout]                                at /rustc/202008a1b8de96d2e5b6bc02d379db03a877d34d/library/std/src/panicking.rs:557:40
[INFO] [stdout]   28:     0x574cf4d6e738 - std::panicking::try::hb8a7878e3a8589d6
[INFO] [stdout]                                at /rustc/202008a1b8de96d2e5b6bc02d379db03a877d34d/library/std/src/panicking.rs:520:19
[INFO] [stdout]   29:     0x574cf4d6e738 - std::panic::catch_unwind::hb8e4600ff0ff5cfa
[INFO] [stdout]                                at /rustc/202008a1b8de96d2e5b6bc02d379db03a877d34d/library/std/src/panic.rs:358:14
[INFO] [stdout]   30:     0x574cf4d6e738 - test::run_test_in_process::hc2900b0b18688dd6
[INFO] [stdout]                                at /rustc/202008a1b8de96d2e5b6bc02d379db03a877d34d/library/test/src/lib.rs:655:27
[INFO] [stdout]   31:     0x574cf4d6e738 - test::run_test::{{closure}}::hac2a9cb07be3d48d
[INFO] [stdout]                                at /rustc/202008a1b8de96d2e5b6bc02d379db03a877d34d/library/test/src/lib.rs:576:43
[INFO] [stdout]   32:     0x574cf4d321da - test::run_test::{{closure}}::h4a5b729e66a38cd8
[INFO] [stdout]                                at /rustc/202008a1b8de96d2e5b6bc02d379db03a877d34d/library/test/src/lib.rs:606:41
[INFO] [stdout]   33:     0x574cf4d321da - std::sys::backtrace::__rust_begin_short_backtrace::h0496fb742492f573
[INFO] [stdout]                                at /rustc/202008a1b8de96d2e5b6bc02d379db03a877d34d/library/std/src/sys/backtrace.rs:154:18
[INFO] [stdout]   34:     0x574cf4d35b54 - std::thread::Builder::spawn_unchecked_::{{closure}}::{{closure}}::hbb6d257c550a54bd
[INFO] [stdout]                                at /rustc/202008a1b8de96d2e5b6bc02d379db03a877d34d/library/std/src/thread/mod.rs:561:17
[INFO] [stdout]   35:     0x574cf4d35b54 - <core::panic::unwind_safe::AssertUnwindSafe<F> as core::ops::function::FnOnce<()>>::call_once::h46696fe4a6832328
[INFO] [stdout]                                at /rustc/202008a1b8de96d2e5b6bc02d379db03a877d34d/library/core/src/panic/unwind_safe.rs:272:9
[INFO] [stdout]   36:     0x574cf4d35b54 - std::panicking::try::do_call::h2625a51b667bfb64
[INFO] [stdout]                                at /rustc/202008a1b8de96d2e5b6bc02d379db03a877d34d/library/std/src/panicking.rs:557:40
[INFO] [stdout]   37:     0x574cf4d35b54 - std::panicking::try::hb956a59a1973aa4c
[INFO] [stdout]                                at /rustc/202008a1b8de96d2e5b6bc02d379db03a877d34d/library/std/src/panicking.rs:520:19
[INFO] [stdout]   38:     0x574cf4d35b54 - std::panic::catch_unwind::h64f3b9d1067ef6a0
[INFO] [stdout]                                at /rustc/202008a1b8de96d2e5b6bc02d379db03a877d34d/library/std/src/panic.rs:358:14
[INFO] [stdout]   39:     0x574cf4d35b54 - std::thread::Builder::spawn_unchecked_::{{closure}}::h42b2841295b6c0b2
[INFO] [stdout]                                at /rustc/202008a1b8de96d2e5b6bc02d379db03a877d34d/library/std/src/thread/mod.rs:559:30
[INFO] [stdout]   40:     0x574cf4d35b54 - core::ops::function::FnOnce::call_once{{vtable.shim}}::h6127de71b8124639
[INFO] [stdout]                                at /rustc/202008a1b8de96d2e5b6bc02d379db03a877d34d/library/core/src/ops/function.rs:250:5
[INFO] [stdout]   41:     0x574cf4da527b - <alloc::boxed::Box<F,A> as core::ops::function::FnOnce<Args>>::call_once::h42f0ba71002a1b2c
[INFO] [stdout]                                at /rustc/202008a1b8de96d2e5b6bc02d379db03a877d34d/library/alloc/src/boxed.rs:1972:9
[INFO] [stdout]   42:     0x574cf4da527b - <alloc::boxed::Box<F,A> as core::ops::function::FnOnce<Args>>::call_once::had9e47d7a3dcecb8
[INFO] [stdout]                                at /rustc/202008a1b8de96d2e5b6bc02d379db03a877d34d/library/alloc/src/boxed.rs:1972:9
[INFO] [stdout]   43:     0x574cf4da527b - std::sys::pal::unix::thread::Thread::new::thread_start::h48cf765408f6f5f2
[INFO] [stdout]                                at /rustc/202008a1b8de96d2e5b6bc02d379db03a877d34d/library/std/src/sys/pal/unix/thread.rs:105:17
[INFO] [stdout]   44:     0x7de0e9bfaac3 - <unknown>
[INFO] [stdout]   45:     0x7de0e9c8ba04 - clone
[INFO] [stdout]   46:                0x0 - <unknown>
[INFO] [stdout] 
[INFO] [stdout] ---- systems::collision::test_apply_movement stdout ----
[INFO] [stdout] collisions: [CollisionEvent { subject: 1, object: 0, dir: Vec2 { x: 0.0, y: 0.0 }, subject_rect: Rect { x: 1.5, y: 0.0, w: 1.0, h: 1.0 }, object_rect: Rect { x: 0.0, y: 0.0, w: 1.0, h: 1.0 }, subject_vel: Vec2 { x: 0.0, y: 0.0 }, object_vel: Vec2 { x: 1.0, y: 0.0 } }, CollisionEvent { subject: 0, object: 1, dir: Vec2 { x: 0.0, y: 0.0 }, subject_rect: Rect { x: 0.0, y: 0.0, w: 1.0, h: 1.0 }, object_rect: Rect { x: 1.5, y: 0.0, w: 1.0, h: 1.0 }, subject_vel: Vec2 { x: 1.0, y: 0.0 }, object_vel: Vec2 { x: 0.0, y: 0.0 } }]
[INFO] [stdout] before movt: {1: PhysicsComponent { aabb: Rect { x: 1.5, y: 0.0, w: 1.0, h: 1.0 }, vel: Vec2 { x: 0.0, y: 0.0 } }, 0: PhysicsComponent { aabb: Rect { x: 0.0, y: 0.0, w: 1.0, h: 1.0 }, vel: Vec2 { x: 1.0, y: 0.0 } }}
[INFO] [stdout] after movt: {1: PhysicsComponent { aabb: Rect { x: 1.5, y: 0.0, w: 1.0, h: 1.0 }, vel: Vec2 { x: 0.0, y: 0.0 } }, 0: PhysicsComponent { aabb: Rect { x: 1.0, y: 0.0, w: 1.0, h: 1.0 }, vel: Vec2 { x: 1.0, y: 0.0 } }}
[INFO] [stdout] thread 'systems::collision::test_apply_movement' panicked at src/systems/collision.rs:109:5:
[INFO] [stdout] assertion `left == right` failed
[INFO] [stdout]   left: 1.0
[INFO] [stdout]  right: 0.5
[INFO] [stdout] stack backtrace:
[INFO] [stdout]    0:     0x574cf4d9f80a - std::backtrace_rs::backtrace::libunwind::trace::h8810477743020387
[INFO] [stdout]                                at /rustc/202008a1b8de96d2e5b6bc02d379db03a877d34d/library/std/src/../../backtrace/src/backtrace/libunwind.rs:116:5
[INFO] [stdout]    1:     0x574cf4d9f80a - std::backtrace_rs::backtrace::trace_unsynchronized::h3aa55355dd6c54a6
[INFO] [stdout]                                at /rustc/202008a1b8de96d2e5b6bc02d379db03a877d34d/library/std/src/../../backtrace/src/backtrace/mod.rs:66:5
[INFO] [stdout]    2:     0x574cf4d9f80a - std::sys::backtrace::_print_fmt::h8588b0f62410823f
[INFO] [stdout]                                at /rustc/202008a1b8de96d2e5b6bc02d379db03a877d34d/library/std/src/sys/backtrace.rs:66:9
[INFO] [stdout]    3:     0x574cf4d9f80a - <std::sys::backtrace::BacktraceLock::print::DisplayBacktrace as core::fmt::Display>::fmt::h98c26ac25ffe89bb
[INFO] [stdout]                                at /rustc/202008a1b8de96d2e5b6bc02d379db03a877d34d/library/std/src/sys/backtrace.rs:39:26
[INFO] [stdout]    4:     0x574cf4dc60a3 - core::fmt::rt::Argument::fmt::hf95377f4aebd453b
[INFO] [stdout]                                at /rustc/202008a1b8de96d2e5b6bc02d379db03a877d34d/library/core/src/fmt/rt.rs:177:76
[INFO] [stdout]    5:     0x574cf4dc60a3 - core::fmt::write::h0dd5f6e2238c7982
[INFO] [stdout]                                at /rustc/202008a1b8de96d2e5b6bc02d379db03a877d34d/library/core/src/fmt/mod.rs:1189:21
[INFO] [stdout]    6:     0x574cf4d9c9a3 - std::io::Write::write_fmt::h03bb0ca26e6faf8c
[INFO] [stdout]                                at /rustc/202008a1b8de96d2e5b6bc02d379db03a877d34d/library/std/src/io/mod.rs:1884:15
[INFO] [stdout]    7:     0x574cf4d9f652 - std::sys::backtrace::BacktraceLock::print::h5c19c1c038ee186d
[INFO] [stdout]                                at /rustc/202008a1b8de96d2e5b6bc02d379db03a877d34d/library/std/src/sys/backtrace.rs:42:9
[INFO] [stdout]    8:     0x574cf4da0c8d - std::panicking::default_hook::{{closure}}::h77172f079a1fcb13
[INFO] [stdout]                                at /rustc/202008a1b8de96d2e5b6bc02d379db03a877d34d/library/std/src/panicking.rs:268:22
[INFO] [stdout]    9:     0x574cf4da0a97 - std::panicking::default_hook::he5f8e3b203ccddba
[INFO] [stdout]                                at /rustc/202008a1b8de96d2e5b6bc02d379db03a877d34d/library/std/src/panicking.rs:292:9
[INFO] [stdout]   10:     0x574cf4d6a227 - <alloc::boxed::Box<F,A> as core::ops::function::Fn<Args>>::call::h7a3c7b4a1ae77f2f
[INFO] [stdout]                                at /rustc/202008a1b8de96d2e5b6bc02d379db03a877d34d/library/alloc/src/boxed.rs:1986:9
[INFO] [stdout]   11:     0x574cf4d6a227 - test::test_main::{{closure}}::hf0d3b69ae9b353d1
[INFO] [stdout]                                at /rustc/202008a1b8de96d2e5b6bc02d379db03a877d34d/library/test/src/lib.rs:134:21
[INFO] [stdout]   12:     0x574cf4da1338 - <alloc::boxed::Box<F,A> as core::ops::function::Fn<Args>>::call::h6332e82e7b189abd
[INFO] [stdout]                                at /rustc/202008a1b8de96d2e5b6bc02d379db03a877d34d/library/alloc/src/boxed.rs:1986:9
[INFO] [stdout]   13:     0x574cf4da1338 - std::panicking::rust_panic_with_hook::h53863d4e9018df39
[INFO] [stdout]                                at /rustc/202008a1b8de96d2e5b6bc02d379db03a877d34d/library/std/src/panicking.rs:809:13
[INFO] [stdout]   14:     0x574cf4da10fa - std::panicking::begin_panic_handler::{{closure}}::h67280e6fa0757873
[INFO] [stdout]                                at /rustc/202008a1b8de96d2e5b6bc02d379db03a877d34d/library/std/src/panicking.rs:674:13
[INFO] [stdout]   15:     0x574cf4d9fce9 - std::sys::backtrace::__rust_end_short_backtrace::h1dac3f54d6fbbeb2
[INFO] [stdout]                                at /rustc/202008a1b8de96d2e5b6bc02d379db03a877d34d/library/std/src/sys/backtrace.rs:170:18
[INFO] [stdout]   16:     0x574cf4da0d8c - rust_begin_unwind
[INFO] [stdout]                                at /rustc/202008a1b8de96d2e5b6bc02d379db03a877d34d/library/std/src/panicking.rs:665:5
[INFO] [stdout]   17:     0x574cf4d2c3d0 - core::panicking::panic_fmt::h6792bd1b2bf01041
[INFO] [stdout]                                at /rustc/202008a1b8de96d2e5b6bc02d379db03a877d34d/library/core/src/panicking.rs:76:14
[INFO] [stdout]   18:     0x574cf4d2c734 - core::panicking::assert_failed_inner::hf2c17e6d30928787
[INFO] [stdout]   19:     0x574cf4d2993f - core::panicking::assert_failed::h8bcce22548bc2556
[INFO] [stdout]                                at /rustc/202008a1b8de96d2e5b6bc02d379db03a877d34d/library/core/src/panicking.rs:373:5
[INFO] [stdout]   20:     0x574cf4d30484 - rustparty::systems::collision::test_apply_movement::h0bd55fee438c890e
[INFO] [stdout]                                at /opt/rustwide/workdir/src/systems/collision.rs:109:5
[INFO] [stdout]   21:     0x574cf4d2ce39 - rustparty::systems::collision::test_apply_movement::{{closure}}::ha4969590cf6b675e
[INFO] [stdout]                                at /opt/rustwide/workdir/src/systems/collision.rs:95:25
[INFO] [stdout]   22:     0x574cf4d2ce39 - core::ops::function::FnOnce::call_once::h35950113a72ee0ee
[INFO] [stdout]                                at /rustc/202008a1b8de96d2e5b6bc02d379db03a877d34d/library/core/src/ops/function.rs:250:5
[INFO] [stdout]   23:     0x574cf4d6ed4b - core::ops::function::FnOnce::call_once::h871bf86719ec9aa4
[INFO] [stdout]                                at /rustc/202008a1b8de96d2e5b6bc02d379db03a877d34d/library/core/src/ops/function.rs:250:5
[INFO] [stdout]   24:     0x574cf4d6ed4b - test::__rust_begin_short_backtrace::h2167df1e2b7d76fd
[INFO] [stdout]                                at /rustc/202008a1b8de96d2e5b6bc02d379db03a877d34d/library/test/src/lib.rs:632:18
[INFO] [stdout]   25:     0x574cf4d6e738 - test::run_test_in_process::{{closure}}::h15d92f75a3adfb79
[INFO] [stdout]                                at /rustc/202008a1b8de96d2e5b6bc02d379db03a877d34d/library/test/src/lib.rs:655:60
[INFO] [stdout]   26:     0x574cf4d6e738 - <core::panic::unwind_safe::AssertUnwindSafe<F> as core::ops::function::FnOnce<()>>::call_once::hb6c8955835a8dbbb
[INFO] [stdout]                                at /rustc/202008a1b8de96d2e5b6bc02d379db03a877d34d/library/core/src/panic/unwind_safe.rs:272:9
[INFO] [stdout]   27:     0x574cf4d6e738 - std::panicking::try::do_call::hc79d0fc888a0bd30
[INFO] [stdout]                                at /rustc/202008a1b8de96d2e5b6bc02d379db03a877d34d/library/std/src/panicking.rs:557:40
[INFO] [stdout]   28:     0x574cf4d6e738 - std::panicking::try::hb8a7878e3a8589d6
[INFO] [stdout]                                at /rustc/202008a1b8de96d2e5b6bc02d379db03a877d34d/library/std/src/panicking.rs:520:19
[INFO] [stdout]   29:     0x574cf4d6e738 - std::panic::catch_unwind::hb8e4600ff0ff5cfa
[INFO] [stdout]                                at /rustc/202008a1b8de96d2e5b6bc02d379db03a877d34d/library/std/src/panic.rs:358:14
[INFO] [stdout]   30:     0x574cf4d6e738 - test::run_test_in_process::hc2900b0b18688dd6
[INFO] [stdout]                                at /rustc/202008a1b8de96d2e5b6bc02d379db03a877d34d/library/test/src/lib.rs:655:27
[INFO] [stdout]   31:     0x574cf4d6e738 - test::run_test::{{closure}}::hac2a9cb07be3d48d
[INFO] [stdout]                                at /rustc/202008a1b8de96d2e5b6bc02d379db03a877d34d/library/test/src/lib.rs:576:43
[INFO] [stdout]   32:     0x574cf4d321da - test::run_test::{{closure}}::h4a5b729e66a38cd8
[INFO] [stdout]                                at /rustc/202008a1b8de96d2e5b6bc02d379db03a877d34d/library/test/src/lib.rs:606:41
[INFO] [stdout]   33:     0x574cf4d321da - std::sys::backtrace::__rust_begin_short_backtrace::h0496fb742492f573
[INFO] [stdout]                                at /rustc/202008a1b8de96d2e5b6bc02d379db03a877d34d/library/std/src/sys/backtrace.rs:154:18
[INFO] [stdout]   34:     0x574cf4d35b54 - std::thread::Builder::spawn_unchecked_::{{closure}}::{{closure}}::hbb6d257c550a54bd
[INFO] [stdout]                                at /rustc/202008a1b8de96d2e5b6bc02d379db03a877d34d/library/std/src/thread/mod.rs:561:17
[INFO] [stdout]   35:     0x574cf4d35b54 - <core::panic::unwind_safe::AssertUnwindSafe<F> as core::ops::function::FnOnce<()>>::call_once::h46696fe4a6832328
[INFO] [stdout]                                at /rustc/202008a1b8de96d2e5b6bc02d379db03a877d34d/library/core/src/panic/unwind_safe.rs:272:9
[INFO] [stdout]   36:     0x574cf4d35b54 - std::panicking::try::do_call::h2625a51b667bfb64
[INFO] [stdout]                                at /rustc/202008a1b8de96d2e5b6bc02d379db03a877d34d/library/std/src/panicking.rs:557:40
[INFO] [stdout]   37:     0x574cf4d35b54 - std::panicking::try::hb956a59a1973aa4c
[INFO] [stdout]                                at /rustc/202008a1b8de96d2e5b6bc02d379db03a877d34d/library/std/src/panicking.rs:520:19
[INFO] [stdout]   38:     0x574cf4d35b54 - std::panic::catch_unwind::h64f3b9d1067ef6a0
[INFO] [stdout]                                at /rustc/202008a1b8de96d2e5b6bc02d379db03a877d34d/library/std/src/panic.rs:358:14
[INFO] [stdout]   39:     0x574cf4d35b54 - std::thread::Builder::spawn_unchecked_::{{closure}}::h42b2841295b6c0b2
[INFO] [stdout]                                at /rustc/202008a1b8de96d2e5b6bc02d379db03a877d34d/library/std/src/thread/mod.rs:559:30
[INFO] [stdout]   40:     0x574cf4d35b54 - core::ops::function::FnOnce::call_once{{vtable.shim}}::h6127de71b8124639
[INFO] [stdout]                                at /rustc/202008a1b8de96d2e5b6bc02d379db03a877d34d/library/core/src/ops/function.rs:250:5
[INFO] [stdout]   41:     0x574cf4da527b - <alloc::boxed::Box<F,A> as core::ops::function::FnOnce<Args>>::call_once::h42f0ba71002a1b2c
[INFO] [stdout]                                at /rustc/202008a1b8de96d2e5b6bc02d379db03a877d34d/library/alloc/src/boxed.rs:1972:9
[INFO] [stdout]   42:     0x574cf4da527b - <alloc::boxed::Box<F,A> as core::ops::function::FnOnce<Args>>::call_once::had9e47d7a3dcecb8
[INFO] [stdout]                                at /rustc/202008a1b8de96d2e5b6bc02d379db03a877d34d/library/alloc/src/boxed.rs:1972:9
[INFO] [stdout]   43:     0x574cf4da527b - std::sys::pal::unix::thread::Thread::new::thread_start::h48cf765408f6f5f2
[INFO] [stdout]                                at /rustc/202008a1b8de96d2e5b6bc02d379db03a877d34d/library/std/src/sys/pal/unix/thread.rs:105:17
[INFO] [stdout]   44:     0x7de0e9bfaac3 - <unknown>
[INFO] [stdout]   45:     0x7de0e9c8ba04 - clone
[INFO] [stdout]   46:                0x0 - <unknown>
[INFO] [stdout] 
[INFO] [stdout] 
[INFO] [stdout] failures:
[INFO] [stdout]     rect::test_least_pen
[INFO] [stdout]     systems::collision::test_apply_movement
[INFO] [stdout] 
[INFO] [stdout] test result: FAILED. 3 passed; 2 failed; 0 ignored; 0 measured; 0 filtered out; finished in 0.04s
[INFO] [stdout] 
[INFO] [stderr] error: test failed, to rerun pass `--bin rustparty`
[INFO] running `Command { std: "docker" "inspect" "7a67fbba5219e0c02a38c43f04c95b2a4f72c257774cd16f13e0e32abbaa7743", kill_on_drop: false }`
[INFO] running `Command { std: "docker" "rm" "-f" "7a67fbba5219e0c02a38c43f04c95b2a4f72c257774cd16f13e0e32abbaa7743", kill_on_drop: false }`
[INFO] [stdout] 7a67fbba5219e0c02a38c43f04c95b2a4f72c257774cd16f13e0e32abbaa7743
