[INFO] cloning repository https://github.com/kecskemeti/dbce
[INFO] running `Command { std: "git" "-c" "credential.helper=" "-c" "credential.helper=/workspace/cargo-home/bin/git-credential-null" "clone" "--bare" "https://github.com/kecskemeti/dbce" "/workspace/cache/git-repos/https%3A%2F%2Fgithub.com%2Fkecskemeti%2Fdbce", kill_on_drop: false }`
[INFO] [stderr] Cloning into bare repository '/workspace/cache/git-repos/https%3A%2F%2Fgithub.com%2Fkecskemeti%2Fdbce'...
[INFO] running `Command { std: "git" "rev-parse" "HEAD", kill_on_drop: false }`
[INFO] [stdout] a0778a93a80862dd53bf0972e535696934471673
[INFO] testing kecskemeti/dbce against beta-2024-12-08 for beta-1.84.0-4-retry
[INFO] running `Command { std: "git" "clone" "/workspace/cache/git-repos/https%3A%2F%2Fgithub.com%2Fkecskemeti%2Fdbce" "/workspace/builds/worker-2-tc2/source", kill_on_drop: false }`
[INFO] [stderr] Cloning into '/workspace/builds/worker-2-tc2/source'...
[INFO] [stderr] done.
[INFO] validating manifest of git repo https://github.com/kecskemeti/dbce on toolchain beta-2024-12-08
[INFO] running `Command { std: CARGO_HOME="/workspace/cargo-home" RUSTUP_HOME="/workspace/rustup-home" "/workspace/cargo-home/bin/cargo" "+beta-2024-12-08" "metadata" "--manifest-path" "Cargo.toml" "--no-deps", kill_on_drop: false }`
[INFO] removed /workspace/builds/worker-2-tc2/source/.cargo/config.toml
[INFO] started tweaking git repo https://github.com/kecskemeti/dbce
[INFO] finished tweaking git repo https://github.com/kecskemeti/dbce
[INFO] tweaked toml for git repo https://github.com/kecskemeti/dbce written to /workspace/builds/worker-2-tc2/source/Cargo.toml
[INFO] crate git repo https://github.com/kecskemeti/dbce already has a lockfile, it will not be regenerated
[INFO] running `Command { std: CARGO_HOME="/workspace/cargo-home" RUSTUP_HOME="/workspace/rustup-home" "/workspace/cargo-home/bin/cargo" "+beta-2024-12-08" "fetch" "--manifest-path" "Cargo.toml", kill_on_drop: false }`
[INFO] [stderr]     Blocking waiting for file lock on package cache
[INFO] [stderr]     Blocking waiting for file lock on package cache
[INFO] running `Command { std: "docker" "create" "-v" "/var/lib/crater-agent-workspace/builds/worker-2-tc2/target:/opt/rustwide/target:rw,Z" "-v" "/var/lib/crater-agent-workspace/builds/worker-2-tc2/source:/opt/rustwide/workdir:ro,Z" "-v" "/var/lib/crater-agent-workspace/cargo-home:/opt/rustwide/cargo-home:ro,Z" "-v" "/var/lib/crater-agent-workspace/rustup-home:/opt/rustwide/rustup-home:ro,Z" "-e" "SOURCE_DIR=/opt/rustwide/workdir" "-e" "CARGO_TARGET_DIR=/opt/rustwide/target" "-e" "CARGO_HOME=/opt/rustwide/cargo-home" "-e" "RUSTUP_HOME=/opt/rustwide/rustup-home" "-w" "/opt/rustwide/workdir" "-m" "1610612736" "--user" "0:0" "--network" "none" "ghcr.io/rust-lang/crates-build-env/linux@sha256:f3a9d4ad9d972b27faf3965f35b62e55ba32bbce8f20bc8fe909558a86702fde" "/opt/rustwide/cargo-home/bin/cargo" "+beta-2024-12-08" "metadata" "--no-deps" "--format-version=1", kill_on_drop: false }`
[INFO] [stdout] a5d85eed8e79b3855f0e1b9deea6d04b42b70a641728a6d9401f32fc7cfbe88d
[INFO] running `Command { std: "docker" "start" "-a" "a5d85eed8e79b3855f0e1b9deea6d04b42b70a641728a6d9401f32fc7cfbe88d", kill_on_drop: false }`
[INFO] running `Command { std: "docker" "inspect" "a5d85eed8e79b3855f0e1b9deea6d04b42b70a641728a6d9401f32fc7cfbe88d", kill_on_drop: false }`
[INFO] running `Command { std: "docker" "rm" "-f" "a5d85eed8e79b3855f0e1b9deea6d04b42b70a641728a6d9401f32fc7cfbe88d", kill_on_drop: false }`
[INFO] [stdout] a5d85eed8e79b3855f0e1b9deea6d04b42b70a641728a6d9401f32fc7cfbe88d
[INFO] running `Command { std: "docker" "create" "-v" "/var/lib/crater-agent-workspace/builds/worker-2-tc2/target:/opt/rustwide/target:rw,Z" "-v" "/var/lib/crater-agent-workspace/builds/worker-2-tc2/source:/opt/rustwide/workdir:ro,Z" "-v" "/var/lib/crater-agent-workspace/cargo-home:/opt/rustwide/cargo-home:ro,Z" "-v" "/var/lib/crater-agent-workspace/rustup-home:/opt/rustwide/rustup-home:ro,Z" "-e" "SOURCE_DIR=/opt/rustwide/workdir" "-e" "CARGO_TARGET_DIR=/opt/rustwide/target" "-e" "CARGO_INCREMENTAL=0" "-e" "RUST_BACKTRACE=full" "-e" "RUSTFLAGS=--cap-lints=warn" "-e" "RUSTDOCFLAGS=--cap-lints=warn" "-e" "CARGO_HOME=/opt/rustwide/cargo-home" "-e" "RUSTUP_HOME=/opt/rustwide/rustup-home" "-w" "/opt/rustwide/workdir" "-m" "1610612736" "--user" "0:0" "--network" "none" "ghcr.io/rust-lang/crates-build-env/linux@sha256:f3a9d4ad9d972b27faf3965f35b62e55ba32bbce8f20bc8fe909558a86702fde" "/opt/rustwide/cargo-home/bin/cargo" "+beta-2024-12-08" "build" "--frozen" "--message-format=json", kill_on_drop: false }`
[INFO] [stdout] e2155f1635ab1bec8a96d4b7cc3136cf723a23d4b16407e232c4a76321f57d58
[INFO] running `Command { std: "docker" "start" "-a" "e2155f1635ab1bec8a96d4b7cc3136cf723a23d4b16407e232c4a76321f57d58", kill_on_drop: false }`
[INFO] [stderr]    Compiling libc v0.2.147
[INFO] [stderr]    Compiling proc-macro2 v1.0.66
[INFO] [stderr]    Compiling unicode-ident v1.0.11
[INFO] [stderr]    Compiling scopeguard v1.2.0
[INFO] [stderr]    Compiling lock_api v0.4.10
[INFO] [stderr]    Compiling smallvec v1.11.0
[INFO] [stderr]    Compiling futures-core v0.3.28
[INFO] [stderr]    Compiling once_cell v1.18.0
[INFO] [stderr]    Compiling parking_lot_core v0.9.8
[INFO] [stderr]    Compiling futures-task v0.3.28
[INFO] [stderr]    Compiling bytes v1.4.0
[INFO] [stderr]    Compiling futures-channel v0.3.28
[INFO] [stderr]    Compiling pkg-config v0.3.27
[INFO] [stderr]    Compiling futures-sink v0.3.28
[INFO] [stderr]    Compiling futures-util v0.3.28
[INFO] [stderr]    Compiling futures-io v0.3.28
[INFO] [stderr]    Compiling memchr v2.6.2
[INFO] [stderr]    Compiling crossbeam-utils v0.8.16
[INFO] [stderr]    Compiling itoa v1.0.9
[INFO] [stderr]    Compiling memoffset v0.9.0
[INFO] [stderr]    Compiling tracing-core v0.1.31
[INFO] [stderr]    Compiling indexmap v1.9.3
[INFO] [stderr]    Compiling crossbeam-epoch v0.9.15
[INFO] [stderr]    Compiling openssl v0.10.57
[INFO] [stderr]    Compiling hashbrown v0.12.3
[INFO] [stderr]    Compiling ident_case v1.0.1
[INFO] [stderr]    Compiling bitflags v2.4.0
[INFO] [stderr]    Compiling serde v1.0.188
[INFO] [stderr]    Compiling log v0.4.20
[INFO] [stderr]    Compiling parking_lot_core v0.8.6
[INFO] [stderr]    Compiling percent-encoding v2.3.0
[INFO] [stderr]    Compiling try-lock v0.2.4
[INFO] [stderr]    Compiling rayon-core v1.11.0
[INFO] [stderr]    Compiling http v0.2.9
[INFO] [stderr]    Compiling want v0.3.1
[INFO] [stderr]    Compiling unicode-normalization v0.1.22
[INFO] [stderr]    Compiling form_urlencoded v1.2.0
[INFO] [stderr]    Compiling tracing v0.1.37
[INFO] [stderr]    Compiling instant v0.1.12
[INFO] [stderr]    Compiling either v1.9.0
[INFO] [stderr]    Compiling crossbeam-channel v0.5.8
[INFO] [stderr]    Compiling ryu v1.0.15
[INFO] [stderr]    Compiling quote v1.0.33
[INFO] [stderr]    Compiling unicode-bidi v0.3.13
[INFO] [stderr]    Compiling serde_json v1.0.105
[INFO] [stderr]    Compiling ppv-lite86 v0.2.17
[INFO] [stderr]    Compiling syn v2.0.29
[INFO] [stderr]    Compiling async-trait v0.1.73
[INFO] [stderr]    Compiling ipnet v2.8.0
[INFO] [stderr]    Compiling base64 v0.21.3
[INFO] [stderr]    Compiling itertools v0.11.0
[INFO] [stderr]    Compiling cc v1.0.83
[INFO] [stderr]    Compiling num_cpus v1.16.0
[INFO] [stderr]    Compiling socket2 v0.5.3
[INFO] [stderr]    Compiling signal-hook-registry v1.4.1
[INFO] [stderr]    Compiling mio v0.8.8
[INFO] [stderr]    Compiling parking_lot v0.12.1
[INFO] [stderr]    Compiling crossbeam-deque v0.8.3
[INFO] [stderr]    Compiling socket2 v0.4.9
[INFO] [stderr]    Compiling getrandom v0.2.10
[INFO] [stderr]    Compiling idna v0.4.0
[INFO] [stderr]    Compiling rand_core v0.6.4
[INFO] [stderr]    Compiling generational-arena v0.2.9
[INFO] [stderr]    Compiling custom_error v1.9.2
[INFO] [stderr]    Compiling rustc-hash v1.1.0
[INFO] [stderr]    Compiling http-body v0.4.5
[INFO] [stderr]    Compiling lazy_static v1.4.0
[INFO] [stderr]    Compiling rand_chacha v0.3.1
[INFO] [stderr]    Compiling parking_lot v0.11.2
[INFO] [stderr]    Compiling url v2.4.1
[INFO] [stderr]    Compiling global_counter v0.2.2
[INFO] [stderr]    Compiling openssl-sys v0.9.92
[INFO] [stderr]    Compiling tikv-jemalloc-sys v0.5.4+5.3.0-patched
[INFO] [stderr]    Compiling rand v0.8.5
[INFO] [stderr]    Compiling rayon v1.7.0
[INFO] [stderr]    Compiling native-tls v0.2.11
[INFO] [stderr]    Compiling serde_urlencoded v0.7.1
[INFO] [stderr]    Compiling sysinfo v0.29.9
[INFO] [stderr]    Compiling darling_core v0.20.3
[INFO] [stderr]    Compiling tokio-macros v2.1.0
[INFO] [stderr]    Compiling futures-macro v0.3.28
[INFO] [stderr]    Compiling openssl-macros v0.1.1
[INFO] [stderr]    Compiling pin-project-internal v1.1.3
[INFO] [stderr]    Compiling enum-iterator-derive v1.2.1
[INFO] [stderr]    Compiling enum-map-derive v0.13.0
[INFO] [stderr]    Compiling enum-map v2.6.1
[INFO] [stderr]    Compiling tokio v1.32.0
[INFO] [stderr]    Compiling enum-iterator v1.4.1
[INFO] [stderr]    Compiling pin-project v1.1.3
[INFO] [stderr]    Compiling darling_macro v0.20.3
[INFO] [stderr]    Compiling darling v0.20.3
[INFO] [stderr]    Compiling enumset_derive v0.8.1
[INFO] [stderr]    Compiling futures-executor v0.3.28
[INFO] [stderr]    Compiling futures v0.3.28
[INFO] [stderr]    Compiling enumset v1.1.2
[INFO] [stderr]    Compiling tokio-util v0.7.8
[INFO] [stderr]    Compiling tokio-native-tls v0.3.1
[INFO] [stderr]    Compiling tokio-stream v0.1.14
[INFO] [stderr]    Compiling async-scoped v0.7.1
[INFO] [stderr]    Compiling h2 v0.3.21
[INFO] [stderr]    Compiling hyper v0.14.27
[INFO] [stderr]    Compiling hyper-tls v0.5.0
[INFO] [stderr]    Compiling reqwest v0.11.20
[INFO] [stderr]    Compiling tikv-jemallocator v0.5.4
[INFO] [stderr]    Compiling dbce v0.1.6 (/opt/rustwide/workdir)
[INFO] [stderr]     Finished `dev` profile [unoptimized + debuginfo] target(s) in 2m 06s
[INFO] running `Command { std: "docker" "inspect" "e2155f1635ab1bec8a96d4b7cc3136cf723a23d4b16407e232c4a76321f57d58", kill_on_drop: false }`
[INFO] running `Command { std: "docker" "rm" "-f" "e2155f1635ab1bec8a96d4b7cc3136cf723a23d4b16407e232c4a76321f57d58", kill_on_drop: false }`
[INFO] [stdout] e2155f1635ab1bec8a96d4b7cc3136cf723a23d4b16407e232c4a76321f57d58
[INFO] running `Command { std: "docker" "create" "-v" "/var/lib/crater-agent-workspace/builds/worker-2-tc2/target:/opt/rustwide/target:rw,Z" "-v" "/var/lib/crater-agent-workspace/builds/worker-2-tc2/source:/opt/rustwide/workdir:ro,Z" "-v" "/var/lib/crater-agent-workspace/cargo-home:/opt/rustwide/cargo-home:ro,Z" "-v" "/var/lib/crater-agent-workspace/rustup-home:/opt/rustwide/rustup-home:ro,Z" "-e" "SOURCE_DIR=/opt/rustwide/workdir" "-e" "CARGO_TARGET_DIR=/opt/rustwide/target" "-e" "CARGO_INCREMENTAL=0" "-e" "RUST_BACKTRACE=full" "-e" "RUSTFLAGS=--cap-lints=warn" "-e" "RUSTDOCFLAGS=--cap-lints=warn" "-e" "CARGO_HOME=/opt/rustwide/cargo-home" "-e" "RUSTUP_HOME=/opt/rustwide/rustup-home" "-w" "/opt/rustwide/workdir" "-m" "1610612736" "--user" "0:0" "--network" "none" "ghcr.io/rust-lang/crates-build-env/linux@sha256:f3a9d4ad9d972b27faf3965f35b62e55ba32bbce8f20bc8fe909558a86702fde" "/opt/rustwide/cargo-home/bin/cargo" "+beta-2024-12-08" "test" "--frozen" "--no-run" "--message-format=json", kill_on_drop: false }`
[INFO] [stdout] 9e4cd9cb6fec6cf27ae0f8b1a4ba86a320088ab5c3243e89a2da9037859d34a2
[INFO] running `Command { std: "docker" "start" "-a" "9e4cd9cb6fec6cf27ae0f8b1a4ba86a320088ab5c3243e89a2da9037859d34a2", kill_on_drop: false }`
[INFO] [stderr]    Compiling serde v1.0.188
[INFO] [stderr]    Compiling bitflags v2.4.0
[INFO] [stderr]    Compiling serde_derive v1.0.188
[INFO] [stderr]    Compiling num-traits v0.2.16
[INFO] [stderr]    Compiling rustix v0.38.11
[INFO] [stderr]    Compiling anstyle v1.0.2
[INFO] [stderr]    Compiling regex-syntax v0.7.5
[INFO] [stderr]    Compiling ciborium-io v0.2.1
[INFO] [stderr]    Compiling half v1.8.2
[INFO] [stderr]    Compiling linux-raw-sys v0.4.5
[INFO] [stderr]    Compiling clap_lex v0.5.1
[INFO] [stderr]    Compiling plotters-backend v0.3.5
[INFO] [stderr]    Compiling itertools v0.10.5
[INFO] [stderr]    Compiling cast v0.3.0
[INFO] [stderr]    Compiling same-file v1.0.6
[INFO] [stderr]    Compiling oorandom v11.1.3
[INFO] [stderr]    Compiling anes v0.1.6
[INFO] [stderr]    Compiling openssl v0.10.57
[INFO] [stderr]    Compiling walkdir v2.3.3
[INFO] [stderr]    Compiling clap_builder v4.4.2
[INFO] [stderr]    Compiling plotters-svg v0.3.5
[INFO] [stderr]    Compiling ciborium-ll v0.2.1
[INFO] [stderr]    Compiling plotters v0.3.5
[INFO] [stderr]    Compiling is-terminal v0.4.9
[INFO] [stderr]    Compiling regex-automata v0.3.7
[INFO] [stderr]    Compiling criterion-plot v0.5.0
[INFO] [stderr]    Compiling clap v4.4.2
[INFO] [stderr]    Compiling regex v1.9.4
[INFO] [stderr]    Compiling native-tls v0.2.11
[INFO] [stderr]    Compiling tokio-native-tls v0.3.1
[INFO] [stderr]    Compiling hyper-tls v0.5.0
[INFO] [stderr]    Compiling serde_json v1.0.105
[INFO] [stderr]    Compiling serde_urlencoded v0.7.1
[INFO] [stderr]    Compiling ciborium v0.2.1
[INFO] [stderr]    Compiling tinytemplate v1.2.1
[INFO] [stderr]    Compiling reqwest v0.11.20
[INFO] [stderr]    Compiling criterion v0.5.1
[INFO] [stderr]    Compiling dbce v0.1.6 (/opt/rustwide/workdir)
[INFO] [stderr]     Finished `test` profile [unoptimized + debuginfo] target(s) in 30.29s
[INFO] running `Command { std: "docker" "inspect" "9e4cd9cb6fec6cf27ae0f8b1a4ba86a320088ab5c3243e89a2da9037859d34a2", kill_on_drop: false }`
[INFO] running `Command { std: "docker" "rm" "-f" "9e4cd9cb6fec6cf27ae0f8b1a4ba86a320088ab5c3243e89a2da9037859d34a2", kill_on_drop: false }`
[INFO] [stdout] 9e4cd9cb6fec6cf27ae0f8b1a4ba86a320088ab5c3243e89a2da9037859d34a2
[INFO] running `Command { std: "docker" "create" "-v" "/var/lib/crater-agent-workspace/builds/worker-2-tc2/target:/opt/rustwide/target:rw,Z" "-v" "/var/lib/crater-agent-workspace/builds/worker-2-tc2/source:/opt/rustwide/workdir:ro,Z" "-v" "/var/lib/crater-agent-workspace/cargo-home:/opt/rustwide/cargo-home:ro,Z" "-v" "/var/lib/crater-agent-workspace/rustup-home:/opt/rustwide/rustup-home:ro,Z" "-e" "SOURCE_DIR=/opt/rustwide/workdir" "-e" "CARGO_TARGET_DIR=/opt/rustwide/target" "-e" "CARGO_INCREMENTAL=0" "-e" "RUST_BACKTRACE=full" "-e" "RUSTFLAGS=--cap-lints=warn" "-e" "RUSTDOCFLAGS=--cap-lints=warn" "-e" "CARGO_HOME=/opt/rustwide/cargo-home" "-e" "RUSTUP_HOME=/opt/rustwide/rustup-home" "-w" "/opt/rustwide/workdir" "-m" "1610612736" "--user" "0:0" "--network" "none" "ghcr.io/rust-lang/crates-build-env/linux@sha256:f3a9d4ad9d972b27faf3965f35b62e55ba32bbce8f20bc8fe909558a86702fde" "/opt/rustwide/cargo-home/bin/cargo" "+beta-2024-12-08" "test" "--frozen", kill_on_drop: false }`
[INFO] [stdout] 7bfd7471caed4fad952e5af4ac97a0547c426a08c7bddfd07870ee8eab7a6749
[INFO] running `Command { std: "docker" "start" "-a" "7bfd7471caed4fad952e5af4ac97a0547c426a08c7bddfd07870ee8eab7a6749", kill_on_drop: false }`
[INFO] [stderr]     Finished `test` profile [unoptimized + debuginfo] target(s) in 0.24s
[INFO] [stderr]      Running unittests src/lib.rs (/opt/rustwide/target/debug/deps/dbce-af0833f700c012da)
[INFO] [stdout] 
[INFO] [stdout] running 39 tests
[INFO] [stdout] test baserules::board::test::check_castling_when_rook_taken ... ok
[INFO] [stdout] test baserules::board_rep::test::clone_eq_test ... ok
[INFO] [stdout] test baserules::board::test::check_castling_when_king_moves ... ok
[INFO] [stdout] test baserules::board::test::check_castling_when_rook_moves ... ok
[INFO] [stdout] test baserules::board_rep::test::ucitest ... ok
[INFO] [stdout] test baserules::move_gen::test::all_rook_moves ... ok
[INFO] [stdout] test baserules::move_gen::test::do_not_take_own_piece_to_castle ... ok
[INFO] [stdout] test baserules::piece_color::test::test_better_score_black ... ok
[INFO] [stdout] test baserules::piece_color::test::test_better_score_white ... ok
[INFO] [stdout] test baserules::piece_color::test::test_score_sorting_white ... ok
[INFO] [stdout] test baserules::board::test::move_castling ... ok
[INFO] [stdout] test baserules::piece_color::test::test_worse_score_black ... ok
[INFO] [stdout] test baserules::piece_color::test::test_score_sorting_black ... ok
[INFO] [stdout] test baserules::piece_color::test::test_worse_score_white ... ok
[INFO] [stdout] test baserules::piece_state::test::conversion ... ok
[INFO] [stdout] test baserules::piece_state::test::lookup ... ok
[INFO] [stdout] test baserules::piece_state::test::promotion ... ok
[INFO] [stdout] test baserules::rawboard::test::test_mate ... ok
[INFO] [stdout] test baserules::rawboard::test::iterator_test ... ok
[INFO] [stdout] test baserules::piece_state::test::pstest ... ok
[INFO] [stdout] test engine::continuation::test::merge_two_simple ... ok
[INFO] [stdout] test engine::gamestate::test::move_error_should_return_to_state_before ... ok
[INFO] [stdout] test human_facing::moves::test::test_black_castle_kingside ... ok
[INFO] [stdout] test human_facing::moves::test::test_rook_takes ... ok
[INFO] [stdout] test human_facing::moves::test::test_white_castle_queenside ... ok
[INFO] [stdout] test human_facing::moves::test::test_black_castle_queenside ... ok
[INFO] [stdout] test human_facing::moves::test::test_white_castle_kingside ... ok
[INFO] [stdout] test engine::test::failed_game_2 ... ok
[INFO] [stdout] test engine::test::failed_game_3 ... ok
[INFO] [stdout] test engine::test::retain_boards ... ok
[INFO] [stdout] test engine::test::failed_game_1 ... ok
[INFO] [stdout] test engine::test::weird_eval_2 ... ok
[INFO] [stdout] test engine::test::weird_eval_4_1 ... ok
[INFO] [stdout] test engine::test::weird_eval_1 ... ok
[INFO] [stdout] test engine::test::weird_eval_3 ... ok
[INFO] [stdout] test engine::test::weird_eval_4 ... ok
[INFO] [stdout] test engine::test::failed_game_4 ... ok
[INFO] [stdout] test engine::test::failed_game_4_subtest ... ok
[INFO] [stdout] test engine::test::weird_eval_5 ... ok
[INFO] [stdout] 
[INFO] [stdout] test result: ok. 39 passed; 0 failed; 0 ignored; 0 measured; 0 filtered out; finished in 2.62s
[INFO] [stdout] 
[INFO] [stderr]      Running unittests src/bin/lichess.rs (/opt/rustwide/target/debug/deps/lichess-301c42ae6c2faf14)
[INFO] [stdout] 
[INFO] [stdout] running 0 tests
[INFO] [stdout] 
[INFO] [stdout] test result: ok. 0 passed; 0 failed; 0 ignored; 0 measured; 0 filtered out; finished in 0.00s
[INFO] [stdout] 
[INFO] [stderr]      Running unittests src/bin/local.rs (/opt/rustwide/target/debug/deps/local-9e039ace9e75d3a5)
[INFO] [stdout] 
[INFO] [stdout] running 0 tests
[INFO] [stdout] 
[INFO] [stdout] test result: ok. 0 passed; 0 failed; 0 ignored; 0 measured; 0 filtered out; finished in 0.00s
[INFO] [stdout] 
[INFO] [stderr]    Doc-tests dbce
[INFO] [stdout] 
[INFO] [stdout] running 23 tests
[INFO] [stdout] test src/baserules/board.rs - baserules::board::PSBoard::make_move_noncached (line 114) ... FAILED
[INFO] [stdout] test src/baserules/board_rep.rs - baserules::board_rep::PossibleMove::fmt (line 139) ... FAILED
[INFO] [stdout] test src/baserules/piece_state.rs - baserules::piece_state::PieceState::fmt (line 44) ... FAILED
[INFO] [stdout] test src/baserules/rawboard.rs - baserules::rawboard::RawBoard::get_loc (line 60) ... FAILED
[INFO] [stdout] test src/baserules/rawboard.rs - baserules::rawboard::RawBoard::default (line 260) ... FAILED
[INFO] [stdout] test src/baserules/board_rep.rs - baserules::board_rep::PossibleMove::simple_from_uci (line 106) ... FAILED
[INFO] [stdout] test src/baserules/rawboard.rs - baserules::rawboard::RawBoard::score (line 128) ... FAILED
[INFO] [stdout] test src/baserules/board_rep.rs - baserules::board_rep::PossibleMove::from (line 122) ... FAILED
[INFO] [stdout] test src/baserules/board.rs - baserules::board::PSBoard::default (line 86) ... FAILED
[INFO] [stdout] test src/human_facing/conversion.rs - human_facing::conversion::PSBoard::fmt (line 81) ... FAILED
[INFO] [stdout] test src/baserules/rawboard.rs - baserules::rawboard::RawBoard::fmt (line 277) ... FAILED
[INFO] [stdout] test src/human_facing/moves.rs - human_facing::moves::make_an_uci_move (line 165) ... FAILED
[INFO] [stdout] test src/baserules/rawboard.rs - baserules::rawboard::RawBoard::index (line 341) ... FAILED
[INFO] [stdout] test src/baserules/rawboard.rs - baserules::rawboard::RawBoard::index (line 319) ... FAILED
[INFO] [stdout] test src/baserules/positions.rs - baserules::positions::AbsoluteBoardPos::fmt (line 30) ... FAILED
[INFO] [stdout] test src/baserules/piece_state.rs - baserules::piece_state::PieceState::try_from (line 154) ... FAILED
[INFO] [stdout] test src/baserules/rawboard.rs - baserules::rawboard::RawBoard::empty (line 47) ... ok
[INFO] [stdout] test src/baserules/rawboard.rs - baserules::rawboard::RawBoard::index (line 363) ... ok
[INFO] [stdout] test src/baserules/board_rep.rs - baserules::board_rep::BaseMove::from_uci (line 50) ... ok
[INFO] [stdout] test src/baserules/move_gen.rs - baserules::move_gen::PSBoard::gen_potential_moves (line 267) ... ok
[INFO] [stdout] test src/baserules/rawboard.rs - baserules::rawboard::RawBoard::set_loc (line 81) ... ok
[INFO] [stdout] test src/baserules/rawboard.rs - baserules::rawboard::&'aRawBoard::into_iter (line 385) ... ok
[INFO] [stdout] test src/engine/continuation.rs - engine::continuation::BoardContinuation::default (line 23) ... ok
[INFO] [stdout] 
[INFO] [stdout] failures:
[INFO] [stdout] 
[INFO] [stdout] ---- src/baserules/board.rs - baserules::board::PSBoard::make_move_noncached (line 114) stdout ----
[INFO] [stdout] error[E0599]: no method named `unwrap` found for opaque type `impl Future<Output = Result<PSBoard, Box<(dyn std::error::Error + 'static)>>>` in the current scope
[INFO] [stdout]  --> src/baserules/board.rs:118:118
[INFO] [stdout]   |
[INFO] [stdout] 7 | let mut kings_knight_opening = PSBoard::from_fen("r1bqkbnr/pppp1ppp/2n5/4p3/4P3/5N2/PPPP1PPP/RNBQKB1R w KQkq - 2 3").unwrap();
[INFO] [stdout]   |                                                                                                                      ^^^^^^ method not found in `impl Future<Output = Result<PSBoard, Box<dyn Error>>>`
[INFO] [stdout]   |
[INFO] [stdout] help: consider `await`ing on the `Future` and calling the method on its `Output`
[INFO] [stdout]   |
[INFO] [stdout] 7 | let mut kings_knight_opening = PSBoard::from_fen("r1bqkbnr/pppp1ppp/2n5/4p3/4P3/5N2/PPPP1PPP/RNBQKB1R w KQkq - 2 3").await.unwrap();
[INFO] [stdout]   |                                                                                                                      ++++++
[INFO] [stdout] 
[INFO] [stdout] error: aborting due to 1 previous error
[INFO] [stdout] 
[INFO] [stdout] For more information about this error, try `rustc --explain E0599`.
[INFO] [stdout] Couldn't compile the test.
[INFO] [stdout] ---- src/baserules/board_rep.rs - baserules::board_rep::PossibleMove::fmt (line 139) stdout ----
[INFO] [stdout] error: linking with `cc` failed: exit status: 1
[INFO] [stdout]   |
[INFO] [stdout]   = note: LC_ALL="C" PATH="/opt/rustwide/rustup-home/toolchains/beta-2024-12-08-x86_64-unknown-linux-gnu/lib/rustlib/x86_64-unknown-linux-gnu/bin:/opt/rustwide/cargo-home/bin:/usr/local/sbin:/usr/local/bin:/usr/sbin:/usr/bin:/sbin:/bin" VSLANG="1033" "cc" "-m64" "/tmp/rustczaHAJj/symbols.o" "/tmp/rustdoctestpcvrio/rust_out.rust_out.9242fac72db2cd11-cgu.0.rcgu.o" "/tmp/rustdoctestpcvrio/rust_out.2hl2tb9xdtge7mguxzn2q1kvi.rcgu.o" "-Wl,--as-needed" "-Wl,-Bstatic" "/opt/rustwide/target/debug/deps/libdbce-349c1f9818615616.rlib" "/opt/rustwide/target/debug/deps/libtikv_jemallocator-df6d0eea633be935.rlib" "/opt/rustwide/target/debug/deps/libtikv_jemalloc_sys-24cc48c056c687de.rlib" "/opt/rustwide/target/debug/deps/libasync_scoped-acce55e5056478d4.rlib" "/opt/rustwide/target/debug/deps/libtokio-c35eac079d6055a0.rlib" "/opt/rustwide/target/debug/deps/libsignal_hook_registry-08bf2e07d1c00cc8.rlib" "/opt/rustwide/target/debug/deps/libsocket2-f71a68275f9a1a66.rlib" "/opt/rustwide/target/debug/deps/libbytes-8217216c646d0e94.rlib" "/opt/rustwide/target/debug/deps/libmio-fb4e4984663c3bb8.rlib" "/opt/rustwide/target/debug/deps/libparking_lot-0c034a7d99ce873e.rlib" "/opt/rustwide/target/debug/deps/libparking_lot_core-34447d65772b79ed.rlib" "/opt/rustwide/target/debug/deps/libsmallvec-e3d8269c0db97757.rlib" "/opt/rustwide/target/debug/deps/liblock_api-01b7e6f95550bc19.rlib" "/opt/rustwide/target/debug/deps/libpin_project-1eb94bf72f6dbb00.rlib" "/opt/rustwide/target/debug/deps/libfutures-ab23eb89d47d5a98.rlib" "/opt/rustwide/target/debug/deps/libfutures_executor-de62f13b58679e6f.rlib" "/opt/rustwide/target/debug/deps/libfutures_util-de831057208022c2.rlib" "/opt/rustwide/target/debug/deps/libmemchr-9cc83a4021d47d5a.rlib" "/opt/rustwide/target/debug/deps/libfutures_io-fe9a4c7df533f0fb.rlib" "/opt/rustwide/target/debug/deps/libslab-0a39a638bccea296.rlib" "/opt/rustwide/target/debug/deps/libfutures_channel-0c505dc0535924c0.rlib" "/opt/rustwide/target/debug/deps/libpin_project_lite-e615da966755eef2.rlib" "/opt/rustwide/target/debug/deps/libfutures_sink-996b6b2eda4edde2.rlib" "/opt/rustwide/target/debug/deps/libfutures_task-acdbc0302ffd08b9.rlib" "/opt/rustwide/target/debug/deps/libpin_utils-e8360a4d12f71807.rlib" "/opt/rustwide/target/debug/deps/libfutures_core-da303feb02cdff34.rlib" "/opt/rustwide/target/debug/deps/libitertools-3e36947ab397505c.rlib" "/opt/rustwide/target/debug/deps/libglobal_counter-f431373f2b1a2885.rlib" "/opt/rustwide/target/debug/deps/libgenerational_arena-3431bcd6eb5177b8.rlib" "/opt/rustwide/target/debug/deps/librustc_hash-c6f5474e70a2e7fd.rlib" "/opt/rustwide/target/debug/deps/libenum_iterator-15bb1a86c485a692.rlib" "/opt/rustwide/target/debug/deps/libenum_map-48f7176325a38c78.rlib" "/opt/rustwide/target/debug/deps/libenumset-71ab7897b5f49e53.rlib" "/opt/rustwide/target/debug/deps/libsysinfo-5398dc33bc01f369.rlib" "/opt/rustwide/target/debug/deps/libonce_cell-728f13abc4f8cf5f.rlib" "/opt/rustwide/target/debug/deps/librayon-40404b75b9dfb7d0.rlib" "/opt/rustwide/target/debug/deps/librayon_core-dd2c0a77c83bac90.rlib" "/opt/rustwide/target/debug/deps/libnum_cpus-99da39e1ff91ba70.rlib" "/opt/rustwide/target/debug/deps/libcrossbeam_deque-b19607cccbe38d3d.rlib" "/opt/rustwide/target/debug/deps/libcrossbeam_epoch-495894019c271dde.rlib" "/opt/rustwide/target/debug/deps/libmemoffset-70be0b3efc76ca6c.rlib" "/opt/rustwide/target/debug/deps/libscopeguard-f937485db0060aca.rlib" "/opt/rustwide/target/debug/deps/libcrossbeam_channel-3a5e358754ac225e.rlib" "/opt/rustwide/target/debug/deps/libcrossbeam_utils-ed915c09f57de221.rlib" "/opt/rustwide/target/debug/deps/libeither-49b31dd90481588d.rlib" "/opt/rustwide/target/debug/deps/liblazy_static-efa3519517df6cf0.rlib" "/opt/rustwide/target/debug/deps/librand-4d7132467cf947de.rlib" "/opt/rustwide/target/debug/deps/librand_chacha-7582001ed7420567.rlib" "/opt/rustwide/target/debug/deps/libppv_lite86-6355e3a2f5357626.rlib" "/opt/rustwide/target/debug/deps/librand_core-224f855548048da8.rlib" "/opt/rustwide/target/debug/deps/libgetrandom-eac395b85e5dc2a3.rlib" "/opt/rustwide/target/debug/deps/liblibc-4b0b24147de68dac.rlib" "/opt/rustwide/target/debug/deps/libcfg_if-a3e7e701fcd1f47b.rlib" "/opt/rustwide/rustup-home/toolchains/beta-2024-12-08-x86_64-unknown-linux-gnu/lib/rustlib/x86_64-unknown-linux-gnu/lib/libstd-02dc84f49135b6b8.rlib" "/opt/rustwide/rustup-home/toolchains/beta-2024-12-08-x86_64-unknown-linux-gnu/lib/rustlib/x86_64-unknown-linux-gnu/lib/libpanic_unwind-a8f45b397fae3f81.rlib" "/opt/rustwide/rustup-home/toolchains/beta-2024-12-08-x86_64-unknown-linux-gnu/lib/rustlib/x86_64-unknown-linux-gnu/lib/libobject-089607133c180609.rlib" "/opt/rustwide/rustup-home/toolchains/beta-2024-12-08-x86_64-unknown-linux-gnu/lib/rustlib/x86_64-unknown-linux-gnu/lib/libmemchr-fc89f091bcd86cbb.rlib" "/opt/rustwide/rustup-home/toolchains/beta-2024-12-08-x86_64-unknown-linux-gnu/lib/rustlib/x86_64-unknown-linux-gnu/lib/libaddr2line-5a60949f01c7340c.rlib" "/opt/rustwide/rustup-home/toolchains/beta-2024-12-08-x86_64-unknown-linux-gnu/lib/rustlib/x86_64-unknown-linux-gnu/lib/libgimli-d29e6a55ca253c8c.rlib" "/opt/rustwide/rustup-home/toolchains/beta-2024-12-08-x86_64-unknown-linux-gnu/lib/rustlib/x86_64-unknown-linux-gnu/lib/librustc_demangle-273c078d5f65de7a.rlib" "/opt/rustwide/rustup-home/toolchains/beta-2024-12-08-x86_64-unknown-linux-gnu/lib/rustlib/x86_64-unknown-linux-gnu/lib/libstd_detect-413c950ffbdd4454.rlib" "/opt/rustwide/rustup-home/toolchains/beta-2024-12-08-x86_64-unknown-linux-gnu/lib/rustlib/x86_64-unknown-linux-gnu/lib/libhashbrown-1853c0976a1d88a6.rlib" "/opt/rustwide/rustup-home/toolchains/beta-2024-12-08-x86_64-unknown-linux-gnu/lib/rustlib/x86_64-unknown-linux-gnu/lib/librustc_std_workspace_alloc-ccb3384ddacb0f9e.rlib" "/opt/rustwide/rustup-home/toolchains/beta-2024-12-08-x86_64-unknown-linux-gnu/lib/rustlib/x86_64-unknown-linux-gnu/lib/libminiz_oxide-0b901dfb0ca849e0.rlib" "/opt/rustwide/rustup-home/toolchains/beta-2024-12-08-x86_64-unknown-linux-gnu/lib/rustlib/x86_64-unknown-linux-gnu/lib/libadler-eebeb8d7c64543ad.rlib" "/opt/rustwide/rustup-home/toolchains/beta-2024-12-08-x86_64-unknown-linux-gnu/lib/rustlib/x86_64-unknown-linux-gnu/lib/libunwind-4723ef81d6079867.rlib" "/opt/rustwide/rustup-home/toolchains/beta-2024-12-08-x86_64-unknown-linux-gnu/lib/rustlib/x86_64-unknown-linux-gnu/lib/libcfg_if-54442f8b422f5a54.rlib" "/opt/rustwide/rustup-home/toolchains/beta-2024-12-08-x86_64-unknown-linux-gnu/lib/rustlib/x86_64-unknown-linux-gnu/lib/liblibc-e0bbe034b5282553.rlib" "/opt/rustwide/rustup-home/toolchains/beta-2024-12-08-x86_64-unknown-linux-gnu/lib/rustlib/x86_64-unknown-linux-gnu/lib/liballoc-d0febb68c1c37b90.rlib" "/opt/rustwide/rustup-home/toolchains/beta-2024-12-08-x86_64-unknown-linux-gnu/lib/rustlib/x86_64-unknown-linux-gnu/lib/librustc_std_workspace_core-4cf833632aafa84c.rlib" "/opt/rustwide/rustup-home/toolchains/beta-2024-12-08-x86_64-unknown-linux-gnu/lib/rustlib/x86_64-unknown-linux-gnu/lib/libcore-65c2c6d2d6ae570b.rlib" "/opt/rustwide/rustup-home/toolchains/beta-2024-12-08-x86_64-unknown-linux-gnu/lib/rustlib/x86_64-unknown-linux-gnu/lib/libcompiler_builtins-97929cee0dcfe424.rlib" "-Wl,-Bdynamic" "-lgcc_s" "-lutil" "-lrt" "-lpthread" "-lm" "-ldl" "-lc" "-Wl,--eh-frame-hdr" "-Wl,-z,noexecstack" "-L" "/opt/rustwide/target/debug/build/tikv-jemalloc-sys-4fde4cc0cb3e96ea/out/build/lib" "-L" "/opt/rustwide/rustup-home/toolchains/beta-2024-12-08-x86_64-unknown-linux-gnu/lib/rustlib/x86_64-unknown-linux-gnu/lib" "-o" "/tmp/rustdoctestpcvrio/rust_out" "-Wl,--gc-sections" "-pie" "-Wl,-z,relro,-z,now" "-nodefaultlibs"
[INFO] [stdout]   = note: collect2: fatal error: ld terminated with signal 9 [Killed]
[INFO] [stdout]           compilation terminated.
[INFO] [stdout]           
[INFO] [stdout] 
[INFO] [stdout] error: aborting due to 1 previous error
[INFO] [stdout] 
[INFO] [stdout] Couldn't compile the test.
[INFO] [stdout] ---- src/baserules/piece_state.rs - baserules::piece_state::PieceState::fmt (line 44) stdout ----
[INFO] [stdout] error: linking with `cc` failed: exit status: 1
[INFO] [stdout]   |
[INFO] [stdout]   = note: LC_ALL="C" PATH="/opt/rustwide/rustup-home/toolchains/beta-2024-12-08-x86_64-unknown-linux-gnu/lib/rustlib/x86_64-unknown-linux-gnu/bin:/opt/rustwide/cargo-home/bin:/usr/local/sbin:/usr/local/bin:/usr/sbin:/usr/bin:/sbin:/bin" VSLANG="1033" "cc" "-m64" "/tmp/rustcCmGWrt/symbols.o" "/tmp/rustdoctestuudN4Q/rust_out.rust_out.9242fac72db2cd11-cgu.0.rcgu.o" "/tmp/rustdoctestuudN4Q/rust_out.2hl2tb9xdtge7mguxzn2q1kvi.rcgu.o" "-Wl,--as-needed" "-Wl,-Bstatic" "/opt/rustwide/target/debug/deps/libdbce-349c1f9818615616.rlib" "/opt/rustwide/target/debug/deps/libtikv_jemallocator-df6d0eea633be935.rlib" "/opt/rustwide/target/debug/deps/libtikv_jemalloc_sys-24cc48c056c687de.rlib" "/opt/rustwide/target/debug/deps/libasync_scoped-acce55e5056478d4.rlib" "/opt/rustwide/target/debug/deps/libtokio-c35eac079d6055a0.rlib" "/opt/rustwide/target/debug/deps/libsignal_hook_registry-08bf2e07d1c00cc8.rlib" "/opt/rustwide/target/debug/deps/libsocket2-f71a68275f9a1a66.rlib" "/opt/rustwide/target/debug/deps/libbytes-8217216c646d0e94.rlib" "/opt/rustwide/target/debug/deps/libmio-fb4e4984663c3bb8.rlib" "/opt/rustwide/target/debug/deps/libparking_lot-0c034a7d99ce873e.rlib" "/opt/rustwide/target/debug/deps/libparking_lot_core-34447d65772b79ed.rlib" "/opt/rustwide/target/debug/deps/libsmallvec-e3d8269c0db97757.rlib" "/opt/rustwide/target/debug/deps/liblock_api-01b7e6f95550bc19.rlib" "/opt/rustwide/target/debug/deps/libpin_project-1eb94bf72f6dbb00.rlib" "/opt/rustwide/target/debug/deps/libfutures-ab23eb89d47d5a98.rlib" "/opt/rustwide/target/debug/deps/libfutures_executor-de62f13b58679e6f.rlib" "/opt/rustwide/target/debug/deps/libfutures_util-de831057208022c2.rlib" "/opt/rustwide/target/debug/deps/libmemchr-9cc83a4021d47d5a.rlib" "/opt/rustwide/target/debug/deps/libfutures_io-fe9a4c7df533f0fb.rlib" "/opt/rustwide/target/debug/deps/libslab-0a39a638bccea296.rlib" "/opt/rustwide/target/debug/deps/libfutures_channel-0c505dc0535924c0.rlib" "/opt/rustwide/target/debug/deps/libpin_project_lite-e615da966755eef2.rlib" "/opt/rustwide/target/debug/deps/libfutures_sink-996b6b2eda4edde2.rlib" "/opt/rustwide/target/debug/deps/libfutures_task-acdbc0302ffd08b9.rlib" "/opt/rustwide/target/debug/deps/libpin_utils-e8360a4d12f71807.rlib" "/opt/rustwide/target/debug/deps/libfutures_core-da303feb02cdff34.rlib" "/opt/rustwide/target/debug/deps/libitertools-3e36947ab397505c.rlib" "/opt/rustwide/target/debug/deps/libglobal_counter-f431373f2b1a2885.rlib" "/opt/rustwide/target/debug/deps/libgenerational_arena-3431bcd6eb5177b8.rlib" "/opt/rustwide/target/debug/deps/librustc_hash-c6f5474e70a2e7fd.rlib" "/opt/rustwide/target/debug/deps/libenum_iterator-15bb1a86c485a692.rlib" "/opt/rustwide/target/debug/deps/libenum_map-48f7176325a38c78.rlib" "/opt/rustwide/target/debug/deps/libenumset-71ab7897b5f49e53.rlib" "/opt/rustwide/target/debug/deps/libsysinfo-5398dc33bc01f369.rlib" "/opt/rustwide/target/debug/deps/libonce_cell-728f13abc4f8cf5f.rlib" "/opt/rustwide/target/debug/deps/librayon-40404b75b9dfb7d0.rlib" "/opt/rustwide/target/debug/deps/librayon_core-dd2c0a77c83bac90.rlib" "/opt/rustwide/target/debug/deps/libnum_cpus-99da39e1ff91ba70.rlib" "/opt/rustwide/target/debug/deps/libcrossbeam_deque-b19607cccbe38d3d.rlib" "/opt/rustwide/target/debug/deps/libcrossbeam_epoch-495894019c271dde.rlib" "/opt/rustwide/target/debug/deps/libmemoffset-70be0b3efc76ca6c.rlib" "/opt/rustwide/target/debug/deps/libscopeguard-f937485db0060aca.rlib" "/opt/rustwide/target/debug/deps/libcrossbeam_channel-3a5e358754ac225e.rlib" "/opt/rustwide/target/debug/deps/libcrossbeam_utils-ed915c09f57de221.rlib" "/opt/rustwide/target/debug/deps/libeither-49b31dd90481588d.rlib" "/opt/rustwide/target/debug/deps/liblazy_static-efa3519517df6cf0.rlib" "/opt/rustwide/target/debug/deps/librand-4d7132467cf947de.rlib" "/opt/rustwide/target/debug/deps/librand_chacha-7582001ed7420567.rlib" "/opt/rustwide/target/debug/deps/libppv_lite86-6355e3a2f5357626.rlib" "/opt/rustwide/target/debug/deps/librand_core-224f855548048da8.rlib" "/opt/rustwide/target/debug/deps/libgetrandom-eac395b85e5dc2a3.rlib" "/opt/rustwide/target/debug/deps/liblibc-4b0b24147de68dac.rlib" "/opt/rustwide/target/debug/deps/libcfg_if-a3e7e701fcd1f47b.rlib" "/opt/rustwide/rustup-home/toolchains/beta-2024-12-08-x86_64-unknown-linux-gnu/lib/rustlib/x86_64-unknown-linux-gnu/lib/libstd-02dc84f49135b6b8.rlib" "/opt/rustwide/rustup-home/toolchains/beta-2024-12-08-x86_64-unknown-linux-gnu/lib/rustlib/x86_64-unknown-linux-gnu/lib/libpanic_unwind-a8f45b397fae3f81.rlib" "/opt/rustwide/rustup-home/toolchains/beta-2024-12-08-x86_64-unknown-linux-gnu/lib/rustlib/x86_64-unknown-linux-gnu/lib/libobject-089607133c180609.rlib" "/opt/rustwide/rustup-home/toolchains/beta-2024-12-08-x86_64-unknown-linux-gnu/lib/rustlib/x86_64-unknown-linux-gnu/lib/libmemchr-fc89f091bcd86cbb.rlib" "/opt/rustwide/rustup-home/toolchains/beta-2024-12-08-x86_64-unknown-linux-gnu/lib/rustlib/x86_64-unknown-linux-gnu/lib/libaddr2line-5a60949f01c7340c.rlib" "/opt/rustwide/rustup-home/toolchains/beta-2024-12-08-x86_64-unknown-linux-gnu/lib/rustlib/x86_64-unknown-linux-gnu/lib/libgimli-d29e6a55ca253c8c.rlib" "/opt/rustwide/rustup-home/toolchains/beta-2024-12-08-x86_64-unknown-linux-gnu/lib/rustlib/x86_64-unknown-linux-gnu/lib/librustc_demangle-273c078d5f65de7a.rlib" "/opt/rustwide/rustup-home/toolchains/beta-2024-12-08-x86_64-unknown-linux-gnu/lib/rustlib/x86_64-unknown-linux-gnu/lib/libstd_detect-413c950ffbdd4454.rlib" "/opt/rustwide/rustup-home/toolchains/beta-2024-12-08-x86_64-unknown-linux-gnu/lib/rustlib/x86_64-unknown-linux-gnu/lib/libhashbrown-1853c0976a1d88a6.rlib" "/opt/rustwide/rustup-home/toolchains/beta-2024-12-08-x86_64-unknown-linux-gnu/lib/rustlib/x86_64-unknown-linux-gnu/lib/librustc_std_workspace_alloc-ccb3384ddacb0f9e.rlib" "/opt/rustwide/rustup-home/toolchains/beta-2024-12-08-x86_64-unknown-linux-gnu/lib/rustlib/x86_64-unknown-linux-gnu/lib/libminiz_oxide-0b901dfb0ca849e0.rlib" "/opt/rustwide/rustup-home/toolchains/beta-2024-12-08-x86_64-unknown-linux-gnu/lib/rustlib/x86_64-unknown-linux-gnu/lib/libadler-eebeb8d7c64543ad.rlib" "/opt/rustwide/rustup-home/toolchains/beta-2024-12-08-x86_64-unknown-linux-gnu/lib/rustlib/x86_64-unknown-linux-gnu/lib/libunwind-4723ef81d6079867.rlib" "/opt/rustwide/rustup-home/toolchains/beta-2024-12-08-x86_64-unknown-linux-gnu/lib/rustlib/x86_64-unknown-linux-gnu/lib/libcfg_if-54442f8b422f5a54.rlib" "/opt/rustwide/rustup-home/toolchains/beta-2024-12-08-x86_64-unknown-linux-gnu/lib/rustlib/x86_64-unknown-linux-gnu/lib/liblibc-e0bbe034b5282553.rlib" "/opt/rustwide/rustup-home/toolchains/beta-2024-12-08-x86_64-unknown-linux-gnu/lib/rustlib/x86_64-unknown-linux-gnu/lib/liballoc-d0febb68c1c37b90.rlib" "/opt/rustwide/rustup-home/toolchains/beta-2024-12-08-x86_64-unknown-linux-gnu/lib/rustlib/x86_64-unknown-linux-gnu/lib/librustc_std_workspace_core-4cf833632aafa84c.rlib" "/opt/rustwide/rustup-home/toolchains/beta-2024-12-08-x86_64-unknown-linux-gnu/lib/rustlib/x86_64-unknown-linux-gnu/lib/libcore-65c2c6d2d6ae570b.rlib" "/opt/rustwide/rustup-home/toolchains/beta-2024-12-08-x86_64-unknown-linux-gnu/lib/rustlib/x86_64-unknown-linux-gnu/lib/libcompiler_builtins-97929cee0dcfe424.rlib" "-Wl,-Bdynamic" "-lgcc_s" "-lutil" "-lrt" "-lpthread" "-lm" "-ldl" "-lc" "-Wl,--eh-frame-hdr" "-Wl,-z,noexecstack" "-L" "/opt/rustwide/target/debug/build/tikv-jemalloc-sys-4fde4cc0cb3e96ea/out/build/lib" "-L" "/opt/rustwide/rustup-home/toolchains/beta-2024-12-08-x86_64-unknown-linux-gnu/lib/rustlib/x86_64-unknown-linux-gnu/lib" "-o" "/tmp/rustdoctestuudN4Q/rust_out" "-Wl,--gc-sections" "-pie" "-Wl,-z,relro,-z,now" "-nodefaultlibs"
[INFO] [stdout]   = note: collect2: fatal error: ld terminated with signal 9 [Killed]
[INFO] [stdout]           compilation terminated.
[INFO] [stdout]           
[INFO] [stdout] 
[INFO] [stdout] error: aborting due to 1 previous error
[INFO] [stdout] 
[INFO] [stdout] Couldn't compile the test.
[INFO] [stdout] ---- src/baserules/rawboard.rs - baserules::rawboard::RawBoard::get_loc (line 60) stdout ----
[INFO] [stdout] error: linking with `cc` failed: exit status: 1
[INFO] [stdout]   |
[INFO] [stdout]   = note: LC_ALL="C" PATH="/opt/rustwide/rustup-home/toolchains/beta-2024-12-08-x86_64-unknown-linux-gnu/lib/rustlib/x86_64-unknown-linux-gnu/bin:/opt/rustwide/cargo-home/bin:/usr/local/sbin:/usr/local/bin:/usr/sbin:/usr/bin:/sbin:/bin" VSLANG="1033" "cc" "-m64" "/tmp/rustcuSDzNF/symbols.o" "/tmp/rustdoctestnUPixA/rust_out.rust_out.9242fac72db2cd11-cgu.0.rcgu.o" "/tmp/rustdoctestnUPixA/rust_out.2hl2tb9xdtge7mguxzn2q1kvi.rcgu.o" "-Wl,--as-needed" "-Wl,-Bstatic" "/opt/rustwide/target/debug/deps/libdbce-349c1f9818615616.rlib" "/opt/rustwide/target/debug/deps/libtikv_jemallocator-df6d0eea633be935.rlib" "/opt/rustwide/target/debug/deps/libtikv_jemalloc_sys-24cc48c056c687de.rlib" "/opt/rustwide/target/debug/deps/libasync_scoped-acce55e5056478d4.rlib" "/opt/rustwide/target/debug/deps/libtokio-c35eac079d6055a0.rlib" "/opt/rustwide/target/debug/deps/libsignal_hook_registry-08bf2e07d1c00cc8.rlib" "/opt/rustwide/target/debug/deps/libsocket2-f71a68275f9a1a66.rlib" "/opt/rustwide/target/debug/deps/libbytes-8217216c646d0e94.rlib" "/opt/rustwide/target/debug/deps/libmio-fb4e4984663c3bb8.rlib" "/opt/rustwide/target/debug/deps/libparking_lot-0c034a7d99ce873e.rlib" "/opt/rustwide/target/debug/deps/libparking_lot_core-34447d65772b79ed.rlib" "/opt/rustwide/target/debug/deps/libsmallvec-e3d8269c0db97757.rlib" "/opt/rustwide/target/debug/deps/liblock_api-01b7e6f95550bc19.rlib" "/opt/rustwide/target/debug/deps/libpin_project-1eb94bf72f6dbb00.rlib" "/opt/rustwide/target/debug/deps/libfutures-ab23eb89d47d5a98.rlib" "/opt/rustwide/target/debug/deps/libfutures_executor-de62f13b58679e6f.rlib" "/opt/rustwide/target/debug/deps/libfutures_util-de831057208022c2.rlib" "/opt/rustwide/target/debug/deps/libmemchr-9cc83a4021d47d5a.rlib" "/opt/rustwide/target/debug/deps/libfutures_io-fe9a4c7df533f0fb.rlib" "/opt/rustwide/target/debug/deps/libslab-0a39a638bccea296.rlib" "/opt/rustwide/target/debug/deps/libfutures_channel-0c505dc0535924c0.rlib" "/opt/rustwide/target/debug/deps/libpin_project_lite-e615da966755eef2.rlib" "/opt/rustwide/target/debug/deps/libfutures_sink-996b6b2eda4edde2.rlib" "/opt/rustwide/target/debug/deps/libfutures_task-acdbc0302ffd08b9.rlib" "/opt/rustwide/target/debug/deps/libpin_utils-e8360a4d12f71807.rlib" "/opt/rustwide/target/debug/deps/libfutures_core-da303feb02cdff34.rlib" "/opt/rustwide/target/debug/deps/libitertools-3e36947ab397505c.rlib" "/opt/rustwide/target/debug/deps/libglobal_counter-f431373f2b1a2885.rlib" "/opt/rustwide/target/debug/deps/libgenerational_arena-3431bcd6eb5177b8.rlib" "/opt/rustwide/target/debug/deps/librustc_hash-c6f5474e70a2e7fd.rlib" "/opt/rustwide/target/debug/deps/libenum_iterator-15bb1a86c485a692.rlib" "/opt/rustwide/target/debug/deps/libenum_map-48f7176325a38c78.rlib" "/opt/rustwide/target/debug/deps/libenumset-71ab7897b5f49e53.rlib" "/opt/rustwide/target/debug/deps/libsysinfo-5398dc33bc01f369.rlib" "/opt/rustwide/target/debug/deps/libonce_cell-728f13abc4f8cf5f.rlib" "/opt/rustwide/target/debug/deps/librayon-40404b75b9dfb7d0.rlib" "/opt/rustwide/target/debug/deps/librayon_core-dd2c0a77c83bac90.rlib" "/opt/rustwide/target/debug/deps/libnum_cpus-99da39e1ff91ba70.rlib" "/opt/rustwide/target/debug/deps/libcrossbeam_deque-b19607cccbe38d3d.rlib" "/opt/rustwide/target/debug/deps/libcrossbeam_epoch-495894019c271dde.rlib" "/opt/rustwide/target/debug/deps/libmemoffset-70be0b3efc76ca6c.rlib" "/opt/rustwide/target/debug/deps/libscopeguard-f937485db0060aca.rlib" "/opt/rustwide/target/debug/deps/libcrossbeam_channel-3a5e358754ac225e.rlib" "/opt/rustwide/target/debug/deps/libcrossbeam_utils-ed915c09f57de221.rlib" "/opt/rustwide/target/debug/deps/libeither-49b31dd90481588d.rlib" "/opt/rustwide/target/debug/deps/liblazy_static-efa3519517df6cf0.rlib" "/opt/rustwide/target/debug/deps/librand-4d7132467cf947de.rlib" "/opt/rustwide/target/debug/deps/librand_chacha-7582001ed7420567.rlib" "/opt/rustwide/target/debug/deps/libppv_lite86-6355e3a2f5357626.rlib" "/opt/rustwide/target/debug/deps/librand_core-224f855548048da8.rlib" "/opt/rustwide/target/debug/deps/libgetrandom-eac395b85e5dc2a3.rlib" "/opt/rustwide/target/debug/deps/liblibc-4b0b24147de68dac.rlib" "/opt/rustwide/target/debug/deps/libcfg_if-a3e7e701fcd1f47b.rlib" "/opt/rustwide/rustup-home/toolchains/beta-2024-12-08-x86_64-unknown-linux-gnu/lib/rustlib/x86_64-unknown-linux-gnu/lib/libstd-02dc84f49135b6b8.rlib" "/opt/rustwide/rustup-home/toolchains/beta-2024-12-08-x86_64-unknown-linux-gnu/lib/rustlib/x86_64-unknown-linux-gnu/lib/libpanic_unwind-a8f45b397fae3f81.rlib" "/opt/rustwide/rustup-home/toolchains/beta-2024-12-08-x86_64-unknown-linux-gnu/lib/rustlib/x86_64-unknown-linux-gnu/lib/libobject-089607133c180609.rlib" "/opt/rustwide/rustup-home/toolchains/beta-2024-12-08-x86_64-unknown-linux-gnu/lib/rustlib/x86_64-unknown-linux-gnu/lib/libmemchr-fc89f091bcd86cbb.rlib" "/opt/rustwide/rustup-home/toolchains/beta-2024-12-08-x86_64-unknown-linux-gnu/lib/rustlib/x86_64-unknown-linux-gnu/lib/libaddr2line-5a60949f01c7340c.rlib" "/opt/rustwide/rustup-home/toolchains/beta-2024-12-08-x86_64-unknown-linux-gnu/lib/rustlib/x86_64-unknown-linux-gnu/lib/libgimli-d29e6a55ca253c8c.rlib" "/opt/rustwide/rustup-home/toolchains/beta-2024-12-08-x86_64-unknown-linux-gnu/lib/rustlib/x86_64-unknown-linux-gnu/lib/librustc_demangle-273c078d5f65de7a.rlib" "/opt/rustwide/rustup-home/toolchains/beta-2024-12-08-x86_64-unknown-linux-gnu/lib/rustlib/x86_64-unknown-linux-gnu/lib/libstd_detect-413c950ffbdd4454.rlib" "/opt/rustwide/rustup-home/toolchains/beta-2024-12-08-x86_64-unknown-linux-gnu/lib/rustlib/x86_64-unknown-linux-gnu/lib/libhashbrown-1853c0976a1d88a6.rlib" "/opt/rustwide/rustup-home/toolchains/beta-2024-12-08-x86_64-unknown-linux-gnu/lib/rustlib/x86_64-unknown-linux-gnu/lib/librustc_std_workspace_alloc-ccb3384ddacb0f9e.rlib" "/opt/rustwide/rustup-home/toolchains/beta-2024-12-08-x86_64-unknown-linux-gnu/lib/rustlib/x86_64-unknown-linux-gnu/lib/libminiz_oxide-0b901dfb0ca849e0.rlib" "/opt/rustwide/rustup-home/toolchains/beta-2024-12-08-x86_64-unknown-linux-gnu/lib/rustlib/x86_64-unknown-linux-gnu/lib/libadler-eebeb8d7c64543ad.rlib" "/opt/rustwide/rustup-home/toolchains/beta-2024-12-08-x86_64-unknown-linux-gnu/lib/rustlib/x86_64-unknown-linux-gnu/lib/libunwind-4723ef81d6079867.rlib" "/opt/rustwide/rustup-home/toolchains/beta-2024-12-08-x86_64-unknown-linux-gnu/lib/rustlib/x86_64-unknown-linux-gnu/lib/libcfg_if-54442f8b422f5a54.rlib" "/opt/rustwide/rustup-home/toolchains/beta-2024-12-08-x86_64-unknown-linux-gnu/lib/rustlib/x86_64-unknown-linux-gnu/lib/liblibc-e0bbe034b5282553.rlib" "/opt/rustwide/rustup-home/toolchains/beta-2024-12-08-x86_64-unknown-linux-gnu/lib/rustlib/x86_64-unknown-linux-gnu/lib/liballoc-d0febb68c1c37b90.rlib" "/opt/rustwide/rustup-home/toolchains/beta-2024-12-08-x86_64-unknown-linux-gnu/lib/rustlib/x86_64-unknown-linux-gnu/lib/librustc_std_workspace_core-4cf833632aafa84c.rlib" "/opt/rustwide/rustup-home/toolchains/beta-2024-12-08-x86_64-unknown-linux-gnu/lib/rustlib/x86_64-unknown-linux-gnu/lib/libcore-65c2c6d2d6ae570b.rlib" "/opt/rustwide/rustup-home/toolchains/beta-2024-12-08-x86_64-unknown-linux-gnu/lib/rustlib/x86_64-unknown-linux-gnu/lib/libcompiler_builtins-97929cee0dcfe424.rlib" "-Wl,-Bdynamic" "-lgcc_s" "-lutil" "-lrt" "-lpthread" "-lm" "-ldl" "-lc" "-Wl,--eh-frame-hdr" "-Wl,-z,noexecstack" "-L" "/opt/rustwide/target/debug/build/tikv-jemalloc-sys-4fde4cc0cb3e96ea/out/build/lib" "-L" "/opt/rustwide/rustup-home/toolchains/beta-2024-12-08-x86_64-unknown-linux-gnu/lib/rustlib/x86_64-unknown-linux-gnu/lib" "-o" "/tmp/rustdoctestnUPixA/rust_out" "-Wl,--gc-sections" "-pie" "-Wl,-z,relro,-z,now" "-nodefaultlibs"
[INFO] [stdout]   = note: collect2: fatal error: ld terminated with signal 9 [Killed]
[INFO] [stdout]           compilation terminated.
[INFO] [stdout]           
[INFO] [stdout] 
[INFO] [stdout] error: aborting due to 1 previous error
[INFO] [stdout] 
[INFO] [stdout] Couldn't compile the test.
[INFO] [stdout] ---- src/baserules/rawboard.rs - baserules::rawboard::RawBoard::default (line 260) stdout ----
[INFO] [stdout] error: linking with `cc` failed: exit status: 1
[INFO] [stdout]   |
[INFO] [stdout]   = note: LC_ALL="C" PATH="/opt/rustwide/rustup-home/toolchains/beta-2024-12-08-x86_64-unknown-linux-gnu/lib/rustlib/x86_64-unknown-linux-gnu/bin:/opt/rustwide/cargo-home/bin:/usr/local/sbin:/usr/local/bin:/usr/sbin:/usr/bin:/sbin:/bin" VSLANG="1033" "cc" "-m64" "/tmp/rustc80dSOk/symbols.o" "/tmp/rustdoctestfuz2GV/rust_out.rust_out.9242fac72db2cd11-cgu.0.rcgu.o" "/tmp/rustdoctestfuz2GV/rust_out.2hl2tb9xdtge7mguxzn2q1kvi.rcgu.o" "-Wl,--as-needed" "-Wl,-Bstatic" "/opt/rustwide/target/debug/deps/libdbce-349c1f9818615616.rlib" "/opt/rustwide/target/debug/deps/libtikv_jemallocator-df6d0eea633be935.rlib" "/opt/rustwide/target/debug/deps/libtikv_jemalloc_sys-24cc48c056c687de.rlib" "/opt/rustwide/target/debug/deps/libasync_scoped-acce55e5056478d4.rlib" "/opt/rustwide/target/debug/deps/libtokio-c35eac079d6055a0.rlib" "/opt/rustwide/target/debug/deps/libsignal_hook_registry-08bf2e07d1c00cc8.rlib" "/opt/rustwide/target/debug/deps/libsocket2-f71a68275f9a1a66.rlib" "/opt/rustwide/target/debug/deps/libbytes-8217216c646d0e94.rlib" "/opt/rustwide/target/debug/deps/libmio-fb4e4984663c3bb8.rlib" "/opt/rustwide/target/debug/deps/libparking_lot-0c034a7d99ce873e.rlib" "/opt/rustwide/target/debug/deps/libparking_lot_core-34447d65772b79ed.rlib" "/opt/rustwide/target/debug/deps/libsmallvec-e3d8269c0db97757.rlib" "/opt/rustwide/target/debug/deps/liblock_api-01b7e6f95550bc19.rlib" "/opt/rustwide/target/debug/deps/libpin_project-1eb94bf72f6dbb00.rlib" "/opt/rustwide/target/debug/deps/libfutures-ab23eb89d47d5a98.rlib" "/opt/rustwide/target/debug/deps/libfutures_executor-de62f13b58679e6f.rlib" "/opt/rustwide/target/debug/deps/libfutures_util-de831057208022c2.rlib" "/opt/rustwide/target/debug/deps/libmemchr-9cc83a4021d47d5a.rlib" "/opt/rustwide/target/debug/deps/libfutures_io-fe9a4c7df533f0fb.rlib" "/opt/rustwide/target/debug/deps/libslab-0a39a638bccea296.rlib" "/opt/rustwide/target/debug/deps/libfutures_channel-0c505dc0535924c0.rlib" "/opt/rustwide/target/debug/deps/libpin_project_lite-e615da966755eef2.rlib" "/opt/rustwide/target/debug/deps/libfutures_sink-996b6b2eda4edde2.rlib" "/opt/rustwide/target/debug/deps/libfutures_task-acdbc0302ffd08b9.rlib" "/opt/rustwide/target/debug/deps/libpin_utils-e8360a4d12f71807.rlib" "/opt/rustwide/target/debug/deps/libfutures_core-da303feb02cdff34.rlib" "/opt/rustwide/target/debug/deps/libitertools-3e36947ab397505c.rlib" "/opt/rustwide/target/debug/deps/libglobal_counter-f431373f2b1a2885.rlib" "/opt/rustwide/target/debug/deps/libgenerational_arena-3431bcd6eb5177b8.rlib" "/opt/rustwide/target/debug/deps/librustc_hash-c6f5474e70a2e7fd.rlib" "/opt/rustwide/target/debug/deps/libenum_iterator-15bb1a86c485a692.rlib" "/opt/rustwide/target/debug/deps/libenum_map-48f7176325a38c78.rlib" "/opt/rustwide/target/debug/deps/libenumset-71ab7897b5f49e53.rlib" "/opt/rustwide/target/debug/deps/libsysinfo-5398dc33bc01f369.rlib" "/opt/rustwide/target/debug/deps/libonce_cell-728f13abc4f8cf5f.rlib" "/opt/rustwide/target/debug/deps/librayon-40404b75b9dfb7d0.rlib" "/opt/rustwide/target/debug/deps/librayon_core-dd2c0a77c83bac90.rlib" "/opt/rustwide/target/debug/deps/libnum_cpus-99da39e1ff91ba70.rlib" "/opt/rustwide/target/debug/deps/libcrossbeam_deque-b19607cccbe38d3d.rlib" "/opt/rustwide/target/debug/deps/libcrossbeam_epoch-495894019c271dde.rlib" "/opt/rustwide/target/debug/deps/libmemoffset-70be0b3efc76ca6c.rlib" "/opt/rustwide/target/debug/deps/libscopeguard-f937485db0060aca.rlib" "/opt/rustwide/target/debug/deps/libcrossbeam_channel-3a5e358754ac225e.rlib" "/opt/rustwide/target/debug/deps/libcrossbeam_utils-ed915c09f57de221.rlib" "/opt/rustwide/target/debug/deps/libeither-49b31dd90481588d.rlib" "/opt/rustwide/target/debug/deps/liblazy_static-efa3519517df6cf0.rlib" "/opt/rustwide/target/debug/deps/librand-4d7132467cf947de.rlib" "/opt/rustwide/target/debug/deps/librand_chacha-7582001ed7420567.rlib" "/opt/rustwide/target/debug/deps/libppv_lite86-6355e3a2f5357626.rlib" "/opt/rustwide/target/debug/deps/librand_core-224f855548048da8.rlib" "/opt/rustwide/target/debug/deps/libgetrandom-eac395b85e5dc2a3.rlib" "/opt/rustwide/target/debug/deps/liblibc-4b0b24147de68dac.rlib" "/opt/rustwide/target/debug/deps/libcfg_if-a3e7e701fcd1f47b.rlib" "/opt/rustwide/rustup-home/toolchains/beta-2024-12-08-x86_64-unknown-linux-gnu/lib/rustlib/x86_64-unknown-linux-gnu/lib/libstd-02dc84f49135b6b8.rlib" "/opt/rustwide/rustup-home/toolchains/beta-2024-12-08-x86_64-unknown-linux-gnu/lib/rustlib/x86_64-unknown-linux-gnu/lib/libpanic_unwind-a8f45b397fae3f81.rlib" "/opt/rustwide/rustup-home/toolchains/beta-2024-12-08-x86_64-unknown-linux-gnu/lib/rustlib/x86_64-unknown-linux-gnu/lib/libobject-089607133c180609.rlib" "/opt/rustwide/rustup-home/toolchains/beta-2024-12-08-x86_64-unknown-linux-gnu/lib/rustlib/x86_64-unknown-linux-gnu/lib/libmemchr-fc89f091bcd86cbb.rlib" "/opt/rustwide/rustup-home/toolchains/beta-2024-12-08-x86_64-unknown-linux-gnu/lib/rustlib/x86_64-unknown-linux-gnu/lib/libaddr2line-5a60949f01c7340c.rlib" "/opt/rustwide/rustup-home/toolchains/beta-2024-12-08-x86_64-unknown-linux-gnu/lib/rustlib/x86_64-unknown-linux-gnu/lib/libgimli-d29e6a55ca253c8c.rlib" "/opt/rustwide/rustup-home/toolchains/beta-2024-12-08-x86_64-unknown-linux-gnu/lib/rustlib/x86_64-unknown-linux-gnu/lib/librustc_demangle-273c078d5f65de7a.rlib" "/opt/rustwide/rustup-home/toolchains/beta-2024-12-08-x86_64-unknown-linux-gnu/lib/rustlib/x86_64-unknown-linux-gnu/lib/libstd_detect-413c950ffbdd4454.rlib" "/opt/rustwide/rustup-home/toolchains/beta-2024-12-08-x86_64-unknown-linux-gnu/lib/rustlib/x86_64-unknown-linux-gnu/lib/libhashbrown-1853c0976a1d88a6.rlib" "/opt/rustwide/rustup-home/toolchains/beta-2024-12-08-x86_64-unknown-linux-gnu/lib/rustlib/x86_64-unknown-linux-gnu/lib/librustc_std_workspace_alloc-ccb3384ddacb0f9e.rlib" "/opt/rustwide/rustup-home/toolchains/beta-2024-12-08-x86_64-unknown-linux-gnu/lib/rustlib/x86_64-unknown-linux-gnu/lib/libminiz_oxide-0b901dfb0ca849e0.rlib" "/opt/rustwide/rustup-home/toolchains/beta-2024-12-08-x86_64-unknown-linux-gnu/lib/rustlib/x86_64-unknown-linux-gnu/lib/libadler-eebeb8d7c64543ad.rlib" "/opt/rustwide/rustup-home/toolchains/beta-2024-12-08-x86_64-unknown-linux-gnu/lib/rustlib/x86_64-unknown-linux-gnu/lib/libunwind-4723ef81d6079867.rlib" "/opt/rustwide/rustup-home/toolchains/beta-2024-12-08-x86_64-unknown-linux-gnu/lib/rustlib/x86_64-unknown-linux-gnu/lib/libcfg_if-54442f8b422f5a54.rlib" "/opt/rustwide/rustup-home/toolchains/beta-2024-12-08-x86_64-unknown-linux-gnu/lib/rustlib/x86_64-unknown-linux-gnu/lib/liblibc-e0bbe034b5282553.rlib" "/opt/rustwide/rustup-home/toolchains/beta-2024-12-08-x86_64-unknown-linux-gnu/lib/rustlib/x86_64-unknown-linux-gnu/lib/liballoc-d0febb68c1c37b90.rlib" "/opt/rustwide/rustup-home/toolchains/beta-2024-12-08-x86_64-unknown-linux-gnu/lib/rustlib/x86_64-unknown-linux-gnu/lib/librustc_std_workspace_core-4cf833632aafa84c.rlib" "/opt/rustwide/rustup-home/toolchains/beta-2024-12-08-x86_64-unknown-linux-gnu/lib/rustlib/x86_64-unknown-linux-gnu/lib/libcore-65c2c6d2d6ae570b.rlib" "/opt/rustwide/rustup-home/toolchains/beta-2024-12-08-x86_64-unknown-linux-gnu/lib/rustlib/x86_64-unknown-linux-gnu/lib/libcompiler_builtins-97929cee0dcfe424.rlib" "-Wl,-Bdynamic" "-lgcc_s" "-lutil" "-lrt" "-lpthread" "-lm" "-ldl" "-lc" "-Wl,--eh-frame-hdr" "-Wl,-z,noexecstack" "-L" "/opt/rustwide/target/debug/build/tikv-jemalloc-sys-4fde4cc0cb3e96ea/out/build/lib" "-L" "/opt/rustwide/rustup-home/toolchains/beta-2024-12-08-x86_64-unknown-linux-gnu/lib/rustlib/x86_64-unknown-linux-gnu/lib" "-o" "/tmp/rustdoctestfuz2GV/rust_out" "-Wl,--gc-sections" "-pie" "-Wl,-z,relro,-z,now" "-nodefaultlibs"
[INFO] [stdout]   = note: collect2: fatal error: ld terminated with signal 9 [Killed]
[INFO] [stdout]           compilation terminated.
[INFO] [stdout]           
[INFO] [stdout] 
[INFO] [stdout] error: aborting due to 1 previous error
[INFO] [stdout] 
[INFO] [stdout] Couldn't compile the test.
[INFO] [stdout] ---- src/baserules/board_rep.rs - baserules::board_rep::PossibleMove::simple_from_uci (line 106) stdout ----
[INFO] [stdout] error: linking with `cc` failed: exit status: 1
[INFO] [stdout]   |
[INFO] [stdout]   = note: LC_ALL="C" PATH="/opt/rustwide/rustup-home/toolchains/beta-2024-12-08-x86_64-unknown-linux-gnu/lib/rustlib/x86_64-unknown-linux-gnu/bin:/opt/rustwide/cargo-home/bin:/usr/local/sbin:/usr/local/bin:/usr/sbin:/usr/bin:/sbin:/bin" VSLANG="1033" "cc" "-m64" "/tmp/rustcrmXZpv/symbols.o" "/tmp/rustdoctestmBOP99/rust_out.rust_out.9242fac72db2cd11-cgu.0.rcgu.o" "/tmp/rustdoctestmBOP99/rust_out.2hl2tb9xdtge7mguxzn2q1kvi.rcgu.o" "-Wl,--as-needed" "-Wl,-Bstatic" "/opt/rustwide/target/debug/deps/libdbce-349c1f9818615616.rlib" "/opt/rustwide/target/debug/deps/libtikv_jemallocator-df6d0eea633be935.rlib" "/opt/rustwide/target/debug/deps/libtikv_jemalloc_sys-24cc48c056c687de.rlib" "/opt/rustwide/target/debug/deps/libasync_scoped-acce55e5056478d4.rlib" "/opt/rustwide/target/debug/deps/libtokio-c35eac079d6055a0.rlib" "/opt/rustwide/target/debug/deps/libsignal_hook_registry-08bf2e07d1c00cc8.rlib" "/opt/rustwide/target/debug/deps/libsocket2-f71a68275f9a1a66.rlib" "/opt/rustwide/target/debug/deps/libbytes-8217216c646d0e94.rlib" "/opt/rustwide/target/debug/deps/libmio-fb4e4984663c3bb8.rlib" "/opt/rustwide/target/debug/deps/libparking_lot-0c034a7d99ce873e.rlib" "/opt/rustwide/target/debug/deps/libparking_lot_core-34447d65772b79ed.rlib" "/opt/rustwide/target/debug/deps/libsmallvec-e3d8269c0db97757.rlib" "/opt/rustwide/target/debug/deps/liblock_api-01b7e6f95550bc19.rlib" "/opt/rustwide/target/debug/deps/libpin_project-1eb94bf72f6dbb00.rlib" "/opt/rustwide/target/debug/deps/libfutures-ab23eb89d47d5a98.rlib" "/opt/rustwide/target/debug/deps/libfutures_executor-de62f13b58679e6f.rlib" "/opt/rustwide/target/debug/deps/libfutures_util-de831057208022c2.rlib" "/opt/rustwide/target/debug/deps/libmemchr-9cc83a4021d47d5a.rlib" "/opt/rustwide/target/debug/deps/libfutures_io-fe9a4c7df533f0fb.rlib" "/opt/rustwide/target/debug/deps/libslab-0a39a638bccea296.rlib" "/opt/rustwide/target/debug/deps/libfutures_channel-0c505dc0535924c0.rlib" "/opt/rustwide/target/debug/deps/libpin_project_lite-e615da966755eef2.rlib" "/opt/rustwide/target/debug/deps/libfutures_sink-996b6b2eda4edde2.rlib" "/opt/rustwide/target/debug/deps/libfutures_task-acdbc0302ffd08b9.rlib" "/opt/rustwide/target/debug/deps/libpin_utils-e8360a4d12f71807.rlib" "/opt/rustwide/target/debug/deps/libfutures_core-da303feb02cdff34.rlib" "/opt/rustwide/target/debug/deps/libitertools-3e36947ab397505c.rlib" "/opt/rustwide/target/debug/deps/libglobal_counter-f431373f2b1a2885.rlib" "/opt/rustwide/target/debug/deps/libgenerational_arena-3431bcd6eb5177b8.rlib" "/opt/rustwide/target/debug/deps/librustc_hash-c6f5474e70a2e7fd.rlib" "/opt/rustwide/target/debug/deps/libenum_iterator-15bb1a86c485a692.rlib" "/opt/rustwide/target/debug/deps/libenum_map-48f7176325a38c78.rlib" "/opt/rustwide/target/debug/deps/libenumset-71ab7897b5f49e53.rlib" "/opt/rustwide/target/debug/deps/libsysinfo-5398dc33bc01f369.rlib" "/opt/rustwide/target/debug/deps/libonce_cell-728f13abc4f8cf5f.rlib" "/opt/rustwide/target/debug/deps/librayon-40404b75b9dfb7d0.rlib" "/opt/rustwide/target/debug/deps/librayon_core-dd2c0a77c83bac90.rlib" "/opt/rustwide/target/debug/deps/libnum_cpus-99da39e1ff91ba70.rlib" "/opt/rustwide/target/debug/deps/libcrossbeam_deque-b19607cccbe38d3d.rlib" "/opt/rustwide/target/debug/deps/libcrossbeam_epoch-495894019c271dde.rlib" "/opt/rustwide/target/debug/deps/libmemoffset-70be0b3efc76ca6c.rlib" "/opt/rustwide/target/debug/deps/libscopeguard-f937485db0060aca.rlib" "/opt/rustwide/target/debug/deps/libcrossbeam_channel-3a5e358754ac225e.rlib" "/opt/rustwide/target/debug/deps/libcrossbeam_utils-ed915c09f57de221.rlib" "/opt/rustwide/target/debug/deps/libeither-49b31dd90481588d.rlib" "/opt/rustwide/target/debug/deps/liblazy_static-efa3519517df6cf0.rlib" "/opt/rustwide/target/debug/deps/librand-4d7132467cf947de.rlib" "/opt/rustwide/target/debug/deps/librand_chacha-7582001ed7420567.rlib" "/opt/rustwide/target/debug/deps/libppv_lite86-6355e3a2f5357626.rlib" "/opt/rustwide/target/debug/deps/librand_core-224f855548048da8.rlib" "/opt/rustwide/target/debug/deps/libgetrandom-eac395b85e5dc2a3.rlib" "/opt/rustwide/target/debug/deps/liblibc-4b0b24147de68dac.rlib" "/opt/rustwide/target/debug/deps/libcfg_if-a3e7e701fcd1f47b.rlib" "/opt/rustwide/rustup-home/toolchains/beta-2024-12-08-x86_64-unknown-linux-gnu/lib/rustlib/x86_64-unknown-linux-gnu/lib/libstd-02dc84f49135b6b8.rlib" "/opt/rustwide/rustup-home/toolchains/beta-2024-12-08-x86_64-unknown-linux-gnu/lib/rustlib/x86_64-unknown-linux-gnu/lib/libpanic_unwind-a8f45b397fae3f81.rlib" "/opt/rustwide/rustup-home/toolchains/beta-2024-12-08-x86_64-unknown-linux-gnu/lib/rustlib/x86_64-unknown-linux-gnu/lib/libobject-089607133c180609.rlib" "/opt/rustwide/rustup-home/toolchains/beta-2024-12-08-x86_64-unknown-linux-gnu/lib/rustlib/x86_64-unknown-linux-gnu/lib/libmemchr-fc89f091bcd86cbb.rlib" "/opt/rustwide/rustup-home/toolchains/beta-2024-12-08-x86_64-unknown-linux-gnu/lib/rustlib/x86_64-unknown-linux-gnu/lib/libaddr2line-5a60949f01c7340c.rlib" "/opt/rustwide/rustup-home/toolchains/beta-2024-12-08-x86_64-unknown-linux-gnu/lib/rustlib/x86_64-unknown-linux-gnu/lib/libgimli-d29e6a55ca253c8c.rlib" "/opt/rustwide/rustup-home/toolchains/beta-2024-12-08-x86_64-unknown-linux-gnu/lib/rustlib/x86_64-unknown-linux-gnu/lib/librustc_demangle-273c078d5f65de7a.rlib" "/opt/rustwide/rustup-home/toolchains/beta-2024-12-08-x86_64-unknown-linux-gnu/lib/rustlib/x86_64-unknown-linux-gnu/lib/libstd_detect-413c950ffbdd4454.rlib" "/opt/rustwide/rustup-home/toolchains/beta-2024-12-08-x86_64-unknown-linux-gnu/lib/rustlib/x86_64-unknown-linux-gnu/lib/libhashbrown-1853c0976a1d88a6.rlib" "/opt/rustwide/rustup-home/toolchains/beta-2024-12-08-x86_64-unknown-linux-gnu/lib/rustlib/x86_64-unknown-linux-gnu/lib/librustc_std_workspace_alloc-ccb3384ddacb0f9e.rlib" "/opt/rustwide/rustup-home/toolchains/beta-2024-12-08-x86_64-unknown-linux-gnu/lib/rustlib/x86_64-unknown-linux-gnu/lib/libminiz_oxide-0b901dfb0ca849e0.rlib" "/opt/rustwide/rustup-home/toolchains/beta-2024-12-08-x86_64-unknown-linux-gnu/lib/rustlib/x86_64-unknown-linux-gnu/lib/libadler-eebeb8d7c64543ad.rlib" "/opt/rustwide/rustup-home/toolchains/beta-2024-12-08-x86_64-unknown-linux-gnu/lib/rustlib/x86_64-unknown-linux-gnu/lib/libunwind-4723ef81d6079867.rlib" "/opt/rustwide/rustup-home/toolchains/beta-2024-12-08-x86_64-unknown-linux-gnu/lib/rustlib/x86_64-unknown-linux-gnu/lib/libcfg_if-54442f8b422f5a54.rlib" "/opt/rustwide/rustup-home/toolchains/beta-2024-12-08-x86_64-unknown-linux-gnu/lib/rustlib/x86_64-unknown-linux-gnu/lib/liblibc-e0bbe034b5282553.rlib" "/opt/rustwide/rustup-home/toolchains/beta-2024-12-08-x86_64-unknown-linux-gnu/lib/rustlib/x86_64-unknown-linux-gnu/lib/liballoc-d0febb68c1c37b90.rlib" "/opt/rustwide/rustup-home/toolchains/beta-2024-12-08-x86_64-unknown-linux-gnu/lib/rustlib/x86_64-unknown-linux-gnu/lib/librustc_std_workspace_core-4cf833632aafa84c.rlib" "/opt/rustwide/rustup-home/toolchains/beta-2024-12-08-x86_64-unknown-linux-gnu/lib/rustlib/x86_64-unknown-linux-gnu/lib/libcore-65c2c6d2d6ae570b.rlib" "/opt/rustwide/rustup-home/toolchains/beta-2024-12-08-x86_64-unknown-linux-gnu/lib/rustlib/x86_64-unknown-linux-gnu/lib/libcompiler_builtins-97929cee0dcfe424.rlib" "-Wl,-Bdynamic" "-lgcc_s" "-lutil" "-lrt" "-lpthread" "-lm" "-ldl" "-lc" "-Wl,--eh-frame-hdr" "-Wl,-z,noexecstack" "-L" "/opt/rustwide/target/debug/build/tikv-jemalloc-sys-4fde4cc0cb3e96ea/out/build/lib" "-L" "/opt/rustwide/rustup-home/toolchains/beta-2024-12-08-x86_64-unknown-linux-gnu/lib/rustlib/x86_64-unknown-linux-gnu/lib" "-o" "/tmp/rustdoctestmBOP99/rust_out" "-Wl,--gc-sections" "-pie" "-Wl,-z,relro,-z,now" "-nodefaultlibs"
[INFO] [stdout]   = note: collect2: fatal error: ld terminated with signal 9 [Killed]
[INFO] [stdout]           compilation terminated.
[INFO] [stdout]           
[INFO] [stdout] 
[INFO] [stdout] error: aborting due to 1 previous error
[INFO] [stdout] 
[INFO] [stdout] Couldn't compile the test.
[INFO] [stdout] ---- src/baserules/rawboard.rs - baserules::rawboard::RawBoard::score (line 128) stdout ----
[INFO] [stdout] error[E0599]: no method named `unwrap` found for opaque type `impl Future<Output = Result<PSBoard, Box<(dyn std::error::Error + 'static)>>>` in the current scope
[INFO] [stdout]  --> src/baserules/rawboard.rs:132:108
[INFO] [stdout]   |
[INFO] [stdout] 7 | let scholars_mate = PSBoard::from_fen("1rbqQb1r/pppp2pp/2n2n2/4p3/2B1P3/8/PPPP1PPP/RNB1K1NR b QKqk - 9 5").unwrap();
[INFO] [stdout]   |                                                                                                            ^^^^^^ method not found in `impl Future<Output = Result<PSBoard, Box<dyn Error>>>`
[INFO] [stdout]   |
[INFO] [stdout] help: consider `await`ing on the `Future` and calling the method on its `Output`
[INFO] [stdout]   |
[INFO] [stdout] 7 | let scholars_mate = PSBoard::from_fen("1rbqQb1r/pppp2pp/2n2n2/4p3/2B1P3/8/PPPP1PPP/RNB1K1NR b QKqk - 9 5").await.unwrap();
[INFO] [stdout]   |                                                                                                            ++++++
[INFO] [stdout] 
[INFO] [stdout] error: aborting due to 1 previous error
[INFO] [stdout] 
[INFO] [stdout] For more information about this error, try `rustc --explain E0599`.
[INFO] [stdout] Couldn't compile the test.
[INFO] [stdout] ---- src/baserules/board_rep.rs - baserules::board_rep::PossibleMove::from (line 122) stdout ----
[INFO] [stdout] error: linking with `cc` failed: exit status: 1
[INFO] [stdout]   |
[INFO] [stdout]   = note: LC_ALL="C" PATH="/opt/rustwide/rustup-home/toolchains/beta-2024-12-08-x86_64-unknown-linux-gnu/lib/rustlib/x86_64-unknown-linux-gnu/bin:/opt/rustwide/cargo-home/bin:/usr/local/sbin:/usr/local/bin:/usr/sbin:/usr/bin:/sbin:/bin" VSLANG="1033" "cc" "-m64" "/tmp/rustc9LyyCD/symbols.o" "/tmp/rustdoctestYAnFYw/rust_out.rust_out.9242fac72db2cd11-cgu.0.rcgu.o" "/tmp/rustdoctestYAnFYw/rust_out.2hl2tb9xdtge7mguxzn2q1kvi.rcgu.o" "-Wl,--as-needed" "-Wl,-Bstatic" "/opt/rustwide/target/debug/deps/libdbce-349c1f9818615616.rlib" "/opt/rustwide/target/debug/deps/libtikv_jemallocator-df6d0eea633be935.rlib" "/opt/rustwide/target/debug/deps/libtikv_jemalloc_sys-24cc48c056c687de.rlib" "/opt/rustwide/target/debug/deps/libasync_scoped-acce55e5056478d4.rlib" "/opt/rustwide/target/debug/deps/libtokio-c35eac079d6055a0.rlib" "/opt/rustwide/target/debug/deps/libsignal_hook_registry-08bf2e07d1c00cc8.rlib" "/opt/rustwide/target/debug/deps/libsocket2-f71a68275f9a1a66.rlib" "/opt/rustwide/target/debug/deps/libbytes-8217216c646d0e94.rlib" "/opt/rustwide/target/debug/deps/libmio-fb4e4984663c3bb8.rlib" "/opt/rustwide/target/debug/deps/libparking_lot-0c034a7d99ce873e.rlib" "/opt/rustwide/target/debug/deps/libparking_lot_core-34447d65772b79ed.rlib" "/opt/rustwide/target/debug/deps/libsmallvec-e3d8269c0db97757.rlib" "/opt/rustwide/target/debug/deps/liblock_api-01b7e6f95550bc19.rlib" "/opt/rustwide/target/debug/deps/libpin_project-1eb94bf72f6dbb00.rlib" "/opt/rustwide/target/debug/deps/libfutures-ab23eb89d47d5a98.rlib" "/opt/rustwide/target/debug/deps/libfutures_executor-de62f13b58679e6f.rlib" "/opt/rustwide/target/debug/deps/libfutures_util-de831057208022c2.rlib" "/opt/rustwide/target/debug/deps/libmemchr-9cc83a4021d47d5a.rlib" "/opt/rustwide/target/debug/deps/libfutures_io-fe9a4c7df533f0fb.rlib" "/opt/rustwide/target/debug/deps/libslab-0a39a638bccea296.rlib" "/opt/rustwide/target/debug/deps/libfutures_channel-0c505dc0535924c0.rlib" "/opt/rustwide/target/debug/deps/libpin_project_lite-e615da966755eef2.rlib" "/opt/rustwide/target/debug/deps/libfutures_sink-996b6b2eda4edde2.rlib" "/opt/rustwide/target/debug/deps/libfutures_task-acdbc0302ffd08b9.rlib" "/opt/rustwide/target/debug/deps/libpin_utils-e8360a4d12f71807.rlib" "/opt/rustwide/target/debug/deps/libfutures_core-da303feb02cdff34.rlib" "/opt/rustwide/target/debug/deps/libitertools-3e36947ab397505c.rlib" "/opt/rustwide/target/debug/deps/libglobal_counter-f431373f2b1a2885.rlib" "/opt/rustwide/target/debug/deps/libgenerational_arena-3431bcd6eb5177b8.rlib" "/opt/rustwide/target/debug/deps/librustc_hash-c6f5474e70a2e7fd.rlib" "/opt/rustwide/target/debug/deps/libenum_iterator-15bb1a86c485a692.rlib" "/opt/rustwide/target/debug/deps/libenum_map-48f7176325a38c78.rlib" "/opt/rustwide/target/debug/deps/libenumset-71ab7897b5f49e53.rlib" "/opt/rustwide/target/debug/deps/libsysinfo-5398dc33bc01f369.rlib" "/opt/rustwide/target/debug/deps/libonce_cell-728f13abc4f8cf5f.rlib" "/opt/rustwide/target/debug/deps/librayon-40404b75b9dfb7d0.rlib" "/opt/rustwide/target/debug/deps/librayon_core-dd2c0a77c83bac90.rlib" "/opt/rustwide/target/debug/deps/libnum_cpus-99da39e1ff91ba70.rlib" "/opt/rustwide/target/debug/deps/libcrossbeam_deque-b19607cccbe38d3d.rlib" "/opt/rustwide/target/debug/deps/libcrossbeam_epoch-495894019c271dde.rlib" "/opt/rustwide/target/debug/deps/libmemoffset-70be0b3efc76ca6c.rlib" "/opt/rustwide/target/debug/deps/libscopeguard-f937485db0060aca.rlib" "/opt/rustwide/target/debug/deps/libcrossbeam_channel-3a5e358754ac225e.rlib" "/opt/rustwide/target/debug/deps/libcrossbeam_utils-ed915c09f57de221.rlib" "/opt/rustwide/target/debug/deps/libeither-49b31dd90481588d.rlib" "/opt/rustwide/target/debug/deps/liblazy_static-efa3519517df6cf0.rlib" "/opt/rustwide/target/debug/deps/librand-4d7132467cf947de.rlib" "/opt/rustwide/target/debug/deps/librand_chacha-7582001ed7420567.rlib" "/opt/rustwide/target/debug/deps/libppv_lite86-6355e3a2f5357626.rlib" "/opt/rustwide/target/debug/deps/librand_core-224f855548048da8.rlib" "/opt/rustwide/target/debug/deps/libgetrandom-eac395b85e5dc2a3.rlib" "/opt/rustwide/target/debug/deps/liblibc-4b0b24147de68dac.rlib" "/opt/rustwide/target/debug/deps/libcfg_if-a3e7e701fcd1f47b.rlib" "/opt/rustwide/rustup-home/toolchains/beta-2024-12-08-x86_64-unknown-linux-gnu/lib/rustlib/x86_64-unknown-linux-gnu/lib/libstd-02dc84f49135b6b8.rlib" "/opt/rustwide/rustup-home/toolchains/beta-2024-12-08-x86_64-unknown-linux-gnu/lib/rustlib/x86_64-unknown-linux-gnu/lib/libpanic_unwind-a8f45b397fae3f81.rlib" "/opt/rustwide/rustup-home/toolchains/beta-2024-12-08-x86_64-unknown-linux-gnu/lib/rustlib/x86_64-unknown-linux-gnu/lib/libobject-089607133c180609.rlib" "/opt/rustwide/rustup-home/toolchains/beta-2024-12-08-x86_64-unknown-linux-gnu/lib/rustlib/x86_64-unknown-linux-gnu/lib/libmemchr-fc89f091bcd86cbb.rlib" "/opt/rustwide/rustup-home/toolchains/beta-2024-12-08-x86_64-unknown-linux-gnu/lib/rustlib/x86_64-unknown-linux-gnu/lib/libaddr2line-5a60949f01c7340c.rlib" "/opt/rustwide/rustup-home/toolchains/beta-2024-12-08-x86_64-unknown-linux-gnu/lib/rustlib/x86_64-unknown-linux-gnu/lib/libgimli-d29e6a55ca253c8c.rlib" "/opt/rustwide/rustup-home/toolchains/beta-2024-12-08-x86_64-unknown-linux-gnu/lib/rustlib/x86_64-unknown-linux-gnu/lib/librustc_demangle-273c078d5f65de7a.rlib" "/opt/rustwide/rustup-home/toolchains/beta-2024-12-08-x86_64-unknown-linux-gnu/lib/rustlib/x86_64-unknown-linux-gnu/lib/libstd_detect-413c950ffbdd4454.rlib" "/opt/rustwide/rustup-home/toolchains/beta-2024-12-08-x86_64-unknown-linux-gnu/lib/rustlib/x86_64-unknown-linux-gnu/lib/libhashbrown-1853c0976a1d88a6.rlib" "/opt/rustwide/rustup-home/toolchains/beta-2024-12-08-x86_64-unknown-linux-gnu/lib/rustlib/x86_64-unknown-linux-gnu/lib/librustc_std_workspace_alloc-ccb3384ddacb0f9e.rlib" "/opt/rustwide/rustup-home/toolchains/beta-2024-12-08-x86_64-unknown-linux-gnu/lib/rustlib/x86_64-unknown-linux-gnu/lib/libminiz_oxide-0b901dfb0ca849e0.rlib" "/opt/rustwide/rustup-home/toolchains/beta-2024-12-08-x86_64-unknown-linux-gnu/lib/rustlib/x86_64-unknown-linux-gnu/lib/libadler-eebeb8d7c64543ad.rlib" "/opt/rustwide/rustup-home/toolchains/beta-2024-12-08-x86_64-unknown-linux-gnu/lib/rustlib/x86_64-unknown-linux-gnu/lib/libunwind-4723ef81d6079867.rlib" "/opt/rustwide/rustup-home/toolchains/beta-2024-12-08-x86_64-unknown-linux-gnu/lib/rustlib/x86_64-unknown-linux-gnu/lib/libcfg_if-54442f8b422f5a54.rlib" "/opt/rustwide/rustup-home/toolchains/beta-2024-12-08-x86_64-unknown-linux-gnu/lib/rustlib/x86_64-unknown-linux-gnu/lib/liblibc-e0bbe034b5282553.rlib" "/opt/rustwide/rustup-home/toolchains/beta-2024-12-08-x86_64-unknown-linux-gnu/lib/rustlib/x86_64-unknown-linux-gnu/lib/liballoc-d0febb68c1c37b90.rlib" "/opt/rustwide/rustup-home/toolchains/beta-2024-12-08-x86_64-unknown-linux-gnu/lib/rustlib/x86_64-unknown-linux-gnu/lib/librustc_std_workspace_core-4cf833632aafa84c.rlib" "/opt/rustwide/rustup-home/toolchains/beta-2024-12-08-x86_64-unknown-linux-gnu/lib/rustlib/x86_64-unknown-linux-gnu/lib/libcore-65c2c6d2d6ae570b.rlib" "/opt/rustwide/rustup-home/toolchains/beta-2024-12-08-x86_64-unknown-linux-gnu/lib/rustlib/x86_64-unknown-linux-gnu/lib/libcompiler_builtins-97929cee0dcfe424.rlib" "-Wl,-Bdynamic" "-lgcc_s" "-lutil" "-lrt" "-lpthread" "-lm" "-ldl" "-lc" "-Wl,--eh-frame-hdr" "-Wl,-z,noexecstack" "-L" "/opt/rustwide/target/debug/build/tikv-jemalloc-sys-4fde4cc0cb3e96ea/out/build/lib" "-L" "/opt/rustwide/rustup-home/toolchains/beta-2024-12-08-x86_64-unknown-linux-gnu/lib/rustlib/x86_64-unknown-linux-gnu/lib" "-o" "/tmp/rustdoctestYAnFYw/rust_out" "-Wl,--gc-sections" "-pie" "-Wl,-z,relro,-z,now" "-nodefaultlibs"
[INFO] [stdout]   = note: collect2: fatal error: ld terminated with signal 9 [Killed]
[INFO] [stdout]           compilation terminated.
[INFO] [stdout]           
[INFO] [stdout] 
[INFO] [stdout] error: aborting due to 1 previous error
[INFO] [stdout] 
[INFO] [stdout] Couldn't compile the test.
[INFO] [stdout] ---- src/baserules/board.rs - baserules::board::PSBoard::default (line 86) stdout ----
[INFO] [stdout] error: linking with `cc` failed: exit status: 1
[INFO] [stdout]   |
[INFO] [stdout]   = note: LC_ALL="C" PATH="/opt/rustwide/rustup-home/toolchains/beta-2024-12-08-x86_64-unknown-linux-gnu/lib/rustlib/x86_64-unknown-linux-gnu/bin:/opt/rustwide/cargo-home/bin:/usr/local/sbin:/usr/local/bin:/usr/sbin:/usr/bin:/sbin:/bin" VSLANG="1033" "cc" "-m64" "/tmp/rustcfmqj92/symbols.o" "/tmp/rustdoctestHaieIz/rust_out.rust_out.9242fac72db2cd11-cgu.0.rcgu.o" "/tmp/rustdoctestHaieIz/rust_out.2hl2tb9xdtge7mguxzn2q1kvi.rcgu.o" "-Wl,--as-needed" "-Wl,-Bstatic" "/opt/rustwide/target/debug/deps/libdbce-349c1f9818615616.rlib" "/opt/rustwide/target/debug/deps/libtikv_jemallocator-df6d0eea633be935.rlib" "/opt/rustwide/target/debug/deps/libtikv_jemalloc_sys-24cc48c056c687de.rlib" "/opt/rustwide/target/debug/deps/libasync_scoped-acce55e5056478d4.rlib" "/opt/rustwide/target/debug/deps/libtokio-c35eac079d6055a0.rlib" "/opt/rustwide/target/debug/deps/libsignal_hook_registry-08bf2e07d1c00cc8.rlib" "/opt/rustwide/target/debug/deps/libsocket2-f71a68275f9a1a66.rlib" "/opt/rustwide/target/debug/deps/libbytes-8217216c646d0e94.rlib" "/opt/rustwide/target/debug/deps/libmio-fb4e4984663c3bb8.rlib" "/opt/rustwide/target/debug/deps/libparking_lot-0c034a7d99ce873e.rlib" "/opt/rustwide/target/debug/deps/libparking_lot_core-34447d65772b79ed.rlib" "/opt/rustwide/target/debug/deps/libsmallvec-e3d8269c0db97757.rlib" "/opt/rustwide/target/debug/deps/liblock_api-01b7e6f95550bc19.rlib" "/opt/rustwide/target/debug/deps/libpin_project-1eb94bf72f6dbb00.rlib" "/opt/rustwide/target/debug/deps/libfutures-ab23eb89d47d5a98.rlib" "/opt/rustwide/target/debug/deps/libfutures_executor-de62f13b58679e6f.rlib" "/opt/rustwide/target/debug/deps/libfutures_util-de831057208022c2.rlib" "/opt/rustwide/target/debug/deps/libmemchr-9cc83a4021d47d5a.rlib" "/opt/rustwide/target/debug/deps/libfutures_io-fe9a4c7df533f0fb.rlib" "/opt/rustwide/target/debug/deps/libslab-0a39a638bccea296.rlib" "/opt/rustwide/target/debug/deps/libfutures_channel-0c505dc0535924c0.rlib" "/opt/rustwide/target/debug/deps/libpin_project_lite-e615da966755eef2.rlib" "/opt/rustwide/target/debug/deps/libfutures_sink-996b6b2eda4edde2.rlib" "/opt/rustwide/target/debug/deps/libfutures_task-acdbc0302ffd08b9.rlib" "/opt/rustwide/target/debug/deps/libpin_utils-e8360a4d12f71807.rlib" "/opt/rustwide/target/debug/deps/libfutures_core-da303feb02cdff34.rlib" "/opt/rustwide/target/debug/deps/libitertools-3e36947ab397505c.rlib" "/opt/rustwide/target/debug/deps/libglobal_counter-f431373f2b1a2885.rlib" "/opt/rustwide/target/debug/deps/libgenerational_arena-3431bcd6eb5177b8.rlib" "/opt/rustwide/target/debug/deps/librustc_hash-c6f5474e70a2e7fd.rlib" "/opt/rustwide/target/debug/deps/libenum_iterator-15bb1a86c485a692.rlib" "/opt/rustwide/target/debug/deps/libenum_map-48f7176325a38c78.rlib" "/opt/rustwide/target/debug/deps/libenumset-71ab7897b5f49e53.rlib" "/opt/rustwide/target/debug/deps/libsysinfo-5398dc33bc01f369.rlib" "/opt/rustwide/target/debug/deps/libonce_cell-728f13abc4f8cf5f.rlib" "/opt/rustwide/target/debug/deps/librayon-40404b75b9dfb7d0.rlib" "/opt/rustwide/target/debug/deps/librayon_core-dd2c0a77c83bac90.rlib" "/opt/rustwide/target/debug/deps/libnum_cpus-99da39e1ff91ba70.rlib" "/opt/rustwide/target/debug/deps/libcrossbeam_deque-b19607cccbe38d3d.rlib" "/opt/rustwide/target/debug/deps/libcrossbeam_epoch-495894019c271dde.rlib" "/opt/rustwide/target/debug/deps/libmemoffset-70be0b3efc76ca6c.rlib" "/opt/rustwide/target/debug/deps/libscopeguard-f937485db0060aca.rlib" "/opt/rustwide/target/debug/deps/libcrossbeam_channel-3a5e358754ac225e.rlib" "/opt/rustwide/target/debug/deps/libcrossbeam_utils-ed915c09f57de221.rlib" "/opt/rustwide/target/debug/deps/libeither-49b31dd90481588d.rlib" "/opt/rustwide/target/debug/deps/liblazy_static-efa3519517df6cf0.rlib" "/opt/rustwide/target/debug/deps/librand-4d7132467cf947de.rlib" "/opt/rustwide/target/debug/deps/librand_chacha-7582001ed7420567.rlib" "/opt/rustwide/target/debug/deps/libppv_lite86-6355e3a2f5357626.rlib" "/opt/rustwide/target/debug/deps/librand_core-224f855548048da8.rlib" "/opt/rustwide/target/debug/deps/libgetrandom-eac395b85e5dc2a3.rlib" "/opt/rustwide/target/debug/deps/liblibc-4b0b24147de68dac.rlib" "/opt/rustwide/target/debug/deps/libcfg_if-a3e7e701fcd1f47b.rlib" "/opt/rustwide/rustup-home/toolchains/beta-2024-12-08-x86_64-unknown-linux-gnu/lib/rustlib/x86_64-unknown-linux-gnu/lib/libstd-02dc84f49135b6b8.rlib" "/opt/rustwide/rustup-home/toolchains/beta-2024-12-08-x86_64-unknown-linux-gnu/lib/rustlib/x86_64-unknown-linux-gnu/lib/libpanic_unwind-a8f45b397fae3f81.rlib" "/opt/rustwide/rustup-home/toolchains/beta-2024-12-08-x86_64-unknown-linux-gnu/lib/rustlib/x86_64-unknown-linux-gnu/lib/libobject-089607133c180609.rlib" "/opt/rustwide/rustup-home/toolchains/beta-2024-12-08-x86_64-unknown-linux-gnu/lib/rustlib/x86_64-unknown-linux-gnu/lib/libmemchr-fc89f091bcd86cbb.rlib" "/opt/rustwide/rustup-home/toolchains/beta-2024-12-08-x86_64-unknown-linux-gnu/lib/rustlib/x86_64-unknown-linux-gnu/lib/libaddr2line-5a60949f01c7340c.rlib" "/opt/rustwide/rustup-home/toolchains/beta-2024-12-08-x86_64-unknown-linux-gnu/lib/rustlib/x86_64-unknown-linux-gnu/lib/libgimli-d29e6a55ca253c8c.rlib" "/opt/rustwide/rustup-home/toolchains/beta-2024-12-08-x86_64-unknown-linux-gnu/lib/rustlib/x86_64-unknown-linux-gnu/lib/librustc_demangle-273c078d5f65de7a.rlib" "/opt/rustwide/rustup-home/toolchains/beta-2024-12-08-x86_64-unknown-linux-gnu/lib/rustlib/x86_64-unknown-linux-gnu/lib/libstd_detect-413c950ffbdd4454.rlib" "/opt/rustwide/rustup-home/toolchains/beta-2024-12-08-x86_64-unknown-linux-gnu/lib/rustlib/x86_64-unknown-linux-gnu/lib/libhashbrown-1853c0976a1d88a6.rlib" "/opt/rustwide/rustup-home/toolchains/beta-2024-12-08-x86_64-unknown-linux-gnu/lib/rustlib/x86_64-unknown-linux-gnu/lib/librustc_std_workspace_alloc-ccb3384ddacb0f9e.rlib" "/opt/rustwide/rustup-home/toolchains/beta-2024-12-08-x86_64-unknown-linux-gnu/lib/rustlib/x86_64-unknown-linux-gnu/lib/libminiz_oxide-0b901dfb0ca849e0.rlib" "/opt/rustwide/rustup-home/toolchains/beta-2024-12-08-x86_64-unknown-linux-gnu/lib/rustlib/x86_64-unknown-linux-gnu/lib/libadler-eebeb8d7c64543ad.rlib" "/opt/rustwide/rustup-home/toolchains/beta-2024-12-08-x86_64-unknown-linux-gnu/lib/rustlib/x86_64-unknown-linux-gnu/lib/libunwind-4723ef81d6079867.rlib" "/opt/rustwide/rustup-home/toolchains/beta-2024-12-08-x86_64-unknown-linux-gnu/lib/rustlib/x86_64-unknown-linux-gnu/lib/libcfg_if-54442f8b422f5a54.rlib" "/opt/rustwide/rustup-home/toolchains/beta-2024-12-08-x86_64-unknown-linux-gnu/lib/rustlib/x86_64-unknown-linux-gnu/lib/liblibc-e0bbe034b5282553.rlib" "/opt/rustwide/rustup-home/toolchains/beta-2024-12-08-x86_64-unknown-linux-gnu/lib/rustlib/x86_64-unknown-linux-gnu/lib/liballoc-d0febb68c1c37b90.rlib" "/opt/rustwide/rustup-home/toolchains/beta-2024-12-08-x86_64-unknown-linux-gnu/lib/rustlib/x86_64-unknown-linux-gnu/lib/librustc_std_workspace_core-4cf833632aafa84c.rlib" "/opt/rustwide/rustup-home/toolchains/beta-2024-12-08-x86_64-unknown-linux-gnu/lib/rustlib/x86_64-unknown-linux-gnu/lib/libcore-65c2c6d2d6ae570b.rlib" "/opt/rustwide/rustup-home/toolchains/beta-2024-12-08-x86_64-unknown-linux-gnu/lib/rustlib/x86_64-unknown-linux-gnu/lib/libcompiler_builtins-97929cee0dcfe424.rlib" "-Wl,-Bdynamic" "-lgcc_s" "-lutil" "-lrt" "-lpthread" "-lm" "-ldl" "-lc" "-Wl,--eh-frame-hdr" "-Wl,-z,noexecstack" "-L" "/opt/rustwide/target/debug/build/tikv-jemalloc-sys-4fde4cc0cb3e96ea/out/build/lib" "-L" "/opt/rustwide/rustup-home/toolchains/beta-2024-12-08-x86_64-unknown-linux-gnu/lib/rustlib/x86_64-unknown-linux-gnu/lib" "-o" "/tmp/rustdoctestHaieIz/rust_out" "-Wl,--gc-sections" "-pie" "-Wl,-z,relro,-z,now" "-nodefaultlibs"
[INFO] [stdout]   = note: collect2: fatal error: ld terminated with signal 9 [Killed]
[INFO] [stdout]           compilation terminated.
[INFO] [stdout]           
[INFO] [stdout] 
[INFO] [stdout] error: aborting due to 1 previous error
[INFO] [stdout] 
[INFO] [stdout] Couldn't compile the test.
[INFO] [stdout] ---- src/human_facing/conversion.rs - human_facing::conversion::PSBoard::fmt (line 81) stdout ----
[INFO] [stdout] error[E0599]: no method named `unwrap` found for opaque type `impl Future<Output = Result<PSBoard, Box<(dyn std::error::Error + 'static)>>>` in the current scope
[INFO] [stdout]  --> src/human_facing/conversion.rs:84:100
[INFO] [stdout]   |
[INFO] [stdout] 6 | let immortal_game = PSBoard::from_fen("r1bk3r/p2pBpNp/n4n2/1p1NP2P/6P1/3P4/P1P1K3/q5b1 b - - 0 1").unwrap();
[INFO] [stdout]   |                                                                                                    ^^^^^^ method not found in `impl Future<Output = Result<PSBoard, Box<dyn Error>>>`
[INFO] [stdout]   |
[INFO] [stdout] help: consider `await`ing on the `Future` and calling the method on its `Output`
[INFO] [stdout]   |
[INFO] [stdout] 6 | let immortal_game = PSBoard::from_fen("r1bk3r/p2pBpNp/n4n2/1p1NP2P/6P1/3P4/P1P1K3/q5b1 b - - 0 1").await.unwrap();
[INFO] [stdout]   |                                                                                                    ++++++
[INFO] [stdout] 
[INFO] [stdout] error: aborting due to 1 previous error
[INFO] [stdout] 
[INFO] [stdout] For more information about this error, try `rustc --explain E0599`.
[INFO] [stdout] Couldn't compile the test.
[INFO] [stdout] ---- src/baserules/rawboard.rs - baserules::rawboard::RawBoard::fmt (line 277) stdout ----
[INFO] [stdout] error: linking with `cc` failed: exit status: 1
[INFO] [stdout]   |
[INFO] [stdout]   = note: LC_ALL="C" PATH="/opt/rustwide/rustup-home/toolchains/beta-2024-12-08-x86_64-unknown-linux-gnu/lib/rustlib/x86_64-unknown-linux-gnu/bin:/opt/rustwide/cargo-home/bin:/usr/local/sbin:/usr/local/bin:/usr/sbin:/usr/bin:/sbin:/bin" VSLANG="1033" "cc" "-m64" "/tmp/rustc6ojNy2/symbols.o" "/tmp/rustdoctestFukI3h/rust_out.rust_out.9242fac72db2cd11-cgu.0.rcgu.o" "/tmp/rustdoctestFukI3h/rust_out.2hl2tb9xdtge7mguxzn2q1kvi.rcgu.o" "-Wl,--as-needed" "-Wl,-Bstatic" "/opt/rustwide/target/debug/deps/libdbce-349c1f9818615616.rlib" "/opt/rustwide/target/debug/deps/libtikv_jemallocator-df6d0eea633be935.rlib" "/opt/rustwide/target/debug/deps/libtikv_jemalloc_sys-24cc48c056c687de.rlib" "/opt/rustwide/target/debug/deps/libasync_scoped-acce55e5056478d4.rlib" "/opt/rustwide/target/debug/deps/libtokio-c35eac079d6055a0.rlib" "/opt/rustwide/target/debug/deps/libsignal_hook_registry-08bf2e07d1c00cc8.rlib" "/opt/rustwide/target/debug/deps/libsocket2-f71a68275f9a1a66.rlib" "/opt/rustwide/target/debug/deps/libbytes-8217216c646d0e94.rlib" "/opt/rustwide/target/debug/deps/libmio-fb4e4984663c3bb8.rlib" "/opt/rustwide/target/debug/deps/libparking_lot-0c034a7d99ce873e.rlib" "/opt/rustwide/target/debug/deps/libparking_lot_core-34447d65772b79ed.rlib" "/opt/rustwide/target/debug/deps/libsmallvec-e3d8269c0db97757.rlib" "/opt/rustwide/target/debug/deps/liblock_api-01b7e6f95550bc19.rlib" "/opt/rustwide/target/debug/deps/libpin_project-1eb94bf72f6dbb00.rlib" "/opt/rustwide/target/debug/deps/libfutures-ab23eb89d47d5a98.rlib" "/opt/rustwide/target/debug/deps/libfutures_executor-de62f13b58679e6f.rlib" "/opt/rustwide/target/debug/deps/libfutures_util-de831057208022c2.rlib" "/opt/rustwide/target/debug/deps/libmemchr-9cc83a4021d47d5a.rlib" "/opt/rustwide/target/debug/deps/libfutures_io-fe9a4c7df533f0fb.rlib" "/opt/rustwide/target/debug/deps/libslab-0a39a638bccea296.rlib" "/opt/rustwide/target/debug/deps/libfutures_channel-0c505dc0535924c0.rlib" "/opt/rustwide/target/debug/deps/libpin_project_lite-e615da966755eef2.rlib" "/opt/rustwide/target/debug/deps/libfutures_sink-996b6b2eda4edde2.rlib" "/opt/rustwide/target/debug/deps/libfutures_task-acdbc0302ffd08b9.rlib" "/opt/rustwide/target/debug/deps/libpin_utils-e8360a4d12f71807.rlib" "/opt/rustwide/target/debug/deps/libfutures_core-da303feb02cdff34.rlib" "/opt/rustwide/target/debug/deps/libitertools-3e36947ab397505c.rlib" "/opt/rustwide/target/debug/deps/libglobal_counter-f431373f2b1a2885.rlib" "/opt/rustwide/target/debug/deps/libgenerational_arena-3431bcd6eb5177b8.rlib" "/opt/rustwide/target/debug/deps/librustc_hash-c6f5474e70a2e7fd.rlib" "/opt/rustwide/target/debug/deps/libenum_iterator-15bb1a86c485a692.rlib" "/opt/rustwide/target/debug/deps/libenum_map-48f7176325a38c78.rlib" "/opt/rustwide/target/debug/deps/libenumset-71ab7897b5f49e53.rlib" "/opt/rustwide/target/debug/deps/libsysinfo-5398dc33bc01f369.rlib" "/opt/rustwide/target/debug/deps/libonce_cell-728f13abc4f8cf5f.rlib" "/opt/rustwide/target/debug/deps/librayon-40404b75b9dfb7d0.rlib" "/opt/rustwide/target/debug/deps/librayon_core-dd2c0a77c83bac90.rlib" "/opt/rustwide/target/debug/deps/libnum_cpus-99da39e1ff91ba70.rlib" "/opt/rustwide/target/debug/deps/libcrossbeam_deque-b19607cccbe38d3d.rlib" "/opt/rustwide/target/debug/deps/libcrossbeam_epoch-495894019c271dde.rlib" "/opt/rustwide/target/debug/deps/libmemoffset-70be0b3efc76ca6c.rlib" "/opt/rustwide/target/debug/deps/libscopeguard-f937485db0060aca.rlib" "/opt/rustwide/target/debug/deps/libcrossbeam_channel-3a5e358754ac225e.rlib" "/opt/rustwide/target/debug/deps/libcrossbeam_utils-ed915c09f57de221.rlib" "/opt/rustwide/target/debug/deps/libeither-49b31dd90481588d.rlib" "/opt/rustwide/target/debug/deps/liblazy_static-efa3519517df6cf0.rlib" "/opt/rustwide/target/debug/deps/librand-4d7132467cf947de.rlib" "/opt/rustwide/target/debug/deps/librand_chacha-7582001ed7420567.rlib" "/opt/rustwide/target/debug/deps/libppv_lite86-6355e3a2f5357626.rlib" "/opt/rustwide/target/debug/deps/librand_core-224f855548048da8.rlib" "/opt/rustwide/target/debug/deps/libgetrandom-eac395b85e5dc2a3.rlib" "/opt/rustwide/target/debug/deps/liblibc-4b0b24147de68dac.rlib" "/opt/rustwide/target/debug/deps/libcfg_if-a3e7e701fcd1f47b.rlib" "/opt/rustwide/rustup-home/toolchains/beta-2024-12-08-x86_64-unknown-linux-gnu/lib/rustlib/x86_64-unknown-linux-gnu/lib/libstd-02dc84f49135b6b8.rlib" "/opt/rustwide/rustup-home/toolchains/beta-2024-12-08-x86_64-unknown-linux-gnu/lib/rustlib/x86_64-unknown-linux-gnu/lib/libpanic_unwind-a8f45b397fae3f81.rlib" "/opt/rustwide/rustup-home/toolchains/beta-2024-12-08-x86_64-unknown-linux-gnu/lib/rustlib/x86_64-unknown-linux-gnu/lib/libobject-089607133c180609.rlib" "/opt/rustwide/rustup-home/toolchains/beta-2024-12-08-x86_64-unknown-linux-gnu/lib/rustlib/x86_64-unknown-linux-gnu/lib/libmemchr-fc89f091bcd86cbb.rlib" "/opt/rustwide/rustup-home/toolchains/beta-2024-12-08-x86_64-unknown-linux-gnu/lib/rustlib/x86_64-unknown-linux-gnu/lib/libaddr2line-5a60949f01c7340c.rlib" "/opt/rustwide/rustup-home/toolchains/beta-2024-12-08-x86_64-unknown-linux-gnu/lib/rustlib/x86_64-unknown-linux-gnu/lib/libgimli-d29e6a55ca253c8c.rlib" "/opt/rustwide/rustup-home/toolchains/beta-2024-12-08-x86_64-unknown-linux-gnu/lib/rustlib/x86_64-unknown-linux-gnu/lib/librustc_demangle-273c078d5f65de7a.rlib" "/opt/rustwide/rustup-home/toolchains/beta-2024-12-08-x86_64-unknown-linux-gnu/lib/rustlib/x86_64-unknown-linux-gnu/lib/libstd_detect-413c950ffbdd4454.rlib" "/opt/rustwide/rustup-home/toolchains/beta-2024-12-08-x86_64-unknown-linux-gnu/lib/rustlib/x86_64-unknown-linux-gnu/lib/libhashbrown-1853c0976a1d88a6.rlib" "/opt/rustwide/rustup-home/toolchains/beta-2024-12-08-x86_64-unknown-linux-gnu/lib/rustlib/x86_64-unknown-linux-gnu/lib/librustc_std_workspace_alloc-ccb3384ddacb0f9e.rlib" "/opt/rustwide/rustup-home/toolchains/beta-2024-12-08-x86_64-unknown-linux-gnu/lib/rustlib/x86_64-unknown-linux-gnu/lib/libminiz_oxide-0b901dfb0ca849e0.rlib" "/opt/rustwide/rustup-home/toolchains/beta-2024-12-08-x86_64-unknown-linux-gnu/lib/rustlib/x86_64-unknown-linux-gnu/lib/libadler-eebeb8d7c64543ad.rlib" "/opt/rustwide/rustup-home/toolchains/beta-2024-12-08-x86_64-unknown-linux-gnu/lib/rustlib/x86_64-unknown-linux-gnu/lib/libunwind-4723ef81d6079867.rlib" "/opt/rustwide/rustup-home/toolchains/beta-2024-12-08-x86_64-unknown-linux-gnu/lib/rustlib/x86_64-unknown-linux-gnu/lib/libcfg_if-54442f8b422f5a54.rlib" "/opt/rustwide/rustup-home/toolchains/beta-2024-12-08-x86_64-unknown-linux-gnu/lib/rustlib/x86_64-unknown-linux-gnu/lib/liblibc-e0bbe034b5282553.rlib" "/opt/rustwide/rustup-home/toolchains/beta-2024-12-08-x86_64-unknown-linux-gnu/lib/rustlib/x86_64-unknown-linux-gnu/lib/liballoc-d0febb68c1c37b90.rlib" "/opt/rustwide/rustup-home/toolchains/beta-2024-12-08-x86_64-unknown-linux-gnu/lib/rustlib/x86_64-unknown-linux-gnu/lib/librustc_std_workspace_core-4cf833632aafa84c.rlib" "/opt/rustwide/rustup-home/toolchains/beta-2024-12-08-x86_64-unknown-linux-gnu/lib/rustlib/x86_64-unknown-linux-gnu/lib/libcore-65c2c6d2d6ae570b.rlib" "/opt/rustwide/rustup-home/toolchains/beta-2024-12-08-x86_64-unknown-linux-gnu/lib/rustlib/x86_64-unknown-linux-gnu/lib/libcompiler_builtins-97929cee0dcfe424.rlib" "-Wl,-Bdynamic" "-lgcc_s" "-lutil" "-lrt" "-lpthread" "-lm" "-ldl" "-lc" "-Wl,--eh-frame-hdr" "-Wl,-z,noexecstack" "-L" "/opt/rustwide/target/debug/build/tikv-jemalloc-sys-4fde4cc0cb3e96ea/out/build/lib" "-L" "/opt/rustwide/rustup-home/toolchains/beta-2024-12-08-x86_64-unknown-linux-gnu/lib/rustlib/x86_64-unknown-linux-gnu/lib" "-o" "/tmp/rustdoctestFukI3h/rust_out" "-Wl,--gc-sections" "-pie" "-Wl,-z,relro,-z,now" "-nodefaultlibs"
[INFO] [stdout]   = note: collect2: fatal error: ld terminated with signal 9 [Killed]
[INFO] [stdout]           compilation terminated.
[INFO] [stdout]           
[INFO] [stdout] 
[INFO] [stdout] error: aborting due to 1 previous error
[INFO] [stdout] 
[INFO] [stdout] Couldn't compile the test.
[INFO] [stdout] ---- src/human_facing/moves.rs - human_facing::moves::make_an_uci_move (line 165) stdout ----
[INFO] [stdout] error[E0599]: no method named `unwrap` found for opaque type `impl Future<Output = Result<PSBoard, Box<(dyn std::error::Error + 'static)>>>` in the current scope
[INFO] [stdout]  --> src/human_facing/moves.rs:170:116
[INFO] [stdout]   |
[INFO] [stdout] 8 | let opera_game = BoardContinuation::new(PSBoard::from_fen("1n2kb1r/p4ppp/4q3/4p1B1/4P3/8/PPP2PPP/2KR4 w k - 0 17").unwrap());
[INFO] [stdout]   |                                                                                                                    ^^^^^^ method not found in `impl Future<Output = Result<PSBoard, Box<dyn Error>>>`
[INFO] [stdout]   |
[INFO] [stdout] help: consider `await`ing on the `Future` and calling the method on its `Output`
[INFO] [stdout]   |
[INFO] [stdout] 8 | let opera_game = BoardContinuation::new(PSBoard::from_fen("1n2kb1r/p4ppp/4q3/4p1B1/4P3/8/PPP2PPP/2KR4 w k - 0 17").await.unwrap());
[INFO] [stdout]   |                                                                                                                    ++++++
[INFO] [stdout] 
[INFO] [stdout] error[E0599]: no method named `unwrap` found for opaque type `impl Future<Output = Result<BoardContinuation, (String, BoardContinuation)>>` in the current scope
[INFO] [stdout]  --> src/human_facing/moves.rs:171:57
[INFO] [stdout]   |
[INFO] [stdout] 9 | let opera_result = make_an_uci_move(opera_game, "d1d8").unwrap();
[INFO] [stdout]   |                                                         ^^^^^^ method not found in `impl Future<Output = Result<BoardContinuation, (String, BoardContinuation)>>`
[INFO] [stdout]   |
[INFO] [stdout] help: consider `await`ing on the `Future` and calling the method on its `Output`
[INFO] [stdout]   |
[INFO] [stdout] 9 | let opera_result = make_an_uci_move(opera_game, "d1d8").await.unwrap();
[INFO] [stdout]   |                                                         ++++++
[INFO] [stdout] 
[INFO] [stdout] error: aborting due to 2 previous errors
[INFO] [stdout] 
[INFO] [stdout] For more information about this error, try `rustc --explain E0599`.
[INFO] [stdout] Couldn't compile the test.
[INFO] [stdout] ---- src/baserules/rawboard.rs - baserules::rawboard::RawBoard::index (line 341) stdout ----
[INFO] [stdout] error: linking with `cc` failed: exit status: 1
[INFO] [stdout]   |
[INFO] [stdout]   = note: LC_ALL="C" PATH="/opt/rustwide/rustup-home/toolchains/beta-2024-12-08-x86_64-unknown-linux-gnu/lib/rustlib/x86_64-unknown-linux-gnu/bin:/opt/rustwide/cargo-home/bin:/usr/local/sbin:/usr/local/bin:/usr/sbin:/usr/bin:/sbin:/bin" VSLANG="1033" "cc" "-m64" "/tmp/rustc0M6tzb/symbols.o" "/tmp/rustdoctest2LAAQc/rust_out.rust_out.9242fac72db2cd11-cgu.0.rcgu.o" "/tmp/rustdoctest2LAAQc/rust_out.2hl2tb9xdtge7mguxzn2q1kvi.rcgu.o" "-Wl,--as-needed" "-Wl,-Bstatic" "/opt/rustwide/target/debug/deps/libdbce-349c1f9818615616.rlib" "/opt/rustwide/target/debug/deps/libtikv_jemallocator-df6d0eea633be935.rlib" "/opt/rustwide/target/debug/deps/libtikv_jemalloc_sys-24cc48c056c687de.rlib" "/opt/rustwide/target/debug/deps/libasync_scoped-acce55e5056478d4.rlib" "/opt/rustwide/target/debug/deps/libtokio-c35eac079d6055a0.rlib" "/opt/rustwide/target/debug/deps/libsignal_hook_registry-08bf2e07d1c00cc8.rlib" "/opt/rustwide/target/debug/deps/libsocket2-f71a68275f9a1a66.rlib" "/opt/rustwide/target/debug/deps/libbytes-8217216c646d0e94.rlib" "/opt/rustwide/target/debug/deps/libmio-fb4e4984663c3bb8.rlib" "/opt/rustwide/target/debug/deps/libparking_lot-0c034a7d99ce873e.rlib" "/opt/rustwide/target/debug/deps/libparking_lot_core-34447d65772b79ed.rlib" "/opt/rustwide/target/debug/deps/libsmallvec-e3d8269c0db97757.rlib" "/opt/rustwide/target/debug/deps/liblock_api-01b7e6f95550bc19.rlib" "/opt/rustwide/target/debug/deps/libpin_project-1eb94bf72f6dbb00.rlib" "/opt/rustwide/target/debug/deps/libfutures-ab23eb89d47d5a98.rlib" "/opt/rustwide/target/debug/deps/libfutures_executor-de62f13b58679e6f.rlib" "/opt/rustwide/target/debug/deps/libfutures_util-de831057208022c2.rlib" "/opt/rustwide/target/debug/deps/libmemchr-9cc83a4021d47d5a.rlib" "/opt/rustwide/target/debug/deps/libfutures_io-fe9a4c7df533f0fb.rlib" "/opt/rustwide/target/debug/deps/libslab-0a39a638bccea296.rlib" "/opt/rustwide/target/debug/deps/libfutures_channel-0c505dc0535924c0.rlib" "/opt/rustwide/target/debug/deps/libpin_project_lite-e615da966755eef2.rlib" "/opt/rustwide/target/debug/deps/libfutures_sink-996b6b2eda4edde2.rlib" "/opt/rustwide/target/debug/deps/libfutures_task-acdbc0302ffd08b9.rlib" "/opt/rustwide/target/debug/deps/libpin_utils-e8360a4d12f71807.rlib" "/opt/rustwide/target/debug/deps/libfutures_core-da303feb02cdff34.rlib" "/opt/rustwide/target/debug/deps/libitertools-3e36947ab397505c.rlib" "/opt/rustwide/target/debug/deps/libglobal_counter-f431373f2b1a2885.rlib" "/opt/rustwide/target/debug/deps/libgenerational_arena-3431bcd6eb5177b8.rlib" "/opt/rustwide/target/debug/deps/librustc_hash-c6f5474e70a2e7fd.rlib" "/opt/rustwide/target/debug/deps/libenum_iterator-15bb1a86c485a692.rlib" "/opt/rustwide/target/debug/deps/libenum_map-48f7176325a38c78.rlib" "/opt/rustwide/target/debug/deps/libenumset-71ab7897b5f49e53.rlib" "/opt/rustwide/target/debug/deps/libsysinfo-5398dc33bc01f369.rlib" "/opt/rustwide/target/debug/deps/libonce_cell-728f13abc4f8cf5f.rlib" "/opt/rustwide/target/debug/deps/librayon-40404b75b9dfb7d0.rlib" "/opt/rustwide/target/debug/deps/librayon_core-dd2c0a77c83bac90.rlib" "/opt/rustwide/target/debug/deps/libnum_cpus-99da39e1ff91ba70.rlib" "/opt/rustwide/target/debug/deps/libcrossbeam_deque-b19607cccbe38d3d.rlib" "/opt/rustwide/target/debug/deps/libcrossbeam_epoch-495894019c271dde.rlib" "/opt/rustwide/target/debug/deps/libmemoffset-70be0b3efc76ca6c.rlib" "/opt/rustwide/target/debug/deps/libscopeguard-f937485db0060aca.rlib" "/opt/rustwide/target/debug/deps/libcrossbeam_channel-3a5e358754ac225e.rlib" "/opt/rustwide/target/debug/deps/libcrossbeam_utils-ed915c09f57de221.rlib" "/opt/rustwide/target/debug/deps/libeither-49b31dd90481588d.rlib" "/opt/rustwide/target/debug/deps/liblazy_static-efa3519517df6cf0.rlib" "/opt/rustwide/target/debug/deps/librand-4d7132467cf947de.rlib" "/opt/rustwide/target/debug/deps/librand_chacha-7582001ed7420567.rlib" "/opt/rustwide/target/debug/deps/libppv_lite86-6355e3a2f5357626.rlib" "/opt/rustwide/target/debug/deps/librand_core-224f855548048da8.rlib" "/opt/rustwide/target/debug/deps/libgetrandom-eac395b85e5dc2a3.rlib" "/opt/rustwide/target/debug/deps/liblibc-4b0b24147de68dac.rlib" "/opt/rustwide/target/debug/deps/libcfg_if-a3e7e701fcd1f47b.rlib" "/opt/rustwide/rustup-home/toolchains/beta-2024-12-08-x86_64-unknown-linux-gnu/lib/rustlib/x86_64-unknown-linux-gnu/lib/libstd-02dc84f49135b6b8.rlib" "/opt/rustwide/rustup-home/toolchains/beta-2024-12-08-x86_64-unknown-linux-gnu/lib/rustlib/x86_64-unknown-linux-gnu/lib/libpanic_unwind-a8f45b397fae3f81.rlib" "/opt/rustwide/rustup-home/toolchains/beta-2024-12-08-x86_64-unknown-linux-gnu/lib/rustlib/x86_64-unknown-linux-gnu/lib/libobject-089607133c180609.rlib" "/opt/rustwide/rustup-home/toolchains/beta-2024-12-08-x86_64-unknown-linux-gnu/lib/rustlib/x86_64-unknown-linux-gnu/lib/libmemchr-fc89f091bcd86cbb.rlib" "/opt/rustwide/rustup-home/toolchains/beta-2024-12-08-x86_64-unknown-linux-gnu/lib/rustlib/x86_64-unknown-linux-gnu/lib/libaddr2line-5a60949f01c7340c.rlib" "/opt/rustwide/rustup-home/toolchains/beta-2024-12-08-x86_64-unknown-linux-gnu/lib/rustlib/x86_64-unknown-linux-gnu/lib/libgimli-d29e6a55ca253c8c.rlib" "/opt/rustwide/rustup-home/toolchains/beta-2024-12-08-x86_64-unknown-linux-gnu/lib/rustlib/x86_64-unknown-linux-gnu/lib/librustc_demangle-273c078d5f65de7a.rlib" "/opt/rustwide/rustup-home/toolchains/beta-2024-12-08-x86_64-unknown-linux-gnu/lib/rustlib/x86_64-unknown-linux-gnu/lib/libstd_detect-413c950ffbdd4454.rlib" "/opt/rustwide/rustup-home/toolchains/beta-2024-12-08-x86_64-unknown-linux-gnu/lib/rustlib/x86_64-unknown-linux-gnu/lib/libhashbrown-1853c0976a1d88a6.rlib" "/opt/rustwide/rustup-home/toolchains/beta-2024-12-08-x86_64-unknown-linux-gnu/lib/rustlib/x86_64-unknown-linux-gnu/lib/librustc_std_workspace_alloc-ccb3384ddacb0f9e.rlib" "/opt/rustwide/rustup-home/toolchains/beta-2024-12-08-x86_64-unknown-linux-gnu/lib/rustlib/x86_64-unknown-linux-gnu/lib/libminiz_oxide-0b901dfb0ca849e0.rlib" "/opt/rustwide/rustup-home/toolchains/beta-2024-12-08-x86_64-unknown-linux-gnu/lib/rustlib/x86_64-unknown-linux-gnu/lib/libadler-eebeb8d7c64543ad.rlib" "/opt/rustwide/rustup-home/toolchains/beta-2024-12-08-x86_64-unknown-linux-gnu/lib/rustlib/x86_64-unknown-linux-gnu/lib/libunwind-4723ef81d6079867.rlib" "/opt/rustwide/rustup-home/toolchains/beta-2024-12-08-x86_64-unknown-linux-gnu/lib/rustlib/x86_64-unknown-linux-gnu/lib/libcfg_if-54442f8b422f5a54.rlib" "/opt/rustwide/rustup-home/toolchains/beta-2024-12-08-x86_64-unknown-linux-gnu/lib/rustlib/x86_64-unknown-linux-gnu/lib/liblibc-e0bbe034b5282553.rlib" "/opt/rustwide/rustup-home/toolchains/beta-2024-12-08-x86_64-unknown-linux-gnu/lib/rustlib/x86_64-unknown-linux-gnu/lib/liballoc-d0febb68c1c37b90.rlib" "/opt/rustwide/rustup-home/toolchains/beta-2024-12-08-x86_64-unknown-linux-gnu/lib/rustlib/x86_64-unknown-linux-gnu/lib/librustc_std_workspace_core-4cf833632aafa84c.rlib" "/opt/rustwide/rustup-home/toolchains/beta-2024-12-08-x86_64-unknown-linux-gnu/lib/rustlib/x86_64-unknown-linux-gnu/lib/libcore-65c2c6d2d6ae570b.rlib" "/opt/rustwide/rustup-home/toolchains/beta-2024-12-08-x86_64-unknown-linux-gnu/lib/rustlib/x86_64-unknown-linux-gnu/lib/libcompiler_builtins-97929cee0dcfe424.rlib" "-Wl,-Bdynamic" "-lgcc_s" "-lutil" "-lrt" "-lpthread" "-lm" "-ldl" "-lc" "-Wl,--eh-frame-hdr" "-Wl,-z,noexecstack" "-L" "/opt/rustwide/target/debug/build/tikv-jemalloc-sys-4fde4cc0cb3e96ea/out/build/lib" "-L" "/opt/rustwide/rustup-home/toolchains/beta-2024-12-08-x86_64-unknown-linux-gnu/lib/rustlib/x86_64-unknown-linux-gnu/lib" "-o" "/tmp/rustdoctest2LAAQc/rust_out" "-Wl,--gc-sections" "-pie" "-Wl,-z,relro,-z,now" "-nodefaultlibs"
[INFO] [stdout]   = note: collect2: fatal error: ld terminated with signal 9 [Killed]
[INFO] [stdout]           compilation terminated.
[INFO] [stdout]           
[INFO] [stdout] 
[INFO] [stdout] error: aborting due to 1 previous error
[INFO] [stdout] 
[INFO] [stdout] Couldn't compile the test.
[INFO] [stdout] ---- src/baserules/rawboard.rs - baserules::rawboard::RawBoard::index (line 319) stdout ----
[INFO] [stdout] error: linking with `cc` failed: exit status: 1
[INFO] [stdout]   |
[INFO] [stdout]   = note: LC_ALL="C" PATH="/opt/rustwide/rustup-home/toolchains/beta-2024-12-08-x86_64-unknown-linux-gnu/lib/rustlib/x86_64-unknown-linux-gnu/bin:/opt/rustwide/cargo-home/bin:/usr/local/sbin:/usr/local/bin:/usr/sbin:/usr/bin:/sbin:/bin" VSLANG="1033" "cc" "-m64" "/tmp/rustcQ5XGoI/symbols.o" "/tmp/rustdoctestWoIATU/rust_out.rust_out.9242fac72db2cd11-cgu.0.rcgu.o" "/tmp/rustdoctestWoIATU/rust_out.2hl2tb9xdtge7mguxzn2q1kvi.rcgu.o" "-Wl,--as-needed" "-Wl,-Bstatic" "/opt/rustwide/target/debug/deps/libdbce-349c1f9818615616.rlib" "/opt/rustwide/target/debug/deps/libtikv_jemallocator-df6d0eea633be935.rlib" "/opt/rustwide/target/debug/deps/libtikv_jemalloc_sys-24cc48c056c687de.rlib" "/opt/rustwide/target/debug/deps/libasync_scoped-acce55e5056478d4.rlib" "/opt/rustwide/target/debug/deps/libtokio-c35eac079d6055a0.rlib" "/opt/rustwide/target/debug/deps/libsignal_hook_registry-08bf2e07d1c00cc8.rlib" "/opt/rustwide/target/debug/deps/libsocket2-f71a68275f9a1a66.rlib" "/opt/rustwide/target/debug/deps/libbytes-8217216c646d0e94.rlib" "/opt/rustwide/target/debug/deps/libmio-fb4e4984663c3bb8.rlib" "/opt/rustwide/target/debug/deps/libparking_lot-0c034a7d99ce873e.rlib" "/opt/rustwide/target/debug/deps/libparking_lot_core-34447d65772b79ed.rlib" "/opt/rustwide/target/debug/deps/libsmallvec-e3d8269c0db97757.rlib" "/opt/rustwide/target/debug/deps/liblock_api-01b7e6f95550bc19.rlib" "/opt/rustwide/target/debug/deps/libpin_project-1eb94bf72f6dbb00.rlib" "/opt/rustwide/target/debug/deps/libfutures-ab23eb89d47d5a98.rlib" "/opt/rustwide/target/debug/deps/libfutures_executor-de62f13b58679e6f.rlib" "/opt/rustwide/target/debug/deps/libfutures_util-de831057208022c2.rlib" "/opt/rustwide/target/debug/deps/libmemchr-9cc83a4021d47d5a.rlib" "/opt/rustwide/target/debug/deps/libfutures_io-fe9a4c7df533f0fb.rlib" "/opt/rustwide/target/debug/deps/libslab-0a39a638bccea296.rlib" "/opt/rustwide/target/debug/deps/libfutures_channel-0c505dc0535924c0.rlib" "/opt/rustwide/target/debug/deps/libpin_project_lite-e615da966755eef2.rlib" "/opt/rustwide/target/debug/deps/libfutures_sink-996b6b2eda4edde2.rlib" "/opt/rustwide/target/debug/deps/libfutures_task-acdbc0302ffd08b9.rlib" "/opt/rustwide/target/debug/deps/libpin_utils-e8360a4d12f71807.rlib" "/opt/rustwide/target/debug/deps/libfutures_core-da303feb02cdff34.rlib" "/opt/rustwide/target/debug/deps/libitertools-3e36947ab397505c.rlib" "/opt/rustwide/target/debug/deps/libglobal_counter-f431373f2b1a2885.rlib" "/opt/rustwide/target/debug/deps/libgenerational_arena-3431bcd6eb5177b8.rlib" "/opt/rustwide/target/debug/deps/librustc_hash-c6f5474e70a2e7fd.rlib" "/opt/rustwide/target/debug/deps/libenum_iterator-15bb1a86c485a692.rlib" "/opt/rustwide/target/debug/deps/libenum_map-48f7176325a38c78.rlib" "/opt/rustwide/target/debug/deps/libenumset-71ab7897b5f49e53.rlib" "/opt/rustwide/target/debug/deps/libsysinfo-5398dc33bc01f369.rlib" "/opt/rustwide/target/debug/deps/libonce_cell-728f13abc4f8cf5f.rlib" "/opt/rustwide/target/debug/deps/librayon-40404b75b9dfb7d0.rlib" "/opt/rustwide/target/debug/deps/librayon_core-dd2c0a77c83bac90.rlib" "/opt/rustwide/target/debug/deps/libnum_cpus-99da39e1ff91ba70.rlib" "/opt/rustwide/target/debug/deps/libcrossbeam_deque-b19607cccbe38d3d.rlib" "/opt/rustwide/target/debug/deps/libcrossbeam_epoch-495894019c271dde.rlib" "/opt/rustwide/target/debug/deps/libmemoffset-70be0b3efc76ca6c.rlib" "/opt/rustwide/target/debug/deps/libscopeguard-f937485db0060aca.rlib" "/opt/rustwide/target/debug/deps/libcrossbeam_channel-3a5e358754ac225e.rlib" "/opt/rustwide/target/debug/deps/libcrossbeam_utils-ed915c09f57de221.rlib" "/opt/rustwide/target/debug/deps/libeither-49b31dd90481588d.rlib" "/opt/rustwide/target/debug/deps/liblazy_static-efa3519517df6cf0.rlib" "/opt/rustwide/target/debug/deps/librand-4d7132467cf947de.rlib" "/opt/rustwide/target/debug/deps/librand_chacha-7582001ed7420567.rlib" "/opt/rustwide/target/debug/deps/libppv_lite86-6355e3a2f5357626.rlib" "/opt/rustwide/target/debug/deps/librand_core-224f855548048da8.rlib" "/opt/rustwide/target/debug/deps/libgetrandom-eac395b85e5dc2a3.rlib" "/opt/rustwide/target/debug/deps/liblibc-4b0b24147de68dac.rlib" "/opt/rustwide/target/debug/deps/libcfg_if-a3e7e701fcd1f47b.rlib" "/opt/rustwide/rustup-home/toolchains/beta-2024-12-08-x86_64-unknown-linux-gnu/lib/rustlib/x86_64-unknown-linux-gnu/lib/libstd-02dc84f49135b6b8.rlib" "/opt/rustwide/rustup-home/toolchains/beta-2024-12-08-x86_64-unknown-linux-gnu/lib/rustlib/x86_64-unknown-linux-gnu/lib/libpanic_unwind-a8f45b397fae3f81.rlib" "/opt/rustwide/rustup-home/toolchains/beta-2024-12-08-x86_64-unknown-linux-gnu/lib/rustlib/x86_64-unknown-linux-gnu/lib/libobject-089607133c180609.rlib" "/opt/rustwide/rustup-home/toolchains/beta-2024-12-08-x86_64-unknown-linux-gnu/lib/rustlib/x86_64-unknown-linux-gnu/lib/libmemchr-fc89f091bcd86cbb.rlib" "/opt/rustwide/rustup-home/toolchains/beta-2024-12-08-x86_64-unknown-linux-gnu/lib/rustlib/x86_64-unknown-linux-gnu/lib/libaddr2line-5a60949f01c7340c.rlib" "/opt/rustwide/rustup-home/toolchains/beta-2024-12-08-x86_64-unknown-linux-gnu/lib/rustlib/x86_64-unknown-linux-gnu/lib/libgimli-d29e6a55ca253c8c.rlib" "/opt/rustwide/rustup-home/toolchains/beta-2024-12-08-x86_64-unknown-linux-gnu/lib/rustlib/x86_64-unknown-linux-gnu/lib/librustc_demangle-273c078d5f65de7a.rlib" "/opt/rustwide/rustup-home/toolchains/beta-2024-12-08-x86_64-unknown-linux-gnu/lib/rustlib/x86_64-unknown-linux-gnu/lib/libstd_detect-413c950ffbdd4454.rlib" "/opt/rustwide/rustup-home/toolchains/beta-2024-12-08-x86_64-unknown-linux-gnu/lib/rustlib/x86_64-unknown-linux-gnu/lib/libhashbrown-1853c0976a1d88a6.rlib" "/opt/rustwide/rustup-home/toolchains/beta-2024-12-08-x86_64-unknown-linux-gnu/lib/rustlib/x86_64-unknown-linux-gnu/lib/librustc_std_workspace_alloc-ccb3384ddacb0f9e.rlib" "/opt/rustwide/rustup-home/toolchains/beta-2024-12-08-x86_64-unknown-linux-gnu/lib/rustlib/x86_64-unknown-linux-gnu/lib/libminiz_oxide-0b901dfb0ca849e0.rlib" "/opt/rustwide/rustup-home/toolchains/beta-2024-12-08-x86_64-unknown-linux-gnu/lib/rustlib/x86_64-unknown-linux-gnu/lib/libadler-eebeb8d7c64543ad.rlib" "/opt/rustwide/rustup-home/toolchains/beta-2024-12-08-x86_64-unknown-linux-gnu/lib/rustlib/x86_64-unknown-linux-gnu/lib/libunwind-4723ef81d6079867.rlib" "/opt/rustwide/rustup-home/toolchains/beta-2024-12-08-x86_64-unknown-linux-gnu/lib/rustlib/x86_64-unknown-linux-gnu/lib/libcfg_if-54442f8b422f5a54.rlib" "/opt/rustwide/rustup-home/toolchains/beta-2024-12-08-x86_64-unknown-linux-gnu/lib/rustlib/x86_64-unknown-linux-gnu/lib/liblibc-e0bbe034b5282553.rlib" "/opt/rustwide/rustup-home/toolchains/beta-2024-12-08-x86_64-unknown-linux-gnu/lib/rustlib/x86_64-unknown-linux-gnu/lib/liballoc-d0febb68c1c37b90.rlib" "/opt/rustwide/rustup-home/toolchains/beta-2024-12-08-x86_64-unknown-linux-gnu/lib/rustlib/x86_64-unknown-linux-gnu/lib/librustc_std_workspace_core-4cf833632aafa84c.rlib" "/opt/rustwide/rustup-home/toolchains/beta-2024-12-08-x86_64-unknown-linux-gnu/lib/rustlib/x86_64-unknown-linux-gnu/lib/libcore-65c2c6d2d6ae570b.rlib" "/opt/rustwide/rustup-home/toolchains/beta-2024-12-08-x86_64-unknown-linux-gnu/lib/rustlib/x86_64-unknown-linux-gnu/lib/libcompiler_builtins-97929cee0dcfe424.rlib" "-Wl,-Bdynamic" "-lgcc_s" "-lutil" "-lrt" "-lpthread" "-lm" "-ldl" "-lc" "-Wl,--eh-frame-hdr" "-Wl,-z,noexecstack" "-L" "/opt/rustwide/target/debug/build/tikv-jemalloc-sys-4fde4cc0cb3e96ea/out/build/lib" "-L" "/opt/rustwide/rustup-home/toolchains/beta-2024-12-08-x86_64-unknown-linux-gnu/lib/rustlib/x86_64-unknown-linux-gnu/lib" "-o" "/tmp/rustdoctestWoIATU/rust_out" "-Wl,--gc-sections" "-pie" "-Wl,-z,relro,-z,now" "-nodefaultlibs"
[INFO] [stdout]   = note: collect2: fatal error: ld terminated with signal 9 [Killed]
[INFO] [stdout]           compilation terminated.
[INFO] [stdout]           
[INFO] [stdout] 
[INFO] [stdout] error: aborting due to 1 previous error
[INFO] [stdout] 
[INFO] [stdout] Couldn't compile the test.
[INFO] [stdout] ---- src/baserules/positions.rs - baserules::positions::AbsoluteBoardPos::fmt (line 30) stdout ----
[INFO] [stdout] error: linking with `cc` failed: exit status: 1
[INFO] [stdout]   |
[INFO] [stdout]   = note: LC_ALL="C" PATH="/opt/rustwide/rustup-home/toolchains/beta-2024-12-08-x86_64-unknown-linux-gnu/lib/rustlib/x86_64-unknown-linux-gnu/bin:/opt/rustwide/cargo-home/bin:/usr/local/sbin:/usr/local/bin:/usr/sbin:/usr/bin:/sbin:/bin" VSLANG="1033" "cc" "-m64" "/tmp/rustc8An3Ij/symbols.o" "/tmp/rustdoctestdhKETY/rust_out.rust_out.9242fac72db2cd11-cgu.0.rcgu.o" "/tmp/rustdoctestdhKETY/rust_out.2hl2tb9xdtge7mguxzn2q1kvi.rcgu.o" "-Wl,--as-needed" "-Wl,-Bstatic" "/opt/rustwide/target/debug/deps/libdbce-349c1f9818615616.rlib" "/opt/rustwide/target/debug/deps/libtikv_jemallocator-df6d0eea633be935.rlib" "/opt/rustwide/target/debug/deps/libtikv_jemalloc_sys-24cc48c056c687de.rlib" "/opt/rustwide/target/debug/deps/libasync_scoped-acce55e5056478d4.rlib" "/opt/rustwide/target/debug/deps/libtokio-c35eac079d6055a0.rlib" "/opt/rustwide/target/debug/deps/libsignal_hook_registry-08bf2e07d1c00cc8.rlib" "/opt/rustwide/target/debug/deps/libsocket2-f71a68275f9a1a66.rlib" "/opt/rustwide/target/debug/deps/libbytes-8217216c646d0e94.rlib" "/opt/rustwide/target/debug/deps/libmio-fb4e4984663c3bb8.rlib" "/opt/rustwide/target/debug/deps/libparking_lot-0c034a7d99ce873e.rlib" "/opt/rustwide/target/debug/deps/libparking_lot_core-34447d65772b79ed.rlib" "/opt/rustwide/target/debug/deps/libsmallvec-e3d8269c0db97757.rlib" "/opt/rustwide/target/debug/deps/liblock_api-01b7e6f95550bc19.rlib" "/opt/rustwide/target/debug/deps/libpin_project-1eb94bf72f6dbb00.rlib" "/opt/rustwide/target/debug/deps/libfutures-ab23eb89d47d5a98.rlib" "/opt/rustwide/target/debug/deps/libfutures_executor-de62f13b58679e6f.rlib" "/opt/rustwide/target/debug/deps/libfutures_util-de831057208022c2.rlib" "/opt/rustwide/target/debug/deps/libmemchr-9cc83a4021d47d5a.rlib" "/opt/rustwide/target/debug/deps/libfutures_io-fe9a4c7df533f0fb.rlib" "/opt/rustwide/target/debug/deps/libslab-0a39a638bccea296.rlib" "/opt/rustwide/target/debug/deps/libfutures_channel-0c505dc0535924c0.rlib" "/opt/rustwide/target/debug/deps/libpin_project_lite-e615da966755eef2.rlib" "/opt/rustwide/target/debug/deps/libfutures_sink-996b6b2eda4edde2.rlib" "/opt/rustwide/target/debug/deps/libfutures_task-acdbc0302ffd08b9.rlib" "/opt/rustwide/target/debug/deps/libpin_utils-e8360a4d12f71807.rlib" "/opt/rustwide/target/debug/deps/libfutures_core-da303feb02cdff34.rlib" "/opt/rustwide/target/debug/deps/libitertools-3e36947ab397505c.rlib" "/opt/rustwide/target/debug/deps/libglobal_counter-f431373f2b1a2885.rlib" "/opt/rustwide/target/debug/deps/libgenerational_arena-3431bcd6eb5177b8.rlib" "/opt/rustwide/target/debug/deps/librustc_hash-c6f5474e70a2e7fd.rlib" "/opt/rustwide/target/debug/deps/libenum_iterator-15bb1a86c485a692.rlib" "/opt/rustwide/target/debug/deps/libenum_map-48f7176325a38c78.rlib" "/opt/rustwide/target/debug/deps/libenumset-71ab7897b5f49e53.rlib" "/opt/rustwide/target/debug/deps/libsysinfo-5398dc33bc01f369.rlib" "/opt/rustwide/target/debug/deps/libonce_cell-728f13abc4f8cf5f.rlib" "/opt/rustwide/target/debug/deps/librayon-40404b75b9dfb7d0.rlib" "/opt/rustwide/target/debug/deps/librayon_core-dd2c0a77c83bac90.rlib" "/opt/rustwide/target/debug/deps/libnum_cpus-99da39e1ff91ba70.rlib" "/opt/rustwide/target/debug/deps/libcrossbeam_deque-b19607cccbe38d3d.rlib" "/opt/rustwide/target/debug/deps/libcrossbeam_epoch-495894019c271dde.rlib" "/opt/rustwide/target/debug/deps/libmemoffset-70be0b3efc76ca6c.rlib" "/opt/rustwide/target/debug/deps/libscopeguard-f937485db0060aca.rlib" "/opt/rustwide/target/debug/deps/libcrossbeam_channel-3a5e358754ac225e.rlib" "/opt/rustwide/target/debug/deps/libcrossbeam_utils-ed915c09f57de221.rlib" "/opt/rustwide/target/debug/deps/libeither-49b31dd90481588d.rlib" "/opt/rustwide/target/debug/deps/liblazy_static-efa3519517df6cf0.rlib" "/opt/rustwide/target/debug/deps/librand-4d7132467cf947de.rlib" "/opt/rustwide/target/debug/deps/librand_chacha-7582001ed7420567.rlib" "/opt/rustwide/target/debug/deps/libppv_lite86-6355e3a2f5357626.rlib" "/opt/rustwide/target/debug/deps/librand_core-224f855548048da8.rlib" "/opt/rustwide/target/debug/deps/libgetrandom-eac395b85e5dc2a3.rlib" "/opt/rustwide/target/debug/deps/liblibc-4b0b24147de68dac.rlib" "/opt/rustwide/target/debug/deps/libcfg_if-a3e7e701fcd1f47b.rlib" "/opt/rustwide/rustup-home/toolchains/beta-2024-12-08-x86_64-unknown-linux-gnu/lib/rustlib/x86_64-unknown-linux-gnu/lib/libstd-02dc84f49135b6b8.rlib" "/opt/rustwide/rustup-home/toolchains/beta-2024-12-08-x86_64-unknown-linux-gnu/lib/rustlib/x86_64-unknown-linux-gnu/lib/libpanic_unwind-a8f45b397fae3f81.rlib" "/opt/rustwide/rustup-home/toolchains/beta-2024-12-08-x86_64-unknown-linux-gnu/lib/rustlib/x86_64-unknown-linux-gnu/lib/libobject-089607133c180609.rlib" "/opt/rustwide/rustup-home/toolchains/beta-2024-12-08-x86_64-unknown-linux-gnu/lib/rustlib/x86_64-unknown-linux-gnu/lib/libmemchr-fc89f091bcd86cbb.rlib" "/opt/rustwide/rustup-home/toolchains/beta-2024-12-08-x86_64-unknown-linux-gnu/lib/rustlib/x86_64-unknown-linux-gnu/lib/libaddr2line-5a60949f01c7340c.rlib" "/opt/rustwide/rustup-home/toolchains/beta-2024-12-08-x86_64-unknown-linux-gnu/lib/rustlib/x86_64-unknown-linux-gnu/lib/libgimli-d29e6a55ca253c8c.rlib" "/opt/rustwide/rustup-home/toolchains/beta-2024-12-08-x86_64-unknown-linux-gnu/lib/rustlib/x86_64-unknown-linux-gnu/lib/librustc_demangle-273c078d5f65de7a.rlib" "/opt/rustwide/rustup-home/toolchains/beta-2024-12-08-x86_64-unknown-linux-gnu/lib/rustlib/x86_64-unknown-linux-gnu/lib/libstd_detect-413c950ffbdd4454.rlib" "/opt/rustwide/rustup-home/toolchains/beta-2024-12-08-x86_64-unknown-linux-gnu/lib/rustlib/x86_64-unknown-linux-gnu/lib/libhashbrown-1853c0976a1d88a6.rlib" "/opt/rustwide/rustup-home/toolchains/beta-2024-12-08-x86_64-unknown-linux-gnu/lib/rustlib/x86_64-unknown-linux-gnu/lib/librustc_std_workspace_alloc-ccb3384ddacb0f9e.rlib" "/opt/rustwide/rustup-home/toolchains/beta-2024-12-08-x86_64-unknown-linux-gnu/lib/rustlib/x86_64-unknown-linux-gnu/lib/libminiz_oxide-0b901dfb0ca849e0.rlib" "/opt/rustwide/rustup-home/toolchains/beta-2024-12-08-x86_64-unknown-linux-gnu/lib/rustlib/x86_64-unknown-linux-gnu/lib/libadler-eebeb8d7c64543ad.rlib" "/opt/rustwide/rustup-home/toolchains/beta-2024-12-08-x86_64-unknown-linux-gnu/lib/rustlib/x86_64-unknown-linux-gnu/lib/libunwind-4723ef81d6079867.rlib" "/opt/rustwide/rustup-home/toolchains/beta-2024-12-08-x86_64-unknown-linux-gnu/lib/rustlib/x86_64-unknown-linux-gnu/lib/libcfg_if-54442f8b422f5a54.rlib" "/opt/rustwide/rustup-home/toolchains/beta-2024-12-08-x86_64-unknown-linux-gnu/lib/rustlib/x86_64-unknown-linux-gnu/lib/liblibc-e0bbe034b5282553.rlib" "/opt/rustwide/rustup-home/toolchains/beta-2024-12-08-x86_64-unknown-linux-gnu/lib/rustlib/x86_64-unknown-linux-gnu/lib/liballoc-d0febb68c1c37b90.rlib" "/opt/rustwide/rustup-home/toolchains/beta-2024-12-08-x86_64-unknown-linux-gnu/lib/rustlib/x86_64-unknown-linux-gnu/lib/librustc_std_workspace_core-4cf833632aafa84c.rlib" "/opt/rustwide/rustup-home/toolchains/beta-2024-12-08-x86_64-unknown-linux-gnu/lib/rustlib/x86_64-unknown-linux-gnu/lib/libcore-65c2c6d2d6ae570b.rlib" "/opt/rustwide/rustup-home/toolchains/beta-2024-12-08-x86_64-unknown-linux-gnu/lib/rustlib/x86_64-unknown-linux-gnu/lib/libcompiler_builtins-97929cee0dcfe424.rlib" "-Wl,-Bdynamic" "-lgcc_s" "-lutil" "-lrt" "-lpthread" "-lm" "-ldl" "-lc" "-Wl,--eh-frame-hdr" "-Wl,-z,noexecstack" "-L" "/opt/rustwide/target/debug/build/tikv-jemalloc-sys-4fde4cc0cb3e96ea/out/build/lib" "-L" "/opt/rustwide/rustup-home/toolchains/beta-2024-12-08-x86_64-unknown-linux-gnu/lib/rustlib/x86_64-unknown-linux-gnu/lib" "-o" "/tmp/rustdoctestdhKETY/rust_out" "-Wl,--gc-sections" "-pie" "-Wl,-z,relro,-z,now" "-nodefaultlibs"
[INFO] [stdout]   = note: collect2: fatal error: ld terminated with signal 9 [Killed]
[INFO] [stdout]           compilation terminated.
[INFO] [stdout]           
[INFO] [stdout] 
[INFO] [stdout] error: aborting due to 1 previous error
[INFO] [stdout] 
[INFO] [stdout] Couldn't compile the test.
[INFO] [stdout] ---- src/baserules/piece_state.rs - baserules::piece_state::PieceState::try_from (line 154) stdout ----
[INFO] [stdout] error: linking with `cc` failed: exit status: 1
[INFO] [stdout]   |
[INFO] [stdout]   = note: LC_ALL="C" PATH="/opt/rustwide/rustup-home/toolchains/beta-2024-12-08-x86_64-unknown-linux-gnu/lib/rustlib/x86_64-unknown-linux-gnu/bin:/opt/rustwide/cargo-home/bin:/usr/local/sbin:/usr/local/bin:/usr/sbin:/usr/bin:/sbin:/bin" VSLANG="1033" "cc" "-m64" "/tmp/rustcuRH9MD/symbols.o" "/tmp/rustdoctestxcOv4M/rust_out.rust_out.9242fac72db2cd11-cgu.0.rcgu.o" "/tmp/rustdoctestxcOv4M/rust_out.2hl2tb9xdtge7mguxzn2q1kvi.rcgu.o" "-Wl,--as-needed" "-Wl,-Bstatic" "/opt/rustwide/target/debug/deps/libdbce-349c1f9818615616.rlib" "/opt/rustwide/target/debug/deps/libtikv_jemallocator-df6d0eea633be935.rlib" "/opt/rustwide/target/debug/deps/libtikv_jemalloc_sys-24cc48c056c687de.rlib" "/opt/rustwide/target/debug/deps/libasync_scoped-acce55e5056478d4.rlib" "/opt/rustwide/target/debug/deps/libtokio-c35eac079d6055a0.rlib" "/opt/rustwide/target/debug/deps/libsignal_hook_registry-08bf2e07d1c00cc8.rlib" "/opt/rustwide/target/debug/deps/libsocket2-f71a68275f9a1a66.rlib" "/opt/rustwide/target/debug/deps/libbytes-8217216c646d0e94.rlib" "/opt/rustwide/target/debug/deps/libmio-fb4e4984663c3bb8.rlib" "/opt/rustwide/target/debug/deps/libparking_lot-0c034a7d99ce873e.rlib" "/opt/rustwide/target/debug/deps/libparking_lot_core-34447d65772b79ed.rlib" "/opt/rustwide/target/debug/deps/libsmallvec-e3d8269c0db97757.rlib" "/opt/rustwide/target/debug/deps/liblock_api-01b7e6f95550bc19.rlib" "/opt/rustwide/target/debug/deps/libpin_project-1eb94bf72f6dbb00.rlib" "/opt/rustwide/target/debug/deps/libfutures-ab23eb89d47d5a98.rlib" "/opt/rustwide/target/debug/deps/libfutures_executor-de62f13b58679e6f.rlib" "/opt/rustwide/target/debug/deps/libfutures_util-de831057208022c2.rlib" "/opt/rustwide/target/debug/deps/libmemchr-9cc83a4021d47d5a.rlib" "/opt/rustwide/target/debug/deps/libfutures_io-fe9a4c7df533f0fb.rlib" "/opt/rustwide/target/debug/deps/libslab-0a39a638bccea296.rlib" "/opt/rustwide/target/debug/deps/libfutures_channel-0c505dc0535924c0.rlib" "/opt/rustwide/target/debug/deps/libpin_project_lite-e615da966755eef2.rlib" "/opt/rustwide/target/debug/deps/libfutures_sink-996b6b2eda4edde2.rlib" "/opt/rustwide/target/debug/deps/libfutures_task-acdbc0302ffd08b9.rlib" "/opt/rustwide/target/debug/deps/libpin_utils-e8360a4d12f71807.rlib" "/opt/rustwide/target/debug/deps/libfutures_core-da303feb02cdff34.rlib" "/opt/rustwide/target/debug/deps/libitertools-3e36947ab397505c.rlib" "/opt/rustwide/target/debug/deps/libglobal_counter-f431373f2b1a2885.rlib" "/opt/rustwide/target/debug/deps/libgenerational_arena-3431bcd6eb5177b8.rlib" "/opt/rustwide/target/debug/deps/librustc_hash-c6f5474e70a2e7fd.rlib" "/opt/rustwide/target/debug/deps/libenum_iterator-15bb1a86c485a692.rlib" "/opt/rustwide/target/debug/deps/libenum_map-48f7176325a38c78.rlib" "/opt/rustwide/target/debug/deps/libenumset-71ab7897b5f49e53.rlib" "/opt/rustwide/target/debug/deps/libsysinfo-5398dc33bc01f369.rlib" "/opt/rustwide/target/debug/deps/libonce_cell-728f13abc4f8cf5f.rlib" "/opt/rustwide/target/debug/deps/librayon-40404b75b9dfb7d0.rlib" "/opt/rustwide/target/debug/deps/librayon_core-dd2c0a77c83bac90.rlib" "/opt/rustwide/target/debug/deps/libnum_cpus-99da39e1ff91ba70.rlib" "/opt/rustwide/target/debug/deps/libcrossbeam_deque-b19607cccbe38d3d.rlib" "/opt/rustwide/target/debug/deps/libcrossbeam_epoch-495894019c271dde.rlib" "/opt/rustwide/target/debug/deps/libmemoffset-70be0b3efc76ca6c.rlib" "/opt/rustwide/target/debug/deps/libscopeguard-f937485db0060aca.rlib" "/opt/rustwide/target/debug/deps/libcrossbeam_channel-3a5e358754ac225e.rlib" "/opt/rustwide/target/debug/deps/libcrossbeam_utils-ed915c09f57de221.rlib" "/opt/rustwide/target/debug/deps/libeither-49b31dd90481588d.rlib" "/opt/rustwide/target/debug/deps/liblazy_static-efa3519517df6cf0.rlib" "/opt/rustwide/target/debug/deps/librand-4d7132467cf947de.rlib" "/opt/rustwide/target/debug/deps/librand_chacha-7582001ed7420567.rlib" "/opt/rustwide/target/debug/deps/libppv_lite86-6355e3a2f5357626.rlib" "/opt/rustwide/target/debug/deps/librand_core-224f855548048da8.rlib" "/opt/rustwide/target/debug/deps/libgetrandom-eac395b85e5dc2a3.rlib" "/opt/rustwide/target/debug/deps/liblibc-4b0b24147de68dac.rlib" "/opt/rustwide/target/debug/deps/libcfg_if-a3e7e701fcd1f47b.rlib" "/opt/rustwide/rustup-home/toolchains/beta-2024-12-08-x86_64-unknown-linux-gnu/lib/rustlib/x86_64-unknown-linux-gnu/lib/libstd-02dc84f49135b6b8.rlib" "/opt/rustwide/rustup-home/toolchains/beta-2024-12-08-x86_64-unknown-linux-gnu/lib/rustlib/x86_64-unknown-linux-gnu/lib/libpanic_unwind-a8f45b397fae3f81.rlib" "/opt/rustwide/rustup-home/toolchains/beta-2024-12-08-x86_64-unknown-linux-gnu/lib/rustlib/x86_64-unknown-linux-gnu/lib/libobject-089607133c180609.rlib" "/opt/rustwide/rustup-home/toolchains/beta-2024-12-08-x86_64-unknown-linux-gnu/lib/rustlib/x86_64-unknown-linux-gnu/lib/libmemchr-fc89f091bcd86cbb.rlib" "/opt/rustwide/rustup-home/toolchains/beta-2024-12-08-x86_64-unknown-linux-gnu/lib/rustlib/x86_64-unknown-linux-gnu/lib/libaddr2line-5a60949f01c7340c.rlib" "/opt/rustwide/rustup-home/toolchains/beta-2024-12-08-x86_64-unknown-linux-gnu/lib/rustlib/x86_64-unknown-linux-gnu/lib/libgimli-d29e6a55ca253c8c.rlib" "/opt/rustwide/rustup-home/toolchains/beta-2024-12-08-x86_64-unknown-linux-gnu/lib/rustlib/x86_64-unknown-linux-gnu/lib/librustc_demangle-273c078d5f65de7a.rlib" "/opt/rustwide/rustup-home/toolchains/beta-2024-12-08-x86_64-unknown-linux-gnu/lib/rustlib/x86_64-unknown-linux-gnu/lib/libstd_detect-413c950ffbdd4454.rlib" "/opt/rustwide/rustup-home/toolchains/beta-2024-12-08-x86_64-unknown-linux-gnu/lib/rustlib/x86_64-unknown-linux-gnu/lib/libhashbrown-1853c0976a1d88a6.rlib" "/opt/rustwide/rustup-home/toolchains/beta-2024-12-08-x86_64-unknown-linux-gnu/lib/rustlib/x86_64-unknown-linux-gnu/lib/librustc_std_workspace_alloc-ccb3384ddacb0f9e.rlib" "/opt/rustwide/rustup-home/toolchains/beta-2024-12-08-x86_64-unknown-linux-gnu/lib/rustlib/x86_64-unknown-linux-gnu/lib/libminiz_oxide-0b901dfb0ca849e0.rlib" "/opt/rustwide/rustup-home/toolchains/beta-2024-12-08-x86_64-unknown-linux-gnu/lib/rustlib/x86_64-unknown-linux-gnu/lib/libadler-eebeb8d7c64543ad.rlib" "/opt/rustwide/rustup-home/toolchains/beta-2024-12-08-x86_64-unknown-linux-gnu/lib/rustlib/x86_64-unknown-linux-gnu/lib/libunwind-4723ef81d6079867.rlib" "/opt/rustwide/rustup-home/toolchains/beta-2024-12-08-x86_64-unknown-linux-gnu/lib/rustlib/x86_64-unknown-linux-gnu/lib/libcfg_if-54442f8b422f5a54.rlib" "/opt/rustwide/rustup-home/toolchains/beta-2024-12-08-x86_64-unknown-linux-gnu/lib/rustlib/x86_64-unknown-linux-gnu/lib/liblibc-e0bbe034b5282553.rlib" "/opt/rustwide/rustup-home/toolchains/beta-2024-12-08-x86_64-unknown-linux-gnu/lib/rustlib/x86_64-unknown-linux-gnu/lib/liballoc-d0febb68c1c37b90.rlib" "/opt/rustwide/rustup-home/toolchains/beta-2024-12-08-x86_64-unknown-linux-gnu/lib/rustlib/x86_64-unknown-linux-gnu/lib/librustc_std_workspace_core-4cf833632aafa84c.rlib" "/opt/rustwide/rustup-home/toolchains/beta-2024-12-08-x86_64-unknown-linux-gnu/lib/rustlib/x86_64-unknown-linux-gnu/lib/libcore-65c2c6d2d6ae570b.rlib" "/opt/rustwide/rustup-home/toolchains/beta-2024-12-08-x86_64-unknown-linux-gnu/lib/rustlib/x86_64-unknown-linux-gnu/lib/libcompiler_builtins-97929cee0dcfe424.rlib" "-Wl,-Bdynamic" "-lgcc_s" "-lutil" "-lrt" "-lpthread" "-lm" "-ldl" "-lc" "-Wl,--eh-frame-hdr" "-Wl,-z,noexecstack" "-L" "/opt/rustwide/target/debug/build/tikv-jemalloc-sys-4fde4cc0cb3e96ea/out/build/lib" "-L" "/opt/rustwide/rustup-home/toolchains/beta-2024-12-08-x86_64-unknown-linux-gnu/lib/rustlib/x86_64-unknown-linux-gnu/lib" "-o" "/tmp/rustdoctestxcOv4M/rust_out" "-Wl,--gc-sections" "-pie" "-Wl,-z,relro,-z,now" "-nodefaultlibs"
[INFO] [stdout]   = note: collect2: fatal error: ld terminated with signal 9 [Killed]
[INFO] [stdout]           compilation terminated.
[INFO] [stdout]           
[INFO] [stdout] 
[INFO] [stdout] error: aborting due to 1 previous error
[INFO] [stdout] 
[INFO] [stdout] Couldn't compile the test.
[INFO] [stdout] 
[INFO] [stdout] failures:
[INFO] [stdout]     src/baserules/board.rs - baserules::board::PSBoard::default (line 86)
[INFO] [stdout]     src/baserules/board.rs - baserules::board::PSBoard::make_move_noncached (line 114)
[INFO] [stdout]     src/baserules/board_rep.rs - baserules::board_rep::PossibleMove::fmt (line 139)
[INFO] [stdout]     src/baserules/board_rep.rs - baserules::board_rep::PossibleMove::from (line 122)
[INFO] [stdout]     src/baserules/board_rep.rs - baserules::board_rep::PossibleMove::simple_from_uci (line 106)
[INFO] [stdout]     src/baserules/piece_state.rs - baserules::piece_state::PieceState::fmt (line 44)
[INFO] [stdout]     src/baserules/piece_state.rs - baserules::piece_state::PieceState::try_from (line 154)
[INFO] [stdout]     src/baserules/positions.rs - baserules::positions::AbsoluteBoardPos::fmt (line 30)
[INFO] [stdout]     src/baserules/rawboard.rs - baserules::rawboard::RawBoard::default (line 260)
[INFO] [stdout]     src/baserules/rawboard.rs - baserules::rawboard::RawBoard::fmt (line 277)
[INFO] [stdout]     src/baserules/rawboard.rs - baserules::rawboard::RawBoard::get_loc (line 60)
[INFO] [stdout]     src/baserules/rawboard.rs - baserules::rawboard::RawBoard::index (line 319)
[INFO] [stdout]     src/baserules/rawboard.rs - baserules::rawboard::RawBoard::index (line 341)
[INFO] [stdout]     src/baserules/rawboard.rs - baserules::rawboard::RawBoard::score (line 128)
[INFO] [stdout]     src/human_facing/conversion.rs - human_facing::conversion::PSBoard::fmt (line 81)
[INFO] [stdout]     src/human_facing/moves.rs - human_facing::moves::make_an_uci_move (line 165)
[INFO] [stdout] 
[INFO] [stdout] test result: FAILED. 7 passed; 16 failed; 0 ignored; 0 measured; 0 filtered out; finished in 7.63s
[INFO] [stdout] 
[INFO] [stderr] error: doctest failed, to rerun pass `--doc`
[INFO] running `Command { std: "docker" "inspect" "7bfd7471caed4fad952e5af4ac97a0547c426a08c7bddfd07870ee8eab7a6749", kill_on_drop: false }`
[INFO] running `Command { std: "docker" "rm" "-f" "7bfd7471caed4fad952e5af4ac97a0547c426a08c7bddfd07870ee8eab7a6749", kill_on_drop: false }`
[INFO] [stdout] 7bfd7471caed4fad952e5af4ac97a0547c426a08c7bddfd07870ee8eab7a6749
