[INFO] cloning repository https://github.com/kdnakt/rmonkey
[INFO] running `Command { std: "git" "-c" "credential.helper=" "-c" "credential.helper=/workspace/cargo-home/bin/git-credential-null" "clone" "--bare" "https://github.com/kdnakt/rmonkey" "/workspace/cache/git-repos/https%3A%2F%2Fgithub.com%2Fkdnakt%2Frmonkey", kill_on_drop: false }`
[INFO] [stderr] Cloning into bare repository '/workspace/cache/git-repos/https%3A%2F%2Fgithub.com%2Fkdnakt%2Frmonkey'...
[INFO] running `Command { std: "git" "rev-parse" "HEAD", kill_on_drop: false }`
[INFO] [stdout] f8daf98e0ffd960a0c223d674a6402bfe74406f5
[INFO] testing kdnakt/rmonkey against beta-2024-12-08 for beta-1.84.0-4-retry
[INFO] running `Command { std: "git" "clone" "/workspace/cache/git-repos/https%3A%2F%2Fgithub.com%2Fkdnakt%2Frmonkey" "/workspace/builds/worker-7-tc2/source", kill_on_drop: false }`
[INFO] [stderr] Cloning into '/workspace/builds/worker-7-tc2/source'...
[INFO] [stderr] done.
[INFO] validating manifest of git repo https://github.com/kdnakt/rmonkey on toolchain beta-2024-12-08
[INFO] running `Command { std: CARGO_HOME="/workspace/cargo-home" RUSTUP_HOME="/workspace/rustup-home" "/workspace/cargo-home/bin/cargo" "+beta-2024-12-08" "metadata" "--manifest-path" "Cargo.toml" "--no-deps", kill_on_drop: false }`
[INFO] started tweaking git repo https://github.com/kdnakt/rmonkey
[INFO] finished tweaking git repo https://github.com/kdnakt/rmonkey
[INFO] tweaked toml for git repo https://github.com/kdnakt/rmonkey written to /workspace/builds/worker-7-tc2/source/Cargo.toml
[INFO] crate git repo https://github.com/kdnakt/rmonkey already has a lockfile, it will not be regenerated
[INFO] running `Command { std: CARGO_HOME="/workspace/cargo-home" RUSTUP_HOME="/workspace/rustup-home" "/workspace/cargo-home/bin/cargo" "+beta-2024-12-08" "fetch" "--manifest-path" "Cargo.toml", kill_on_drop: false }`
[INFO] running `Command { std: "docker" "create" "-v" "/var/lib/crater-agent-workspace/builds/worker-7-tc2/target:/opt/rustwide/target:rw,Z" "-v" "/var/lib/crater-agent-workspace/builds/worker-7-tc2/source:/opt/rustwide/workdir:ro,Z" "-v" "/var/lib/crater-agent-workspace/cargo-home:/opt/rustwide/cargo-home:ro,Z" "-v" "/var/lib/crater-agent-workspace/rustup-home:/opt/rustwide/rustup-home:ro,Z" "-e" "SOURCE_DIR=/opt/rustwide/workdir" "-e" "CARGO_TARGET_DIR=/opt/rustwide/target" "-e" "CARGO_HOME=/opt/rustwide/cargo-home" "-e" "RUSTUP_HOME=/opt/rustwide/rustup-home" "-w" "/opt/rustwide/workdir" "-m" "1610612736" "--user" "0:0" "--network" "none" "ghcr.io/rust-lang/crates-build-env/linux@sha256:f3a9d4ad9d972b27faf3965f35b62e55ba32bbce8f20bc8fe909558a86702fde" "/opt/rustwide/cargo-home/bin/cargo" "+beta-2024-12-08" "metadata" "--no-deps" "--format-version=1", kill_on_drop: false }`
[INFO] [stdout] 6673470e98665fffcc7ee9c833117b0e80655a372e0212f9e12612c1219abba5
[INFO] running `Command { std: "docker" "start" "-a" "6673470e98665fffcc7ee9c833117b0e80655a372e0212f9e12612c1219abba5", kill_on_drop: false }`
[INFO] running `Command { std: "docker" "inspect" "6673470e98665fffcc7ee9c833117b0e80655a372e0212f9e12612c1219abba5", kill_on_drop: false }`
[INFO] running `Command { std: "docker" "rm" "-f" "6673470e98665fffcc7ee9c833117b0e80655a372e0212f9e12612c1219abba5", kill_on_drop: false }`
[INFO] [stdout] 6673470e98665fffcc7ee9c833117b0e80655a372e0212f9e12612c1219abba5
[INFO] running `Command { std: "docker" "create" "-v" "/var/lib/crater-agent-workspace/builds/worker-7-tc2/target:/opt/rustwide/target:rw,Z" "-v" "/var/lib/crater-agent-workspace/builds/worker-7-tc2/source:/opt/rustwide/workdir:ro,Z" "-v" "/var/lib/crater-agent-workspace/cargo-home:/opt/rustwide/cargo-home:ro,Z" "-v" "/var/lib/crater-agent-workspace/rustup-home:/opt/rustwide/rustup-home:ro,Z" "-e" "SOURCE_DIR=/opt/rustwide/workdir" "-e" "CARGO_TARGET_DIR=/opt/rustwide/target" "-e" "CARGO_INCREMENTAL=0" "-e" "RUST_BACKTRACE=full" "-e" "RUSTFLAGS=--cap-lints=warn" "-e" "RUSTDOCFLAGS=--cap-lints=warn" "-e" "CARGO_HOME=/opt/rustwide/cargo-home" "-e" "RUSTUP_HOME=/opt/rustwide/rustup-home" "-w" "/opt/rustwide/workdir" "-m" "1610612736" "--user" "0:0" "--network" "none" "ghcr.io/rust-lang/crates-build-env/linux@sha256:f3a9d4ad9d972b27faf3965f35b62e55ba32bbce8f20bc8fe909558a86702fde" "/opt/rustwide/cargo-home/bin/cargo" "+beta-2024-12-08" "build" "--frozen" "--message-format=json", kill_on_drop: false }`
[INFO] [stdout] bb4e92a84126c9f203e136d7dd84b6bd05a0a47d37d2eccbedd80ef9ef30bfb4
[INFO] running `Command { std: "docker" "start" "-a" "bb4e92a84126c9f203e136d7dd84b6bd05a0a47d37d2eccbedd80ef9ef30bfb4", kill_on_drop: false }`
[INFO] [stderr]    Compiling whoami v1.1.5
[INFO] [stderr]    Compiling rmonkey v0.1.0 (/opt/rustwide/workdir)
[INFO] [stdout] warning: unused variable: `parameters`
[INFO] [stdout]   --> src/object.rs:64:22
[INFO] [stdout]    |
[INFO] [stdout] 64 |             Function{parameters, body, ..} => {
[INFO] [stdout]    |                      ^^^^^^^^^^-
[INFO] [stdout]    |                      |
[INFO] [stdout]    |                      help: try removing the field
[INFO] [stdout]    |
[INFO] [stdout]    = note: `#[warn(unused_variables)]` on by default
[INFO] [stdout] 
[INFO] [stdout] 
[INFO] [stdout] warning: unused variable: `body`
[INFO] [stdout]   --> src/object.rs:64:34
[INFO] [stdout]    |
[INFO] [stdout] 64 |             Function{parameters, body, ..} => {
[INFO] [stdout]    |                                  ^^^^-
[INFO] [stdout]    |                                  |
[INFO] [stdout]    |                                  help: try removing the field
[INFO] [stdout] 
[INFO] [stdout] 
[INFO] [stdout] warning: unreachable pattern
[INFO] [stdout]   --> src/evaluator.rs:39:13
[INFO] [stdout]    |
[INFO] [stdout] 39 |             _ => None,
[INFO] [stdout]    |             ^ no value can reach this
[INFO] [stdout]    |
[INFO] [stdout] note: multiple earlier patterns match some of the same values
[INFO] [stdout]   --> src/evaluator.rs:39:13
[INFO] [stdout]    |
[INFO] [stdout] 19 |             ExpressionStatement{expression, ..} => eval_expression(expression, env),
[INFO] [stdout]    |             ----------------------------------- matches some of the same values
[INFO] [stdout] 20 |             BlockStatement{statements, ..} => eval_statements(statements, env),
[INFO] [stdout]    |             ------------------------------ matches some of the same values
[INFO] [stdout] 21 |             ReturnStatement{return_value, ..} => {
[INFO] [stdout]    |             --------------------------------- matches some of the same values
[INFO] [stdout] ...
[INFO] [stdout] 25 |             LetStatement{value, name, ..} => {
[INFO] [stdout]    |             ----------------------------- matches some of the same values
[INFO] [stdout] ...
[INFO] [stdout] 39 |             _ => None,
[INFO] [stdout]    |             ^ collectively making this unreachable
[INFO] [stdout]    = note: `#[warn(unreachable_patterns)]` on by default
[INFO] [stdout] 
[INFO] [stdout] 
[INFO] [stdout] warning: variant `Expression` is never constructed
[INFO] [stdout]   --> src/ast.rs:18:5
[INFO] [stdout]    |
[INFO] [stdout] 14 | pub enum AstNode {
[INFO] [stdout]    |          ------- variant in this enum
[INFO] [stdout] ...
[INFO] [stdout] 18 |     Expression {
[INFO] [stdout]    |     ^^^^^^^^^^
[INFO] [stdout]    |
[INFO] [stdout]    = note: `#[warn(dead_code)]` on by default
[INFO] [stdout] 
[INFO] [stdout] 
[INFO] [stdout] warning: enum `PrefixParseFn` is never used
[INFO] [stdout]   --> src/parser.rs:55:6
[INFO] [stdout]    |
[INFO] [stdout] 55 | enum PrefixParseFn {
[INFO] [stdout]    |      ^^^^^^^^^^^^^
[INFO] [stdout] 
[INFO] [stdout] 
[INFO] [stderr]     Finished `dev` profile [unoptimized + debuginfo] target(s) in 1.37s
[INFO] running `Command { std: "docker" "inspect" "bb4e92a84126c9f203e136d7dd84b6bd05a0a47d37d2eccbedd80ef9ef30bfb4", kill_on_drop: false }`
[INFO] running `Command { std: "docker" "rm" "-f" "bb4e92a84126c9f203e136d7dd84b6bd05a0a47d37d2eccbedd80ef9ef30bfb4", kill_on_drop: false }`
[INFO] [stdout] bb4e92a84126c9f203e136d7dd84b6bd05a0a47d37d2eccbedd80ef9ef30bfb4
[INFO] running `Command { std: "docker" "create" "-v" "/var/lib/crater-agent-workspace/builds/worker-7-tc2/target:/opt/rustwide/target:rw,Z" "-v" "/var/lib/crater-agent-workspace/builds/worker-7-tc2/source:/opt/rustwide/workdir:ro,Z" "-v" "/var/lib/crater-agent-workspace/cargo-home:/opt/rustwide/cargo-home:ro,Z" "-v" "/var/lib/crater-agent-workspace/rustup-home:/opt/rustwide/rustup-home:ro,Z" "-e" "SOURCE_DIR=/opt/rustwide/workdir" "-e" "CARGO_TARGET_DIR=/opt/rustwide/target" "-e" "CARGO_INCREMENTAL=0" "-e" "RUST_BACKTRACE=full" "-e" "RUSTFLAGS=--cap-lints=warn" "-e" "RUSTDOCFLAGS=--cap-lints=warn" "-e" "CARGO_HOME=/opt/rustwide/cargo-home" "-e" "RUSTUP_HOME=/opt/rustwide/rustup-home" "-w" "/opt/rustwide/workdir" "-m" "1610612736" "--user" "0:0" "--network" "none" "ghcr.io/rust-lang/crates-build-env/linux@sha256:f3a9d4ad9d972b27faf3965f35b62e55ba32bbce8f20bc8fe909558a86702fde" "/opt/rustwide/cargo-home/bin/cargo" "+beta-2024-12-08" "test" "--frozen" "--no-run" "--message-format=json", kill_on_drop: false }`
[INFO] [stdout] b4e025da665893b23def11f6360d2ae97268a10608970c08897a3723c82d148a
[INFO] running `Command { std: "docker" "start" "-a" "b4e025da665893b23def11f6360d2ae97268a10608970c08897a3723c82d148a", kill_on_drop: false }`
[INFO] [stderr]    Compiling rmonkey v0.1.0 (/opt/rustwide/workdir)
[INFO] [stdout] warning: unused variable: `parameters`
[INFO] [stdout]   --> src/object.rs:64:22
[INFO] [stdout]    |
[INFO] [stdout] 64 |             Function{parameters, body, ..} => {
[INFO] [stdout]    |                      ^^^^^^^^^^-
[INFO] [stdout]    |                      |
[INFO] [stdout]    |                      help: try removing the field
[INFO] [stdout]    |
[INFO] [stdout]    = note: `#[warn(unused_variables)]` on by default
[INFO] [stdout] 
[INFO] [stdout] 
[INFO] [stdout] warning: unused variable: `body`
[INFO] [stdout]   --> src/object.rs:64:34
[INFO] [stdout]    |
[INFO] [stdout] 64 |             Function{parameters, body, ..} => {
[INFO] [stdout]    |                                  ^^^^-
[INFO] [stdout]    |                                  |
[INFO] [stdout]    |                                  help: try removing the field
[INFO] [stdout] 
[INFO] [stdout] 
[INFO] [stdout] warning: unreachable pattern
[INFO] [stdout]   --> src/evaluator.rs:39:13
[INFO] [stdout]    |
[INFO] [stdout] 39 |             _ => None,
[INFO] [stdout]    |             ^ no value can reach this
[INFO] [stdout]    |
[INFO] [stdout] note: multiple earlier patterns match some of the same values
[INFO] [stdout]   --> src/evaluator.rs:39:13
[INFO] [stdout]    |
[INFO] [stdout] 19 |             ExpressionStatement{expression, ..} => eval_expression(expression, env),
[INFO] [stdout]    |             ----------------------------------- matches some of the same values
[INFO] [stdout] 20 |             BlockStatement{statements, ..} => eval_statements(statements, env),
[INFO] [stdout]    |             ------------------------------ matches some of the same values
[INFO] [stdout] 21 |             ReturnStatement{return_value, ..} => {
[INFO] [stdout]    |             --------------------------------- matches some of the same values
[INFO] [stdout] ...
[INFO] [stdout] 25 |             LetStatement{value, name, ..} => {
[INFO] [stdout]    |             ----------------------------- matches some of the same values
[INFO] [stdout] ...
[INFO] [stdout] 39 |             _ => None,
[INFO] [stdout]    |             ^ collectively making this unreachable
[INFO] [stdout]    = note: `#[warn(unreachable_patterns)]` on by default
[INFO] [stdout] 
[INFO] [stdout] 
[INFO] [stdout] warning: variant `Expression` is never constructed
[INFO] [stdout]   --> src/ast.rs:18:5
[INFO] [stdout]    |
[INFO] [stdout] 14 | pub enum AstNode {
[INFO] [stdout]    |          ------- variant in this enum
[INFO] [stdout] ...
[INFO] [stdout] 18 |     Expression {
[INFO] [stdout]    |     ^^^^^^^^^^
[INFO] [stdout]    |
[INFO] [stdout]    = note: `#[warn(dead_code)]` on by default
[INFO] [stdout] 
[INFO] [stdout] 
[INFO] [stdout] warning: enum `PrefixParseFn` is never used
[INFO] [stdout]   --> src/parser.rs:55:6
[INFO] [stdout]    |
[INFO] [stdout] 55 | enum PrefixParseFn {
[INFO] [stdout]    |      ^^^^^^^^^^^^^
[INFO] [stdout] 
[INFO] [stdout] 
[INFO] [stderr]     Finished `test` profile [unoptimized + debuginfo] target(s) in 1.33s
[INFO] running `Command { std: "docker" "inspect" "b4e025da665893b23def11f6360d2ae97268a10608970c08897a3723c82d148a", kill_on_drop: false }`
[INFO] running `Command { std: "docker" "rm" "-f" "b4e025da665893b23def11f6360d2ae97268a10608970c08897a3723c82d148a", kill_on_drop: false }`
[INFO] [stdout] b4e025da665893b23def11f6360d2ae97268a10608970c08897a3723c82d148a
[INFO] running `Command { std: "docker" "create" "-v" "/var/lib/crater-agent-workspace/builds/worker-7-tc2/target:/opt/rustwide/target:rw,Z" "-v" "/var/lib/crater-agent-workspace/builds/worker-7-tc2/source:/opt/rustwide/workdir:ro,Z" "-v" "/var/lib/crater-agent-workspace/cargo-home:/opt/rustwide/cargo-home:ro,Z" "-v" "/var/lib/crater-agent-workspace/rustup-home:/opt/rustwide/rustup-home:ro,Z" "-e" "SOURCE_DIR=/opt/rustwide/workdir" "-e" "CARGO_TARGET_DIR=/opt/rustwide/target" "-e" "CARGO_INCREMENTAL=0" "-e" "RUST_BACKTRACE=full" "-e" "RUSTFLAGS=--cap-lints=warn" "-e" "RUSTDOCFLAGS=--cap-lints=warn" "-e" "CARGO_HOME=/opt/rustwide/cargo-home" "-e" "RUSTUP_HOME=/opt/rustwide/rustup-home" "-w" "/opt/rustwide/workdir" "-m" "1610612736" "--user" "0:0" "--network" "none" "ghcr.io/rust-lang/crates-build-env/linux@sha256:f3a9d4ad9d972b27faf3965f35b62e55ba32bbce8f20bc8fe909558a86702fde" "/opt/rustwide/cargo-home/bin/cargo" "+beta-2024-12-08" "test" "--frozen", kill_on_drop: false }`
[INFO] [stdout] d1c9285f20fdfa4cb1efbaa47cbc6c94d4907e87b874e52c9e0e6f4129074e9f
[INFO] running `Command { std: "docker" "start" "-a" "d1c9285f20fdfa4cb1efbaa47cbc6c94d4907e87b874e52c9e0e6f4129074e9f", kill_on_drop: false }`
[INFO] [stderr] warning: unused variable: `parameters`
[INFO] [stderr]   --> src/object.rs:64:22
[INFO] [stderr]    |
[INFO] [stderr] 64 |             Function{parameters, body, ..} => {
[INFO] [stderr]    |                      ^^^^^^^^^^-
[INFO] [stderr]    |                      |
[INFO] [stderr]    |                      help: try removing the field
[INFO] [stderr]    |
[INFO] [stderr]    = note: `#[warn(unused_variables)]` on by default
[INFO] [stderr] 
[INFO] [stderr] warning: unused variable: `body`
[INFO] [stderr]   --> src/object.rs:64:34
[INFO] [stderr]    |
[INFO] [stderr] 64 |             Function{parameters, body, ..} => {
[INFO] [stderr]    |                                  ^^^^-
[INFO] [stderr]    |                                  |
[INFO] [stderr]    |                                  help: try removing the field
[INFO] [stderr] 
[INFO] [stderr] warning: unreachable pattern
[INFO] [stderr]   --> src/evaluator.rs:39:13
[INFO] [stderr]    |
[INFO] [stderr] 39 |             _ => None,
[INFO] [stderr]    |             ^ no value can reach this
[INFO] [stderr]    |
[INFO] [stderr] note: multiple earlier patterns match some of the same values
[INFO] [stderr]   --> src/evaluator.rs:39:13
[INFO] [stderr]    |
[INFO] [stderr] 19 |             ExpressionStatement{expression, ..} => eval_expression(expression, env),
[INFO] [stderr]    |             ----------------------------------- matches some of the same values
[INFO] [stderr] 20 |             BlockStatement{statements, ..} => eval_statements(statements, env),
[INFO] [stderr]    |             ------------------------------ matches some of the same values
[INFO] [stderr] 21 |             ReturnStatement{return_value, ..} => {
[INFO] [stderr]    |             --------------------------------- matches some of the same values
[INFO] [stderr] ...
[INFO] [stderr] 25 |             LetStatement{value, name, ..} => {
[INFO] [stderr]    |             ----------------------------- matches some of the same values
[INFO] [stderr] ...
[INFO] [stderr] 39 |             _ => None,
[INFO] [stderr]    |             ^ collectively making this unreachable
[INFO] [stderr]    = note: `#[warn(unreachable_patterns)]` on by default
[INFO] [stderr] 
[INFO] [stderr] warning: variant `Expression` is never constructed
[INFO] [stderr]   --> src/ast.rs:18:5
[INFO] [stderr]    |
[INFO] [stderr] 14 | pub enum AstNode {
[INFO] [stderr]    |          ------- variant in this enum
[INFO] [stderr] ...
[INFO] [stderr] 18 |     Expression {
[INFO] [stderr]    |     ^^^^^^^^^^
[INFO] [stderr]    |
[INFO] [stderr]    = note: `#[warn(dead_code)]` on by default
[INFO] [stderr] 
[INFO] [stderr] warning: enum `PrefixParseFn` is never used
[INFO] [stderr]   --> src/parser.rs:55:6
[INFO] [stderr]    |
[INFO] [stderr] 55 | enum PrefixParseFn {
[INFO] [stderr]    |      ^^^^^^^^^^^^^
[INFO] [stderr] 
[INFO] [stderr] warning: `rmonkey` (bin "rmonkey" test) generated 5 warnings (run `cargo fix --bin "rmonkey" --tests` to apply 2 suggestions)
[INFO] [stderr]     Finished `test` profile [unoptimized + debuginfo] target(s) in 0.03s
[INFO] [stderr]      Running unittests src/main.rs (/opt/rustwide/target/debug/deps/rmonkey-19eebeba3aa485d6)
[INFO] [stdout] 
[INFO] [stdout] running 25 tests
[INFO] [stdout] test ast::tests::it_returns_string ... ok
[INFO] [stdout] test evaluator::tests::it_eval_error_handling ... ok
[INFO] [stdout] test evaluator::tests::it_eval_integer_expression ... ok
[INFO] [stdout] test lexer::tests::it_gets_next_token ... ok
[INFO] [stdout] test evaluator::tests::it_eval_if_else_expression ... ok
[INFO] [stdout] test evaluator::tests::it_eval_return_statement ... ok
[INFO] [stdout] test evaluator::tests::it_evaluates_bang_operator ... ok
[INFO] [stdout] test evaluator::tests::it_eval_let_statements ... ok
[INFO] [stdout] test evaluator::tests::it_eval_function_object ... ok
[INFO] [stdout] test evaluator::tests::it_eval_boolean_expression ... ok
[INFO] [stdout] test parser::tests::it_parses_call_expression ... ok
[INFO] [stdout] test parser::tests::it_parses_function_literal ... ok
[INFO] [stdout] test parser::tests::it_parses_function_parameter ... ok
[INFO] [stdout] test parser::tests::it_parses_identifier_expression ... ok
[INFO] [stdout] test parser::tests::it_parses_boolean_expression ... ok
[INFO] [stdout] test parser::tests::it_parses_if_statement ... ok
[INFO] [stdout] test parser::tests::it_parses_integer_literal_expression ... ok
[INFO] [stdout] test token::tests::it_displays_token ... ok
[INFO] [stdout] test parser::tests::it_parses_return_statements ... ok
[INFO] [stdout] test parser::tests::it_parses_infix_bool_expressions ... ok
[INFO] [stdout] test parser::tests::it_parses_operator_precedence ... ok
[INFO] [stdout] test parser::tests::it_parses_prefix_expressions ... ok
[INFO] [stdout] test parser::tests::it_parses_infix_expressions ... ok
[INFO] [stdout] test parser::tests::it_parses_let_statements ... ok
[INFO] [stdout] test evaluator::tests::it_eval_function_application ... FAILED
[INFO] [stdout] 
[INFO] [stdout] failures:
[INFO] [stdout] 
[INFO] [stderr] error: test failed, to rerun pass `--bin rmonkey`
[INFO] [stdout] ---- evaluator::tests::it_eval_function_application stdout ----
[INFO] [stdout] thread 'evaluator::tests::it_eval_function_application' panicked at src/evaluator.rs:408:13:
[INFO] [stdout] object is not Integer. got=None
[INFO] [stdout] stack backtrace:
[INFO] [stdout]    0:     0x634aea0f957a - std::backtrace_rs::backtrace::libunwind::trace::h8810477743020387
[INFO] [stdout]                                at /rustc/202008a1b8de96d2e5b6bc02d379db03a877d34d/library/std/src/../../backtrace/src/backtrace/libunwind.rs:116:5
[INFO] [stdout]    1:     0x634aea0f957a - std::backtrace_rs::backtrace::trace_unsynchronized::h3aa55355dd6c54a6
[INFO] [stdout]                                at /rustc/202008a1b8de96d2e5b6bc02d379db03a877d34d/library/std/src/../../backtrace/src/backtrace/mod.rs:66:5
[INFO] [stdout]    2:     0x634aea0f957a - std::sys::backtrace::_print_fmt::h8588b0f62410823f
[INFO] [stdout]                                at /rustc/202008a1b8de96d2e5b6bc02d379db03a877d34d/library/std/src/sys/backtrace.rs:66:9
[INFO] [stdout]    3:     0x634aea0f957a - <std::sys::backtrace::BacktraceLock::print::DisplayBacktrace as core::fmt::Display>::fmt::h98c26ac25ffe89bb
[INFO] [stdout]                                at /rustc/202008a1b8de96d2e5b6bc02d379db03a877d34d/library/std/src/sys/backtrace.rs:39:26
[INFO] [stdout]    4:     0x634aea11f383 - core::fmt::rt::Argument::fmt::hf95377f4aebd453b
[INFO] [stdout]                                at /rustc/202008a1b8de96d2e5b6bc02d379db03a877d34d/library/core/src/fmt/rt.rs:177:76
[INFO] [stdout]    5:     0x634aea11f383 - core::fmt::write::h0dd5f6e2238c7982
[INFO] [stdout]                                at /rustc/202008a1b8de96d2e5b6bc02d379db03a877d34d/library/core/src/fmt/mod.rs:1189:21
[INFO] [stdout]    6:     0x634aea0f6713 - std::io::Write::write_fmt::h03bb0ca26e6faf8c
[INFO] [stdout]                                at /rustc/202008a1b8de96d2e5b6bc02d379db03a877d34d/library/std/src/io/mod.rs:1884:15
[INFO] [stdout]    7:     0x634aea0f93c2 - std::sys::backtrace::BacktraceLock::print::h5c19c1c038ee186d
[INFO] [stdout]                                at /rustc/202008a1b8de96d2e5b6bc02d379db03a877d34d/library/std/src/sys/backtrace.rs:42:9
[INFO] [stdout]    8:     0x634aea0fa9fd - std::panicking::default_hook::{{closure}}::h77172f079a1fcb13
[INFO] [stdout]                                at /rustc/202008a1b8de96d2e5b6bc02d379db03a877d34d/library/std/src/panicking.rs:268:22
[INFO] [stdout]    9:     0x634aea0fa807 - std::panicking::default_hook::he5f8e3b203ccddba
[INFO] [stdout]                                at /rustc/202008a1b8de96d2e5b6bc02d379db03a877d34d/library/std/src/panicking.rs:292:9
[INFO] [stdout]   10:     0x634aea0c4137 - <alloc::boxed::Box<F,A> as core::ops::function::Fn<Args>>::call::h7a3c7b4a1ae77f2f
[INFO] [stdout]                                at /rustc/202008a1b8de96d2e5b6bc02d379db03a877d34d/library/alloc/src/boxed.rs:1986:9
[INFO] [stdout]   11:     0x634aea0c4137 - test::test_main::{{closure}}::hf0d3b69ae9b353d1
[INFO] [stdout]                                at /rustc/202008a1b8de96d2e5b6bc02d379db03a877d34d/library/test/src/lib.rs:134:21
[INFO] [stdout]   12:     0x634aea0fb0a8 - <alloc::boxed::Box<F,A> as core::ops::function::Fn<Args>>::call::h6332e82e7b189abd
[INFO] [stdout]                                at /rustc/202008a1b8de96d2e5b6bc02d379db03a877d34d/library/alloc/src/boxed.rs:1986:9
[INFO] [stdout]   13:     0x634aea0fb0a8 - std::panicking::rust_panic_with_hook::h53863d4e9018df39
[INFO] [stdout]                                at /rustc/202008a1b8de96d2e5b6bc02d379db03a877d34d/library/std/src/panicking.rs:809:13
[INFO] [stdout]   14:     0x634aea0fae6a - std::panicking::begin_panic_handler::{{closure}}::h67280e6fa0757873
[INFO] [stdout]                                at /rustc/202008a1b8de96d2e5b6bc02d379db03a877d34d/library/std/src/panicking.rs:674:13
[INFO] [stdout]   15:     0x634aea0f9a59 - std::sys::backtrace::__rust_end_short_backtrace::h1dac3f54d6fbbeb2
[INFO] [stdout]                                at /rustc/202008a1b8de96d2e5b6bc02d379db03a877d34d/library/std/src/sys/backtrace.rs:170:18
[INFO] [stdout]   16:     0x634aea0faafc - rust_begin_unwind
[INFO] [stdout]                                at /rustc/202008a1b8de96d2e5b6bc02d379db03a877d34d/library/std/src/panicking.rs:665:5
[INFO] [stdout]   17:     0x634aea054ab0 - core::panicking::panic_fmt::h6792bd1b2bf01041
[INFO] [stdout]                                at /rustc/202008a1b8de96d2e5b6bc02d379db03a877d34d/library/core/src/panicking.rs:76:14
[INFO] [stdout]   18:     0x634aea068c6e - rmonkey::evaluator::tests::test_integer_object::hc0c81ac36c9f4946
[INFO] [stdout]                                at /opt/rustwide/workdir/src/evaluator.rs:408:13
[INFO] [stdout]   19:     0x634aea069ef8 - rmonkey::evaluator::tests::it_eval_function_application::h798afa7fbc5ac618
[INFO] [stdout]                                at /opt/rustwide/workdir/src/evaluator.rs:383:13
[INFO] [stdout]   20:     0x634aea069e27 - rmonkey::evaluator::tests::it_eval_function_application::{{closure}}::hdd3a9d054541ff19
[INFO] [stdout]                                at /opt/rustwide/workdir/src/evaluator.rs:374:38
[INFO] [stdout]   21:     0x634aea06b526 - core::ops::function::FnOnce::call_once::h7c5170ab36534639
[INFO] [stdout]                                at /rustc/202008a1b8de96d2e5b6bc02d379db03a877d34d/library/core/src/ops/function.rs:250:5
[INFO] [stdout]   22:     0x634aea0c8c5b - core::ops::function::FnOnce::call_once::h871bf86719ec9aa4
[INFO] [stdout]                                at /rustc/202008a1b8de96d2e5b6bc02d379db03a877d34d/library/core/src/ops/function.rs:250:5
[INFO] [stdout]   23:     0x634aea0c8c5b - test::__rust_begin_short_backtrace::h2167df1e2b7d76fd
[INFO] [stdout]                                at /rustc/202008a1b8de96d2e5b6bc02d379db03a877d34d/library/test/src/lib.rs:632:18
[INFO] [stdout]   24:     0x634aea0c8648 - test::run_test_in_process::{{closure}}::h15d92f75a3adfb79
[INFO] [stdout]                                at /rustc/202008a1b8de96d2e5b6bc02d379db03a877d34d/library/test/src/lib.rs:655:60
[INFO] [stdout]   25:     0x634aea0c8648 - <core::panic::unwind_safe::AssertUnwindSafe<F> as core::ops::function::FnOnce<()>>::call_once::hb6c8955835a8dbbb
[INFO] [stdout]                                at /rustc/202008a1b8de96d2e5b6bc02d379db03a877d34d/library/core/src/panic/unwind_safe.rs:272:9
[INFO] [stdout]   26:     0x634aea0c8648 - std::panicking::try::do_call::hc79d0fc888a0bd30
[INFO] [stdout]                                at /rustc/202008a1b8de96d2e5b6bc02d379db03a877d34d/library/std/src/panicking.rs:557:40
[INFO] [stdout]   27:     0x634aea0c8648 - std::panicking::try::hb8a7878e3a8589d6
[INFO] [stdout]                                at /rustc/202008a1b8de96d2e5b6bc02d379db03a877d34d/library/std/src/panicking.rs:520:19
[INFO] [stdout]   28:     0x634aea0c8648 - std::panic::catch_unwind::hb8e4600ff0ff5cfa
[INFO] [stdout]                                at /rustc/202008a1b8de96d2e5b6bc02d379db03a877d34d/library/std/src/panic.rs:358:14
[INFO] [stdout]   29:     0x634aea0c8648 - test::run_test_in_process::hc2900b0b18688dd6
[INFO] [stdout]                                at /rustc/202008a1b8de96d2e5b6bc02d379db03a877d34d/library/test/src/lib.rs:655:27
[INFO] [stdout]   30:     0x634aea0c8648 - test::run_test::{{closure}}::hac2a9cb07be3d48d
[INFO] [stdout]                                at /rustc/202008a1b8de96d2e5b6bc02d379db03a877d34d/library/test/src/lib.rs:576:43
[INFO] [stdout]   31:     0x634aea08c0ea - test::run_test::{{closure}}::h4a5b729e66a38cd8
[INFO] [stdout]                                at /rustc/202008a1b8de96d2e5b6bc02d379db03a877d34d/library/test/src/lib.rs:606:41
[INFO] [stdout]   32:     0x634aea08c0ea - std::sys::backtrace::__rust_begin_short_backtrace::h0496fb742492f573
[INFO] [stdout]                                at /rustc/202008a1b8de96d2e5b6bc02d379db03a877d34d/library/std/src/sys/backtrace.rs:154:18
[INFO] [stdout]   33:     0x634aea08fa64 - std::thread::Builder::spawn_unchecked_::{{closure}}::{{closure}}::hbb6d257c550a54bd
[INFO] [stdout]                                at /rustc/202008a1b8de96d2e5b6bc02d379db03a877d34d/library/std/src/thread/mod.rs:561:17
[INFO] [stdout]   34:     0x634aea08fa64 - <core::panic::unwind_safe::AssertUnwindSafe<F> as core::ops::function::FnOnce<()>>::call_once::h46696fe4a6832328
[INFO] [stdout]                                at /rustc/202008a1b8de96d2e5b6bc02d379db03a877d34d/library/core/src/panic/unwind_safe.rs:272:9
[INFO] [stdout]   35:     0x634aea08fa64 - std::panicking::try::do_call::h2625a51b667bfb64
[INFO] [stdout]                                at /rustc/202008a1b8de96d2e5b6bc02d379db03a877d34d/library/std/src/panicking.rs:557:40
[INFO] [stdout]   36:     0x634aea08fa64 - std::panicking::try::hb956a59a1973aa4c
[INFO] [stdout]                                at /rustc/202008a1b8de96d2e5b6bc02d379db03a877d34d/library/std/src/panicking.rs:520:19
[INFO] [stdout]   37:     0x634aea08fa64 - std::panic::catch_unwind::h64f3b9d1067ef6a0
[INFO] [stdout]                                at /rustc/202008a1b8de96d2e5b6bc02d379db03a877d34d/library/std/src/panic.rs:358:14
[INFO] [stdout]   38:     0x634aea08fa64 - std::thread::Builder::spawn_unchecked_::{{closure}}::h42b2841295b6c0b2
[INFO] [stdout]                                at /rustc/202008a1b8de96d2e5b6bc02d379db03a877d34d/library/std/src/thread/mod.rs:559:30
[INFO] [stdout]   39:     0x634aea08fa64 - core::ops::function::FnOnce::call_once{{vtable.shim}}::h6127de71b8124639
[INFO] [stdout]                                at /rustc/202008a1b8de96d2e5b6bc02d379db03a877d34d/library/core/src/ops/function.rs:250:5
[INFO] [stdout]   40:     0x634aea0fefeb - <alloc::boxed::Box<F,A> as core::ops::function::FnOnce<Args>>::call_once::h42f0ba71002a1b2c
[INFO] [stdout]                                at /rustc/202008a1b8de96d2e5b6bc02d379db03a877d34d/library/alloc/src/boxed.rs:1972:9
[INFO] [stdout]   41:     0x634aea0fefeb - <alloc::boxed::Box<F,A> as core::ops::function::FnOnce<Args>>::call_once::had9e47d7a3dcecb8
[INFO] [stdout]                                at /rustc/202008a1b8de96d2e5b6bc02d379db03a877d34d/library/alloc/src/boxed.rs:1972:9
[INFO] [stdout]   42:     0x634aea0fefeb - std::sys::pal::unix::thread::Thread::new::thread_start::h48cf765408f6f5f2
[INFO] [stdout]                                at /rustc/202008a1b8de96d2e5b6bc02d379db03a877d34d/library/std/src/sys/pal/unix/thread.rs:105:17
[INFO] [stdout]   43:     0x7739d1473ac3 - <unknown>
[INFO] [stdout]   44:     0x7739d1504a04 - clone
[INFO] [stdout]   45:                0x0 - <unknown>
[INFO] [stdout] 
[INFO] [stdout] 
[INFO] [stdout] failures:
[INFO] [stdout]     evaluator::tests::it_eval_function_application
[INFO] [stdout] 
[INFO] [stdout] test result: FAILED. 24 passed; 1 failed; 0 ignored; 0 measured; 0 filtered out; finished in 0.04s
[INFO] [stdout] 
[INFO] running `Command { std: "docker" "inspect" "d1c9285f20fdfa4cb1efbaa47cbc6c94d4907e87b874e52c9e0e6f4129074e9f", kill_on_drop: false }`
[INFO] running `Command { std: "docker" "rm" "-f" "d1c9285f20fdfa4cb1efbaa47cbc6c94d4907e87b874e52c9e0e6f4129074e9f", kill_on_drop: false }`
[INFO] [stdout] d1c9285f20fdfa4cb1efbaa47cbc6c94d4907e87b874e52c9e0e6f4129074e9f
