[INFO] cloning repository https://github.com/kdgonz7/newton
[INFO] running `Command { std: "git" "-c" "credential.helper=" "-c" "credential.helper=/workspace/cargo-home/bin/git-credential-null" "clone" "--bare" "https://github.com/kdgonz7/newton" "/workspace/cache/git-repos/https%3A%2F%2Fgithub.com%2Fkdgonz7%2Fnewton", kill_on_drop: false }`
[INFO] [stderr] Cloning into bare repository '/workspace/cache/git-repos/https%3A%2F%2Fgithub.com%2Fkdgonz7%2Fnewton'...
[INFO] running `Command { std: "git" "rev-parse" "HEAD", kill_on_drop: false }`
[INFO] [stdout] 590883a337d667a3c823bd7571f9b6eb4ea7d56e
[INFO] testing kdgonz7/newton against 1.83.0 for beta-1.84.0-4-retry
[INFO] running `Command { std: "git" "clone" "/workspace/cache/git-repos/https%3A%2F%2Fgithub.com%2Fkdgonz7%2Fnewton" "/workspace/builds/worker-0-tc1/source", kill_on_drop: false }`
[INFO] [stderr] Cloning into '/workspace/builds/worker-0-tc1/source'...
[INFO] [stderr] done.
[INFO] validating manifest of git repo https://github.com/kdgonz7/newton on toolchain 1.83.0
[INFO] running `Command { std: CARGO_HOME="/workspace/cargo-home" RUSTUP_HOME="/workspace/rustup-home" "/workspace/cargo-home/bin/cargo" "+1.83.0" "metadata" "--manifest-path" "Cargo.toml" "--no-deps", kill_on_drop: false }`
[INFO] started tweaking git repo https://github.com/kdgonz7/newton
[INFO] finished tweaking git repo https://github.com/kdgonz7/newton
[INFO] tweaked toml for git repo https://github.com/kdgonz7/newton written to /workspace/builds/worker-0-tc1/source/Cargo.toml
[INFO] crate git repo https://github.com/kdgonz7/newton already has a lockfile, it will not be regenerated
[INFO] running `Command { std: CARGO_HOME="/workspace/cargo-home" RUSTUP_HOME="/workspace/rustup-home" "/workspace/cargo-home/bin/cargo" "+1.83.0" "fetch" "--manifest-path" "Cargo.toml", kill_on_drop: false }`
[INFO] running `Command { std: "docker" "create" "-v" "/var/lib/crater-agent-workspace/builds/worker-0-tc1/target:/opt/rustwide/target:rw,Z" "-v" "/var/lib/crater-agent-workspace/builds/worker-0-tc1/source:/opt/rustwide/workdir:ro,Z" "-v" "/var/lib/crater-agent-workspace/cargo-home:/opt/rustwide/cargo-home:ro,Z" "-v" "/var/lib/crater-agent-workspace/rustup-home:/opt/rustwide/rustup-home:ro,Z" "-e" "SOURCE_DIR=/opt/rustwide/workdir" "-e" "CARGO_TARGET_DIR=/opt/rustwide/target" "-e" "CARGO_HOME=/opt/rustwide/cargo-home" "-e" "RUSTUP_HOME=/opt/rustwide/rustup-home" "-w" "/opt/rustwide/workdir" "-m" "1610612736" "--user" "0:0" "--network" "none" "ghcr.io/rust-lang/crates-build-env/linux@sha256:f3a9d4ad9d972b27faf3965f35b62e55ba32bbce8f20bc8fe909558a86702fde" "/opt/rustwide/cargo-home/bin/cargo" "+1.83.0" "metadata" "--no-deps" "--format-version=1", kill_on_drop: false }`
[INFO] [stdout] af037ee2cc86cea44a70f4a6c7272012b277174d75418039a9dde862b296163c
[INFO] running `Command { std: "docker" "start" "-a" "af037ee2cc86cea44a70f4a6c7272012b277174d75418039a9dde862b296163c", kill_on_drop: false }`
[INFO] running `Command { std: "docker" "inspect" "af037ee2cc86cea44a70f4a6c7272012b277174d75418039a9dde862b296163c", kill_on_drop: false }`
[INFO] running `Command { std: "docker" "rm" "-f" "af037ee2cc86cea44a70f4a6c7272012b277174d75418039a9dde862b296163c", kill_on_drop: false }`
[INFO] [stdout] af037ee2cc86cea44a70f4a6c7272012b277174d75418039a9dde862b296163c
[INFO] running `Command { std: "docker" "create" "-v" "/var/lib/crater-agent-workspace/builds/worker-0-tc1/target:/opt/rustwide/target:rw,Z" "-v" "/var/lib/crater-agent-workspace/builds/worker-0-tc1/source:/opt/rustwide/workdir:ro,Z" "-v" "/var/lib/crater-agent-workspace/cargo-home:/opt/rustwide/cargo-home:ro,Z" "-v" "/var/lib/crater-agent-workspace/rustup-home:/opt/rustwide/rustup-home:ro,Z" "-e" "SOURCE_DIR=/opt/rustwide/workdir" "-e" "CARGO_TARGET_DIR=/opt/rustwide/target" "-e" "CARGO_INCREMENTAL=0" "-e" "RUST_BACKTRACE=full" "-e" "RUSTFLAGS=--cap-lints=warn" "-e" "RUSTDOCFLAGS=--cap-lints=warn" "-e" "CARGO_HOME=/opt/rustwide/cargo-home" "-e" "RUSTUP_HOME=/opt/rustwide/rustup-home" "-w" "/opt/rustwide/workdir" "-m" "1610612736" "--user" "0:0" "--network" "none" "ghcr.io/rust-lang/crates-build-env/linux@sha256:f3a9d4ad9d972b27faf3965f35b62e55ba32bbce8f20bc8fe909558a86702fde" "/opt/rustwide/cargo-home/bin/cargo" "+1.83.0" "build" "--frozen" "--message-format=json", kill_on_drop: false }`
[INFO] [stdout] 8e21ed6d09d78e0236919a6c054e0c0675a0a17f2fa222a85aa2713137389761
[INFO] running `Command { std: "docker" "start" "-a" "8e21ed6d09d78e0236919a6c054e0c0675a0a17f2fa222a85aa2713137389761", kill_on_drop: false }`
[INFO] [stderr]    Compiling newton v0.1.0 (/opt/rustwide/workdir)
[INFO] [stdout] warning: multiple associated items are never used
[INFO] [stdout]   --> src/newton_lex.rs:44:12
[INFO] [stdout]    |
[INFO] [stdout] 42 | impl Span {
[INFO] [stdout]    | --------- associated items in this implementation
[INFO] [stdout] 43 |     /// Create a new span
[INFO] [stdout] 44 |     pub fn new(start: usize, end: usize) -> Self {
[INFO] [stdout]    |            ^^^
[INFO] [stdout] ...
[INFO] [stdout] 49 |     pub fn len(&self) -> usize {
[INFO] [stdout]    |            ^^^
[INFO] [stdout] ...
[INFO] [stdout] 57 |     pub fn is_empty(&self) -> bool {
[INFO] [stdout]    |            ^^^^^^^^
[INFO] [stdout] ...
[INFO] [stdout] 71 |     pub fn slice_and_dice(&self, string: &String) -> String {
[INFO] [stdout]    |            ^^^^^^^^^^^^^^
[INFO] [stdout] ...
[INFO] [stdout] 87 |     pub fn perfect(&self) -> bool {
[INFO] [stdout]    |            ^^^^^^^
[INFO] [stdout] ...
[INFO] [stdout] 92 |     pub fn backward(&self) -> bool {
[INFO] [stdout]    |            ^^^^^^^^
[INFO] [stdout] ...
[INFO] [stdout] 99 |     pub fn forward(&self) -> bool {
[INFO] [stdout]    |            ^^^^^^^
[INFO] [stdout]    |
[INFO] [stdout]    = note: `#[warn(dead_code)]` on by default
[INFO] [stdout] 
[INFO] [stdout] 
[INFO] [stdout] warning: multiple variants are never constructed
[INFO] [stdout]    --> src/newton_lex.rs:112:5
[INFO] [stdout]     |
[INFO] [stdout] 111 | pub enum Type {
[INFO] [stdout]     |          ---- variants in this enum
[INFO] [stdout] 112 |     Ident,           // abc
[INFO] [stdout]     |     ^^^^^
[INFO] [stdout] 113 |     ReservedKeyword, // new, conditions, logic
[INFO] [stdout]     |     ^^^^^^^^^^^^^^^
[INFO] [stdout] 114 |     String,          // "abc"
[INFO] [stdout]     |     ^^^^^^
[INFO] [stdout] 115 |     Number,          // 123
[INFO] [stdout]     |     ^^^^^^
[INFO] [stdout] 116 |     OpenParen,       // '('
[INFO] [stdout]     |     ^^^^^^^^^
[INFO] [stdout] 117 |     CloseParen,      // ')'
[INFO] [stdout]     |     ^^^^^^^^^^
[INFO] [stdout] 118 |     OpenBrace,       // '{'
[INFO] [stdout]     |     ^^^^^^^^^
[INFO] [stdout] 119 |     CloseBrace,      // '}'
[INFO] [stdout]     |     ^^^^^^^^^^
[INFO] [stdout] 120 |     MemberAccess,    // '::'
[INFO] [stdout]     |     ^^^^^^^^^^^^
[INFO] [stdout] 121 |     Colon,           // ':'
[INFO] [stdout]     |     ^^^^^
[INFO] [stdout] 122 |     SemiColon,       // ';'
[INFO] [stdout]     |     ^^^^^^^^^
[INFO] [stdout] 123 |     Comma,           // ','
[INFO] [stdout]     |     ^^^^^
[INFO] [stdout] 124 |     Dot,             // '.'
[INFO] [stdout]     |     ^^^
[INFO] [stdout] 125 |     Equal,           // '='
[INFO] [stdout]     |     ^^^^^
[INFO] [stdout] 126 |     Greater,         // '>'
[INFO] [stdout]     |     ^^^^^^^
[INFO] [stdout] 127 |     Less,            // '<'
[INFO] [stdout]     |     ^^^^
[INFO] [stdout] 128 |     Plus,            // '+'
[INFO] [stdout]     |     ^^^^
[INFO] [stdout] 129 |     Minus,           // '-'
[INFO] [stdout]     |     ^^^^^
[INFO] [stdout] 130 |     Multiply,        // '*'
[INFO] [stdout]     |     ^^^^^^^^
[INFO] [stdout] 131 |     Divide,          // '/'
[INFO] [stdout]     |     ^^^^^^
[INFO] [stdout] 132 |     Modulo,          // '%'
[INFO] [stdout]     |     ^^^^^^
[INFO] [stdout]     |
[INFO] [stdout]     = note: `Type` has derived impls for the traits `Clone` and `Debug`, but these are intentionally ignored during dead code analysis
[INFO] [stdout] 
[INFO] [stdout] 
[INFO] [stdout] warning: multiple associated items are never used
[INFO] [stdout]    --> src/newton_lex.rs:214:12
[INFO] [stdout]     |
[INFO] [stdout] 213 | impl Lexer {
[INFO] [stdout]     | ---------- associated items in this implementation
[INFO] [stdout] 214 |     pub fn new(buffer: String) -> Self {
[INFO] [stdout]     |            ^^^
[INFO] [stdout] ...
[INFO] [stdout] 218 |     pub fn cur(&self) -> Option<char> {
[INFO] [stdout]     |            ^^^
[INFO] [stdout] ...
[INFO] [stdout] 222 |     pub fn next(&mut self) -> Option<char> {
[INFO] [stdout]     |            ^^^^
[INFO] [stdout] ...
[INFO] [stdout] 227 |     pub fn peek(&self) -> Option<char> {
[INFO] [stdout]     |            ^^^^
[INFO] [stdout] ...
[INFO] [stdout] 231 |     pub fn advance(&mut self) {
[INFO] [stdout]     |            ^^^^^^^
[INFO] [stdout] ...
[INFO] [stdout] 242 |     pub fn lexeme(&mut self) -> Vec<Option<Token>> {
[INFO] [stdout]     |            ^^^^^^
[INFO] [stdout] ...
[INFO] [stdout] 331 |     pub fn digest_comment(&mut self) {
[INFO] [stdout]     |            ^^^^^^^^^^^^^^
[INFO] [stdout] ...
[INFO] [stdout] 341 |     pub fn digest_ident(&mut self) -> Option<Token> {
[INFO] [stdout]     |            ^^^^^^^^^^^^
[INFO] [stdout] ...
[INFO] [stdout] 370 |     pub fn digest_literal(&mut self) -> Option<Token> {
[INFO] [stdout]     |            ^^^^^^^^^^^^^^
[INFO] [stdout] ...
[INFO] [stdout] 425 |     pub fn digest_number(&mut self) -> Option<Token> {
[INFO] [stdout]     |            ^^^^^^^^^^^^^
[INFO] [stdout] ...
[INFO] [stdout] 450 |     pub fn digest_access(&mut self) -> Option<Token> {
[INFO] [stdout]     |            ^^^^^^^^^^^^^
[INFO] [stdout] 
[INFO] [stdout] 
[INFO] [stderr]     Finished `dev` profile [unoptimized + debuginfo] target(s) in 0.56s
[INFO] running `Command { std: "docker" "inspect" "8e21ed6d09d78e0236919a6c054e0c0675a0a17f2fa222a85aa2713137389761", kill_on_drop: false }`
[INFO] running `Command { std: "docker" "rm" "-f" "8e21ed6d09d78e0236919a6c054e0c0675a0a17f2fa222a85aa2713137389761", kill_on_drop: false }`
[INFO] [stdout] 8e21ed6d09d78e0236919a6c054e0c0675a0a17f2fa222a85aa2713137389761
[INFO] running `Command { std: "docker" "create" "-v" "/var/lib/crater-agent-workspace/builds/worker-0-tc1/target:/opt/rustwide/target:rw,Z" "-v" "/var/lib/crater-agent-workspace/builds/worker-0-tc1/source:/opt/rustwide/workdir:ro,Z" "-v" "/var/lib/crater-agent-workspace/cargo-home:/opt/rustwide/cargo-home:ro,Z" "-v" "/var/lib/crater-agent-workspace/rustup-home:/opt/rustwide/rustup-home:ro,Z" "-e" "SOURCE_DIR=/opt/rustwide/workdir" "-e" "CARGO_TARGET_DIR=/opt/rustwide/target" "-e" "CARGO_INCREMENTAL=0" "-e" "RUST_BACKTRACE=full" "-e" "RUSTFLAGS=--cap-lints=warn" "-e" "RUSTDOCFLAGS=--cap-lints=warn" "-e" "CARGO_HOME=/opt/rustwide/cargo-home" "-e" "RUSTUP_HOME=/opt/rustwide/rustup-home" "-w" "/opt/rustwide/workdir" "-m" "1610612736" "--user" "0:0" "--network" "none" "ghcr.io/rust-lang/crates-build-env/linux@sha256:f3a9d4ad9d972b27faf3965f35b62e55ba32bbce8f20bc8fe909558a86702fde" "/opt/rustwide/cargo-home/bin/cargo" "+1.83.0" "test" "--frozen" "--no-run" "--message-format=json", kill_on_drop: false }`
[INFO] [stdout] cbaa03cac47a761b3938acb311d7801f0d7c601deef229c889cd63b234e8b7a3
[INFO] running `Command { std: "docker" "start" "-a" "cbaa03cac47a761b3938acb311d7801f0d7c601deef229c889cd63b234e8b7a3", kill_on_drop: false }`
[INFO] [stderr]    Compiling newton v0.1.0 (/opt/rustwide/workdir)
[INFO] [stdout] warning: methods `is_empty` and `perfect` are never used
[INFO] [stdout]   --> src/newton_lex.rs:57:12
[INFO] [stdout]    |
[INFO] [stdout] 42 | impl Span {
[INFO] [stdout]    | --------- methods in this implementation
[INFO] [stdout] ...
[INFO] [stdout] 57 |     pub fn is_empty(&self) -> bool {
[INFO] [stdout]    |            ^^^^^^^^
[INFO] [stdout] ...
[INFO] [stdout] 87 |     pub fn perfect(&self) -> bool {
[INFO] [stdout]    |            ^^^^^^^
[INFO] [stdout]    |
[INFO] [stdout]    = note: `#[warn(dead_code)]` on by default
[INFO] [stdout] 
[INFO] [stdout] 
[INFO] [stdout] warning: multiple variants are never constructed
[INFO] [stdout]    --> src/newton_lex.rs:121:5
[INFO] [stdout]     |
[INFO] [stdout] 111 | pub enum Type {
[INFO] [stdout]     |          ---- variants in this enum
[INFO] [stdout] ...
[INFO] [stdout] 121 |     Colon,           // ':'
[INFO] [stdout]     |     ^^^^^
[INFO] [stdout] 122 |     SemiColon,       // ';'
[INFO] [stdout]     |     ^^^^^^^^^
[INFO] [stdout] 123 |     Comma,           // ','
[INFO] [stdout]     |     ^^^^^
[INFO] [stdout] 124 |     Dot,             // '.'
[INFO] [stdout]     |     ^^^
[INFO] [stdout] 125 |     Equal,           // '='
[INFO] [stdout]     |     ^^^^^
[INFO] [stdout] 126 |     Greater,         // '>'
[INFO] [stdout]     |     ^^^^^^^
[INFO] [stdout] 127 |     Less,            // '<'
[INFO] [stdout]     |     ^^^^
[INFO] [stdout] 128 |     Plus,            // '+'
[INFO] [stdout]     |     ^^^^
[INFO] [stdout] 129 |     Minus,           // '-'
[INFO] [stdout]     |     ^^^^^
[INFO] [stdout] 130 |     Multiply,        // '*'
[INFO] [stdout]     |     ^^^^^^^^
[INFO] [stdout] 131 |     Divide,          // '/'
[INFO] [stdout]     |     ^^^^^^
[INFO] [stdout] 132 |     Modulo,          // '%'
[INFO] [stdout]     |     ^^^^^^
[INFO] [stdout]     |
[INFO] [stdout]     = note: `Type` has derived impls for the traits `Clone` and `Debug`, but these are intentionally ignored during dead code analysis
[INFO] [stdout] 
[INFO] [stdout] 
[INFO] [stderr]     Finished `test` profile [unoptimized + debuginfo] target(s) in 0.71s
[INFO] running `Command { std: "docker" "inspect" "cbaa03cac47a761b3938acb311d7801f0d7c601deef229c889cd63b234e8b7a3", kill_on_drop: false }`
[INFO] running `Command { std: "docker" "rm" "-f" "cbaa03cac47a761b3938acb311d7801f0d7c601deef229c889cd63b234e8b7a3", kill_on_drop: false }`
[INFO] [stdout] cbaa03cac47a761b3938acb311d7801f0d7c601deef229c889cd63b234e8b7a3
[INFO] running `Command { std: "docker" "create" "-v" "/var/lib/crater-agent-workspace/builds/worker-0-tc1/target:/opt/rustwide/target:rw,Z" "-v" "/var/lib/crater-agent-workspace/builds/worker-0-tc1/source:/opt/rustwide/workdir:ro,Z" "-v" "/var/lib/crater-agent-workspace/cargo-home:/opt/rustwide/cargo-home:ro,Z" "-v" "/var/lib/crater-agent-workspace/rustup-home:/opt/rustwide/rustup-home:ro,Z" "-e" "SOURCE_DIR=/opt/rustwide/workdir" "-e" "CARGO_TARGET_DIR=/opt/rustwide/target" "-e" "CARGO_INCREMENTAL=0" "-e" "RUST_BACKTRACE=full" "-e" "RUSTFLAGS=--cap-lints=warn" "-e" "RUSTDOCFLAGS=--cap-lints=warn" "-e" "CARGO_HOME=/opt/rustwide/cargo-home" "-e" "RUSTUP_HOME=/opt/rustwide/rustup-home" "-w" "/opt/rustwide/workdir" "-m" "1610612736" "--user" "0:0" "--network" "none" "ghcr.io/rust-lang/crates-build-env/linux@sha256:f3a9d4ad9d972b27faf3965f35b62e55ba32bbce8f20bc8fe909558a86702fde" "/opt/rustwide/cargo-home/bin/cargo" "+1.83.0" "test" "--frozen", kill_on_drop: false }`
[INFO] [stdout] 509880115c9207fbe68baf651ebfbba66f10272d5f4fd6480f0a44f6f82ea38c
[INFO] running `Command { std: "docker" "start" "-a" "509880115c9207fbe68baf651ebfbba66f10272d5f4fd6480f0a44f6f82ea38c", kill_on_drop: false }`
[INFO] [stderr] warning: methods `is_empty` and `perfect` are never used
[INFO] [stderr]   --> src/newton_lex.rs:57:12
[INFO] [stderr]    |
[INFO] [stderr] 42 | impl Span {
[INFO] [stderr]    | --------- methods in this implementation
[INFO] [stderr] ...
[INFO] [stderr] 57 |     pub fn is_empty(&self) -> bool {
[INFO] [stderr]    |            ^^^^^^^^
[INFO] [stderr] ...
[INFO] [stderr] 87 |     pub fn perfect(&self) -> bool {
[INFO] [stderr]    |            ^^^^^^^
[INFO] [stderr]    |
[INFO] [stderr]    = note: `#[warn(dead_code)]` on by default
[INFO] [stderr] 
[INFO] [stderr] warning: multiple variants are never constructed
[INFO] [stderr]    --> src/newton_lex.rs:121:5
[INFO] [stderr]     |
[INFO] [stderr] 111 | pub enum Type {
[INFO] [stderr]     |          ---- variants in this enum
[INFO] [stderr] ...
[INFO] [stderr] 121 |     Colon,           // ':'
[INFO] [stderr]     |     ^^^^^
[INFO] [stderr] 122 |     SemiColon,       // ';'
[INFO] [stderr]     |     ^^^^^^^^^
[INFO] [stderr] 123 |     Comma,           // ','
[INFO] [stderr]     |     ^^^^^
[INFO] [stderr] 124 |     Dot,             // '.'
[INFO] [stderr]     |     ^^^
[INFO] [stderr] 125 |     Equal,           // '='
[INFO] [stderr]     |     ^^^^^
[INFO] [stderr] 126 |     Greater,         // '>'
[INFO] [stderr]     |     ^^^^^^^
[INFO] [stderr] 127 |     Less,            // '<'
[INFO] [stderr]     |     ^^^^
[INFO] [stderr] 128 |     Plus,            // '+'
[INFO] [stderr]     |     ^^^^
[INFO] [stderr] 129 |     Minus,           // '-'
[INFO] [stderr]     |     ^^^^^
[INFO] [stderr] 130 |     Multiply,        // '*'
[INFO] [stderr]     |     ^^^^^^^^
[INFO] [stderr] 131 |     Divide,          // '/'
[INFO] [stderr]     |     ^^^^^^
[INFO] [stderr] 132 |     Modulo,          // '%'
[INFO] [stderr]     |     ^^^^^^
[INFO] [stderr]     |
[INFO] [stderr]     = note: `Type` has derived impls for the traits `Clone` and `Debug`, but these are intentionally ignored during dead code analysis
[INFO] [stderr] 
[INFO] [stderr] warning: `newton` (bin "newton" test) generated 2 warnings
[INFO] [stderr]     Finished `test` profile [unoptimized + debuginfo] target(s) in 0.01s
[INFO] [stderr]      Running unittests src/main.rs (/opt/rustwide/target/debug/deps/newton-b84f8c7a1032045f)
[INFO] [stdout] 
[INFO] [stdout] running 5 tests
[INFO] [stdout] test newton_lex::tests::test_simple_span ... ok
[INFO] [stdout] test newton_lex::tests::test_span_peek ... ok
[INFO] [stdout] test newton_lex::tests::test_span_backward ... ok
[INFO] [stdout] test newton_lex::tests::test_span_perfect ... ok
[INFO] [stdout] test newton_lex::tests::test_lex ... FAILED
[INFO] [stdout] 
[INFO] [stdout] failures:
[INFO] [stdout] 
[INFO] [stdout] ---- newton_lex::tests::test_lex stdout ----
[INFO] [stdout] [src/newton_lex.rs:522:9] &lexer = Lexer {
[INFO] [stdout]     buffer: "; writes\n; basically that's what it does\n\t; so ya\n::write\nnew struct { }",
[INFO] [stdout]     pos: -1,
[INFO] [stdout] }
[INFO] [stdout] [src/newton_lex.rs:525:9] &binding = [
[INFO] [stdout]     Some(
[INFO] [stdout]         Token {
[INFO] [stdout]             ty: MemberAccess,
[INFO] [stdout]             body: "::",
[INFO] [stdout]             span: Span {
[INFO] [stdout]                 start: 50,
[INFO] [stdout]                 end: 52,
[INFO] [stdout]             },
[INFO] [stdout]         },
[INFO] [stdout]     ),
[INFO] [stdout]     Some(
[INFO] [stdout]         Token {
[INFO] [stdout]             ty: Ident,
[INFO] [stdout]             body: "write",
[INFO] [stdout]             span: Span {
[INFO] [stdout]                 start: 52,
[INFO] [stdout]                 end: 57,
[INFO] [stdout]             },
[INFO] [stdout]         },
[INFO] [stdout]     ),
[INFO] [stdout]     Some(
[INFO] [stdout]         Token {
[INFO] [stdout]             ty: ReservedKeyword,
[INFO] [stdout]             body: "new",
[INFO] [stdout]             span: Span {
[INFO] [stdout]                 start: 58,
[INFO] [stdout]                 end: 61,
[INFO] [stdout]             },
[INFO] [stdout]         },
[INFO] [stdout]     ),
[INFO] [stdout]     Some(
[INFO] [stdout]         Token {
[INFO] [stdout]             ty: Ident,
[INFO] [stdout]             body: "struct",
[INFO] [stdout]             span: Span {
[INFO] [stdout]                 start: 62,
[INFO] [stdout]                 end: 68,
[INFO] [stdout]             },
[INFO] [stdout]         },
[INFO] [stdout]     ),
[INFO] [stdout]     Some(
[INFO] [stdout]         Token {
[INFO] [stdout]             ty: OpenBrace,
[INFO] [stdout]             body: "{",
[INFO] [stdout]             span: Span {
[INFO] [stdout]                 start: 69,
[INFO] [stdout]                 end: 69,
[INFO] [stdout]             },
[INFO] [stdout]         },
[INFO] [stdout]     ),
[INFO] [stdout]     Some(
[INFO] [stdout]         Token {
[INFO] [stdout]             ty: CloseBrace,
[INFO] [stdout]             body: "}",
[INFO] [stdout]             span: Span {
[INFO] [stdout]                 start: 71,
[INFO] [stdout]                 end: 71,
[INFO] [stdout]             },
[INFO] [stdout]         },
[INFO] [stdout]     ),
[INFO] [stdout] ]
[INFO] [stdout] thread 'newton_lex::tests::test_lex' panicked at src/newton_lex.rs:527:9:
[INFO] [stdout] assertion `left == right` failed
[INFO] [stdout]   left: 6
[INFO] [stdout]  right: 5
[INFO] [stdout] stack backtrace:
[INFO] [stdout]    0:     0x653cdb670cca - std::backtrace_rs::backtrace::libunwind::trace::h5a5b8284f2d0c266
[INFO] [stdout]                                at /rustc/90b35a6239c3d8bdabc530a6a0816f7ff89a0aaf/library/std/src/../../backtrace/src/backtrace/libunwind.rs:116:5
[INFO] [stdout]    1:     0x653cdb670cca - std::backtrace_rs::backtrace::trace_unsynchronized::h76d4f1c9b0b875e3
[INFO] [stdout]                                at /rustc/90b35a6239c3d8bdabc530a6a0816f7ff89a0aaf/library/std/src/../../backtrace/src/backtrace/mod.rs:66:5
[INFO] [stdout]    2:     0x653cdb670cca - std::sys::backtrace::_print_fmt::hc4546b8364a537c6
[INFO] [stdout]                                at /rustc/90b35a6239c3d8bdabc530a6a0816f7ff89a0aaf/library/std/src/sys/backtrace.rs:66:9
[INFO] [stdout]    3:     0x653cdb670cca - <std::sys::backtrace::BacktraceLock::print::DisplayBacktrace as core::fmt::Display>::fmt::h5b6bd5631a6d1f6b
[INFO] [stdout]                                at /rustc/90b35a6239c3d8bdabc530a6a0816f7ff89a0aaf/library/std/src/sys/backtrace.rs:39:26
[INFO] [stdout]    4:     0x653cdb6960e3 - core::fmt::rt::Argument::fmt::h270f6602a2b96f62
[INFO] [stdout]                                at /rustc/90b35a6239c3d8bdabc530a6a0816f7ff89a0aaf/library/core/src/fmt/rt.rs:177:76
[INFO] [stdout]    5:     0x653cdb6960e3 - core::fmt::write::h7550c97b06c86515
[INFO] [stdout]                                at /rustc/90b35a6239c3d8bdabc530a6a0816f7ff89a0aaf/library/core/src/fmt/mod.rs:1186:21
[INFO] [stdout]    6:     0x653cdb66de93 - std::io::Write::write_fmt::h509ff860e5956e5e
[INFO] [stdout]                                at /rustc/90b35a6239c3d8bdabc530a6a0816f7ff89a0aaf/library/std/src/io/mod.rs:1839:15
[INFO] [stdout]    7:     0x653cdb670b12 - std::sys::backtrace::BacktraceLock::print::h2395ccd2c84ba3aa
[INFO] [stdout]                                at /rustc/90b35a6239c3d8bdabc530a6a0816f7ff89a0aaf/library/std/src/sys/backtrace.rs:42:9
[INFO] [stdout]    8:     0x653cdb67212a - std::panicking::default_hook::{{closure}}::he19d4c7230e07961
[INFO] [stdout]                                at /rustc/90b35a6239c3d8bdabc530a6a0816f7ff89a0aaf/library/std/src/panicking.rs:268:22
[INFO] [stdout]    9:     0x653cdb671f34 - std::panicking::default_hook::hf614597d3c67bbdb
[INFO] [stdout]                                at /rustc/90b35a6239c3d8bdabc530a6a0816f7ff89a0aaf/library/std/src/panicking.rs:292:9
[INFO] [stdout]   10:     0x653cdb63d819 - <alloc::boxed::Box<F,A> as core::ops::function::Fn<Args>>::call::h39b51ce4599c23d1
[INFO] [stdout]                                at /rustc/90b35a6239c3d8bdabc530a6a0816f7ff89a0aaf/library/alloc/src/boxed.rs:2468:9
[INFO] [stdout]   11:     0x653cdb63d819 - test::test_main::{{closure}}::he977ae839a582784
[INFO] [stdout]                                at /rustc/90b35a6239c3d8bdabc530a6a0816f7ff89a0aaf/library/test/src/lib.rs:133:21
[INFO] [stdout]   12:     0x653cdb6727c8 - <alloc::boxed::Box<F,A> as core::ops::function::Fn<Args>>::call::h9455091b6b06f9fb
[INFO] [stdout]                                at /rustc/90b35a6239c3d8bdabc530a6a0816f7ff89a0aaf/library/alloc/src/boxed.rs:2468:9
[INFO] [stdout]   13:     0x653cdb6727c8 - std::panicking::rust_panic_with_hook::h8942133a8b252070
[INFO] [stdout]                                at /rustc/90b35a6239c3d8bdabc530a6a0816f7ff89a0aaf/library/std/src/panicking.rs:809:13
[INFO] [stdout]   14:     0x653cdb67258a - std::panicking::begin_panic_handler::{{closure}}::hb5f5963570096b29
[INFO] [stdout]                                at /rustc/90b35a6239c3d8bdabc530a6a0816f7ff89a0aaf/library/std/src/panicking.rs:674:13
[INFO] [stdout]   15:     0x653cdb6711a9 - std::sys::backtrace::__rust_end_short_backtrace::h6208cedc1922feda
[INFO] [stdout]                                at /rustc/90b35a6239c3d8bdabc530a6a0816f7ff89a0aaf/library/std/src/sys/backtrace.rs:170:18
[INFO] [stdout]   16:     0x653cdb67221c - rust_begin_unwind
[INFO] [stdout]                                at /rustc/90b35a6239c3d8bdabc530a6a0816f7ff89a0aaf/library/std/src/panicking.rs:665:5
[INFO] [stdout]   17:     0x653cdb5fda60 - core::panicking::panic_fmt::h0c3082644d1bf418
[INFO] [stdout]                                at /rustc/90b35a6239c3d8bdabc530a6a0816f7ff89a0aaf/library/core/src/panicking.rs:74:14
[INFO] [stdout]   18:     0x653cdb5fdd8b - core::panicking::assert_failed_inner::h2ddf1fcc067fa858
[INFO] [stdout]   19:     0x653cdb600ceb - core::panicking::assert_failed::hc073f1308cf51026
[INFO] [stdout]                                at /rustc/90b35a6239c3d8bdabc530a6a0816f7ff89a0aaf/library/core/src/panicking.rs:367:5
[INFO] [stdout]   20:     0x653cdb60521a - newton::newton_lex::tests::test_lex::hd0f7abbbbc632fa2
[INFO] [stdout]                                at /opt/rustwide/workdir/src/newton_lex.rs:527:9
[INFO] [stdout]   21:     0x653cdb604ce7 - newton::newton_lex::tests::test_lex::{{closure}}::hf4056292b6fff25d
[INFO] [stdout]                                at /opt/rustwide/workdir/src/newton_lex.rs:518:22
[INFO] [stdout]   22:     0x653cdb5ff0c6 - core::ops::function::FnOnce::call_once::hb3c4728838c65217
[INFO] [stdout]                                at /rustc/90b35a6239c3d8bdabc530a6a0816f7ff89a0aaf/library/core/src/ops/function.rs:250:5
[INFO] [stdout]   23:     0x653cdb6421db - core::ops::function::FnOnce::call_once::h109cf8051a59b34e
[INFO] [stdout]                                at /rustc/90b35a6239c3d8bdabc530a6a0816f7ff89a0aaf/library/core/src/ops/function.rs:250:5
[INFO] [stdout]   24:     0x653cdb6421db - test::__rust_begin_short_backtrace::hf4fff89d377446ba
[INFO] [stdout]                                at /rustc/90b35a6239c3d8bdabc530a6a0816f7ff89a0aaf/library/test/src/lib.rs:621:18
[INFO] [stdout]   25:     0x653cdb641a17 - test::run_test_in_process::{{closure}}::h0e39181dd7ee5a43
[INFO] [stdout]                                at /rustc/90b35a6239c3d8bdabc530a6a0816f7ff89a0aaf/library/test/src/lib.rs:644:60
[INFO] [stdout]   26:     0x653cdb641a17 - <core::panic::unwind_safe::AssertUnwindSafe<F> as core::ops::function::FnOnce<()>>::call_once::hc5a66a30f0bdfd1f
[INFO] [stdout]                                at /rustc/90b35a6239c3d8bdabc530a6a0816f7ff89a0aaf/library/core/src/panic/unwind_safe.rs:272:9
[INFO] [stdout]   27:     0x653cdb641a17 - std::panicking::try::do_call::h873b7cf639554a5e
[INFO] [stdout]                                at /rustc/90b35a6239c3d8bdabc530a6a0816f7ff89a0aaf/library/std/src/panicking.rs:557:40
[INFO] [stdout]   28:     0x653cdb641a17 - std::panicking::try::hdb19862fad9c8bd1
[INFO] [stdout]                                at /rustc/90b35a6239c3d8bdabc530a6a0816f7ff89a0aaf/library/std/src/panicking.rs:520:19
[INFO] [stdout]   29:     0x653cdb641a17 - std::panic::catch_unwind::h281fe732d236d260
[INFO] [stdout]                                at /rustc/90b35a6239c3d8bdabc530a6a0816f7ff89a0aaf/library/std/src/panic.rs:358:14
[INFO] [stdout]   30:     0x653cdb641a17 - test::run_test_in_process::h949b6df8457ed338
[INFO] [stdout]                                at /rustc/90b35a6239c3d8bdabc530a6a0816f7ff89a0aaf/library/test/src/lib.rs:644:27
[INFO] [stdout]   31:     0x653cdb641a17 - test::run_test::{{closure}}::h52c556a6d4740e10
[INFO] [stdout]                                at /rustc/90b35a6239c3d8bdabc530a6a0816f7ff89a0aaf/library/test/src/lib.rs:565:43
[INFO] [stdout]   32:     0x653cdb606cf4 - test::run_test::{{closure}}::h4237f6381c45ccb9
[INFO] [stdout]                                at /rustc/90b35a6239c3d8bdabc530a6a0816f7ff89a0aaf/library/test/src/lib.rs:595:41
[INFO] [stdout]   33:     0x653cdb606cf4 - std::sys::backtrace::__rust_begin_short_backtrace::h505c97a579eca628
[INFO] [stdout]                                at /rustc/90b35a6239c3d8bdabc530a6a0816f7ff89a0aaf/library/std/src/sys/backtrace.rs:154:18
[INFO] [stdout]   34:     0x653cdb60a3be - std::thread::Builder::spawn_unchecked_::{{closure}}::{{closure}}::h9e86b2e2bc107ea3
[INFO] [stdout]                                at /rustc/90b35a6239c3d8bdabc530a6a0816f7ff89a0aaf/library/std/src/thread/mod.rs:538:17
[INFO] [stdout]   35:     0x653cdb60a3be - <core::panic::unwind_safe::AssertUnwindSafe<F> as core::ops::function::FnOnce<()>>::call_once::h8b06ddb275ff4a25
[INFO] [stdout]                                at /rustc/90b35a6239c3d8bdabc530a6a0816f7ff89a0aaf/library/core/src/panic/unwind_safe.rs:272:9
[INFO] [stdout]   36:     0x653cdb60a3be - std::panicking::try::do_call::hb26ecd7cd9a9355d
[INFO] [stdout]                                at /rustc/90b35a6239c3d8bdabc530a6a0816f7ff89a0aaf/library/std/src/panicking.rs:557:40
[INFO] [stdout]   37:     0x653cdb60a3be - std::panicking::try::h8ddeca9d705f9069
[INFO] [stdout]                                at /rustc/90b35a6239c3d8bdabc530a6a0816f7ff89a0aaf/library/std/src/panicking.rs:520:19
[INFO] [stdout]   38:     0x653cdb60a3be - std::panic::catch_unwind::h49e1c33078844c46
[INFO] [stdout]                                at /rustc/90b35a6239c3d8bdabc530a6a0816f7ff89a0aaf/library/std/src/panic.rs:358:14
[INFO] [stdout]   39:     0x653cdb60a3be - std::thread::Builder::spawn_unchecked_::{{closure}}::h6073db6ff56ad35d
[INFO] [stdout]                                at /rustc/90b35a6239c3d8bdabc530a6a0816f7ff89a0aaf/library/std/src/thread/mod.rs:537:30
[INFO] [stdout]   40:     0x653cdb60a3be - core::ops::function::FnOnce::call_once{{vtable.shim}}::h2c5a5f3779c774f1
[INFO] [stdout]                                at /rustc/90b35a6239c3d8bdabc530a6a0816f7ff89a0aaf/library/core/src/ops/function.rs:250:5
[INFO] [stdout]   41:     0x653cdb67651b - <alloc::boxed::Box<F,A> as core::ops::function::FnOnce<Args>>::call_once::hf75717d9f28faebf
[INFO] [stdout]                                at /rustc/90b35a6239c3d8bdabc530a6a0816f7ff89a0aaf/library/alloc/src/boxed.rs:2454:9
[INFO] [stdout]   42:     0x653cdb67651b - <alloc::boxed::Box<F,A> as core::ops::function::FnOnce<Args>>::call_once::h7bd883a5f3c5f3c1
[INFO] [stdout]                                at /rustc/90b35a6239c3d8bdabc530a6a0816f7ff89a0aaf/library/alloc/src/boxed.rs:2454:9
[INFO] [stdout]   43:     0x653cdb67651b - std::sys::pal::unix::thread::Thread::new::thread_start::hcc78f3943333fa94
[INFO] [stdout]                                at /rustc/90b35a6239c3d8bdabc530a6a0816f7ff89a0aaf/library/std/src/sys/pal/unix/thread.rs:105:17
[INFO] [stdout]   44:     0x7bc029d6dac3 - <unknown>
[INFO] [stdout]   45:     0x7bc029dfea04 - clone
[INFO] [stdout]   46:                0x0 - <unknown>
[INFO] [stdout] 
[INFO] [stdout] 
[INFO] [stdout] failures:
[INFO] [stdout]     newton_lex::tests::test_lex
[INFO] [stdout] 
[INFO] [stdout] test result: FAILED. 4 passed; 1 failed; 0 ignored; 0 measured; 0 filtered out; finished in 0.02s
[INFO] [stdout] 
[INFO] [stderr] error: test failed, to rerun pass `--bin newton`
[INFO] running `Command { std: "docker" "inspect" "509880115c9207fbe68baf651ebfbba66f10272d5f4fd6480f0a44f6f82ea38c", kill_on_drop: false }`
[INFO] running `Command { std: "docker" "rm" "-f" "509880115c9207fbe68baf651ebfbba66f10272d5f4fd6480f0a44f6f82ea38c", kill_on_drop: false }`
[INFO] [stdout] 509880115c9207fbe68baf651ebfbba66f10272d5f4fd6480f0a44f6f82ea38c
