[INFO] cloning repository https://github.com/kawaki-san/mirro-rs
[INFO] running `Command { std: "git" "-c" "credential.helper=" "-c" "credential.helper=/workspace/cargo-home/bin/git-credential-null" "clone" "--bare" "https://github.com/kawaki-san/mirro-rs" "/workspace/cache/git-repos/https%3A%2F%2Fgithub.com%2Fkawaki-san%2Fmirro-rs", kill_on_drop: false }`
[INFO] [stderr] Cloning into bare repository '/workspace/cache/git-repos/https%3A%2F%2Fgithub.com%2Fkawaki-san%2Fmirro-rs'...
[INFO] running `Command { std: "git" "rev-parse" "HEAD", kill_on_drop: false }`
[INFO] [stdout] 3fa5ed0dd2f5aeb9b28e0e631b5d4c51e0a97f0f
[INFO] testing kawaki-san/mirro-rs against 1.83.0 for beta-1.84.0-4-retry
[INFO] running `Command { std: "git" "clone" "/workspace/cache/git-repos/https%3A%2F%2Fgithub.com%2Fkawaki-san%2Fmirro-rs" "/workspace/builds/worker-1-tc1/source", kill_on_drop: false }`
[INFO] [stderr] Cloning into '/workspace/builds/worker-1-tc1/source'...
[INFO] [stderr] done.
[INFO] validating manifest of git repo https://github.com/kawaki-san/mirro-rs on toolchain 1.83.0
[INFO] running `Command { std: CARGO_HOME="/workspace/cargo-home" RUSTUP_HOME="/workspace/rustup-home" "/workspace/cargo-home/bin/cargo" "+1.83.0" "metadata" "--manifest-path" "Cargo.toml" "--no-deps", kill_on_drop: false }`
[INFO] started tweaking git repo https://github.com/kawaki-san/mirro-rs
[INFO] finished tweaking git repo https://github.com/kawaki-san/mirro-rs
[INFO] tweaked toml for git repo https://github.com/kawaki-san/mirro-rs written to /workspace/builds/worker-1-tc1/source/Cargo.toml
[INFO] crate git repo https://github.com/kawaki-san/mirro-rs already has a lockfile, it will not be regenerated
[INFO] running `Command { std: CARGO_HOME="/workspace/cargo-home" RUSTUP_HOME="/workspace/rustup-home" "/workspace/cargo-home/bin/cargo" "+1.83.0" "fetch" "--manifest-path" "Cargo.toml", kill_on_drop: false }`
[INFO] [stderr]     Updating crates.io index
[INFO] [stderr]  Downloading crates ...
[INFO] [stderr]   Downloaded roff v0.2.1
[INFO] [stderr]   Downloaded tracing-journald v0.3.1
[INFO] [stderr]   Downloaded unicode-truncate v1.0.0
[INFO] [stderr]   Downloaded notify-types v1.0.0
[INFO] [stderr]   Downloaded rustls-pemfile v2.1.1
[INFO] [stderr]   Downloaded notify v7.0.0
[INFO] [stderr]   Downloaded tui-logger v0.13.1
[INFO] running `Command { std: "docker" "create" "-v" "/var/lib/crater-agent-workspace/builds/worker-1-tc1/target:/opt/rustwide/target:rw,Z" "-v" "/var/lib/crater-agent-workspace/builds/worker-1-tc1/source:/opt/rustwide/workdir:ro,Z" "-v" "/var/lib/crater-agent-workspace/cargo-home:/opt/rustwide/cargo-home:ro,Z" "-v" "/var/lib/crater-agent-workspace/rustup-home:/opt/rustwide/rustup-home:ro,Z" "-e" "SOURCE_DIR=/opt/rustwide/workdir" "-e" "CARGO_TARGET_DIR=/opt/rustwide/target" "-e" "CARGO_HOME=/opt/rustwide/cargo-home" "-e" "RUSTUP_HOME=/opt/rustwide/rustup-home" "-w" "/opt/rustwide/workdir" "-m" "1610612736" "--user" "0:0" "--network" "none" "ghcr.io/rust-lang/crates-build-env/linux@sha256:f3a9d4ad9d972b27faf3965f35b62e55ba32bbce8f20bc8fe909558a86702fde" "/opt/rustwide/cargo-home/bin/cargo" "+1.83.0" "metadata" "--no-deps" "--format-version=1", kill_on_drop: false }`
[INFO] [stdout] 552bd228919338836e4ee5f52c2013b1e84b848b1860592589cb60262a187730
[INFO] running `Command { std: "docker" "start" "-a" "552bd228919338836e4ee5f52c2013b1e84b848b1860592589cb60262a187730", kill_on_drop: false }`
[INFO] running `Command { std: "docker" "inspect" "552bd228919338836e4ee5f52c2013b1e84b848b1860592589cb60262a187730", kill_on_drop: false }`
[INFO] running `Command { std: "docker" "rm" "-f" "552bd228919338836e4ee5f52c2013b1e84b848b1860592589cb60262a187730", kill_on_drop: false }`
[INFO] [stdout] 552bd228919338836e4ee5f52c2013b1e84b848b1860592589cb60262a187730
[INFO] running `Command { std: "docker" "create" "-v" "/var/lib/crater-agent-workspace/builds/worker-1-tc1/target:/opt/rustwide/target:rw,Z" "-v" "/var/lib/crater-agent-workspace/builds/worker-1-tc1/source:/opt/rustwide/workdir:ro,Z" "-v" "/var/lib/crater-agent-workspace/cargo-home:/opt/rustwide/cargo-home:ro,Z" "-v" "/var/lib/crater-agent-workspace/rustup-home:/opt/rustwide/rustup-home:ro,Z" "-e" "SOURCE_DIR=/opt/rustwide/workdir" "-e" "CARGO_TARGET_DIR=/opt/rustwide/target" "-e" "CARGO_INCREMENTAL=0" "-e" "RUST_BACKTRACE=full" "-e" "RUSTFLAGS=--cap-lints=warn" "-e" "RUSTDOCFLAGS=--cap-lints=warn" "-e" "CARGO_HOME=/opt/rustwide/cargo-home" "-e" "RUSTUP_HOME=/opt/rustwide/rustup-home" "-w" "/opt/rustwide/workdir" "-m" "1610612736" "--user" "0:0" "--network" "none" "ghcr.io/rust-lang/crates-build-env/linux@sha256:f3a9d4ad9d972b27faf3965f35b62e55ba32bbce8f20bc8fe909558a86702fde" "/opt/rustwide/cargo-home/bin/cargo" "+1.83.0" "build" "--frozen" "--message-format=json", kill_on_drop: false }`
[INFO] [stdout] 27f87dd988f11280c72109ab286de3ea4824d423dfd498fe732faddfe4943c32
[INFO] running `Command { std: "docker" "start" "-a" "27f87dd988f11280c72109ab286de3ea4824d423dfd498fe732faddfe4943c32", kill_on_drop: false }`
[INFO] [stderr]    Compiling proc-macro2 v1.0.86
[INFO] [stderr]    Compiling unicode-ident v1.0.12
[INFO] [stderr]    Compiling libc v0.2.158
[INFO] [stderr]    Compiling autocfg v1.1.0
[INFO] [stderr]    Compiling cfg-if v1.0.0
[INFO] [stderr]    Compiling once_cell v1.19.0
[INFO] [stderr]    Compiling log v0.4.22
[INFO] [stderr]    Compiling pin-project-lite v0.2.13
[INFO] [stderr]    Compiling itoa v1.0.9
[INFO] [stderr]    Compiling futures-core v0.3.31
[INFO] [stderr]    Compiling smallvec v1.13.2
[INFO] [stderr]    Compiling bytes v1.5.0
[INFO] [stderr]    Compiling heck v0.5.0
[INFO] [stderr]    Compiling utf8parse v0.2.1
[INFO] [stderr]    Compiling futures-sink v0.3.31
[INFO] [stderr]    Compiling memchr v2.6.4
[INFO] [stderr]    Compiling serde v1.0.215
[INFO] [stderr]    Compiling anstyle-parse v0.2.2
[INFO] [stderr]    Compiling futures-task v0.3.31
[INFO] [stderr]    Compiling futures-channel v0.3.31
[INFO] [stderr]    Compiling futures-io v0.3.31
[INFO] [stderr]    Compiling anstyle v1.0.8
[INFO] [stderr]    Compiling pin-utils v0.1.0
[INFO] [stderr]    Compiling colorchoice v1.0.0
[INFO] [stderr]    Compiling tracing-core v0.1.33
[INFO] [stderr]    Compiling anstyle-query v1.0.0
[INFO] [stderr]    Compiling rustls-pki-types v1.7.0
[INFO] [stderr]    Compiling strsim v0.11.0
[INFO] [stderr]    Compiling fnv v1.0.7
[INFO] [stderr]    Compiling anstream v0.6.7
[INFO] [stderr]    Compiling rustversion v1.0.14
[INFO] [stderr]    Compiling clap_lex v0.7.0
[INFO] [stderr]    Compiling slab v0.4.9
[INFO] [stderr]    Compiling http v1.1.0
[INFO] [stderr]    Compiling untrusted v0.9.0
[INFO] [stderr]    Compiling httparse v1.8.0
[INFO] [stderr]    Compiling ryu v1.0.15
[INFO] [stderr]    Compiling version_check v0.9.4
[INFO] [stderr]    Compiling spin v0.9.8
[INFO] [stderr]    Compiling lock_api v0.4.11
[INFO] [stderr]    Compiling signal-hook v0.3.17
[INFO] [stderr]    Compiling try-lock v0.2.4
[INFO] [stderr]    Compiling tinyvec_macros v0.1.1
[INFO] [stderr]    Compiling rustls v0.23.10
[INFO] [stderr]    Compiling parking_lot_core v0.9.9
[INFO] [stderr]    Compiling either v1.9.0
[INFO] [stderr]    Compiling want v0.3.1
[INFO] [stderr]    Compiling tinyvec v1.6.0
[INFO] [stderr]    Compiling clap_builder v4.5.21
[INFO] [stderr]    Compiling num-traits v0.2.17
[INFO] [stderr]    Compiling rustix v0.38.35
[INFO] [stderr]    Compiling subtle v2.5.0
[INFO] [stderr]    Compiling percent-encoding v2.3.0
[INFO] [stderr]    Compiling tower-layer v0.3.2
[INFO] [stderr]    Compiling tower-service v0.3.2
[INFO] [stderr]    Compiling regex-syntax v0.6.29
[INFO] [stderr]    Compiling ahash v0.8.11
[INFO] [stderr]    Compiling regex-syntax v0.8.2
[INFO] [stderr]    Compiling quote v1.0.35
[INFO] [stderr]    Compiling getrandom v0.2.11
[INFO] [stderr]    Compiling mio v1.0.1
[INFO] [stderr]    Compiling socket2 v0.5.5
[INFO] [stderr]    Compiling signal-hook-registry v1.4.1
[INFO] [stderr]    Compiling scopeguard v1.2.0
[INFO] [stderr]    Compiling zeroize v1.7.0
[INFO] [stderr]    Compiling syn v2.0.87
[INFO] [stderr]    Compiling cc v1.0.83
[INFO] [stderr]    Compiling zerocopy v0.7.32
[INFO] [stderr]    Compiling form_urlencoded v1.2.0
[INFO] [stderr]    Compiling http-body v1.0.0
[INFO] [stderr]    Compiling unicode-normalization v0.1.22
[INFO] [stderr]    Compiling lazy_static v1.4.0
[INFO] [stderr]    Compiling serde_json v1.0.133
[INFO] [stderr]    Compiling bitflags v2.4.1
[INFO] [stderr]    Compiling allocator-api2 v0.2.16
[INFO] [stderr]    Compiling paste v1.0.14
[INFO] [stderr]    Compiling overload v0.1.1
[INFO] [stderr]    Compiling unicode-bidi v0.3.13
[INFO] [stderr]    Compiling linux-raw-sys v0.4.14
[INFO] [stderr]    Compiling hashbrown v0.14.2
[INFO] [stderr]    Compiling nu-ansi-term v0.46.0
[INFO] [stderr]    Compiling sharded-slab v0.1.7
[INFO] [stderr]    Compiling parking_lot v0.12.1
[INFO] [stderr]    Compiling signal-hook-mio v0.2.4
[INFO] [stderr]    Compiling castaway v0.2.3
[INFO] [stderr]    Compiling itertools v0.12.1
[INFO] [stderr]    Compiling itertools v0.13.0
[INFO] [stderr]    Compiling regex-automata v0.4.3
[INFO] [stderr]    Compiling tracing-log v0.2.0
[INFO] [stderr]    Compiling ring v0.17.5
[INFO] [stderr]    Compiling idna v0.4.0
[INFO] [stderr]    Compiling webpki-roots v0.26.1
[INFO] [stderr]    Compiling thread_local v1.1.7
[INFO] [stderr]    Compiling base64 v0.21.5
[INFO] [stderr]    Compiling regex-automata v0.1.10
[INFO] [stderr]    Compiling static_assertions v1.1.0
[INFO] [stderr]    Compiling unicode-width v0.1.13
[INFO] [stderr]    Compiling roff v0.2.1
[INFO] [stderr]    Compiling iana-time-zone v0.1.58
[INFO] [stderr]    Compiling thiserror v1.0.69
[INFO] [stderr]    Compiling unicode-truncate v1.0.0
[INFO] [stderr]    Compiling crossterm v0.28.1
[INFO] [stderr]    Compiling rustls-pemfile v2.1.1
[INFO] [stderr]    Compiling compact_str v0.8.0
[INFO] [stderr]    Compiling url v2.4.1
[INFO] [stderr]    Compiling lru v0.12.0
[INFO] [stderr]    Compiling http-body-util v0.1.1
[INFO] [stderr]    Compiling sync_wrapper v1.0.1
[INFO] [stderr]    Compiling anyhow v1.0.93
[INFO] [stderr]    Compiling byteorder v1.5.0
[INFO] [stderr]    Compiling matchers v0.1.0
[INFO] [stderr]    Compiling ipnet v2.9.0
[INFO] [stderr]    Compiling option-ext v0.2.0
[INFO] [stderr]    Compiling unicode-segmentation v1.10.1
[INFO] [stderr]    Compiling mime v0.3.17
[INFO] [stderr]    Compiling base64 v0.22.0
[INFO] [stderr]    Compiling regex v1.10.2
[INFO] [stderr]    Compiling cassowary v0.3.0
[INFO] [stderr]    Compiling fxhash v0.2.1
[INFO] [stderr]    Compiling dirs-sys v0.4.1
[INFO] [stderr]    Compiling dirs v5.0.1
[INFO] [stderr]    Compiling tracing-attributes v0.1.28
[INFO] [stderr]    Compiling futures-macro v0.3.31
[INFO] [stderr]    Compiling serde_derive v1.0.215
[INFO] [stderr]    Compiling tokio-macros v2.4.0
[INFO] [stderr]    Compiling clap_derive v4.5.18
[INFO] [stderr]    Compiling pin-project-internal v1.1.5
[INFO] [stderr]    Compiling strum_macros v0.26.4
[INFO] [stderr]    Compiling instability v0.3.2
[INFO] [stderr]    Compiling thiserror-impl v1.0.69
[INFO] [stderr]    Compiling pin-project v1.1.5
[INFO] [stderr]    Compiling tokio v1.41.1
[INFO] [stderr]    Compiling futures-util v0.3.31
[INFO] [stderr]    Compiling tracing v0.1.41
[INFO] [stderr]    Compiling tracing-subscriber v0.3.19
[INFO] [stderr]    Compiling strum v0.26.1
[INFO] [stderr]    Compiling ratatui v0.28.1
[INFO] [stderr]    Compiling rustls-webpki v0.102.4
[INFO] [stderr]    Compiling clap v4.5.21
[INFO] [stderr]    Compiling tracing-journald v0.3.1
[INFO] [stderr]    Compiling clap_complete v4.5.38
[INFO] [stderr]    Compiling clap_mangen v0.2.24
[INFO] [stderr]    Compiling futures-executor v0.3.31
[INFO] [stderr]    Compiling futures v0.3.31
[INFO] [stderr]    Compiling tower v0.4.13
[INFO] [stderr]    Compiling hyper v1.2.0
[INFO] [stderr]    Compiling tokio-rustls v0.26.0
[INFO] [stderr]    Compiling chrono v0.4.38
[INFO] [stderr]    Compiling serde_urlencoded v0.7.1
[INFO] [stderr]    Compiling hyper-util v0.1.3
[INFO] [stderr]    Compiling mirro-rs v0.2.3 (/opt/rustwide/workdir/crates/mirro-rs)
[INFO] [stderr]    Compiling hyper-rustls v0.27.2
[INFO] [stderr]    Compiling reqwest v0.12.9
[INFO] [stderr]    Compiling tui-logger v0.13.1
[INFO] [stderr]    Compiling mirrors-arch v0.1.3 (/opt/rustwide/workdir/crates/archlinux)
[INFO] [stdout] warning: use of deprecated method `ratatui::Frame::<'_>::size`: use .area() as it's the more correct name
[INFO] [stdout]   --> crates/mirro-rs/src/tui/ui.rs:38:18
[INFO] [stdout]    |
[INFO] [stdout] 38 |     let area = f.size();
[INFO] [stdout]    |                  ^^^^
[INFO] [stdout]    |
[INFO] [stdout]    = note: `#[warn(deprecated)]` on by default
[INFO] [stdout] 
[INFO] [stdout] 
[INFO] [stdout] warning: use of deprecated method `ratatui::Frame::<'_>::set_cursor`: the method set_cursor_position indicates more clearly what about the cursor to set
[INFO] [stdout]    --> crates/mirro-rs/src/tui/ui.rs:118:23
[INFO] [stdout]     |
[INFO] [stdout] 118 |                     f.set_cursor(
[INFO] [stdout]     |                       ^^^^^^^^^^
[INFO] [stdout] 
[INFO] [stdout] 
[INFO] [stdout] warning: field `sort` is never read
[INFO] [stdout]   --> crates/mirro-rs/src/config/mod.rs:27:9
[INFO] [stdout]    |
[INFO] [stdout] 22 | pub struct Configuration {
[INFO] [stdout]    |            ------------- field in this struct
[INFO] [stdout] ...
[INFO] [stdout] 27 |     pub sort: ExportSort,
[INFO] [stdout]    |         ^^^^
[INFO] [stdout]    |
[INFO] [stdout]    = note: `Configuration` has a derived impl for the trait `Debug`, but this is intentionally ignored during dead code analysis
[INFO] [stdout]    = note: `#[warn(dead_code)]` on by default
[INFO] [stdout] 
[INFO] [stdout] 
[INFO] [stdout] warning: field `last_sync` is never read
[INFO] [stdout]   --> crates/mirro-rs/src/tui/state.rs:67:9
[INFO] [stdout]    |
[INFO] [stdout] 60 | pub struct SelectedMirror {
[INFO] [stdout]    |            -------------- field in this struct
[INFO] [stdout] ...
[INFO] [stdout] 67 |     pub last_sync: Option<DateTime<Utc>>,
[INFO] [stdout]    |         ^^^^^^^^^
[INFO] [stdout]    |
[INFO] [stdout]    = note: `SelectedMirror` has derived impls for the traits `Clone` and `Debug`, but these are intentionally ignored during dead code analysis
[INFO] [stdout] 
[INFO] [stdout] 
[INFO] [stderr]     Finished `dev` profile [unoptimized + debuginfo] target(s) in 1m 06s
[INFO] running `Command { std: "docker" "inspect" "27f87dd988f11280c72109ab286de3ea4824d423dfd498fe732faddfe4943c32", kill_on_drop: false }`
[INFO] running `Command { std: "docker" "rm" "-f" "27f87dd988f11280c72109ab286de3ea4824d423dfd498fe732faddfe4943c32", kill_on_drop: false }`
[INFO] [stdout] 27f87dd988f11280c72109ab286de3ea4824d423dfd498fe732faddfe4943c32
[INFO] running `Command { std: "docker" "create" "-v" "/var/lib/crater-agent-workspace/builds/worker-1-tc1/target:/opt/rustwide/target:rw,Z" "-v" "/var/lib/crater-agent-workspace/builds/worker-1-tc1/source:/opt/rustwide/workdir:ro,Z" "-v" "/var/lib/crater-agent-workspace/cargo-home:/opt/rustwide/cargo-home:ro,Z" "-v" "/var/lib/crater-agent-workspace/rustup-home:/opt/rustwide/rustup-home:ro,Z" "-e" "SOURCE_DIR=/opt/rustwide/workdir" "-e" "CARGO_TARGET_DIR=/opt/rustwide/target" "-e" "CARGO_INCREMENTAL=0" "-e" "RUST_BACKTRACE=full" "-e" "RUSTFLAGS=--cap-lints=warn" "-e" "RUSTDOCFLAGS=--cap-lints=warn" "-e" "CARGO_HOME=/opt/rustwide/cargo-home" "-e" "RUSTUP_HOME=/opt/rustwide/rustup-home" "-w" "/opt/rustwide/workdir" "-m" "1610612736" "--user" "0:0" "--network" "none" "ghcr.io/rust-lang/crates-build-env/linux@sha256:f3a9d4ad9d972b27faf3965f35b62e55ba32bbce8f20bc8fe909558a86702fde" "/opt/rustwide/cargo-home/bin/cargo" "+1.83.0" "test" "--frozen" "--no-run" "--message-format=json", kill_on_drop: false }`
[INFO] [stdout] b1345785a3d29d365817b4ac3ecb24988bd965521890f74f3ca40a225d9897dd
[INFO] running `Command { std: "docker" "start" "-a" "b1345785a3d29d365817b4ac3ecb24988bd965521890f74f3ca40a225d9897dd", kill_on_drop: false }`
[INFO] [stderr]    Compiling hashbrown v0.14.2
[INFO] [stderr]    Compiling equivalent v1.0.1
[INFO] [stderr]    Compiling serde_spanned v0.6.7
[INFO] [stderr]    Compiling toml_datetime v0.6.8
[INFO] [stderr]    Compiling winnow v0.6.18
[INFO] [stderr]    Compiling mirrors-arch v0.1.3 (/opt/rustwide/workdir/crates/archlinux)
[INFO] [stderr]    Compiling lru v0.12.0
[INFO] [stderr]    Compiling indexmap v2.2.1
[INFO] [stderr]    Compiling ratatui v0.28.1
[INFO] [stderr]    Compiling toml_edit v0.22.20
[INFO] [stderr]    Compiling tui-logger v0.13.1
[INFO] [stderr]    Compiling toml v0.8.19
[INFO] [stderr]    Compiling mirro-rs v0.2.3 (/opt/rustwide/workdir/crates/mirro-rs)
[INFO] [stdout] warning: use of deprecated method `ratatui::Frame::<'_>::size`: use .area() as it's the more correct name
[INFO] [stdout]   --> crates/mirro-rs/src/tui/ui.rs:38:18
[INFO] [stdout]    |
[INFO] [stdout] 38 |     let area = f.size();
[INFO] [stdout]    |                  ^^^^
[INFO] [stdout]    |
[INFO] [stdout]    = note: `#[warn(deprecated)]` on by default
[INFO] [stdout] 
[INFO] [stdout] 
[INFO] [stdout] warning: use of deprecated method `ratatui::Frame::<'_>::set_cursor`: the method set_cursor_position indicates more clearly what about the cursor to set
[INFO] [stdout]    --> crates/mirro-rs/src/tui/ui.rs:118:23
[INFO] [stdout]     |
[INFO] [stdout] 118 |                     f.set_cursor(
[INFO] [stdout]     |                       ^^^^^^^^^^
[INFO] [stdout] 
[INFO] [stdout] 
[INFO] [stdout] warning: field `sort` is never read
[INFO] [stdout]   --> crates/mirro-rs/src/config/mod.rs:27:9
[INFO] [stdout]    |
[INFO] [stdout] 22 | pub struct Configuration {
[INFO] [stdout]    |            ------------- field in this struct
[INFO] [stdout] ...
[INFO] [stdout] 27 |     pub sort: ExportSort,
[INFO] [stdout]    |         ^^^^
[INFO] [stdout]    |
[INFO] [stdout]    = note: `Configuration` has a derived impl for the trait `Debug`, but this is intentionally ignored during dead code analysis
[INFO] [stdout]    = note: `#[warn(dead_code)]` on by default
[INFO] [stdout] 
[INFO] [stdout] 
[INFO] [stdout] warning: field `last_sync` is never read
[INFO] [stdout]   --> crates/mirro-rs/src/tui/state.rs:67:9
[INFO] [stdout]    |
[INFO] [stdout] 60 | pub struct SelectedMirror {
[INFO] [stdout]    |            -------------- field in this struct
[INFO] [stdout] ...
[INFO] [stdout] 67 |     pub last_sync: Option<DateTime<Utc>>,
[INFO] [stdout]    |         ^^^^^^^^^
[INFO] [stdout]    |
[INFO] [stdout]    = note: `SelectedMirror` has derived impls for the traits `Clone` and `Debug`, but these are intentionally ignored during dead code analysis
[INFO] [stdout] 
[INFO] [stdout] 
[INFO] [stderr]     Finished `test` profile [unoptimized + debuginfo] target(s) in 14.25s
[INFO] running `Command { std: "docker" "inspect" "b1345785a3d29d365817b4ac3ecb24988bd965521890f74f3ca40a225d9897dd", kill_on_drop: false }`
[INFO] running `Command { std: "docker" "rm" "-f" "b1345785a3d29d365817b4ac3ecb24988bd965521890f74f3ca40a225d9897dd", kill_on_drop: false }`
[INFO] [stdout] b1345785a3d29d365817b4ac3ecb24988bd965521890f74f3ca40a225d9897dd
[INFO] running `Command { std: "docker" "create" "-v" "/var/lib/crater-agent-workspace/builds/worker-1-tc1/target:/opt/rustwide/target:rw,Z" "-v" "/var/lib/crater-agent-workspace/builds/worker-1-tc1/source:/opt/rustwide/workdir:ro,Z" "-v" "/var/lib/crater-agent-workspace/cargo-home:/opt/rustwide/cargo-home:ro,Z" "-v" "/var/lib/crater-agent-workspace/rustup-home:/opt/rustwide/rustup-home:ro,Z" "-e" "SOURCE_DIR=/opt/rustwide/workdir" "-e" "CARGO_TARGET_DIR=/opt/rustwide/target" "-e" "CARGO_INCREMENTAL=0" "-e" "RUST_BACKTRACE=full" "-e" "RUSTFLAGS=--cap-lints=warn" "-e" "RUSTDOCFLAGS=--cap-lints=warn" "-e" "CARGO_HOME=/opt/rustwide/cargo-home" "-e" "RUSTUP_HOME=/opt/rustwide/rustup-home" "-w" "/opt/rustwide/workdir" "-m" "1610612736" "--user" "0:0" "--network" "none" "ghcr.io/rust-lang/crates-build-env/linux@sha256:f3a9d4ad9d972b27faf3965f35b62e55ba32bbce8f20bc8fe909558a86702fde" "/opt/rustwide/cargo-home/bin/cargo" "+1.83.0" "test" "--frozen", kill_on_drop: false }`
[INFO] [stdout] 2703a05773826b1ab967bacf464203e23fbda7dae327983dee8b35b322e563a0
[INFO] running `Command { std: "docker" "start" "-a" "2703a05773826b1ab967bacf464203e23fbda7dae327983dee8b35b322e563a0", kill_on_drop: false }`
[INFO] [stderr] warning: use of deprecated method `ratatui::Frame::<'_>::size`: use .area() as it's the more correct name
[INFO] [stderr]   --> crates/mirro-rs/src/tui/ui.rs:38:18
[INFO] [stderr]    |
[INFO] [stderr] 38 |     let area = f.size();
[INFO] [stderr]    |                  ^^^^
[INFO] [stderr]    |
[INFO] [stderr]    = note: `#[warn(deprecated)]` on by default
[INFO] [stderr] 
[INFO] [stderr] warning: use of deprecated method `ratatui::Frame::<'_>::set_cursor`: the method set_cursor_position indicates more clearly what about the cursor to set
[INFO] [stderr]    --> crates/mirro-rs/src/tui/ui.rs:118:23
[INFO] [stderr]     |
[INFO] [stderr] 118 |                     f.set_cursor(
[INFO] [stderr]     |                       ^^^^^^^^^^
[INFO] [stderr] 
[INFO] [stderr] warning: field `sort` is never read
[INFO] [stderr]   --> crates/mirro-rs/src/config/mod.rs:27:9
[INFO] [stderr]    |
[INFO] [stderr] 22 | pub struct Configuration {
[INFO] [stderr]    |            ------------- field in this struct
[INFO] [stderr] ...
[INFO] [stderr] 27 |     pub sort: ExportSort,
[INFO] [stderr]    |         ^^^^
[INFO] [stderr]    |
[INFO] [stderr]    = note: `Configuration` has a derived impl for the trait `Debug`, but this is intentionally ignored during dead code analysis
[INFO] [stderr]    = note: `#[warn(dead_code)]` on by default
[INFO] [stderr] 
[INFO] [stderr] warning: field `last_sync` is never read
[INFO] [stderr]   --> crates/mirro-rs/src/tui/state.rs:67:9
[INFO] [stderr]    |
[INFO] [stderr] 60 | pub struct SelectedMirror {
[INFO] [stderr]    |            -------------- field in this struct
[INFO] [stderr] ...
[INFO] [stderr] 67 |     pub last_sync: Option<DateTime<Utc>>,
[INFO] [stderr]    |         ^^^^^^^^^
[INFO] [stderr]    |
[INFO] [stderr]    = note: `SelectedMirror` has derived impls for the traits `Clone` and `Debug`, but these are intentionally ignored during dead code analysis
[INFO] [stderr] 
[INFO] [stderr] warning: `mirro-rs` (bin "mirro-rs" test) generated 4 warnings
[INFO] [stderr]     Finished `test` profile [unoptimized + debuginfo] target(s) in 0.21s
[INFO] [stderr]      Running unittests src/main.rs (/opt/rustwide/target/debug/deps/mirro_rs-c104581d0649e19f)
[INFO] [stdout] 
[INFO] [stdout] running 5 tests
[INFO] [stdout] test tui::actions::tests::should_find_action_by_key ... ok
[INFO] [stdout] test tui::actions::tests::should_find_action_by_key_not_found ... ok
[INFO] [stdout] test tui::actions::tests::should_create_actions_from_vec ... ok
[INFO] [stdout] test tui::actions::tests::should_panic_when_create_actions_conflict_key - should panic ... ok
[INFO] [stdout] test test::sample_bin ... FAILED
[INFO] [stdout] 
[INFO] [stdout] failures:
[INFO] [stdout] 
[INFO] [stdout] ---- test::sample_bin stdout ----
[INFO] [stdout] [crates/mirro-rs/src/test/mod.rs:9:5] &result = Err(
[INFO] [stdout]     could not read cache file,
[INFO] [stdout] )
[INFO] [stdout] thread 'test::sample_bin' panicked at crates/mirro-rs/src/test/mod.rs:10:5:
[INFO] [stdout] assertion failed: result.is_ok()
[INFO] [stdout] stack backtrace:
[INFO] [stdout]    0:     0x5b4b9a75db5a - std::backtrace_rs::backtrace::libunwind::trace::h5a5b8284f2d0c266
[INFO] [stdout]                                at /rustc/90b35a6239c3d8bdabc530a6a0816f7ff89a0aaf/library/std/src/../../backtrace/src/backtrace/libunwind.rs:116:5
[INFO] [stdout]    1:     0x5b4b9a75db5a - std::backtrace_rs::backtrace::trace_unsynchronized::h76d4f1c9b0b875e3
[INFO] [stdout]                                at /rustc/90b35a6239c3d8bdabc530a6a0816f7ff89a0aaf/library/std/src/../../backtrace/src/backtrace/mod.rs:66:5
[INFO] [stdout]    2:     0x5b4b9a75db5a - std::sys::backtrace::_print_fmt::hc4546b8364a537c6
[INFO] [stdout]                                at /rustc/90b35a6239c3d8bdabc530a6a0816f7ff89a0aaf/library/std/src/sys/backtrace.rs:66:9
[INFO] [stdout]    3:     0x5b4b9a75db5a - <std::sys::backtrace::BacktraceLock::print::DisplayBacktrace as core::fmt::Display>::fmt::h5b6bd5631a6d1f6b
[INFO] [stdout]                                at /rustc/90b35a6239c3d8bdabc530a6a0816f7ff89a0aaf/library/std/src/sys/backtrace.rs:39:26
[INFO] [stdout]    4:     0x5b4b9a787be3 - core::fmt::rt::Argument::fmt::h270f6602a2b96f62
[INFO] [stdout]                                at /rustc/90b35a6239c3d8bdabc530a6a0816f7ff89a0aaf/library/core/src/fmt/rt.rs:177:76
[INFO] [stdout]    5:     0x5b4b9a787be3 - core::fmt::write::h7550c97b06c86515
[INFO] [stdout]                                at /rustc/90b35a6239c3d8bdabc530a6a0816f7ff89a0aaf/library/core/src/fmt/mod.rs:1186:21
[INFO] [stdout]    6:     0x5b4b9a75a033 - std::io::Write::write_fmt::h509ff860e5956e5e
[INFO] [stdout]                                at /rustc/90b35a6239c3d8bdabc530a6a0816f7ff89a0aaf/library/std/src/io/mod.rs:1839:15
[INFO] [stdout]    7:     0x5b4b9a75d9a2 - std::sys::backtrace::BacktraceLock::print::h2395ccd2c84ba3aa
[INFO] [stdout]                                at /rustc/90b35a6239c3d8bdabc530a6a0816f7ff89a0aaf/library/std/src/sys/backtrace.rs:42:9
[INFO] [stdout]    8:     0x5b4b9a75efba - std::panicking::default_hook::{{closure}}::he19d4c7230e07961
[INFO] [stdout]                                at /rustc/90b35a6239c3d8bdabc530a6a0816f7ff89a0aaf/library/std/src/panicking.rs:268:22
[INFO] [stdout]    9:     0x5b4b9a75edc4 - std::panicking::default_hook::hf614597d3c67bbdb
[INFO] [stdout]                                at /rustc/90b35a6239c3d8bdabc530a6a0816f7ff89a0aaf/library/std/src/panicking.rs:292:9
[INFO] [stdout]   10:     0x5b4b9a236689 - <alloc::boxed::Box<F,A> as core::ops::function::Fn<Args>>::call::h39b51ce4599c23d1
[INFO] [stdout]                                at /rustc/90b35a6239c3d8bdabc530a6a0816f7ff89a0aaf/library/alloc/src/boxed.rs:2468:9
[INFO] [stdout]   11:     0x5b4b9a236689 - test::test_main::{{closure}}::he977ae839a582784
[INFO] [stdout]                                at /rustc/90b35a6239c3d8bdabc530a6a0816f7ff89a0aaf/library/test/src/lib.rs:133:21
[INFO] [stdout]   12:     0x5b4b9a75f658 - <alloc::boxed::Box<F,A> as core::ops::function::Fn<Args>>::call::h9455091b6b06f9fb
[INFO] [stdout]                                at /rustc/90b35a6239c3d8bdabc530a6a0816f7ff89a0aaf/library/alloc/src/boxed.rs:2468:9
[INFO] [stdout]   13:     0x5b4b9a75f658 - std::panicking::rust_panic_with_hook::h8942133a8b252070
[INFO] [stdout]                                at /rustc/90b35a6239c3d8bdabc530a6a0816f7ff89a0aaf/library/std/src/panicking.rs:809:13
[INFO] [stdout]   14:     0x5b4b9a75f3e6 - std::panicking::begin_panic_handler::{{closure}}::hb5f5963570096b29
[INFO] [stdout]                                at /rustc/90b35a6239c3d8bdabc530a6a0816f7ff89a0aaf/library/std/src/panicking.rs:667:13
[INFO] [stdout]   15:     0x5b4b9a75e039 - std::sys::backtrace::__rust_end_short_backtrace::h6208cedc1922feda
[INFO] [stdout]                                at /rustc/90b35a6239c3d8bdabc530a6a0816f7ff89a0aaf/library/std/src/sys/backtrace.rs:170:18
[INFO] [stdout]   16:     0x5b4b9a75f0ac - rust_begin_unwind
[INFO] [stdout]                                at /rustc/90b35a6239c3d8bdabc530a6a0816f7ff89a0aaf/library/std/src/panicking.rs:665:5
[INFO] [stdout]   17:     0x5b4b9a04d410 - core::panicking::panic_fmt::h0c3082644d1bf418
[INFO] [stdout]                                at /rustc/90b35a6239c3d8bdabc530a6a0816f7ff89a0aaf/library/core/src/panicking.rs:74:14
[INFO] [stdout]   18:     0x5b4b9a04d49c - core::panicking::panic::h957f98c65a3b3074
[INFO] [stdout]                                at /rustc/90b35a6239c3d8bdabc530a6a0816f7ff89a0aaf/library/core/src/panicking.rs:148:5
[INFO] [stdout]   19:     0x5b4b9a100605 - mirro_rs::test::sample_bin::{{closure}}::hdf08669bd7dcf7c5
[INFO] [stdout]                                at /opt/rustwide/workdir/crates/mirro-rs/src/test/mod.rs:10:5
[INFO] [stdout]   20:     0x5b4b9a067372 - <core::pin::Pin<P> as core::future::future::Future>::poll::h895e27439cdbb24d
[INFO] [stdout]                                at /rustc/90b35a6239c3d8bdabc530a6a0816f7ff89a0aaf/library/core/src/future/future.rs:123:9
[INFO] [stdout]   21:     0x5b4b9a0672ed - <core::pin::Pin<P> as core::future::future::Future>::poll::h48a0548f98db67a9
[INFO] [stdout]                                at /rustc/90b35a6239c3d8bdabc530a6a0816f7ff89a0aaf/library/core/src/future/future.rs:123:9
[INFO] [stdout]   22:     0x5b4b9a1255ff - tokio::runtime::scheduler::current_thread::CoreGuard::block_on::{{closure}}::{{closure}}::{{closure}}::hcdfb537ffc4dba6b
[INFO] [stdout]                                at /opt/rustwide/cargo-home/registry/src/index.crates.io-6f17d22bba15001f/tokio-1.41.1/src/runtime/scheduler/current_thread/mod.rs:729:57
[INFO] [stdout]   23:     0x5b4b9a125385 - tokio::runtime::coop::with_budget::ha062d9d095e8f1ee
[INFO] [stdout]                                at /opt/rustwide/cargo-home/registry/src/index.crates.io-6f17d22bba15001f/tokio-1.41.1/src/runtime/coop.rs:107:5
[INFO] [stdout]   24:     0x5b4b9a125385 - tokio::runtime::coop::budget::hae6f154106c76b69
[INFO] [stdout]                                at /opt/rustwide/cargo-home/registry/src/index.crates.io-6f17d22bba15001f/tokio-1.41.1/src/runtime/coop.rs:73:5
[INFO] [stdout]   25:     0x5b4b9a125385 - tokio::runtime::scheduler::current_thread::CoreGuard::block_on::{{closure}}::{{closure}}::h184bafb2ce4622c2
[INFO] [stdout]                                at /opt/rustwide/cargo-home/registry/src/index.crates.io-6f17d22bba15001f/tokio-1.41.1/src/runtime/scheduler/current_thread/mod.rs:729:25
[INFO] [stdout]   26:     0x5b4b9a1228d0 - tokio::runtime::scheduler::current_thread::Context::enter::h141507e1da214c25
[INFO] [stdout]                                at /opt/rustwide/cargo-home/registry/src/index.crates.io-6f17d22bba15001f/tokio-1.41.1/src/runtime/scheduler/current_thread/mod.rs:428:19
[INFO] [stdout]   27:     0x5b4b9a124c0b - tokio::runtime::scheduler::current_thread::CoreGuard::block_on::{{closure}}::h621856f47016b8ba
[INFO] [stdout]                                at /opt/rustwide/cargo-home/registry/src/index.crates.io-6f17d22bba15001f/tokio-1.41.1/src/runtime/scheduler/current_thread/mod.rs:728:36
[INFO] [stdout]   28:     0x5b4b9a1240a4 - tokio::runtime::scheduler::current_thread::CoreGuard::enter::{{closure}}::h247f57109d096d9e
[INFO] [stdout]                                at /opt/rustwide/cargo-home/registry/src/index.crates.io-6f17d22bba15001f/tokio-1.41.1/src/runtime/scheduler/current_thread/mod.rs:807:68
[INFO] [stdout]   29:     0x5b4b9a0c6afb - tokio::runtime::context::scoped::Scoped<T>::set::h6ec6bf6a8d57efd9
[INFO] [stdout]                                at /opt/rustwide/cargo-home/registry/src/index.crates.io-6f17d22bba15001f/tokio-1.41.1/src/runtime/context/scoped.rs:40:9
[INFO] [stdout]   30:     0x5b4b9a0e6fa9 - tokio::runtime::context::set_scheduler::{{closure}}::ha8b2bbfcbd16f3c9
[INFO] [stdout]                                at /opt/rustwide/cargo-home/registry/src/index.crates.io-6f17d22bba15001f/tokio-1.41.1/src/runtime/context.rs:180:26
[INFO] [stdout]   31:     0x5b4b9a0cd6fd - std::thread::local::LocalKey<T>::try_with::hb2bebc5c248137a3
[INFO] [stdout]                                at /rustc/90b35a6239c3d8bdabc530a6a0816f7ff89a0aaf/library/std/src/thread/local.rs:283:12
[INFO] [stdout]   32:     0x5b4b9a0cc72a - std::thread::local::LocalKey<T>::with::h25171cbb3ac2da54
[INFO] [stdout]                                at /rustc/90b35a6239c3d8bdabc530a6a0816f7ff89a0aaf/library/std/src/thread/local.rs:260:9
[INFO] [stdout]   33:     0x5b4b9a0e6f1d - tokio::runtime::context::set_scheduler::h39da45a76c3b5754
[INFO] [stdout]                                at /opt/rustwide/cargo-home/registry/src/index.crates.io-6f17d22bba15001f/tokio-1.41.1/src/runtime/context.rs:180:9
[INFO] [stdout]   34:     0x5b4b9a123e30 - tokio::runtime::scheduler::current_thread::CoreGuard::enter::he59954636ad99ba2
[INFO] [stdout]                                at /opt/rustwide/cargo-home/registry/src/index.crates.io-6f17d22bba15001f/tokio-1.41.1/src/runtime/scheduler/current_thread/mod.rs:807:27
[INFO] [stdout]   35:     0x5b4b9a1240c3 - tokio::runtime::scheduler::current_thread::CoreGuard::block_on::h5873bb029bcc7dee
[INFO] [stdout]                                at /opt/rustwide/cargo-home/registry/src/index.crates.io-6f17d22bba15001f/tokio-1.41.1/src/runtime/scheduler/current_thread/mod.rs:716:19
[INFO] [stdout]   36:     0x5b4b9a1217ba - tokio::runtime::scheduler::current_thread::CurrentThread::block_on::{{closure}}::hd7adeadbd06e2e54
[INFO] [stdout]                                at /opt/rustwide/cargo-home/registry/src/index.crates.io-6f17d22bba15001f/tokio-1.41.1/src/runtime/scheduler/current_thread/mod.rs:196:28
[INFO] [stdout]   37:     0x5b4b9a09ccb6 - tokio::runtime::context::runtime::enter_runtime::hb623c20f7fb643ed
[INFO] [stdout]                                at /opt/rustwide/cargo-home/registry/src/index.crates.io-6f17d22bba15001f/tokio-1.41.1/src/runtime/context/runtime.rs:65:16
[INFO] [stdout]   38:     0x5b4b9a121031 - tokio::runtime::scheduler::current_thread::CurrentThread::block_on::h04efba7ea4693df9
[INFO] [stdout]                                at /opt/rustwide/cargo-home/registry/src/index.crates.io-6f17d22bba15001f/tokio-1.41.1/src/runtime/scheduler/current_thread/mod.rs:184:9
[INFO] [stdout]   39:     0x5b4b9a098563 - tokio::runtime::runtime::Runtime::block_on_inner::h93701b979434eb8b
[INFO] [stdout]                                at /opt/rustwide/cargo-home/registry/src/index.crates.io-6f17d22bba15001f/tokio-1.41.1/src/runtime/runtime.rs:368:47
[INFO] [stdout]   40:     0x5b4b9a098757 - tokio::runtime::runtime::Runtime::block_on::h2b751d9d34fbedea
[INFO] [stdout]                                at /opt/rustwide/cargo-home/registry/src/index.crates.io-6f17d22bba15001f/tokio-1.41.1/src/runtime/runtime.rs:342:13
[INFO] [stdout]   41:     0x5b4b9a0ffff1 - mirro_rs::test::sample_bin::h4ad21821237df8db
[INFO] [stdout]                                at /opt/rustwide/workdir/crates/mirro-rs/src/test/mod.rs:10:5
[INFO] [stdout]   42:     0x5b4b9a0ffe97 - mirro_rs::test::sample_bin::{{closure}}::h3ffbc128a3044938
[INFO] [stdout]                                at /opt/rustwide/workdir/crates/mirro-rs/src/test/mod.rs:4:22
[INFO] [stdout]   43:     0x5b4b9a0be3e6 - core::ops::function::FnOnce::call_once::h73ca3ff263df4b1f
[INFO] [stdout]                                at /rustc/90b35a6239c3d8bdabc530a6a0816f7ff89a0aaf/library/core/src/ops/function.rs:250:5
[INFO] [stdout]   44:     0x5b4b9a23b04b - core::ops::function::FnOnce::call_once::h109cf8051a59b34e
[INFO] [stdout]                                at /rustc/90b35a6239c3d8bdabc530a6a0816f7ff89a0aaf/library/core/src/ops/function.rs:250:5
[INFO] [stdout]   45:     0x5b4b9a23b04b - test::__rust_begin_short_backtrace::hf4fff89d377446ba
[INFO] [stdout]                                at /rustc/90b35a6239c3d8bdabc530a6a0816f7ff89a0aaf/library/test/src/lib.rs:621:18
[INFO] [stdout]   46:     0x5b4b9a23a887 - test::run_test_in_process::{{closure}}::h0e39181dd7ee5a43
[INFO] [stdout]                                at /rustc/90b35a6239c3d8bdabc530a6a0816f7ff89a0aaf/library/test/src/lib.rs:644:60
[INFO] [stdout]   47:     0x5b4b9a23a887 - <core::panic::unwind_safe::AssertUnwindSafe<F> as core::ops::function::FnOnce<()>>::call_once::hc5a66a30f0bdfd1f
[INFO] [stdout]                                at /rustc/90b35a6239c3d8bdabc530a6a0816f7ff89a0aaf/library/core/src/panic/unwind_safe.rs:272:9
[INFO] [stdout]   48:     0x5b4b9a23a887 - std::panicking::try::do_call::h873b7cf639554a5e
[INFO] [stdout]                                at /rustc/90b35a6239c3d8bdabc530a6a0816f7ff89a0aaf/library/std/src/panicking.rs:557:40
[INFO] [stdout]   49:     0x5b4b9a23a887 - std::panicking::try::hdb19862fad9c8bd1
[INFO] [stdout]                                at /rustc/90b35a6239c3d8bdabc530a6a0816f7ff89a0aaf/library/std/src/panicking.rs:520:19
[INFO] [stdout]   50:     0x5b4b9a23a887 - std::panic::catch_unwind::h281fe732d236d260
[INFO] [stdout]                                at /rustc/90b35a6239c3d8bdabc530a6a0816f7ff89a0aaf/library/std/src/panic.rs:358:14
[INFO] [stdout]   51:     0x5b4b9a23a887 - test::run_test_in_process::h949b6df8457ed338
[INFO] [stdout]                                at /rustc/90b35a6239c3d8bdabc530a6a0816f7ff89a0aaf/library/test/src/lib.rs:644:27
[INFO] [stdout]   52:     0x5b4b9a23a887 - test::run_test::{{closure}}::h52c556a6d4740e10
[INFO] [stdout]                                at /rustc/90b35a6239c3d8bdabc530a6a0816f7ff89a0aaf/library/test/src/lib.rs:565:43
[INFO] [stdout]   53:     0x5b4b9a1ffb64 - test::run_test::{{closure}}::h4237f6381c45ccb9
[INFO] [stdout]                                at /rustc/90b35a6239c3d8bdabc530a6a0816f7ff89a0aaf/library/test/src/lib.rs:595:41
[INFO] [stdout]   54:     0x5b4b9a1ffb64 - std::sys::backtrace::__rust_begin_short_backtrace::h505c97a579eca628
[INFO] [stdout]                                at /rustc/90b35a6239c3d8bdabc530a6a0816f7ff89a0aaf/library/std/src/sys/backtrace.rs:154:18
[INFO] [stdout]   55:     0x5b4b9a20322e - std::thread::Builder::spawn_unchecked_::{{closure}}::{{closure}}::h9e86b2e2bc107ea3
[INFO] [stdout]                                at /rustc/90b35a6239c3d8bdabc530a6a0816f7ff89a0aaf/library/std/src/thread/mod.rs:538:17
[INFO] [stdout]   56:     0x5b4b9a20322e - <core::panic::unwind_safe::AssertUnwindSafe<F> as core::ops::function::FnOnce<()>>::call_once::h8b06ddb275ff4a25
[INFO] [stdout]                                at /rustc/90b35a6239c3d8bdabc530a6a0816f7ff89a0aaf/library/core/src/panic/unwind_safe.rs:272:9
[INFO] [stdout]   57:     0x5b4b9a20322e - std::panicking::try::do_call::hb26ecd7cd9a9355d
[INFO] [stdout]                                at /rustc/90b35a6239c3d8bdabc530a6a0816f7ff89a0aaf/library/std/src/panicking.rs:557:40
[INFO] [stdout]   58:     0x5b4b9a20322e - std::panicking::try::h8ddeca9d705f9069
[INFO] [stdout]                                at /rustc/90b35a6239c3d8bdabc530a6a0816f7ff89a0aaf/library/std/src/panicking.rs:520:19
[INFO] [stdout]   59:     0x5b4b9a20322e - std::panic::catch_unwind::h49e1c33078844c46
[INFO] [stdout]                                at /rustc/90b35a6239c3d8bdabc530a6a0816f7ff89a0aaf/library/std/src/panic.rs:358:14
[INFO] [stdout]   60:     0x5b4b9a20322e - std::thread::Builder::spawn_unchecked_::{{closure}}::h6073db6ff56ad35d
[INFO] [stdout]                                at /rustc/90b35a6239c3d8bdabc530a6a0816f7ff89a0aaf/library/std/src/thread/mod.rs:537:30
[INFO] [stdout]   61:     0x5b4b9a20322e - core::ops::function::FnOnce::call_once{{vtable.shim}}::h2c5a5f3779c774f1
[INFO] [stdout]                                at /rustc/90b35a6239c3d8bdabc530a6a0816f7ff89a0aaf/library/core/src/ops/function.rs:250:5
[INFO] [stdout]   62:     0x5b4b9a76388b - <alloc::boxed::Box<F,A> as core::ops::function::FnOnce<Args>>::call_once::hf75717d9f28faebf
[INFO] [stdout]                                at /rustc/90b35a6239c3d8bdabc530a6a0816f7ff89a0aaf/library/alloc/src/boxed.rs:2454:9
[INFO] [stdout]   63:     0x5b4b9a76388b - <alloc::boxed::Box<F,A> as core::ops::function::FnOnce<Args>>::call_once::h7bd883a5f3c5f3c1
[INFO] [stdout]                                at /rustc/90b35a6239c3d8bdabc530a6a0816f7ff89a0aaf/library/alloc/src/boxed.rs:2454:9
[INFO] [stdout]   64:     0x5b4b9a76388b - std::sys::pal::unix::thread::Thread::new::thread_start::hcc78f3943333fa94
[INFO] [stdout]                                at /rustc/90b35a6239c3d8bdabc530a6a0816f7ff89a0aaf/library/std/src/sys/pal/unix/thread.rs:105:17
[INFO] [stdout]   65:     0x763184094ac3 - <unknown>
[INFO] [stdout]   66:     0x763184125a04 - clone
[INFO] [stdout]   67:                0x0 - <unknown>
[INFO] [stdout] 
[INFO] [stdout] 
[INFO] [stdout] failures:
[INFO] [stdout]     test::sample_bin
[INFO] [stdout] 
[INFO] [stdout] test result: FAILED. 4 passed; 1 failed; 0 ignored; 0 measured; 0 filtered out; finished in 0.12s
[INFO] [stdout] 
[INFO] [stderr] error: test failed, to rerun pass `-p mirro-rs --bin mirro-rs`
[INFO] running `Command { std: "docker" "inspect" "2703a05773826b1ab967bacf464203e23fbda7dae327983dee8b35b322e563a0", kill_on_drop: false }`
[INFO] running `Command { std: "docker" "rm" "-f" "2703a05773826b1ab967bacf464203e23fbda7dae327983dee8b35b322e563a0", kill_on_drop: false }`
[INFO] [stdout] 2703a05773826b1ab967bacf464203e23fbda7dae327983dee8b35b322e563a0
