[INFO] cloning repository https://github.com/kariy/majlis-kzg
[INFO] running `Command { std: "git" "-c" "credential.helper=" "-c" "credential.helper=/workspace/cargo-home/bin/git-credential-null" "clone" "--bare" "https://github.com/kariy/majlis-kzg" "/workspace/cache/git-repos/https%3A%2F%2Fgithub.com%2Fkariy%2Fmajlis-kzg", kill_on_drop: false }`
[INFO] [stderr] Cloning into bare repository '/workspace/cache/git-repos/https%3A%2F%2Fgithub.com%2Fkariy%2Fmajlis-kzg'...
[INFO] running `Command { std: "git" "rev-parse" "HEAD", kill_on_drop: false }`
[INFO] [stdout] 391fa55f9c39e122590021e220087aeac20c3e84
[INFO] testing kariy/majlis-kzg against beta-2024-12-08 for beta-1.84.0-4-retry
[INFO] running `Command { std: "git" "clone" "/workspace/cache/git-repos/https%3A%2F%2Fgithub.com%2Fkariy%2Fmajlis-kzg" "/workspace/builds/worker-2-tc2/source", kill_on_drop: false }`
[INFO] [stderr] Cloning into '/workspace/builds/worker-2-tc2/source'...
[INFO] [stderr] done.
[INFO] validating manifest of git repo https://github.com/kariy/majlis-kzg on toolchain beta-2024-12-08
[INFO] running `Command { std: CARGO_HOME="/workspace/cargo-home" RUSTUP_HOME="/workspace/rustup-home" "/workspace/cargo-home/bin/cargo" "+beta-2024-12-08" "metadata" "--manifest-path" "Cargo.toml" "--no-deps", kill_on_drop: false }`
[INFO] started tweaking git repo https://github.com/kariy/majlis-kzg
[INFO] finished tweaking git repo https://github.com/kariy/majlis-kzg
[INFO] tweaked toml for git repo https://github.com/kariy/majlis-kzg written to /workspace/builds/worker-2-tc2/source/Cargo.toml
[INFO] crate git repo https://github.com/kariy/majlis-kzg already has a lockfile, it will not be regenerated
[INFO] running `Command { std: CARGO_HOME="/workspace/cargo-home" RUSTUP_HOME="/workspace/rustup-home" "/workspace/cargo-home/bin/cargo" "+beta-2024-12-08" "fetch" "--manifest-path" "Cargo.toml", kill_on_drop: false }`
[INFO] running `Command { std: "docker" "create" "-v" "/var/lib/crater-agent-workspace/builds/worker-2-tc2/target:/opt/rustwide/target:rw,Z" "-v" "/var/lib/crater-agent-workspace/builds/worker-2-tc2/source:/opt/rustwide/workdir:ro,Z" "-v" "/var/lib/crater-agent-workspace/cargo-home:/opt/rustwide/cargo-home:ro,Z" "-v" "/var/lib/crater-agent-workspace/rustup-home:/opt/rustwide/rustup-home:ro,Z" "-e" "SOURCE_DIR=/opt/rustwide/workdir" "-e" "CARGO_TARGET_DIR=/opt/rustwide/target" "-e" "CARGO_HOME=/opt/rustwide/cargo-home" "-e" "RUSTUP_HOME=/opt/rustwide/rustup-home" "-w" "/opt/rustwide/workdir" "-m" "1610612736" "--user" "0:0" "--network" "none" "ghcr.io/rust-lang/crates-build-env/linux@sha256:f3a9d4ad9d972b27faf3965f35b62e55ba32bbce8f20bc8fe909558a86702fde" "/opt/rustwide/cargo-home/bin/cargo" "+beta-2024-12-08" "metadata" "--no-deps" "--format-version=1", kill_on_drop: false }`
[INFO] [stdout] b14c8416cfb85105c751698ca4a36e32af54bbbbfd606943f9a151172228d4c5
[INFO] running `Command { std: "docker" "start" "-a" "b14c8416cfb85105c751698ca4a36e32af54bbbbfd606943f9a151172228d4c5", kill_on_drop: false }`
[INFO] running `Command { std: "docker" "inspect" "b14c8416cfb85105c751698ca4a36e32af54bbbbfd606943f9a151172228d4c5", kill_on_drop: false }`
[INFO] running `Command { std: "docker" "rm" "-f" "b14c8416cfb85105c751698ca4a36e32af54bbbbfd606943f9a151172228d4c5", kill_on_drop: false }`
[INFO] [stdout] b14c8416cfb85105c751698ca4a36e32af54bbbbfd606943f9a151172228d4c5
[INFO] running `Command { std: "docker" "create" "-v" "/var/lib/crater-agent-workspace/builds/worker-2-tc2/target:/opt/rustwide/target:rw,Z" "-v" "/var/lib/crater-agent-workspace/builds/worker-2-tc2/source:/opt/rustwide/workdir:ro,Z" "-v" "/var/lib/crater-agent-workspace/cargo-home:/opt/rustwide/cargo-home:ro,Z" "-v" "/var/lib/crater-agent-workspace/rustup-home:/opt/rustwide/rustup-home:ro,Z" "-e" "SOURCE_DIR=/opt/rustwide/workdir" "-e" "CARGO_TARGET_DIR=/opt/rustwide/target" "-e" "CARGO_INCREMENTAL=0" "-e" "RUST_BACKTRACE=full" "-e" "RUSTFLAGS=--cap-lints=warn" "-e" "RUSTDOCFLAGS=--cap-lints=warn" "-e" "CARGO_HOME=/opt/rustwide/cargo-home" "-e" "RUSTUP_HOME=/opt/rustwide/rustup-home" "-w" "/opt/rustwide/workdir" "-m" "1610612736" "--user" "0:0" "--network" "none" "ghcr.io/rust-lang/crates-build-env/linux@sha256:f3a9d4ad9d972b27faf3965f35b62e55ba32bbce8f20bc8fe909558a86702fde" "/opt/rustwide/cargo-home/bin/cargo" "+beta-2024-12-08" "build" "--frozen" "--message-format=json", kill_on_drop: false }`
[INFO] [stdout] 57890ba5de3393111d2fc8156e67a31be8dc81c097a9977eec7e08b3c5604838
[INFO] running `Command { std: "docker" "start" "-a" "57890ba5de3393111d2fc8156e67a31be8dc81c097a9977eec7e08b3c5604838", kill_on_drop: false }`
[INFO] [stderr]    Compiling cfg-if v1.0.0
[INFO] [stderr]    Compiling libc v0.2.140
[INFO] [stderr]    Compiling version_check v0.9.4
[INFO] [stderr]    Compiling autocfg v1.1.0
[INFO] [stderr]    Compiling proc-macro2 v1.0.51
[INFO] [stderr]    Compiling quote v1.0.23
[INFO] [stderr]    Compiling unicode-ident v1.0.8
[INFO] [stderr]    Compiling syn v1.0.109
[INFO] [stderr]    Compiling memchr v2.5.0
[INFO] [stderr]    Compiling typenum v1.16.0
[INFO] [stderr]    Compiling log v0.4.17
[INFO] [stderr]    Compiling scopeguard v1.1.0
[INFO] [stderr]    Compiling once_cell v1.17.1
[INFO] [stderr]    Compiling pin-project-lite v0.2.9
[INFO] [stderr]    Compiling subtle v2.4.1
[INFO] [stderr]    Compiling futures-core v0.3.26
[INFO] [stderr]    Compiling cc v1.0.79
[INFO] [stderr]    Compiling crossbeam-utils v0.8.15
[INFO] [stderr]    Compiling radium v0.7.0
[INFO] [stderr]    Compiling tap v1.0.1
[INFO] [stderr]    Compiling funty v2.0.0
[INFO] [stderr]    Compiling wyz v0.5.1
[INFO] [stderr]    Compiling parking_lot_core v0.9.7
[INFO] [stderr]    Compiling smallvec v1.10.0
[INFO] [stderr]    Compiling value-bag v1.0.0-alpha.9
[INFO] [stderr]    Compiling generic-array v0.14.6
[INFO] [stderr]    Compiling lock_api v0.4.9
[INFO] [stderr]    Compiling serde_derive v1.0.154
[INFO] [stderr]    Compiling slab v0.4.8
[INFO] [stderr]    Compiling tracing-core v0.1.30
[INFO] [stderr]    Compiling serde v1.0.154
[INFO] [stderr]    Compiling bitflags v1.3.2
[INFO] [stderr]    Compiling pkg-config v0.3.26
[INFO] [stderr]    Compiling bytes v1.4.0
[INFO] [stderr]    Compiling tokio v1.26.0
[INFO] [stderr]    Compiling unicode-xid v0.2.4
[INFO] [stderr]    Compiling itoa v1.0.6
[INFO] [stderr]    Compiling semver v1.0.17
[INFO] [stderr]    Compiling lazy_static v1.4.0
[INFO] [stderr]    Compiling futures-task v0.3.26
[INFO] [stderr]    Compiling bitvec v1.0.1
[INFO] [stderr]    Compiling event-listener v2.5.3
[INFO] [stderr]    Compiling concurrent-queue v2.1.0
[INFO] [stderr]    Compiling indexmap v1.9.2
[INFO] [stderr]    Compiling memoffset v0.8.0
[INFO] [stderr]    Compiling futures-io v0.3.27
[INFO] [stderr]    Compiling waker-fn v1.1.0
[INFO] [stderr]    Compiling tracing v0.1.37
[INFO] [stderr]    Compiling fastrand v1.9.0
[INFO] [stderr]    Compiling foreign-types-shared v0.1.1
[INFO] [stderr]    Compiling futures-util v0.3.26
[INFO] [stderr]    Compiling fnv v1.0.7
[INFO] [stderr]    Compiling openssl v0.10.45
[INFO] [stderr]    Compiling pin-utils v0.1.0
[INFO] [stderr]    Compiling parking v2.0.0
[INFO] [stderr]    Compiling http v0.2.9
[INFO] [stderr]    Compiling foreign-types v0.3.2
[INFO] [stderr]    Compiling async-lock v2.7.0
[INFO] [stderr]    Compiling polling v2.6.0
[INFO] [stderr]    Compiling crossbeam-epoch v0.9.14
[INFO] [stderr]    Compiling proc-macro-error-attr v1.0.4
[INFO] [stderr]    Compiling futures-channel v0.3.26
[INFO] [stderr]    Compiling openssl-sys v0.9.80
[INFO] [stderr]    Compiling httparse v1.8.0
[INFO] [stderr]    Compiling signal-hook v0.3.15
[INFO] [stderr]    Compiling io-lifetimes v1.0.6
[INFO] [stderr]    Compiling futures-lite v1.12.0
[INFO] [stderr]    Compiling tinyvec_macros v0.1.1
[INFO] [stderr]    Compiling native-tls v0.2.11
[INFO] [stderr]    Compiling hashbrown v0.12.3
[INFO] [stderr]    Compiling futures-sink v0.3.26
[INFO] [stderr]    Compiling tinyvec v1.6.0
[INFO] [stderr]    Compiling rustc_version v0.4.0
[INFO] [stderr]    Compiling sharded-slab v0.1.4
[INFO] [stderr]    Compiling async-io v1.12.0
[INFO] [stderr]    Compiling proc-macro-error v1.0.4
[INFO] [stderr]    Compiling thread_local v1.1.7
[INFO] [stderr]    Compiling ppv-lite86 v0.2.17
[INFO] [stderr]    Compiling openssl-probe v0.1.5
[INFO] [stderr]    Compiling async-task v4.3.0
[INFO] [stderr]    Compiling heapless v0.7.16
[INFO] [stderr]    Compiling byteorder v1.4.3
[INFO] [stderr]    Compiling getrandom v0.2.8
[INFO] [stderr]    Compiling signal-hook-registry v1.4.1
[INFO] [stderr]    Compiling socket2 v0.4.9
[INFO] [stderr]    Compiling num_cpus v1.15.0
[INFO] [stderr]    Compiling try-lock v0.2.4
[INFO] [stderr]    Compiling percent-encoding v2.2.0
[INFO] [stderr]    Compiling rand_core v0.6.4
[INFO] [stderr]    Compiling parking_lot v0.12.1
[INFO] [stderr]    Compiling block-buffer v0.10.4
[INFO] [stderr]    Compiling crypto-common v0.1.6
[INFO] [stderr]    Compiling digest v0.9.0
[INFO] [stderr]    Compiling rustix v0.36.9
[INFO] [stderr]    Compiling const-oid v0.9.2
[INFO] [stderr]    Compiling time-core v0.1.0
[INFO] [stderr]    Compiling digest v0.10.6
[INFO] [stderr]    Compiling unicode-normalization v0.1.22
[INFO] [stderr]    Compiling tracing-subscriber v0.3.16
[INFO] [stderr]    Compiling time-macros v0.2.8
[INFO] [stderr]    Compiling block-buffer v0.9.0
[INFO] [stderr]    Compiling crypto-mac v0.11.1
[INFO] [stderr]    Compiling der v0.6.1
[INFO] [stderr]    Compiling form_urlencoded v1.1.0
[INFO] [stderr]    Compiling hmac v0.12.1
[INFO] [stderr]    Compiling hash32 v0.2.1
[INFO] [stderr]    Compiling http-body v0.4.5
[INFO] [stderr]    Compiling hkdf v0.12.3
[INFO] [stderr]    Compiling backtrace v0.3.67
[INFO] [stderr]    Compiling core2 v0.4.0
[INFO] [stderr]    Compiling async-channel v1.8.0
[INFO] [stderr]    Compiling spin v0.9.6
[INFO] [stderr]    Compiling rand_core v0.5.1
[INFO] [stderr]    Compiling rayon-core v1.11.0
[INFO] [stderr]    Compiling stable_deref_trait v1.2.0
[INFO] [stderr]    Compiling httpdate v1.0.2
[INFO] [stderr]    Compiling serde_json v1.0.94
[INFO] [stderr]    Compiling linux-raw-sys v0.1.4
[INFO] [stderr]    Compiling tower-service v0.3.2
[INFO] [stderr]    Compiling atomic-waker v1.1.0
[INFO] [stderr]    Compiling base16ct v0.1.1
[INFO] [stderr]    Compiling unicode-width v0.1.10
[INFO] [stderr]    Compiling opaque-debug v0.3.0
[INFO] [stderr]    Compiling adler v1.0.2
[INFO] [stderr]    Compiling hex v0.4.3
[INFO] [stderr]    Compiling thiserror v1.0.39
[INFO] [stderr]    Compiling unicode-bidi v0.3.11
[INFO] [stderr]    Compiling eyre v0.6.8
[INFO] [stderr]    Compiling cpufeatures v0.2.5
[INFO] [stderr]    Compiling ryu v1.0.13
[INFO] [stderr]    Compiling gimli v0.27.2
[INFO] [stderr]    Compiling portable-atomic v0.3.19
[INFO] [stderr]    Compiling sha2 v0.9.9
[INFO] [stderr]    Compiling miniz_oxide v0.6.2
[INFO] [stderr]    Compiling blocking v1.3.0
[INFO] [stderr]    Compiling time v0.3.20
[INFO] [stderr]    Compiling rand_chacha v0.2.2
[INFO] [stderr]    Compiling uint-zigzag v0.2.1
[INFO] [stderr]    Compiling ff v0.12.1
[INFO] [stderr]    Compiling ff v0.13.0
[INFO] [stderr]    Compiling group v0.12.1
[INFO] [stderr]    Compiling group v0.13.0
[INFO] [stderr]    Compiling crossbeam-deque v0.8.3
[INFO] [stderr]    Compiling hmac v0.11.0
[INFO] [stderr]    Compiling pairing v0.22.0
[INFO] [stderr]    Compiling idna v0.3.0
[INFO] [stderr]    Compiling async-executor v1.5.0
[INFO] [stderr]    Compiling rand_chacha v0.3.1
[INFO] [stderr]    Compiling object v0.30.3
[INFO] [stderr]    Compiling crossbeam-channel v0.5.7
[INFO] [stderr]    Compiling indenter v0.3.3
[INFO] [stderr]    Compiling tracing-error v0.2.0
[INFO] [stderr]    Compiling unicode-segmentation v1.10.1
[INFO] [stderr]    Compiling os_str_bytes v6.4.1
[INFO] [stderr]    Compiling rustc-demangle v0.1.21
[INFO] [stderr]    Compiling heck v0.4.1
[INFO] [stderr]    Compiling owo-colors v3.5.0
[INFO] [stderr]    Compiling url v2.3.1
[INFO] [stderr]    Compiling clap_lex v0.3.2
[INFO] [stderr]    Compiling pairing v0.23.0
[INFO] [stderr]    Compiling hkdf v0.11.0
[INFO] [stderr]    Compiling newline-converter v0.2.2
[INFO] [stderr]    Compiling console v0.15.5
[INFO] [stderr]    Compiling encoding_rs v0.8.32
[INFO] [stderr]    Compiling number_prefix v0.4.0
[INFO] [stderr]    Compiling either v1.8.1
[INFO] [stderr]    Compiling mime v0.3.16
[INFO] [stderr]    Compiling strsim v0.10.0
[INFO] [stderr]    Compiling arrayref v0.3.6
[INFO] [stderr]    Compiling base64 v0.21.0
[INFO] [stderr]    Compiling dyn-clone v1.0.11
[INFO] [stderr]    Compiling ipnet v2.7.1
[INFO] [stderr]    Compiling termcolor v1.2.0
[INFO] [stderr]    Compiling indicatif v0.17.3
[INFO] [stderr]    Compiling bls12_381 v0.8.0
[INFO] [stderr]    Compiling is-terminal v0.4.4
[INFO] [stderr]    Compiling rayon v1.7.0
[INFO] [stderr]    Compiling color-spantrace v0.2.0
[INFO] [stderr]    Compiling synstructure v0.12.6
[INFO] [stderr]    Compiling ctor v0.1.26
[INFO] [stderr]    Compiling tokio-macros v1.8.2
[INFO] [stderr]    Compiling zeroize_derive v1.3.3
[INFO] [stderr]    Compiling openssl-macros v0.1.0
[INFO] [stderr]    Compiling thiserror-impl v1.0.39
[INFO] [stderr]    Compiling clap_derive v4.1.8
[INFO] [stderr]    Compiling addr2line v0.19.0
[INFO] [stderr]    Compiling zeroize v1.5.7
[INFO] [stderr]    Compiling crypto-bigint v0.4.9
[INFO] [stderr]    Compiling color-eyre v0.6.2
[INFO] [stderr]    Compiling clap v4.1.8
[INFO] [stderr]    Compiling mio v0.8.6
[INFO] [stderr]    Compiling want v0.3.0
[INFO] [stderr]    Compiling kv-log-macro v1.0.7
[INFO] [stderr]    Compiling elliptic-curve v0.12.3
[INFO] [stderr]    Compiling signal-hook-mio v0.2.3
[INFO] [stderr]    Compiling crossterm v0.25.0
[INFO] [stderr]    Compiling async-global-executor v2.3.1
[INFO] [stderr]    Compiling inquire v0.6.0
[INFO] [stderr]    Compiling async-std v1.12.0
[INFO] [stderr]    Compiling tokio-util v0.7.7
[INFO] [stderr]    Compiling tokio-native-tls v0.3.1
[INFO] [stderr]    Compiling serde-big-array v0.4.1
[INFO] [stderr]    Compiling iso8601-timestamp v0.2.10
[INFO] [stderr]    Compiling bls12_381_plus v0.5.5
[INFO] [stderr]    Compiling serde_urlencoded v0.7.1
[INFO] [stderr]    Compiling vsss-rs v2.7.0
[INFO] [stderr]    Compiling h2 v0.3.16
[INFO] [stderr]    Compiling blsful v1.1.1
[INFO] [stderr]    Compiling hyper v0.14.24
[INFO] [stderr]    Compiling hyper-tls v0.5.0
[INFO] [stderr]    Compiling reqwest v0.11.14
[INFO] [stderr]    Compiling majlis-kzg v0.1.0 (/opt/rustwide/workdir)
[INFO] [stdout] warning: unused import: `ProgressFinish`
[INFO] [stdout]  --> src/prompt.rs:2:30
[INFO] [stdout]   |
[INFO] [stdout] 2 | use indicatif::{ProgressBar, ProgressFinish};
[INFO] [stdout]   |                              ^^^^^^^^^^^^^^
[INFO] [stdout]   |
[INFO] [stdout]   = note: `#[warn(unused_imports)]` on by default
[INFO] [stdout] 
[INFO] [stdout] 
[INFO] [stdout] warning: function `generate_random_scalar` is never used
[INFO] [stdout]   --> src/contribution/mod.rs:14:8
[INFO] [stdout]    |
[INFO] [stdout] 14 | pub fn generate_random_scalar() -> Scalar {
[INFO] [stdout]    |        ^^^^^^^^^^^^^^^^^^^^^^
[INFO] [stdout]    |
[INFO] [stdout]    = note: `#[warn(dead_code)]` on by default
[INFO] [stdout] 
[INFO] [stdout] 
[INFO] [stdout] warning: function `subgroup_checks` is never used
[INFO] [stdout]   --> src/contribution/mod.rs:25:8
[INFO] [stdout]    |
[INFO] [stdout] 25 | pub fn subgroup_checks(batch_contribution: BatchContribution) -> bool {
[INFO] [stdout]    |        ^^^^^^^^^^^^^^^
[INFO] [stdout] 
[INFO] [stdout] 
[INFO] [stdout] warning: function `update_batch` is never used
[INFO] [stdout]   --> src/contribution/mod.rs:49:8
[INFO] [stdout]    |
[INFO] [stdout] 49 | pub fn update_batch(batch_contribution: &mut BatchContribution) {
[INFO] [stdout]    |        ^^^^^^^^^^^^
[INFO] [stdout] 
[INFO] [stdout] 
[INFO] [stdout] warning: function `update_powers_of_tau` is never used
[INFO] [stdout]   --> src/contribution/mod.rs:66:4
[INFO] [stdout]    |
[INFO] [stdout] 66 | fn update_powers_of_tau(mut contribution: Contribution, x: Scalar) -> Contribution {
[INFO] [stdout]    |    ^^^^^^^^^^^^^^^^^^^^
[INFO] [stdout] 
[INFO] [stdout] 
[INFO] [stdout] warning: function `update_witness` is never used
[INFO] [stdout]   --> src/contribution/mod.rs:91:8
[INFO] [stdout]    |
[INFO] [stdout] 91 | pub fn update_witness(contribution: &mut Contribution, x: Scalar) {
[INFO] [stdout]    |        ^^^^^^^^^^^^^^
[INFO] [stdout] 
[INFO] [stdout] 
[INFO] [stdout] warning: function `eth_address_to_identity` is never used
[INFO] [stdout]  --> src/contribution/identity.rs:4:8
[INFO] [stdout]   |
[INFO] [stdout] 4 | pub fn eth_address_to_identity<T: AsRef<str>>(eth_address: T) -> Result<String> {
[INFO] [stdout]   |        ^^^^^^^^^^^^^^^^^^^^^^^
[INFO] [stdout] 
[INFO] [stdout] 
[INFO] [stdout] warning: function `get_github_id` is never used
[INFO] [stdout]   --> src/contribution/identity.rs:18:10
[INFO] [stdout]    |
[INFO] [stdout] 18 | async fn get_github_id<T: AsRef<str>>(github_handle: T) -> Result<u64> {
[INFO] [stdout]    |          ^^^^^^^^^^^^^
[INFO] [stdout] 
[INFO] [stdout] 
[INFO] [stdout] warning: function `github_handle_to_identity` is never used
[INFO] [stdout]   --> src/contribution/identity.rs:37:14
[INFO] [stdout]    |
[INFO] [stdout] 37 | pub async fn github_handle_to_identity<T: AsRef<str>>(github_handle: T) -> Result<String> {
[INFO] [stdout]    |              ^^^^^^^^^^^^^^^^^^^^^^^^^
[INFO] [stdout] 
[INFO] [stdout] 
[INFO] [stdout] warning: function `sign_identity` is never used
[INFO] [stdout]   --> src/contribution/signing.rs:14:14
[INFO] [stdout]    |
[INFO] [stdout] 14 | pub async fn sign_identity<T: AsRef<str>>(x: Scalar, identity: T) -> Result<Signature> {
[INFO] [stdout]    |              ^^^^^^^^^^^^^
[INFO] [stdout] 
[INFO] [stdout] 
[INFO] [stdout] warning: function `g1_point_from_compressed` is never used
[INFO] [stdout]  --> src/contribution/utils.rs:4:8
[INFO] [stdout]   |
[INFO] [stdout] 4 | pub fn g1_point_from_compressed(compressed_g1_point: &[u8]) -> Option<G1Affine> {
[INFO] [stdout]   |        ^^^^^^^^^^^^^^^^^^^^^^^^
[INFO] [stdout] 
[INFO] [stdout] 
[INFO] [stdout] warning: function `g2_point_from_compressed` is never used
[INFO] [stdout]  --> src/contribution/utils.rs:9:8
[INFO] [stdout]   |
[INFO] [stdout] 9 | pub fn g2_point_from_compressed(compressed_g2_point: &[u8]) -> Option<G2Affine> {
[INFO] [stdout]   |        ^^^^^^^^^^^^^^^^^^^^^^^^
[INFO] [stdout] 
[INFO] [stdout] 
[INFO] [stdout] warning: function `bytes_from_hex_str` is never used
[INFO] [stdout]   --> src/contribution/utils.rs:14:8
[INFO] [stdout]    |
[INFO] [stdout] 14 | pub fn bytes_from_hex_str(hex: &str) -> Vec<u8> {
[INFO] [stdout]    |        ^^^^^^^^^^^^^^^^^^
[INFO] [stdout] 
[INFO] [stdout] 
[INFO] [stdout] warning: methods `current_state`, `contribute`, and `abort_contribution` are never used
[INFO] [stdout]    --> src/sequencer/mod.rs:50:18
[INFO] [stdout]     |
[INFO] [stdout] 36  | impl SequencerClient {
[INFO] [stdout]     | -------------------- methods in this implementation
[INFO] [stdout] ...
[INFO] [stdout] 50  |     pub async fn current_state(&self) -> Result<BatchTranscript, String> {
[INFO] [stdout]     |                  ^^^^^^^^^^^^^
[INFO] [stdout] ...
[INFO] [stdout] 87  |     pub async fn contribute<T: AsRef<str>>(
[INFO] [stdout]     |                  ^^^^^^^^^^
[INFO] [stdout] ...
[INFO] [stdout] 108 |     pub async fn abort_contribution<T: AsRef<str>>(
[INFO] [stdout]     |                  ^^^^^^^^^^^^^^^^^^
[INFO] [stdout] 
[INFO] [stdout] 
[INFO] [stderr]     Finished `dev` profile [unoptimized + debuginfo] target(s) in 1m 25s
[INFO] running `Command { std: "docker" "inspect" "57890ba5de3393111d2fc8156e67a31be8dc81c097a9977eec7e08b3c5604838", kill_on_drop: false }`
[INFO] running `Command { std: "docker" "rm" "-f" "57890ba5de3393111d2fc8156e67a31be8dc81c097a9977eec7e08b3c5604838", kill_on_drop: false }`
[INFO] [stdout] 57890ba5de3393111d2fc8156e67a31be8dc81c097a9977eec7e08b3c5604838
[INFO] running `Command { std: "docker" "create" "-v" "/var/lib/crater-agent-workspace/builds/worker-2-tc2/target:/opt/rustwide/target:rw,Z" "-v" "/var/lib/crater-agent-workspace/builds/worker-2-tc2/source:/opt/rustwide/workdir:ro,Z" "-v" "/var/lib/crater-agent-workspace/cargo-home:/opt/rustwide/cargo-home:ro,Z" "-v" "/var/lib/crater-agent-workspace/rustup-home:/opt/rustwide/rustup-home:ro,Z" "-e" "SOURCE_DIR=/opt/rustwide/workdir" "-e" "CARGO_TARGET_DIR=/opt/rustwide/target" "-e" "CARGO_INCREMENTAL=0" "-e" "RUST_BACKTRACE=full" "-e" "RUSTFLAGS=--cap-lints=warn" "-e" "RUSTDOCFLAGS=--cap-lints=warn" "-e" "CARGO_HOME=/opt/rustwide/cargo-home" "-e" "RUSTUP_HOME=/opt/rustwide/rustup-home" "-w" "/opt/rustwide/workdir" "-m" "1610612736" "--user" "0:0" "--network" "none" "ghcr.io/rust-lang/crates-build-env/linux@sha256:f3a9d4ad9d972b27faf3965f35b62e55ba32bbce8f20bc8fe909558a86702fde" "/opt/rustwide/cargo-home/bin/cargo" "+beta-2024-12-08" "test" "--frozen" "--no-run" "--message-format=json", kill_on_drop: false }`
[INFO] [stdout] d13589910496b4b7d80ea03ee683446031f2a1a150a2492ab55312010491ed6d
[INFO] running `Command { std: "docker" "start" "-a" "d13589910496b4b7d80ea03ee683446031f2a1a150a2492ab55312010491ed6d", kill_on_drop: false }`
[INFO] [stderr]    Compiling majlis-kzg v0.1.0 (/opt/rustwide/workdir)
[INFO] [stdout] warning: unused import: `super::*`
[INFO] [stdout]   --> src/contribution/signing.rs:78:9
[INFO] [stdout]    |
[INFO] [stdout] 78 |     use super::*;
[INFO] [stdout]    |         ^^^^^^^^
[INFO] [stdout]    |
[INFO] [stdout]    = note: `#[warn(unused_imports)]` on by default
[INFO] [stdout] 
[INFO] [stdout] 
[INFO] [stdout] warning: unused import: `serde_json::json`
[INFO] [stdout]   --> src/contribution/signing.rs:79:9
[INFO] [stdout]    |
[INFO] [stdout] 79 |     use serde_json::json;
[INFO] [stdout]    |         ^^^^^^^^^^^^^^^^
[INFO] [stdout] 
[INFO] [stdout] 
[INFO] [stdout] warning: unused import: `std::fs`
[INFO] [stdout]   --> src/contribution/signing.rs:80:9
[INFO] [stdout]    |
[INFO] [stdout] 80 |     use std::fs;
[INFO] [stdout]    |         ^^^^^^^
[INFO] [stdout] 
[INFO] [stdout] 
[INFO] [stdout] warning: unused import: `ProgressFinish`
[INFO] [stdout]  --> src/prompt.rs:2:30
[INFO] [stdout]   |
[INFO] [stdout] 2 | use indicatif::{ProgressBar, ProgressFinish};
[INFO] [stdout]   |                              ^^^^^^^^^^^^^^
[INFO] [stdout] 
[INFO] [stdout] 
[INFO] [stdout] warning: unused variable: `compressed`
[INFO] [stdout]    --> src/contribution/mod.rs:106:13
[INFO] [stdout]     |
[INFO] [stdout] 106 |         let compressed = hex::encode(point.to_compressed());
[INFO] [stdout]     |             ^^^^^^^^^^ help: if this is intentional, prefix it with an underscore: `_compressed`
[INFO] [stdout]     |
[INFO] [stdout]     = note: `#[warn(unused_variables)]` on by default
[INFO] [stdout] 
[INFO] [stdout] 
[INFO] [stdout] warning: function `update_batch` is never used
[INFO] [stdout]   --> src/contribution/mod.rs:49:8
[INFO] [stdout]    |
[INFO] [stdout] 49 | pub fn update_batch(batch_contribution: &mut BatchContribution) {
[INFO] [stdout]    |        ^^^^^^^^^^^^
[INFO] [stdout]    |
[INFO] [stdout]    = note: `#[warn(dead_code)]` on by default
[INFO] [stdout] 
[INFO] [stdout] 
[INFO] [stdout] warning: function `update_witness` is never used
[INFO] [stdout]   --> src/contribution/mod.rs:91:8
[INFO] [stdout]    |
[INFO] [stdout] 91 | pub fn update_witness(contribution: &mut Contribution, x: Scalar) {
[INFO] [stdout]    |        ^^^^^^^^^^^^^^
[INFO] [stdout] 
[INFO] [stdout] 
[INFO] [stdout] warning: function `sign_identity` is never used
[INFO] [stdout]   --> src/contribution/signing.rs:14:14
[INFO] [stdout]    |
[INFO] [stdout] 14 | pub async fn sign_identity<T: AsRef<str>>(x: Scalar, identity: T) -> Result<Signature> {
[INFO] [stdout]    |              ^^^^^^^^^^^^^
[INFO] [stdout] 
[INFO] [stdout] 
[INFO] [stdout] warning: methods `current_state`, `contribute`, and `abort_contribution` are never used
[INFO] [stdout]    --> src/sequencer/mod.rs:50:18
[INFO] [stdout]     |
[INFO] [stdout] 36  | impl SequencerClient {
[INFO] [stdout]     | -------------------- methods in this implementation
[INFO] [stdout] ...
[INFO] [stdout] 50  |     pub async fn current_state(&self) -> Result<BatchTranscript, String> {
[INFO] [stdout]     |                  ^^^^^^^^^^^^^
[INFO] [stdout] ...
[INFO] [stdout] 87  |     pub async fn contribute<T: AsRef<str>>(
[INFO] [stdout]     |                  ^^^^^^^^^^
[INFO] [stdout] ...
[INFO] [stdout] 108 |     pub async fn abort_contribution<T: AsRef<str>>(
[INFO] [stdout]     |                  ^^^^^^^^^^^^^^^^^^
[INFO] [stdout] 
[INFO] [stdout] 
[INFO] [stderr]     Finished `test` profile [unoptimized + debuginfo] target(s) in 6.13s
[INFO] running `Command { std: "docker" "inspect" "d13589910496b4b7d80ea03ee683446031f2a1a150a2492ab55312010491ed6d", kill_on_drop: false }`
[INFO] running `Command { std: "docker" "rm" "-f" "d13589910496b4b7d80ea03ee683446031f2a1a150a2492ab55312010491ed6d", kill_on_drop: false }`
[INFO] [stdout] d13589910496b4b7d80ea03ee683446031f2a1a150a2492ab55312010491ed6d
[INFO] running `Command { std: "docker" "create" "-v" "/var/lib/crater-agent-workspace/builds/worker-2-tc2/target:/opt/rustwide/target:rw,Z" "-v" "/var/lib/crater-agent-workspace/builds/worker-2-tc2/source:/opt/rustwide/workdir:ro,Z" "-v" "/var/lib/crater-agent-workspace/cargo-home:/opt/rustwide/cargo-home:ro,Z" "-v" "/var/lib/crater-agent-workspace/rustup-home:/opt/rustwide/rustup-home:ro,Z" "-e" "SOURCE_DIR=/opt/rustwide/workdir" "-e" "CARGO_TARGET_DIR=/opt/rustwide/target" "-e" "CARGO_INCREMENTAL=0" "-e" "RUST_BACKTRACE=full" "-e" "RUSTFLAGS=--cap-lints=warn" "-e" "RUSTDOCFLAGS=--cap-lints=warn" "-e" "CARGO_HOME=/opt/rustwide/cargo-home" "-e" "RUSTUP_HOME=/opt/rustwide/rustup-home" "-w" "/opt/rustwide/workdir" "-m" "1610612736" "--user" "0:0" "--network" "none" "ghcr.io/rust-lang/crates-build-env/linux@sha256:f3a9d4ad9d972b27faf3965f35b62e55ba32bbce8f20bc8fe909558a86702fde" "/opt/rustwide/cargo-home/bin/cargo" "+beta-2024-12-08" "test" "--frozen", kill_on_drop: false }`
[INFO] [stdout] 75dcbf2603153fb1091b4868cf832cc4d4de184f862a12849ab7d424839edd4b
[INFO] running `Command { std: "docker" "start" "-a" "75dcbf2603153fb1091b4868cf832cc4d4de184f862a12849ab7d424839edd4b", kill_on_drop: false }`
[INFO] [stderr] warning: unused import: `super::*`
[INFO] [stderr]   --> src/contribution/signing.rs:78:9
[INFO] [stderr]    |
[INFO] [stderr] 78 |     use super::*;
[INFO] [stderr]    |         ^^^^^^^^
[INFO] [stderr]    |
[INFO] [stderr]    = note: `#[warn(unused_imports)]` on by default
[INFO] [stderr] 
[INFO] [stderr] warning: unused import: `serde_json::json`
[INFO] [stderr]   --> src/contribution/signing.rs:79:9
[INFO] [stderr]    |
[INFO] [stderr] 79 |     use serde_json::json;
[INFO] [stderr]    |         ^^^^^^^^^^^^^^^^
[INFO] [stderr] 
[INFO] [stderr] warning: unused import: `std::fs`
[INFO] [stderr]   --> src/contribution/signing.rs:80:9
[INFO] [stderr]    |
[INFO] [stderr] 80 |     use std::fs;
[INFO] [stderr]    |         ^^^^^^^
[INFO] [stderr] 
[INFO] [stderr] warning: unused import: `ProgressFinish`
[INFO] [stderr]  --> src/prompt.rs:2:30
[INFO] [stderr]   |
[INFO] [stderr] 2 | use indicatif::{ProgressBar, ProgressFinish};
[INFO] [stderr]   |                              ^^^^^^^^^^^^^^
[INFO] [stderr] 
[INFO] [stderr] warning: unused variable: `compressed`
[INFO] [stderr]    --> src/contribution/mod.rs:106:13
[INFO] [stderr]     |
[INFO] [stderr] 106 |         let compressed = hex::encode(point.to_compressed());
[INFO] [stderr]     |             ^^^^^^^^^^ help: if this is intentional, prefix it with an underscore: `_compressed`
[INFO] [stderr]     |
[INFO] [stderr]     = note: `#[warn(unused_variables)]` on by default
[INFO] [stderr] 
[INFO] [stderr] warning: function `update_batch` is never used
[INFO] [stderr]   --> src/contribution/mod.rs:49:8
[INFO] [stderr]    |
[INFO] [stderr] 49 | pub fn update_batch(batch_contribution: &mut BatchContribution) {
[INFO] [stderr]    |        ^^^^^^^^^^^^
[INFO] [stderr]    |
[INFO] [stderr]    = note: `#[warn(dead_code)]` on by default
[INFO] [stderr] 
[INFO] [stderr] warning: function `update_witness` is never used
[INFO] [stderr]   --> src/contribution/mod.rs:91:8
[INFO] [stderr]    |
[INFO] [stderr] 91 | pub fn update_witness(contribution: &mut Contribution, x: Scalar) {
[INFO] [stderr]    |        ^^^^^^^^^^^^^^
[INFO] [stderr] 
[INFO] [stderr] warning: function `sign_identity` is never used
[INFO] [stderr]   --> src/contribution/signing.rs:14:14
[INFO] [stderr]    |
[INFO] [stderr] 14 | pub async fn sign_identity<T: AsRef<str>>(x: Scalar, identity: T) -> Result<Signature> {
[INFO] [stderr]    |              ^^^^^^^^^^^^^
[INFO] [stderr] 
[INFO] [stderr] warning: methods `current_state`, `contribute`, and `abort_contribution` are never used
[INFO] [stderr]    --> src/sequencer/mod.rs:50:18
[INFO] [stderr]     |
[INFO] [stderr] 36  | impl SequencerClient {
[INFO] [stderr]     | -------------------- methods in this implementation
[INFO] [stderr] ...
[INFO] [stderr] 50  |     pub async fn current_state(&self) -> Result<BatchTranscript, String> {
[INFO] [stderr]     |                  ^^^^^^^^^^^^^
[INFO] [stderr] ...
[INFO] [stderr] 87  |     pub async fn contribute<T: AsRef<str>>(
[INFO] [stderr]     |                  ^^^^^^^^^^
[INFO] [stderr] ...
[INFO] [stderr] 108 |     pub async fn abort_contribution<T: AsRef<str>>(
[INFO] [stderr]     |                  ^^^^^^^^^^^^^^^^^^
[INFO] [stderr] 
[INFO] [stderr] warning: `majlis-kzg` (bin "majlis-kzg" test) generated 9 warnings (run `cargo fix --bin "majlis-kzg" --tests` to apply 4 suggestions)
[INFO] [stderr]     Finished `test` profile [unoptimized + debuginfo] target(s) in 0.31s
[INFO] [stderr]      Running unittests src/main.rs (/opt/rustwide/target/debug/deps/majlis_kzg-f3fa22520c004a9b)
[INFO] [stdout] 
[INFO] [stdout] running 8 tests
[INFO] [stdout] test contribution::identity::tests::create_identity_from_eth_address ... ok
[INFO] [stdout] test contribution::tests::check_subgroup_contribution_file ... ignored
[INFO] [stdout] test contribution::tests::generate_g1point_from_random_key ... ignored
[INFO] [stdout] test contribution::tests::update_powers_of_tau ... ignored
[INFO] [stdout] test sequencer::types::tests::test_deserialize ... ok
[INFO] [stdout] test sequencer::tests::test_deserialize_error ... ok
[INFO] [stdout] test contribution::identity::tests::create_identity_from_github_handle_without_prefix ... ok
[INFO] [stdout] test contribution::identity::tests::create_identity_from_github_handle ... FAILED
[INFO] [stdout] 
[INFO] [stdout] failures:
[INFO] [stdout] 
[INFO] [stdout] ---- contribution::identity::tests::create_identity_from_github_handle stdout ----
[INFO] [stdout] thread 'contribution::identity::tests::create_identity_from_github_handle' panicked at src/contribution/identity.rs:64:60:
[INFO] [stdout] called `Result::unwrap()` on an `Err` value: error sending request for url (https://api.github.com/users/kariy): error trying to connect: dns error: failed to lookup address information: Temporary failure in name resolution
[INFO] [stdout] 
[INFO] [stdout] Caused by:
[INFO] [stdout]    0: error trying to connect: dns error: failed to lookup address information: Temporary failure in name resolution
[INFO] [stdout]    1: dns error: failed to lookup address information: Temporary failure in name resolution
[INFO] [stdout]    2: failed to lookup address information: Temporary failure in name resolution
[INFO] [stdout] 
[INFO] [stdout] Location:
[INFO] [stdout]     src/contribution/identity.rs:24:15
[INFO] [stdout] stack backtrace:
[INFO] [stdout]    0:     0x637b13b005aa - std::backtrace_rs::backtrace::libunwind::trace::h8810477743020387
[INFO] [stdout]                                at /rustc/202008a1b8de96d2e5b6bc02d379db03a877d34d/library/std/src/../../backtrace/src/backtrace/libunwind.rs:116:5
[INFO] [stdout]    1:     0x637b13b005aa - std::backtrace_rs::backtrace::trace_unsynchronized::h3aa55355dd6c54a6
[INFO] [stdout]                                at /rustc/202008a1b8de96d2e5b6bc02d379db03a877d34d/library/std/src/../../backtrace/src/backtrace/mod.rs:66:5
[INFO] [stdout]    2:     0x637b13b005aa - std::sys::backtrace::_print_fmt::h8588b0f62410823f
[INFO] [stdout]                                at /rustc/202008a1b8de96d2e5b6bc02d379db03a877d34d/library/std/src/sys/backtrace.rs:66:9
[INFO] [stdout]    3:     0x637b13b005aa - <std::sys::backtrace::BacktraceLock::print::DisplayBacktrace as core::fmt::Display>::fmt::h98c26ac25ffe89bb
[INFO] [stdout]                                at /rustc/202008a1b8de96d2e5b6bc02d379db03a877d34d/library/std/src/sys/backtrace.rs:39:26
[INFO] [stdout]    4:     0x637b13b29b43 - core::fmt::rt::Argument::fmt::hf95377f4aebd453b
[INFO] [stdout]                                at /rustc/202008a1b8de96d2e5b6bc02d379db03a877d34d/library/core/src/fmt/rt.rs:177:76
[INFO] [stdout]    5:     0x637b13b29b43 - core::fmt::write::h0dd5f6e2238c7982
[INFO] [stdout]                                at /rustc/202008a1b8de96d2e5b6bc02d379db03a877d34d/library/core/src/fmt/mod.rs:1189:21
[INFO] [stdout]    6:     0x637b13afcba3 - std::io::Write::write_fmt::h03bb0ca26e6faf8c
[INFO] [stdout]                                at /rustc/202008a1b8de96d2e5b6bc02d379db03a877d34d/library/std/src/io/mod.rs:1884:15
[INFO] [stdout]    7:     0x637b13b003f2 - std::sys::backtrace::BacktraceLock::print::h5c19c1c038ee186d
[INFO] [stdout]                                at /rustc/202008a1b8de96d2e5b6bc02d379db03a877d34d/library/std/src/sys/backtrace.rs:42:9
[INFO] [stdout]    8:     0x637b13b01a2d - std::panicking::default_hook::{{closure}}::h77172f079a1fcb13
[INFO] [stdout]                                at /rustc/202008a1b8de96d2e5b6bc02d379db03a877d34d/library/std/src/panicking.rs:268:22
[INFO] [stdout]    9:     0x637b13b01837 - std::panicking::default_hook::he5f8e3b203ccddba
[INFO] [stdout]                                at /rustc/202008a1b8de96d2e5b6bc02d379db03a877d34d/library/std/src/panicking.rs:292:9
[INFO] [stdout]   10:     0x637b13614767 - <alloc::boxed::Box<F,A> as core::ops::function::Fn<Args>>::call::h7a3c7b4a1ae77f2f
[INFO] [stdout]                                at /rustc/202008a1b8de96d2e5b6bc02d379db03a877d34d/library/alloc/src/boxed.rs:1986:9
[INFO] [stdout]   11:     0x637b13614767 - test::test_main::{{closure}}::hf0d3b69ae9b353d1
[INFO] [stdout]                                at /rustc/202008a1b8de96d2e5b6bc02d379db03a877d34d/library/test/src/lib.rs:134:21
[INFO] [stdout]   12:     0x637b13b020d8 - <alloc::boxed::Box<F,A> as core::ops::function::Fn<Args>>::call::h6332e82e7b189abd
[INFO] [stdout]                                at /rustc/202008a1b8de96d2e5b6bc02d379db03a877d34d/library/alloc/src/boxed.rs:1986:9
[INFO] [stdout]   13:     0x637b13b020d8 - std::panicking::rust_panic_with_hook::h53863d4e9018df39
[INFO] [stdout]                                at /rustc/202008a1b8de96d2e5b6bc02d379db03a877d34d/library/std/src/panicking.rs:809:13
[INFO] [stdout]   14:     0x637b13b01e9a - std::panicking::begin_panic_handler::{{closure}}::h67280e6fa0757873
[INFO] [stdout]                                at /rustc/202008a1b8de96d2e5b6bc02d379db03a877d34d/library/std/src/panicking.rs:674:13
[INFO] [stdout]   15:     0x637b13b00a89 - std::sys::backtrace::__rust_end_short_backtrace::h1dac3f54d6fbbeb2
[INFO] [stdout]                                at /rustc/202008a1b8de96d2e5b6bc02d379db03a877d34d/library/std/src/sys/backtrace.rs:170:18
[INFO] [stdout]   16:     0x637b13b01b2c - rust_begin_unwind
[INFO] [stdout]                                at /rustc/202008a1b8de96d2e5b6bc02d379db03a877d34d/library/std/src/panicking.rs:665:5
[INFO] [stdout]   17:     0x637b135992f0 - core::panicking::panic_fmt::h6792bd1b2bf01041
[INFO] [stdout]                                at /rustc/202008a1b8de96d2e5b6bc02d379db03a877d34d/library/core/src/panicking.rs:76:14
[INFO] [stdout]   18:     0x637b13599776 - core::result::unwrap_failed::h05e0602ed34287c5
[INFO] [stdout]                                at /rustc/202008a1b8de96d2e5b6bc02d379db03a877d34d/library/core/src/result.rs:1699:5
[INFO] [stdout]   19:     0x637b135cf8f5 - core::result::Result<T,E>::unwrap::h51b11bd740d73d6a
[INFO] [stdout]                                at /rustc/202008a1b8de96d2e5b6bc02d379db03a877d34d/library/core/src/result.rs:1104:23
[INFO] [stdout]   20:     0x637b135cf8f5 - majlis_kzg::contribution::identity::tests::create_identity_from_github_handle::{{closure}}::he13270a6bf0d7a5b
[INFO] [stdout]                                at /opt/rustwide/workdir/src/contribution/identity.rs:64:20
[INFO] [stdout]   21:     0x637b135c24e2 - <core::pin::Pin<P> as core::future::future::Future>::poll::hb1e92e728c1b8acb
[INFO] [stdout]                                at /rustc/202008a1b8de96d2e5b6bc02d379db03a877d34d/library/core/src/future/future.rs:124:9
[INFO] [stdout]   22:     0x637b135c251d - <core::pin::Pin<P> as core::future::future::Future>::poll::hf243b7ec705ac044
[INFO] [stdout]                                at /rustc/202008a1b8de96d2e5b6bc02d379db03a877d34d/library/core/src/future/future.rs:124:9
[INFO] [stdout]   23:     0x637b135b0a4f - tokio::runtime::scheduler::current_thread::CoreGuard::block_on::{{closure}}::{{closure}}::{{closure}}::h46bf80af386108d7
[INFO] [stdout]                                at /opt/rustwide/cargo-home/registry/src/index.crates.io-6f17d22bba15001f/tokio-1.26.0/src/runtime/scheduler/current_thread.rs:541:57
[INFO] [stdout]   24:     0x637b135b0955 - tokio::runtime::coop::with_budget::h78e3b7df23849aca
[INFO] [stdout]                                at /opt/rustwide/cargo-home/registry/src/index.crates.io-6f17d22bba15001f/tokio-1.26.0/src/runtime/coop.rs:107:5
[INFO] [stdout]   25:     0x637b135b0955 - tokio::runtime::coop::budget::h83561c86de0a1654
[INFO] [stdout]                                at /opt/rustwide/cargo-home/registry/src/index.crates.io-6f17d22bba15001f/tokio-1.26.0/src/runtime/coop.rs:73:5
[INFO] [stdout]   26:     0x637b135b0955 - tokio::runtime::scheduler::current_thread::CoreGuard::block_on::{{closure}}::{{closure}}::h2bd9c6f29475f664
[INFO] [stdout]                                at /opt/rustwide/cargo-home/registry/src/index.crates.io-6f17d22bba15001f/tokio-1.26.0/src/runtime/scheduler/current_thread.rs:541:25
[INFO] [stdout]   27:     0x637b135af5c0 - tokio::runtime::scheduler::current_thread::Context::enter::hdc92d155bb01d94b
[INFO] [stdout]                                at /opt/rustwide/cargo-home/registry/src/index.crates.io-6f17d22bba15001f/tokio-1.26.0/src/runtime/scheduler/current_thread.rs:350:19
[INFO] [stdout]   28:     0x637b135b0002 - tokio::runtime::scheduler::current_thread::CoreGuard::block_on::{{closure}}::h54b93518df88a7d9
[INFO] [stdout]                                at /opt/rustwide/cargo-home/registry/src/index.crates.io-6f17d22bba15001f/tokio-1.26.0/src/runtime/scheduler/current_thread.rs:540:36
[INFO] [stdout]   29:     0x637b135afd84 - tokio::runtime::scheduler::current_thread::CoreGuard::enter::{{closure}}::hfe9cfb5a983af2e7
[INFO] [stdout]                                at /opt/rustwide/cargo-home/registry/src/index.crates.io-6f17d22bba15001f/tokio-1.26.0/src/runtime/scheduler/current_thread.rs:615:57
[INFO] [stdout]   30:     0x637b135ae283 - tokio::macros::scoped_tls::ScopedKey<T>::set::he071bbc7a5fee292
[INFO] [stdout]                                at /opt/rustwide/cargo-home/registry/src/index.crates.io-6f17d22bba15001f/tokio-1.26.0/src/macros/scoped_tls.rs:61:9
[INFO] [stdout]   31:     0x637b135afb2f - tokio::runtime::scheduler::current_thread::CoreGuard::enter::h6e00dc1fcf88061c
[INFO] [stdout]                                at /opt/rustwide/cargo-home/registry/src/index.crates.io-6f17d22bba15001f/tokio-1.26.0/src/runtime/scheduler/current_thread.rs:615:27
[INFO] [stdout]   32:     0x637b135afda2 - tokio::runtime::scheduler::current_thread::CoreGuard::block_on::h332916521a4a3a04
[INFO] [stdout]                                at /opt/rustwide/cargo-home/registry/src/index.crates.io-6f17d22bba15001f/tokio-1.26.0/src/runtime/scheduler/current_thread.rs:530:19
[INFO] [stdout]   33:     0x637b135aede1 - tokio::runtime::scheduler::current_thread::CurrentThread::block_on::h8ca1a967bbcc737c
[INFO] [stdout]                                at /opt/rustwide/cargo-home/registry/src/index.crates.io-6f17d22bba15001f/tokio-1.26.0/src/runtime/scheduler/current_thread.rs:154:24
[INFO] [stdout]   34:     0x637b135c23dd - tokio::runtime::runtime::Runtime::block_on::hf38c5457b793fe4c
[INFO] [stdout]                                at /opt/rustwide/cargo-home/registry/src/index.crates.io-6f17d22bba15001f/tokio-1.26.0/src/runtime/runtime.rs:302:47
[INFO] [stdout]   35:     0x637b135cf611 - majlis_kzg::contribution::identity::tests::create_identity_from_github_handle::ha01853456dbc53a7
[INFO] [stdout]                                at /opt/rustwide/workdir/src/contribution/identity.rs:65:9
[INFO] [stdout]   36:     0x637b135cf4b7 - majlis_kzg::contribution::identity::tests::create_identity_from_github_handle::{{closure}}::hd90a28600ec305c7
[INFO] [stdout]                                at /opt/rustwide/workdir/src/contribution/identity.rs:62:50
[INFO] [stdout]   37:     0x637b135b7e76 - core::ops::function::FnOnce::call_once::he192e470961dde2f
[INFO] [stdout]                                at /rustc/202008a1b8de96d2e5b6bc02d379db03a877d34d/library/core/src/ops/function.rs:250:5
[INFO] [stdout]   38:     0x637b1361928b - core::ops::function::FnOnce::call_once::h871bf86719ec9aa4
[INFO] [stdout]                                at /rustc/202008a1b8de96d2e5b6bc02d379db03a877d34d/library/core/src/ops/function.rs:250:5
[INFO] [stdout]   39:     0x637b1361928b - test::__rust_begin_short_backtrace::h2167df1e2b7d76fd
[INFO] [stdout]                                at /rustc/202008a1b8de96d2e5b6bc02d379db03a877d34d/library/test/src/lib.rs:632:18
[INFO] [stdout]   40:     0x637b13618c78 - test::run_test_in_process::{{closure}}::h15d92f75a3adfb79
[INFO] [stdout]                                at /rustc/202008a1b8de96d2e5b6bc02d379db03a877d34d/library/test/src/lib.rs:655:60
[INFO] [stdout]   41:     0x637b13618c78 - <core::panic::unwind_safe::AssertUnwindSafe<F> as core::ops::function::FnOnce<()>>::call_once::hb6c8955835a8dbbb
[INFO] [stdout]                                at /rustc/202008a1b8de96d2e5b6bc02d379db03a877d34d/library/core/src/panic/unwind_safe.rs:272:9
[INFO] [stdout]   42:     0x637b13618c78 - std::panicking::try::do_call::hc79d0fc888a0bd30
[INFO] [stdout]                                at /rustc/202008a1b8de96d2e5b6bc02d379db03a877d34d/library/std/src/panicking.rs:557:40
[INFO] [stdout]   43:     0x637b13618c78 - std::panicking::try::hb8a7878e3a8589d6
[INFO] [stdout]                                at /rustc/202008a1b8de96d2e5b6bc02d379db03a877d34d/library/std/src/panicking.rs:520:19
[INFO] [stdout]   44:     0x637b13618c78 - std::panic::catch_unwind::hb8e4600ff0ff5cfa
[INFO] [stdout]                                at /rustc/202008a1b8de96d2e5b6bc02d379db03a877d34d/library/std/src/panic.rs:358:14
[INFO] [stdout]   45:     0x637b13618c78 - test::run_test_in_process::hc2900b0b18688dd6
[INFO] [stdout]                                at /rustc/202008a1b8de96d2e5b6bc02d379db03a877d34d/library/test/src/lib.rs:655:27
[INFO] [stdout]   46:     0x637b13618c78 - test::run_test::{{closure}}::hac2a9cb07be3d48d
[INFO] [stdout]                                at /rustc/202008a1b8de96d2e5b6bc02d379db03a877d34d/library/test/src/lib.rs:576:43
[INFO] [stdout]   47:     0x637b135dc71a - test::run_test::{{closure}}::h4a5b729e66a38cd8
[INFO] [stdout]                                at /rustc/202008a1b8de96d2e5b6bc02d379db03a877d34d/library/test/src/lib.rs:606:41
[INFO] [stdout]   48:     0x637b135dc71a - std::sys::backtrace::__rust_begin_short_backtrace::h0496fb742492f573
[INFO] [stdout]                                at /rustc/202008a1b8de96d2e5b6bc02d379db03a877d34d/library/std/src/sys/backtrace.rs:154:18
[INFO] [stdout]   49:     0x637b135e0094 - std::thread::Builder::spawn_unchecked_::{{closure}}::{{closure}}::hbb6d257c550a54bd
[INFO] [stdout]                                at /rustc/202008a1b8de96d2e5b6bc02d379db03a877d34d/library/std/src/thread/mod.rs:561:17
[INFO] [stdout]   50:     0x637b135e0094 - <core::panic::unwind_safe::AssertUnwindSafe<F> as core::ops::function::FnOnce<()>>::call_once::h46696fe4a6832328
[INFO] [stdout]                                at /rustc/202008a1b8de96d2e5b6bc02d379db03a877d34d/library/core/src/panic/unwind_safe.rs:272:9
[INFO] [stdout]   51:     0x637b135e0094 - std::panicking::try::do_call::h2625a51b667bfb64
[INFO] [stdout]                                at /rustc/202008a1b8de96d2e5b6bc02d379db03a877d34d/library/std/src/panicking.rs:557:40
[INFO] [stdout]   52:     0x637b135e0094 - std::panicking::try::hb956a59a1973aa4c
[INFO] [stdout]                                at /rustc/202008a1b8de96d2e5b6bc02d379db03a877d34d/library/std/src/panicking.rs:520:19
[INFO] [stdout]   53:     0x637b135e0094 - std::panic::catch_unwind::h64f3b9d1067ef6a0
[INFO] [stdout]                                at /rustc/202008a1b8de96d2e5b6bc02d379db03a877d34d/library/std/src/panic.rs:358:14
[INFO] [stdout]   54:     0x637b135e0094 - std::thread::Builder::spawn_unchecked_::{{closure}}::h42b2841295b6c0b2
[INFO] [stdout]                                at /rustc/202008a1b8de96d2e5b6bc02d379db03a877d34d/library/std/src/thread/mod.rs:559:30
[INFO] [stdout]   55:     0x637b135e0094 - core::ops::function::FnOnce::call_once{{vtable.shim}}::h6127de71b8124639
[INFO] [stdout]                                at /rustc/202008a1b8de96d2e5b6bc02d379db03a877d34d/library/core/src/ops/function.rs:250:5
[INFO] [stdout]   56:     0x637b13b0658b - <alloc::boxed::Box<F,A> as core::ops::function::FnOnce<Args>>::call_once::h42f0ba71002a1b2c
[INFO] [stdout]                                at /rustc/202008a1b8de96d2e5b6bc02d379db03a877d34d/library/alloc/src/boxed.rs:1972:9
[INFO] [stdout]   57:     0x637b13b0658b - <alloc::boxed::Box<F,A> as core::ops::function::FnOnce<Args>>::call_once::had9e47d7a3dcecb8
[INFO] [stdout]                                at /rustc/202008a1b8de96d2e5b6bc02d379db03a877d34d/library/alloc/src/boxed.rs:1972:9
[INFO] [stdout]   58:     0x637b13b0658b - std::sys::pal::unix::thread::Thread::new::thread_start::h48cf765408f6f5f2
[INFO] [stdout]                                at /rustc/202008a1b8de96d2e5b6bc02d379db03a877d34d/library/std/src/sys/pal/unix/thread.rs:105:17
[INFO] [stdout]   59:     0x79a24bdf1ac3 - <unknown>
[INFO] [stdout]   60:     0x79a24be82a04 - clone
[INFO] [stdout]   61:                0x0 - <unknown>
[INFO] [stdout] 
[INFO] [stdout] 
[INFO] [stdout] failures:
[INFO] [stdout]     contribution::identity::tests::create_identity_from_github_handle
[INFO] [stdout] 
[INFO] [stdout] test result: FAILED. 4 passed; 1 failed; 3 ignored; 0 measured; 0 filtered out; finished in 0.16s
[INFO] [stdout] 
[INFO] [stderr] error: test failed, to rerun pass `--bin majlis-kzg`
[INFO] running `Command { std: "docker" "inspect" "75dcbf2603153fb1091b4868cf832cc4d4de184f862a12849ab7d424839edd4b", kill_on_drop: false }`
[INFO] running `Command { std: "docker" "rm" "-f" "75dcbf2603153fb1091b4868cf832cc4d4de184f862a12849ab7d424839edd4b", kill_on_drop: false }`
[INFO] [stdout] 75dcbf2603153fb1091b4868cf832cc4d4de184f862a12849ab7d424839edd4b
