[INFO] cloning repository https://github.com/kanpov/fctools
[INFO] running `Command { std: "git" "-c" "credential.helper=" "-c" "credential.helper=/workspace/cargo-home/bin/git-credential-null" "clone" "--bare" "https://github.com/kanpov/fctools" "/workspace/cache/git-repos/https%3A%2F%2Fgithub.com%2Fkanpov%2Ffctools", kill_on_drop: false }`
[INFO] [stderr] Cloning into bare repository '/workspace/cache/git-repos/https%3A%2F%2Fgithub.com%2Fkanpov%2Ffctools'...
[INFO] running `Command { std: "git" "rev-parse" "HEAD", kill_on_drop: false }`
[INFO] [stdout] b8a3f99bd1f3f6e236953e99f3fc1ab9d253f626
[INFO] testing kanpov/fctools against 1.83.0 for beta-1.84.0-4-retry
[INFO] running `Command { std: "git" "clone" "/workspace/cache/git-repos/https%3A%2F%2Fgithub.com%2Fkanpov%2Ffctools" "/workspace/builds/worker-2-tc1/source", kill_on_drop: false }`
[INFO] [stderr] Cloning into '/workspace/builds/worker-2-tc1/source'...
[INFO] [stderr] done.
[INFO] validating manifest of git repo https://github.com/kanpov/fctools on toolchain 1.83.0
[INFO] running `Command { std: CARGO_HOME="/workspace/cargo-home" RUSTUP_HOME="/workspace/rustup-home" "/workspace/cargo-home/bin/cargo" "+1.83.0" "metadata" "--manifest-path" "Cargo.toml" "--no-deps", kill_on_drop: false }`
[INFO] removed /workspace/builds/worker-2-tc1/source/.cargo/config.toml
[INFO] started tweaking git repo https://github.com/kanpov/fctools
[INFO] finished tweaking git repo https://github.com/kanpov/fctools
[INFO] tweaked toml for git repo https://github.com/kanpov/fctools written to /workspace/builds/worker-2-tc1/source/Cargo.toml
[INFO] running `Command { std: CARGO_HOME="/workspace/cargo-home" RUSTUP_HOME="/workspace/rustup-home" "/workspace/cargo-home/bin/cargo" "+1.83.0" "generate-lockfile" "--manifest-path" "Cargo.toml", kill_on_drop: false }`
[INFO] [stderr]     Updating crates.io index
[INFO] [stderr]      Locking 164 packages to latest compatible versions
[INFO] running `Command { std: CARGO_HOME="/workspace/cargo-home" RUSTUP_HOME="/workspace/rustup-home" "/workspace/cargo-home/bin/cargo" "+1.83.0" "fetch" "--manifest-path" "Cargo.toml", kill_on_drop: false }`
[INFO] [stderr]  Downloading crates ...
[INFO] [stderr]   Downloaded file-lock v2.1.11
[INFO] [stderr]   Downloaded smol-hyper v0.1.1
[INFO] [stderr]   Downloaded fcnet-types v0.1.1
[INFO] [stderr]   Downloaded nftables-async v0.2.2
[INFO] [stderr]   Downloaded async-once-cell v0.5.4
[INFO] [stderr]   Downloaded nftables v0.5.0
[INFO] [stderr]   Downloaded netlink-sys v0.8.7
[INFO] [stderr]   Downloaded rtnetlink v0.14.1
[INFO] [stderr]   Downloaded prost v0.13.4
[INFO] [stderr]   Downloaded netlink-proto v0.11.3
[INFO] [stderr]   Downloaded netlink-packet-route v0.19.0
[INFO] [stderr]   Downloaded tokio-tun v0.12.1
[INFO] [stderr]   Downloaded fcnet v0.7.1
[INFO] [stderr]   Downloaded cidr v0.3.0
[INFO] [stderr]   Downloaded which v7.0.0
[INFO] [stderr]   Downloaded netlink-packet-utils v0.5.2
[INFO] [stderr]   Downloaded netlink-packet-core v0.7.0
[INFO] [stderr]   Downloaded winsafe v0.0.19
[INFO] [stderr]   Downloaded hyper-client-sockets v0.4.0
[INFO] [stderr]   Downloaded prost-derive v0.13.4
[INFO] running `Command { std: "docker" "create" "-v" "/var/lib/crater-agent-workspace/builds/worker-2-tc1/target:/opt/rustwide/target:rw,Z" "-v" "/var/lib/crater-agent-workspace/builds/worker-2-tc1/source:/opt/rustwide/workdir:ro,Z" "-v" "/var/lib/crater-agent-workspace/cargo-home:/opt/rustwide/cargo-home:ro,Z" "-v" "/var/lib/crater-agent-workspace/rustup-home:/opt/rustwide/rustup-home:ro,Z" "-e" "SOURCE_DIR=/opt/rustwide/workdir" "-e" "CARGO_TARGET_DIR=/opt/rustwide/target" "-e" "CARGO_HOME=/opt/rustwide/cargo-home" "-e" "RUSTUP_HOME=/opt/rustwide/rustup-home" "-w" "/opt/rustwide/workdir" "-m" "1610612736" "--user" "0:0" "--network" "none" "ghcr.io/rust-lang/crates-build-env/linux@sha256:f3a9d4ad9d972b27faf3965f35b62e55ba32bbce8f20bc8fe909558a86702fde" "/opt/rustwide/cargo-home/bin/cargo" "+1.83.0" "metadata" "--no-deps" "--format-version=1", kill_on_drop: false }`
[INFO] [stdout] 1c924d0a686f9085a017838022f2abe23d976f12315a382502de68dae2359a58
[INFO] running `Command { std: "docker" "start" "-a" "1c924d0a686f9085a017838022f2abe23d976f12315a382502de68dae2359a58", kill_on_drop: false }`
[INFO] running `Command { std: "docker" "inspect" "1c924d0a686f9085a017838022f2abe23d976f12315a382502de68dae2359a58", kill_on_drop: false }`
[INFO] running `Command { std: "docker" "rm" "-f" "1c924d0a686f9085a017838022f2abe23d976f12315a382502de68dae2359a58", kill_on_drop: false }`
[INFO] [stdout] 1c924d0a686f9085a017838022f2abe23d976f12315a382502de68dae2359a58
[INFO] running `Command { std: "docker" "create" "-v" "/var/lib/crater-agent-workspace/builds/worker-2-tc1/target:/opt/rustwide/target:rw,Z" "-v" "/var/lib/crater-agent-workspace/builds/worker-2-tc1/source:/opt/rustwide/workdir:ro,Z" "-v" "/var/lib/crater-agent-workspace/cargo-home:/opt/rustwide/cargo-home:ro,Z" "-v" "/var/lib/crater-agent-workspace/rustup-home:/opt/rustwide/rustup-home:ro,Z" "-e" "SOURCE_DIR=/opt/rustwide/workdir" "-e" "CARGO_TARGET_DIR=/opt/rustwide/target" "-e" "CARGO_INCREMENTAL=0" "-e" "RUST_BACKTRACE=full" "-e" "RUSTFLAGS=--cap-lints=warn" "-e" "RUSTDOCFLAGS=--cap-lints=warn" "-e" "CARGO_HOME=/opt/rustwide/cargo-home" "-e" "RUSTUP_HOME=/opt/rustwide/rustup-home" "-w" "/opt/rustwide/workdir" "-m" "1610612736" "--user" "0:0" "--network" "none" "ghcr.io/rust-lang/crates-build-env/linux@sha256:f3a9d4ad9d972b27faf3965f35b62e55ba32bbce8f20bc8fe909558a86702fde" "/opt/rustwide/cargo-home/bin/cargo" "+1.83.0" "build" "--frozen" "--message-format=json", kill_on_drop: false }`
[INFO] [stdout] 71ac3f13c64c12056a4be4891f307f377ee5f65e8b6c444a2c10aa5791e34d2e
[INFO] running `Command { std: "docker" "start" "-a" "71ac3f13c64c12056a4be4891f307f377ee5f65e8b6c444a2c10aa5791e34d2e", kill_on_drop: false }`
[INFO] [stderr]    Compiling cfg_aliases v0.2.1
[INFO] [stderr]    Compiling libc v0.2.168
[INFO] [stderr]    Compiling cfg-if v1.0.0
[INFO] [stderr]    Compiling bitflags v2.6.0
[INFO] [stderr]    Compiling nix v0.29.0
[INFO] [stderr]    Compiling fctools v0.6.0-alpha.5 (/opt/rustwide/workdir)
[INFO] [stderr]     Finished `dev` profile [unoptimized] target(s) in 8.24s
[INFO] running `Command { std: "docker" "inspect" "71ac3f13c64c12056a4be4891f307f377ee5f65e8b6c444a2c10aa5791e34d2e", kill_on_drop: false }`
[INFO] running `Command { std: "docker" "rm" "-f" "71ac3f13c64c12056a4be4891f307f377ee5f65e8b6c444a2c10aa5791e34d2e", kill_on_drop: false }`
[INFO] [stdout] 71ac3f13c64c12056a4be4891f307f377ee5f65e8b6c444a2c10aa5791e34d2e
[INFO] running `Command { std: "docker" "create" "-v" "/var/lib/crater-agent-workspace/builds/worker-2-tc1/target:/opt/rustwide/target:rw,Z" "-v" "/var/lib/crater-agent-workspace/builds/worker-2-tc1/source:/opt/rustwide/workdir:ro,Z" "-v" "/var/lib/crater-agent-workspace/cargo-home:/opt/rustwide/cargo-home:ro,Z" "-v" "/var/lib/crater-agent-workspace/rustup-home:/opt/rustwide/rustup-home:ro,Z" "-e" "SOURCE_DIR=/opt/rustwide/workdir" "-e" "CARGO_TARGET_DIR=/opt/rustwide/target" "-e" "CARGO_INCREMENTAL=0" "-e" "RUST_BACKTRACE=full" "-e" "RUSTFLAGS=--cap-lints=warn" "-e" "RUSTDOCFLAGS=--cap-lints=warn" "-e" "CARGO_HOME=/opt/rustwide/cargo-home" "-e" "RUSTUP_HOME=/opt/rustwide/rustup-home" "-w" "/opt/rustwide/workdir" "-m" "1610612736" "--user" "0:0" "--network" "none" "ghcr.io/rust-lang/crates-build-env/linux@sha256:f3a9d4ad9d972b27faf3965f35b62e55ba32bbce8f20bc8fe909558a86702fde" "/opt/rustwide/cargo-home/bin/cargo" "+1.83.0" "test" "--frozen" "--no-run" "--message-format=json", kill_on_drop: false }`
[INFO] [stdout] 0059677f70eea244011a4ad48d912575c5811244bb04354c7d02f266959f681a
[INFO] running `Command { std: "docker" "start" "-a" "0059677f70eea244011a4ad48d912575c5811244bb04354c7d02f266959f681a", kill_on_drop: false }`
[INFO] [stderr]    Compiling proc-macro2 v1.0.92
[INFO] [stderr]    Compiling unicode-ident v1.0.14
[INFO] [stderr]    Compiling pin-project-lite v0.2.15
[INFO] [stderr]    Compiling futures-core v0.3.31
[INFO] [stderr]    Compiling autocfg v1.4.0
[INFO] [stderr]    Compiling futures-io v0.3.31
[INFO] [stderr]    Compiling bytes v1.9.0
[INFO] [stderr]    Compiling futures-sink v0.3.31
[INFO] [stderr]    Compiling memchr v2.7.4
[INFO] [stderr]    Compiling pin-utils v0.1.0
[INFO] [stderr]    Compiling futures-task v0.3.31
[INFO] [stderr]    Compiling cfg-if v1.0.0
[INFO] [stderr]    Compiling itoa v1.0.14
[INFO] [stderr]    Compiling crossbeam-utils v0.8.20
[INFO] [stderr]    Compiling once_cell v1.20.2
[INFO] [stderr]    Compiling libc v0.2.168
[INFO] [stderr]    Compiling parking v2.2.1
[INFO] [stderr]    Compiling bitflags v2.6.0
[INFO] [stderr]    Compiling byteorder v1.5.0
[INFO] [stderr]    Compiling fnv v1.0.7
[INFO] [stderr]    Compiling futures-channel v0.3.31
[INFO] [stderr]    Compiling anyhow v1.0.94
[INFO] [stderr]    Compiling fastrand v2.3.0
[INFO] [stderr]    Compiling atomic-waker v1.1.2
[INFO] [stderr]    Compiling thiserror v1.0.69
[INFO] [stderr]    Compiling rustversion v1.0.18
[INFO] [stderr]    Compiling rustix v0.38.42
[INFO] [stderr]    Compiling tracing-core v0.1.33
[INFO] [stderr]    Compiling serde v1.0.216
[INFO] [stderr]    Compiling hashbrown v0.15.2
[INFO] [stderr]    Compiling tower-service v0.3.3
[INFO] [stderr]    Compiling equivalent v1.0.1
[INFO] [stderr]    Compiling futures-lite v2.5.0
[INFO] [stderr]    Compiling linux-raw-sys v0.4.14
[INFO] [stderr]    Compiling httparse v1.9.5
[INFO] [stderr]    Compiling http v1.2.0
[INFO] [stderr]    Compiling try-lock v0.2.5
[INFO] [stderr]    Compiling paste v1.0.15
[INFO] [stderr]    Compiling concurrent-queue v2.5.0
[INFO] [stderr]    Compiling event-listener v5.3.1
[INFO] [stderr]    Compiling want v0.3.1
[INFO] [stderr]    Compiling indexmap v2.7.0
[INFO] [stderr]    Compiling smallvec v1.13.2
[INFO] [stderr]    Compiling async-task v4.7.1
[INFO] [stderr]    Compiling quote v1.0.37
[INFO] [stderr]    Compiling event-listener-strategy v0.5.3
[INFO] [stderr]    Compiling async-lock v3.4.0
[INFO] [stderr]    Compiling httpdate v1.0.3
[INFO] [stderr]    Compiling syn v2.0.90
[INFO] [stderr]    Compiling slab v0.4.9
[INFO] [stderr]    Compiling tower-layer v0.3.3
[INFO] [stderr]    Compiling signal-hook-registry v1.4.2
[INFO] [stderr]    Compiling mio v1.0.3
[INFO] [stderr]    Compiling socket2 v0.5.8
[INFO] [stderr]    Compiling getrandom v0.2.15
[INFO] [stderr]    Compiling http-body v1.0.1
[INFO] [stderr]    Compiling serde_json v1.0.133
[INFO] [stderr]    Compiling rand_core v0.6.4
[INFO] [stderr]    Compiling nix v0.29.0
[INFO] [stderr]    Compiling indexmap v1.9.3
[INFO] [stderr]    Compiling ryu v1.0.18
[INFO] [stderr]    Compiling log v0.4.22
[INFO] [stderr]    Compiling either v1.13.0
[INFO] [stderr]    Compiling sync_wrapper v1.0.2
[INFO] [stderr]    Compiling async-channel v2.3.1
[INFO] [stderr]    Compiling hashbrown v0.12.3
[INFO] [stderr]    Compiling shlex v1.3.0
[INFO] [stderr]    Compiling heck v0.5.0
[INFO] [stderr]    Compiling itertools v0.13.0
[INFO] [stderr]    Compiling mime v0.3.17
[INFO] [stderr]    Compiling async-executor v1.13.1
[INFO] [stderr]    Compiling piper v0.2.4
[INFO] [stderr]    Compiling cc v1.2.4
[INFO] [stderr]    Compiling cidr v0.3.0
[INFO] [stderr]    Compiling percent-encoding v2.3.1
[INFO] [stderr]    Compiling strum v0.26.3
[INFO] [stderr]    Compiling matchit v0.7.3
[INFO] [stderr]    Compiling blocking v1.6.1
[INFO] [stderr]    Compiling nix v0.27.1
[INFO] [stderr]    Compiling hex v0.4.3
[INFO] [stderr]    Compiling base64 v0.22.1
[INFO] [stderr]    Compiling async-fs v2.1.2
[INFO] [stderr]    Compiling fcnet-types v0.1.1
[INFO] [stderr]    Compiling home v0.5.9
[INFO] [stderr]    Compiling async-once-cell v0.5.4
[INFO] [stderr]    Compiling uuid v1.11.0
[INFO] [stderr]    Compiling assert_matches v1.5.0
[INFO] [stderr]    Compiling file-lock v2.1.11
[INFO] [stderr]    Compiling which v7.0.0
[INFO] [stderr]    Compiling futures-macro v0.3.31
[INFO] [stderr]    Compiling tokio-macros v2.4.0
[INFO] [stderr]    Compiling tracing-attributes v0.1.28
[INFO] [stderr]    Compiling thiserror-impl v1.0.69
[INFO] [stderr]    Compiling serde_derive v1.0.216
[INFO] [stderr]    Compiling zerocopy-derive v0.7.35
[INFO] [stderr]    Compiling pin-project-internal v1.1.7
[INFO] [stderr]    Compiling async-trait v0.1.83
[INFO] [stderr]    Compiling prost-derive v0.13.4
[INFO] [stderr]    Compiling async-stream-impl v0.3.6
[INFO] [stderr]    Compiling strum_macros v0.26.4
[INFO] [stderr]    Compiling async-stream v0.3.6
[INFO] [stderr]    Compiling tokio v1.42.0
[INFO] [stderr]    Compiling zerocopy v0.7.35
[INFO] [stderr]    Compiling ppv-lite86 v0.2.20
[INFO] [stderr]    Compiling pin-project v1.1.7
[INFO] [stderr]    Compiling rand_chacha v0.3.1
[INFO] [stderr]    Compiling futures-util v0.3.31
[INFO] [stderr]    Compiling tracing v0.1.41
[INFO] [stderr]    Compiling rand v0.8.5
[INFO] [stderr]    Compiling polling v3.7.4
[INFO] [stderr]    Compiling prost v0.13.4
[INFO] [stderr]    Compiling async-io v2.4.0
[INFO] [stderr]    Compiling netlink-packet-utils v0.5.2
[INFO] [stderr]    Compiling netlink-packet-core v0.7.0
[INFO] [stderr]    Compiling netlink-packet-route v0.19.0
[INFO] [stderr]    Compiling async-signal v0.2.10
[INFO] [stderr]    Compiling async-process v2.3.0
[INFO] [stderr]    Compiling tokio-util v0.7.13
[INFO] [stderr]    Compiling tokio-stream v0.1.17
[INFO] [stderr]    Compiling tokio-tun v0.12.1
[INFO] [stderr]    Compiling h2 v0.4.7
[INFO] [stderr]    Compiling futures-executor v0.3.31
[INFO] [stderr]    Compiling http-body-util v0.1.2
[INFO] [stderr]    Compiling tower v0.5.2
[INFO] [stderr]    Compiling tower v0.4.13
[INFO] [stderr]    Compiling futures v0.3.31
[INFO] [stderr]    Compiling netlink-sys v0.8.7
[INFO] [stderr]    Compiling axum-core v0.4.5
[INFO] [stderr]    Compiling netlink-proto v0.11.3
[INFO] [stderr]    Compiling rtnetlink v0.14.1
[INFO] [stderr]    Compiling hyper v1.5.1
[INFO] [stderr]    Compiling serde_path_to_error v0.1.16
[INFO] [stderr]    Compiling axum v0.7.9
[INFO] [stderr]    Compiling nftables v0.5.0
[INFO] [stderr]    Compiling hyper-util v0.1.10
[INFO] [stderr]    Compiling smol-hyper v0.1.1
[INFO] [stderr]    Compiling hyper-timeout v0.5.2
[INFO] [stderr]    Compiling hyper-client-sockets v0.4.0
[INFO] [stderr]    Compiling tonic v0.12.3
[INFO] [stderr]    Compiling nftables-async v0.2.2
[INFO] [stderr]    Compiling fcnet v0.7.1
[INFO] [stderr]    Compiling fctools v0.6.0-alpha.5 (/opt/rustwide/workdir)
[INFO] [stderr]     Finished `test` profile [unoptimized] target(s) in 4m 23s
[INFO] running `Command { std: "docker" "inspect" "0059677f70eea244011a4ad48d912575c5811244bb04354c7d02f266959f681a", kill_on_drop: false }`
[INFO] running `Command { std: "docker" "rm" "-f" "0059677f70eea244011a4ad48d912575c5811244bb04354c7d02f266959f681a", kill_on_drop: false }`
[INFO] [stdout] 0059677f70eea244011a4ad48d912575c5811244bb04354c7d02f266959f681a
[INFO] running `Command { std: "docker" "create" "-v" "/var/lib/crater-agent-workspace/builds/worker-2-tc1/target:/opt/rustwide/target:rw,Z" "-v" "/var/lib/crater-agent-workspace/builds/worker-2-tc1/source:/opt/rustwide/workdir:ro,Z" "-v" "/var/lib/crater-agent-workspace/cargo-home:/opt/rustwide/cargo-home:ro,Z" "-v" "/var/lib/crater-agent-workspace/rustup-home:/opt/rustwide/rustup-home:ro,Z" "-e" "SOURCE_DIR=/opt/rustwide/workdir" "-e" "CARGO_TARGET_DIR=/opt/rustwide/target" "-e" "CARGO_INCREMENTAL=0" "-e" "RUST_BACKTRACE=full" "-e" "RUSTFLAGS=--cap-lints=warn" "-e" "RUSTDOCFLAGS=--cap-lints=warn" "-e" "CARGO_HOME=/opt/rustwide/cargo-home" "-e" "RUSTUP_HOME=/opt/rustwide/rustup-home" "-w" "/opt/rustwide/workdir" "-m" "1610612736" "--user" "0:0" "--network" "none" "ghcr.io/rust-lang/crates-build-env/linux@sha256:f3a9d4ad9d972b27faf3965f35b62e55ba32bbce8f20bc8fe909558a86702fde" "/opt/rustwide/cargo-home/bin/cargo" "+1.83.0" "test" "--frozen", kill_on_drop: false }`
[INFO] [stdout] 85642bc4f481ce1027378edcee308218dcca83c748cfb8e263699689c1b03746
[INFO] running `Command { std: "docker" "start" "-a" "85642bc4f481ce1027378edcee308218dcca83c748cfb8e263699689c1b03746", kill_on_drop: false }`
[INFO] [stderr]     Finished `test` profile [unoptimized] target(s) in 0.51s
[INFO] [stderr]      Running unittests src/lib.rs (/opt/rustwide/target/debug/deps/fctools-d2e3757c4359eeaa)
[INFO] [stdout] 
[INFO] [stdout] running 43 tests
[INFO] [stdout] test extension::link_local::tests::ip_amounts_are_reported_correctly ... ok
[INFO] [stdout] test extension::link_local::tests::subnet_from_inet_fails_with_incorrect_network_length ... ok
[INFO] [stdout] test extension::link_local::tests::subnet_new_fails_with_wide_network_length ... ok
[INFO] [stdout] test extension::link_local::tests::subnet_from_inet_fails_with_non_link_local_inet ... ok
[INFO] [stdout] test extension::link_local::tests::subnet_new_fails_with_not_fitting_subnet_index ... ok
[INFO] [stdout] test extension::link_local::tests::subnet_new_fails_with_thin_network_length ... ok
[INFO] [stdout] test extension::link_local::tests::subnet_new_succeeds_with_correct_params ... ok
[INFO] [stdout] test vmm::arguments::jailer::tests::parent_cgroup_can_be_set ... ok
[INFO] [stdout] test vmm::arguments::jailer::tests::max_fd_limit_can_be_set ... ok
[INFO] [stdout] test vmm::arguments::jailer::tests::cgroup_values_can_be_set ... ok
[INFO] [stdout] test vmm::arguments::jailer::tests::cgroup_version_can_be_set ... ok
[INFO] [stdout] test vmm::arguments::command_modifier::netns_command_modifier_performs_changes ... ok
[INFO] [stdout] test vmm::arguments::jailer::tests::exec_in_new_pid_ns_can_be_enabled ... ok
[INFO] [stdout] test vmm::arguments::tests::log_path_can_be_set ... ok
[INFO] [stdout] test vmm::arguments::tests::max_payload_can_be_set ... ok
[INFO] [stdout] test vmm::arguments::jailer::tests::uid_gid_jail_id_are_pushed ... ok
[INFO] [stdout] test vmm::arguments::jailer::tests::daemonize_can_be_enabled ... ok
[INFO] [stdout] test vmm::arguments::tests::api_sock_can_be_disabled ... ok
[INFO] [stdout] test vmm::arguments::jailer::tests::max_file_size_limit_can_be_set ... ok
[INFO] [stdout] test vmm::arguments::tests::log_level_can_be_set ... ok
[INFO] [stdout] test vmm::arguments::tests::seccomp_can_be_disabled ... ok
[INFO] [stdout] test vmm::arguments::tests::metrics_path_can_be_set ... ok
[INFO] [stdout] test vmm::arguments::tests::mmds_size_limit_can_be_set ... ok
[INFO] [stdout] test vmm::arguments::tests::boot_timer_can_be_enabled ... ok
[INFO] [stdout] test vmm::executor::jailed::tests::flat_jail_renamer_moves_correctly ... ok
[INFO] [stdout] test vmm::executor::jailed::tests::jail_join_performs_correctly ... ok
[INFO] [stdout] test vmm::arguments::jailer::tests::chroot_base_dir_can_be_set ... ok
[INFO] [stdout] test vmm::arguments::jailer::tests::netns_can_be_set ... ok
[INFO] [stdout] test vmm::arguments::tests::config_path_gets_added ... ok
[INFO] [stdout] test vmm::arguments::tests::metadata_path_can_be_set ... ok
[INFO] [stdout] test vmm::arguments::tests::show_log_level_can_be_enabled ... ok
[INFO] [stdout] test vmm::arguments::tests::show_log_origin_can_be_enabled ... ok
[INFO] [stdout] test vmm::id::tests::vmm_id_accepts_valid ... ok
[INFO] [stdout] test vmm::arguments::tests::api_sock_can_be_enabled ... ok
[INFO] [stdout] test vmm::id::tests::vmm_id_rejects_when_too_short ... ok
[INFO] [stdout] test vmm::arguments::tests::module_can_be_set ... ok
[INFO] [stdout] test vmm::arguments::tests::config_path_does_not_get_added ... ok
[INFO] [stdout] test vmm::id::tests::vmm_id_rejects_when_invalid_character ... ok
[INFO] [stdout] test vmm::arguments::tests::seccomp_path_can_be_set ... ok
[INFO] [stdout] test vmm::id::tests::vmm_id_rejects_when_too_long ... ok
[INFO] [stdout] test extension::link_local::tests::get_ip_reports_correctly ... ok
[INFO] [stdout] test extension::link_local::tests::get_host_ip_reports_correctly ... ok
[INFO] [stdout] test extension::link_local::tests::subnet_from_inet_succeeds_with_correct_params ... ok
[INFO] [stdout] 
[INFO] [stderr]      Running tests/extensions.rs (/opt/rustwide/target/debug/deps/extensions-99abc31998b63644)
[INFO] [stdout] test result: ok. 43 passed; 0 failed; 0 ignored; 0 measured; 0 filtered out; finished in 0.05s
[INFO] [stdout] 
[INFO] [stdout] 
[INFO] [stdout] running 14 tests
[INFO] [stdout] test metrics_task_can_receive_data_from_fifo ... FAILED
[INFO] [stdout] test metrics_task_can_be_cancelled_via_join_handle ... FAILED
[INFO] [stdout] test vsock_can_perform_unary_grpc_request ... FAILED
[INFO] [stdout] test snapshot_editor_can_get_snapshot_vcpu_states ... FAILED
[INFO] [stdout] test snapshot_editor_can_get_snapshot_version ... FAILED
[INFO] [stdout] test vsock_can_make_plain_http_connection ... FAILED
[INFO] [stdout] test vsock_can_perform_client_streaming_grpc_request ... FAILED
[INFO] [stdout] test snapshot_editor_can_rebase_memory ... FAILED
[INFO] [stdout] test vsock_can_perform_duplex_streaming_grpc_request ... FAILED
[INFO] [stdout] test metrics_task_can_receive_data_from_plaintext ... FAILED
[INFO] [stdout] test snapshot_editor_can_get_snapshot_vm_state ... FAILED
[INFO] [stdout] test vsock_can_perform_server_streaming_grpc_request ... FAILED
[INFO] [stdout] test vsock_can_make_pooled_http_connection ... FAILED
[INFO] [stdout] test vsock_can_connect_to_grpc_lazily ... FAILED
[INFO] [stdout] 
[INFO] [stdout] failures:
[INFO] [stdout] 
[INFO] [stdout] ---- metrics_task_can_receive_data_from_fifo stdout ----
[INFO] [stdout] thread 'metrics_task_can_receive_data_from_fifo' panicked at tests/test_framework.rs:90:78:
[INFO] [stdout] Could not read options.json: Os { code: 2, kind: NotFound, message: "No such file or directory" }
[INFO] [stdout] stack backtrace:
[INFO] [stdout]    0:     0x5e35d32ea90a - <std::sys::backtrace::BacktraceLock::print::DisplayBacktrace as core::fmt::Display>::fmt::h5b6bd5631a6d1f6b
[INFO] [stdout]    1:     0x5e35d33130e3 - core::fmt::write::h7550c97b06c86515
[INFO] [stdout]    2:     0x5e35d32e6d03 - std::io::Write::write_fmt::h509ff860e5956e5e
[INFO] [stdout]    3:     0x5e35d32ea752 - std::sys::backtrace::BacktraceLock::print::h2395ccd2c84ba3aa
[INFO] [stdout]    4:     0x5e35d32ebd6a - std::panicking::default_hook::{{closure}}::he19d4c7230e07961
[INFO] [stdout]    5:     0x5e35d32ebb74 - std::panicking::default_hook::hf614597d3c67bbdb
[INFO] [stdout]    6:     0x5e35d30f1089 - test::test_main::{{closure}}::he977ae839a582784
[INFO] [stdout]    7:     0x5e35d32ec408 - std::panicking::rust_panic_with_hook::h8942133a8b252070
[INFO] [stdout]    8:     0x5e35d32ec1ca - std::panicking::begin_panic_handler::{{closure}}::hb5f5963570096b29
[INFO] [stdout]    9:     0x5e35d32eade9 - std::sys::backtrace::__rust_end_short_backtrace::h6208cedc1922feda
[INFO] [stdout]   10:     0x5e35d32ebe5c - rust_begin_unwind
[INFO] [stdout]   11:     0x5e35d2c13990 - core::panicking::panic_fmt::h0c3082644d1bf418
[INFO] [stdout]   12:     0x5e35d2c13e16 - core::result::unwrap_failed::hd20b4aa073bda1e2
[INFO] [stdout]   13:     0x5e35d2fc16ca - core::result::Result<T,E>::expect::h10e1b2cc309fca5b
[INFO] [stdout]   14:     0x5e35d2c5c056 - extensions::test_framework::TestOptions::get_blocking::h09be3a54c575596d
[INFO] [stdout]   15:     0x5e35d2c5d61c - extensions::test_framework::VmBuilder::run_with_is_jailed::h0b2864baf8a6ccec
[INFO] [stdout]   16:     0x5e35d2c5cc06 - extensions::test_framework::VmBuilder::run::hf90e8572a229a16c
[INFO] [stdout]   17:     0x5e35d2caf560 - extensions::metrics_task_can_receive_data_from_fifo::hee83818725db6cb8
[INFO] [stdout]   18:     0x5e35d2caf503 - extensions::metrics_task_can_receive_data_from_fifo::{{closure}}::hbe2895567f91053b
[INFO] [stdout]   19:     0x5e35d2df5e66 - core::ops::function::FnOnce::call_once::h64bdb0b3d7558a65
[INFO] [stdout]   20:     0x5e35d30f5a4b - test::__rust_begin_short_backtrace::hf4fff89d377446ba
[INFO] [stdout]   21:     0x5e35d30f5287 - test::run_test::{{closure}}::h52c556a6d4740e10
[INFO] [stdout]   22:     0x5e35d30ba564 - std::sys::backtrace::__rust_begin_short_backtrace::h505c97a579eca628
[INFO] [stdout]   23:     0x5e35d30bdc2e - core::ops::function::FnOnce::call_once{{vtable.shim}}::h2c5a5f3779c774f1
[INFO] [stdout]   24:     0x5e35d32f1e2b - std::sys::pal::unix::thread::Thread::new::thread_start::hcc78f3943333fa94
[INFO] [stdout]   25:     0x76742eed5ac3 - <unknown>
[INFO] [stdout]   26:     0x76742ef66a04 - clone
[INFO] [stdout]   27:                0x0 - <unknown>
[INFO] [stdout] 
[INFO] [stdout] ---- metrics_task_can_be_cancelled_via_join_handle stdout ----
[INFO] [stdout] thread 'metrics_task_can_be_cancelled_via_join_handle' panicked at tests/test_framework.rs:90:78:
[INFO] [stdout] Could not read options.json: Os { code: 2, kind: NotFound, message: "No such file or directory" }
[INFO] [stdout] stack backtrace:
[INFO] [stdout]    0:     0x5e35d32ea90a - <std::sys::backtrace::BacktraceLock::print::DisplayBacktrace as core::fmt::Display>::fmt::h5b6bd5631a6d1f6b
[INFO] [stdout]    1:     0x5e35d33130e3 - core::fmt::write::h7550c97b06c86515
[INFO] [stdout]    2:     0x5e35d32e6d03 - std::io::Write::write_fmt::h509ff860e5956e5e
[INFO] [stdout]    3:     0x5e35d32ea752 - std::sys::backtrace::BacktraceLock::print::h2395ccd2c84ba3aa
[INFO] [stdout]    4:     0x5e35d32ebd6a - std::panicking::default_hook::{{closure}}::he19d4c7230e07961
[INFO] [stdout]    5:     0x5e35d32ebb74 - std::panicking::default_hook::hf614597d3c67bbdb
[INFO] [stdout]    6:     0x5e35d30f1089 - test::test_main::{{closure}}::he977ae839a582784
[INFO] [stdout]    7:     0x5e35d32ec408 - std::panicking::rust_panic_with_hook::h8942133a8b252070
[INFO] [stdout]    8:     0x5e35d32ec1ca - std::panicking::begin_panic_handler::{{closure}}::hb5f5963570096b29
[INFO] [stdout]    9:     0x5e35d32eade9 - std::sys::backtrace::__rust_end_short_backtrace::h6208cedc1922feda
[INFO] [stdout]   10:     0x5e35d32ebe5c - rust_begin_unwind
[INFO] [stdout]   11:     0x5e35d2c13990 - core::panicking::panic_fmt::h0c3082644d1bf418
[INFO] [stdout]   12:     0x5e35d2c13e16 - core::result::unwrap_failed::hd20b4aa073bda1e2
[INFO] [stdout]   13:     0x5e35d2fc16ca - core::result::Result<T,E>::expect::h10e1b2cc309fca5b
[INFO] [stdout]   14:     0x5e35d2c5c056 - extensions::test_framework::TestOptions::get_blocking::h09be3a54c575596d
[INFO] [stdout]   15:     0x5e35d2c6f69c - extensions::test_framework::VmBuilder::run_with_is_jailed::h8009decef1104e35
[INFO] [stdout]   16:     0x5e35d2c5cb36 - extensions::test_framework::VmBuilder::run::h01e6180b8f1bbe72
[INFO] [stdout]   17:     0x5e35d2caf600 - extensions::metrics_task_can_be_cancelled_via_join_handle::hdd3207f9bfd711bd
[INFO] [stdout]   18:     0x5e35d2caf5a3 - extensions::metrics_task_can_be_cancelled_via_join_handle::{{closure}}::he14ef536227bb8af
[INFO] [stdout]   19:     0x5e35d2df4056 - core::ops::function::FnOnce::call_once::h272447fa081df636
[INFO] [stdout]   20:     0x5e35d30f5a4b - test::__rust_begin_short_backtrace::hf4fff89d377446ba
[INFO] [stdout]   21:     0x5e35d30f5287 - test::run_test::{{closure}}::h52c556a6d4740e10
[INFO] [stdout]   22:     0x5e35d30ba564 - std::sys::backtrace::__rust_begin_short_backtrace::h505c97a579eca628
[INFO] [stdout]   23:     0x5e35d30bdc2e - core::ops::function::FnOnce::call_once{{vtable.shim}}::h2c5a5f3779c774f1
[INFO] [stdout]   24:     0x5e35d32f1e2b - std::sys::pal::unix::thread::Thread::new::thread_start::hcc78f3943333fa94
[INFO] [stdout]   25:     0x76742eed5ac3 - <unknown>
[INFO] [stdout]   26:     0x76742ef66a04 - clone
[INFO] [stdout]   27:                0x0 - <unknown>
[INFO] [stdout] 
[INFO] [stdout] ---- vsock_can_perform_unary_grpc_request stdout ----
[INFO] [stdout] thread 'vsock_can_perform_unary_grpc_request' panicked at tests/test_framework.rs:90:78:
[INFO] [stdout] Could not read options.json: Os { code: 2, kind: NotFound, message: "No such file or directory" }
[INFO] [stdout] stack backtrace:
[INFO] [stdout]    0:     0x5e35d32ea90a - <std::sys::backtrace::BacktraceLock::print::DisplayBacktrace as core::fmt::Display>::fmt::h5b6bd5631a6d1f6b
[INFO] [stdout]    1:     0x5e35d33130e3 - core::fmt::write::h7550c97b06c86515
[INFO] [stdout]    2:     0x5e35d32e6d03 - std::io::Write::write_fmt::h509ff860e5956e5e
[INFO] [stdout]    3:     0x5e35d32ea752 - std::sys::backtrace::BacktraceLock::print::h2395ccd2c84ba3aa
[INFO] [stdout]    4:     0x5e35d32ebd6a - std::panicking::default_hook::{{closure}}::he19d4c7230e07961
[INFO] [stdout]    5:     0x5e35d32ebb74 - std::panicking::default_hook::hf614597d3c67bbdb
[INFO] [stdout]    6:     0x5e35d30f1089 - test::test_main::{{closure}}::he977ae839a582784
[INFO] [stdout]    7:     0x5e35d32ec408 - std::panicking::rust_panic_with_hook::h8942133a8b252070
[INFO] [stdout]    8:     0x5e35d32ec1ca - std::panicking::begin_panic_handler::{{closure}}::hb5f5963570096b29
[INFO] [stdout]    9:     0x5e35d32eade9 - std::sys::backtrace::__rust_end_short_backtrace::h6208cedc1922feda
[INFO] [stdout]   10:     0x5e35d32ebe5c - rust_begin_unwind
[INFO] [stdout]   11:     0x5e35d2c13990 - core::panicking::panic_fmt::h0c3082644d1bf418
[INFO] [stdout]   12:     0x5e35d2c13e16 - core::result::unwrap_failed::hd20b4aa073bda1e2
[INFO] [stdout]   13:     0x5e35d2fc16ca - core::result::Result<T,E>::expect::h10e1b2cc309fca5b
[INFO] [stdout]   14:     0x5e35d2c5c056 - extensions::test_framework::TestOptions::get_blocking::h09be3a54c575596d
[INFO] [stdout]   15:     0x5e35d2c6424c - extensions::test_framework::VmBuilder::run_with_is_jailed::h485562e8f2e05a16
[INFO] [stdout]   16:     0x5e35d2c5cb96 - extensions::test_framework::VmBuilder::run::h8e398d90a49049ad
[INFO] [stdout]   17:     0x5e35d2cb1760 - extensions::vsock_can_perform_unary_grpc_request::h735a9bf5c514d686
[INFO] [stdout]   18:     0x5e35d2cb1713 - extensions::vsock_can_perform_unary_grpc_request::{{closure}}::hc6895657cedf3692
[INFO] [stdout]   19:     0x5e35d2df5146 - core::ops::function::FnOnce::call_once::h4d9791ab943dcd36
[INFO] [stdout]   20:     0x5e35d30f5a4b - test::__rust_begin_short_backtrace::hf4fff89d377446ba
[INFO] [stdout]   21:     0x5e35d30f5287 - test::run_test::{{closure}}::h52c556a6d4740e10
[INFO] [stdout]   22:     0x5e35d30ba564 - std::sys::backtrace::__rust_begin_short_backtrace::h505c97a579eca628
[INFO] [stdout]   23:     0x5e35d30bdc2e - core::ops::function::FnOnce::call_once{{vtable.shim}}::h2c5a5f3779c774f1
[INFO] [stdout]   24:     0x5e35d32f1e2b - std::sys::pal::unix::thread::Thread::new::thread_start::hcc78f3943333fa94
[INFO] [stdout]   25:     0x76742eed5ac3 - <unknown>
[INFO] [stdout]   26:     0x76742ef66a04 - clone
[INFO] [stdout]   27:                0x0 - <unknown>
[INFO] [stdout] 
[INFO] [stdout] ---- snapshot_editor_can_get_snapshot_vcpu_states stdout ----
[INFO] [stdout] thread 'snapshot_editor_can_get_snapshot_vcpu_states' panicked at tests/test_framework.rs:90:78:
[INFO] [stdout] Could not read options.json: Os { code: 2, kind: NotFound, message: "No such file or directory" }
[INFO] [stdout] stack backtrace:
[INFO] [stdout]    0:     0x5e35d32ea90a - <std::sys::backtrace::BacktraceLock::print::DisplayBacktrace as core::fmt::Display>::fmt::h5b6bd5631a6d1f6b
[INFO] [stdout]    1:     0x5e35d33130e3 - core::fmt::write::h7550c97b06c86515
[INFO] [stdout]    2:     0x5e35d32e6d03 - std::io::Write::write_fmt::h509ff860e5956e5e
[INFO] [stdout]    3:     0x5e35d32ea752 - std::sys::backtrace::BacktraceLock::print::h2395ccd2c84ba3aa
[INFO] [stdout]    4:     0x5e35d32ebd6a - std::panicking::default_hook::{{closure}}::he19d4c7230e07961
[INFO] [stdout]    5:     0x5e35d32ebb74 - std::panicking::default_hook::hf614597d3c67bbdb
[INFO] [stdout]    6:     0x5e35d30f1089 - test::test_main::{{closure}}::he977ae839a582784
[INFO] [stdout]    7:     0x5e35d32ec408 - std::panicking::rust_panic_with_hook::h8942133a8b252070
[INFO] [stdout]    8:     0x5e35d32ec1ca - std::panicking::begin_panic_handler::{{closure}}::hb5f5963570096b29
[INFO] [stdout]    9:     0x5e35d32eade9 - std::sys::backtrace::__rust_end_short_backtrace::h6208cedc1922feda
[INFO] [stdout]   10:     0x5e35d32ebe5c - rust_begin_unwind
[INFO] [stdout]   11:     0x5e35d2c13990 - core::panicking::panic_fmt::h0c3082644d1bf418
[INFO] [stdout]   12:     0x5e35d2c13e16 - core::result::unwrap_failed::hd20b4aa073bda1e2
[INFO] [stdout]   13:     0x5e35d2fc16ca - core::result::Result<T,E>::expect::h10e1b2cc309fca5b
[INFO] [stdout]   14:     0x5e35d2c5c056 - extensions::test_framework::TestOptions::get_blocking::h09be3a54c575596d
[INFO] [stdout]   15:     0x5e35d2c71aac - extensions::test_framework::VmBuilder::run_with_is_jailed::h8f8d47b5d0f38af9
[INFO] [stdout]   16:     0x5e35d2c5cbe6 - extensions::test_framework::VmBuilder::run::hcc97b056144c16aa
[INFO] [stdout]   17:     0x5e35d2cad737 - extensions::snapshot_editor_can_get_snapshot_vcpu_states::hb88e8dc2c1f7476a
[INFO] [stdout]   18:     0x5e35d2cad703 - extensions::snapshot_editor_can_get_snapshot_vcpu_states::{{closure}}::h588bd0a6d27873f7
[INFO] [stdout]   19:     0x5e35d2df6e56 - core::ops::function::FnOnce::call_once::h86e62913ac935146
[INFO] [stdout]   20:     0x5e35d30f5a4b - test::__rust_begin_short_backtrace::hf4fff89d377446ba
[INFO] [stdout]   21:     0x5e35d30f5287 - test::run_test::{{closure}}::h52c556a6d4740e10
[INFO] [stdout]   22:     0x5e35d30ba564 - std::sys::backtrace::__rust_begin_short_backtrace::h505c97a579eca628
[INFO] [stdout]   23:     0x5e35d30bdc2e - core::ops::function::FnOnce::call_once{{vtable.shim}}::h2c5a5f3779c774f1
[INFO] [stdout]   24:     0x5e35d32f1e2b - std::sys::pal::unix::thread::Thread::new::thread_start::hcc78f3943333fa94
[INFO] [stdout]   25:     0x76742eed5ac3 - <unknown>
[INFO] [stdout]   26:     0x76742ef66a04 - clone
[INFO] [stdout]   27:                0x0 - <unknown>
[INFO] [stdout] 
[INFO] [stdout] ---- snapshot_editor_can_get_snapshot_version stdout ----
[INFO] [stdout] thread 'snapshot_editor_can_get_snapshot_version' panicked at tests/test_framework.rs:90:78:
[INFO] [stdout] Could not read options.json: Os { code: 2, kind: NotFound, message: "No such file or directory" }
[INFO] [stdout] stack backtrace:
[INFO] [stdout]    0:     0x5e35d32ea90a - <std::sys::backtrace::BacktraceLock::print::DisplayBacktrace as core::fmt::Display>::fmt::h5b6bd5631a6d1f6b
[INFO] [stdout]    1:     0x5e35d33130e3 - core::fmt::write::h7550c97b06c86515
[INFO] [stdout]    2:     0x5e35d32e6d03 - std::io::Write::write_fmt::h509ff860e5956e5e
[INFO] [stdout]    3:     0x5e35d32ea752 - std::sys::backtrace::BacktraceLock::print::h2395ccd2c84ba3aa
[INFO] [stdout]    4:     0x5e35d32ebd6a - std::panicking::default_hook::{{closure}}::he19d4c7230e07961
[INFO] [stdout]    5:     0x5e35d32ebb74 - std::panicking::default_hook::hf614597d3c67bbdb
[INFO] [stdout]    6:     0x5e35d30f1089 - test::test_main::{{closure}}::he977ae839a582784
[INFO] [stdout]    7:     0x5e35d32ec408 - std::panicking::rust_panic_with_hook::h8942133a8b252070
[INFO] [stdout]    8:     0x5e35d32ec1ca - std::panicking::begin_panic_handler::{{closure}}::hb5f5963570096b29
[INFO] [stdout]    9:     0x5e35d32eade9 - std::sys::backtrace::__rust_end_short_backtrace::h6208cedc1922feda
[INFO] [stdout]   10:     0x5e35d32ebe5c - rust_begin_unwind
[INFO] [stdout]   11:     0x5e35d2c13990 - core::panicking::panic_fmt::h0c3082644d1bf418
[INFO] [stdout]   12:     0x5e35d2c13e16 - core::result::unwrap_failed::hd20b4aa073bda1e2
[INFO] [stdout]   13:     0x5e35d2fc16ca - core::result::Result<T,E>::expect::h10e1b2cc309fca5b
[INFO] [stdout]   14:     0x5e35d2c5c056 - extensions::test_framework::TestOptions::get_blocking::h09be3a54c575596d
[INFO] [stdout]   15:     0x5e35d2c6d28c - extensions::test_framework::VmBuilder::run_with_is_jailed::h74183fe03fb17987
[INFO] [stdout]   16:     0x5e35d2c5cb56 - extensions::test_framework::VmBuilder::run::h31ad4744a4d2b0f1
[INFO] [stdout]   17:     0x5e35d2cac6e7 - extensions::snapshot_editor_can_get_snapshot_version::h21d2c0779da6f6c2
[INFO] [stdout]   18:     0x5e35d2cac6b3 - extensions::snapshot_editor_can_get_snapshot_version::{{closure}}::hf6f3a4eb680ca9a8
[INFO] [stdout]   19:     0x5e35d2df67f6 - core::ops::function::FnOnce::call_once::h78f701e027ce9f01
[INFO] [stdout]   20:     0x5e35d30f5a4b - test::__rust_begin_short_backtrace::hf4fff89d377446ba
[INFO] [stdout]   21:     0x5e35d30f5287 - test::run_test::{{closure}}::h52c556a6d4740e10
[INFO] [stdout]   22:     0x5e35d30ba564 - std::sys::backtrace::__rust_begin_short_backtrace::h505c97a579eca628
[INFO] [stdout]   23:     0x5e35d30bdc2e - core::ops::function::FnOnce::call_once{{vtable.shim}}::h2c5a5f3779c774f1
[INFO] [stdout]   24:     0x5e35d32f1e2b - std::sys::pal::unix::thread::Thread::new::thread_start::hcc78f3943333fa94
[INFO] [stdout]   25:     0x76742eed5ac3 - <unknown>
[INFO] [stdout]   26:     0x76742ef66a04 - clone
[INFO] [stdout]   27:                0x0 - <unknown>
[INFO] [stdout] 
[INFO] [stdout] ---- vsock_can_make_plain_http_connection stdout ----
[INFO] [stdout] thread 'vsock_can_make_plain_http_connection' panicked at tests/test_framework.rs:90:78:
[INFO] [stdout] Could not read options.json: Os { code: 2, kind: NotFound, message: "No such file or directory" }
[INFO] [stdout] stack backtrace:
[INFO] [stdout]    0:     0x5e35d32ea90a - <std::sys::backtrace::BacktraceLock::print::DisplayBacktrace as core::fmt::Display>::fmt::h5b6bd5631a6d1f6b
[INFO] [stdout]    1:     0x5e35d33130e3 - core::fmt::write::h7550c97b06c86515
[INFO] [stdout]    2:     0x5e35d32e6d03 - std::io::Write::write_fmt::h509ff860e5956e5e
[INFO] [stdout]    3:     0x5e35d32ea752 - std::sys::backtrace::BacktraceLock::print::h2395ccd2c84ba3aa
[INFO] [stdout]    4:     0x5e35d32ebd6a - std::panicking::default_hook::{{closure}}::he19d4c7230e07961
[INFO] [stdout]    5:     0x5e35d32ebb74 - std::panicking::default_hook::hf614597d3c67bbdb
[INFO] [stdout]    6:     0x5e35d30f1089 - test::test_main::{{closure}}::he977ae839a582784
[INFO] [stdout]    7:     0x5e35d32ec408 - std::panicking::rust_panic_with_hook::h8942133a8b252070
[INFO] [stdout]    8:     0x5e35d32ec1ca - std::panicking::begin_panic_handler::{{closure}}::hb5f5963570096b29
[INFO] [stdout]    9:     0x5e35d32eade9 - std::sys::backtrace::__rust_end_short_backtrace::h6208cedc1922feda
[INFO] [stdout]   10:     0x5e35d32ebe5c - rust_begin_unwind
[INFO] [stdout]   11:     0x5e35d2c13990 - core::panicking::panic_fmt::h0c3082644d1bf418
[INFO] [stdout]   12:     0x5e35d2c13e16 - core::result::unwrap_failed::hd20b4aa073bda1e2
[INFO] [stdout]   13:     0x5e35d2fc16ca - core::result::Result<T,E>::expect::h10e1b2cc309fca5b
[INFO] [stdout]   14:     0x5e35d2c5c056 - extensions::test_framework::TestOptions::get_blocking::h09be3a54c575596d
[INFO] [stdout]   15:     0x5e35d2c6ae7c - extensions::test_framework::VmBuilder::run_with_is_jailed::h73e7ea51085d46b2
[INFO] [stdout]   16:     0x5e35d2c5cb76 - extensions::test_framework::VmBuilder::run::h787a50c6847dd4c6
[INFO] [stdout]   17:     0x5e35d2cb0780 - extensions::vsock_can_make_plain_http_connection::hbf396a3807de0d88
[INFO] [stdout]   18:     0x5e35d2cb0733 - extensions::vsock_can_make_plain_http_connection::{{closure}}::h14ffd3455442ba12
[INFO] [stdout]   19:     0x5e35d2df3446 - core::ops::function::FnOnce::call_once::h11dc69e00a23ce91
[INFO] [stdout]   20:     0x5e35d30f5a4b - test::__rust_begin_short_backtrace::hf4fff89d377446ba
[INFO] [stdout]   21:     0x5e35d30f5287 - test::run_test::{{closure}}::h52c556a6d4740e10
[INFO] [stdout]   22:     0x5e35d30ba564 - std::sys::backtrace::__rust_begin_short_backtrace::h505c97a579eca628
[INFO] [stdout]   23:     0x5e35d30bdc2e - core::ops::function::FnOnce::call_once{{vtable.shim}}::h2c5a5f3779c774f1
[INFO] [stdout]   24:     0x5e35d32f1e2b - std::sys::pal::unix::thread::Thread::new::thread_start::hcc78f3943333fa94
[INFO] [stdout]   25:     0x76742eed5ac3 - <unknown>
[INFO] [stdout]   26:     0x76742ef66a04 - clone
[INFO] [stdout]   27:                0x0 - <unknown>
[INFO] [stdout] 
[INFO] [stdout] ---- vsock_can_perform_client_streaming_grpc_request stdout ----
[INFO] [stdout] thread 'vsock_can_perform_client_streaming_grpc_request' panicked at tests/test_framework.rs:90:78:
[INFO] [stdout] Could not read options.json: Os { code: 2, kind: NotFound, message: "No such file or directory" }
[INFO] [stdout] stack backtrace:
[INFO] [stdout]    0:     0x5e35d32ea90a - <std::sys::backtrace::BacktraceLock::print::DisplayBacktrace as core::fmt::Display>::fmt::h5b6bd5631a6d1f6b
[INFO] [stdout]    1:     0x5e35d33130e3 - core::fmt::write::h7550c97b06c86515
[INFO] [stdout]    2:     0x5e35d32e6d03 - std::io::Write::write_fmt::h509ff860e5956e5e
[INFO] [stdout]    3:     0x5e35d32ea752 - std::sys::backtrace::BacktraceLock::print::h2395ccd2c84ba3aa
[INFO] [stdout]    4:     0x5e35d32ebd6a - std::panicking::default_hook::{{closure}}::he19d4c7230e07961
[INFO] [stdout]    5:     0x5e35d32ebb74 - std::panicking::default_hook::hf614597d3c67bbdb
[INFO] [stdout]    6:     0x5e35d30f1089 - test::test_main::{{closure}}::he977ae839a582784
[INFO] [stdout]    7:     0x5e35d32ec408 - std::panicking::rust_panic_with_hook::h8942133a8b252070
[INFO] [stdout]    8:     0x5e35d32ec1ca - std::panicking::begin_panic_handler::{{closure}}::hb5f5963570096b29
[INFO] [stdout]    9:     0x5e35d32eade9 - std::sys::backtrace::__rust_end_short_backtrace::h6208cedc1922feda
[INFO] [stdout]   10:     0x5e35d32ebe5c - rust_begin_unwind
[INFO] [stdout]   11:     0x5e35d2c13990 - core::panicking::panic_fmt::h0c3082644d1bf418
[INFO] [stdout]   12:     0x5e35d2c13e16 - core::result::unwrap_failed::hd20b4aa073bda1e2
[INFO] [stdout]   13:     0x5e35d2fc16ca - core::result::Result<T,E>::expect::h10e1b2cc309fca5b
[INFO] [stdout]   14:     0x5e35d2c5c056 - extensions::test_framework::TestOptions::get_blocking::h09be3a54c575596d
[INFO] [stdout]   15:     0x5e35d2c6665c - extensions::test_framework::VmBuilder::run_with_is_jailed::h4caa6d0bbffcc19d
[INFO] [stdout]   16:     0x5e35d2c5cbb6 - extensions::test_framework::VmBuilder::run::h9fa9733df71ebee2
[INFO] [stdout]   17:     0x5e35d2cb1f70 - extensions::vsock_can_perform_client_streaming_grpc_request::he7db735a2d408c26
[INFO] [stdout]   18:     0x5e35d2cb1f23 - extensions::vsock_can_perform_client_streaming_grpc_request::{{closure}}::hdd05d0ab80c808ae
[INFO] [stdout]   19:     0x5e35d2df6f26 - core::ops::function::FnOnce::call_once::h88c77bf1982964db
[INFO] [stdout]   20:     0x5e35d30f5a4b - test::__rust_begin_short_backtrace::hf4fff89d377446ba
[INFO] [stdout]   21:     0x5e35d30f5287 - test::run_test::{{closure}}::h52c556a6d4740e10
[INFO] [stdout]   22:     0x5e35d30ba564 - std::sys::backtrace::__rust_begin_short_backtrace::h505c97a579eca628
[INFO] [stdout]   23:     0x5e35d30bdc2e - core::ops::function::FnOnce::call_once{{vtable.shim}}::h2c5a5f3779c774f1
[INFO] [stdout]   24:     0x5e35d32f1e2b - std::sys::pal::unix::thread::Thread::new::thread_start::hcc78f3943333fa94
[INFO] [stdout]   25:     0x76742eed5ac3 - <unknown>
[INFO] [stdout]   26:     0x76742ef66a04 - clone
[INFO] [stdout]   27:                0x0 - <unknown>
[INFO] [stdout] 
[INFO] [stdout] ---- snapshot_editor_can_rebase_memory stdout ----
[INFO] [stdout] thread 'snapshot_editor_can_rebase_memory' panicked at tests/test_framework.rs:90:78:
[INFO] [stdout] Could not read options.json: Os { code: 2, kind: NotFound, message: "No such file or directory" }
[INFO] [stdout] stack backtrace:
[INFO] [stdout]    0:     0x5e35d32ea90a - <std::sys::backtrace::BacktraceLock::print::DisplayBacktrace as core::fmt::Display>::fmt::h5b6bd5631a6d1f6b
[INFO] [stdout]    1:     0x5e35d33130e3 - core::fmt::write::h7550c97b06c86515
[INFO] [stdout]    2:     0x5e35d32e6d03 - std::io::Write::write_fmt::h509ff860e5956e5e
[INFO] [stdout]    3:     0x5e35d32ea752 - std::sys::backtrace::BacktraceLock::print::h2395ccd2c84ba3aa
[INFO] [stdout]    4:     0x5e35d32ebd6a - std::panicking::default_hook::{{closure}}::he19d4c7230e07961
[INFO] [stdout]    5:     0x5e35d32ebb74 - std::panicking::default_hook::hf614597d3c67bbdb
[INFO] [stdout]    6:     0x5e35d30f1089 - test::test_main::{{closure}}::he977ae839a582784
[INFO] [stdout]    7:     0x5e35d32ec408 - std::panicking::rust_panic_with_hook::h8942133a8b252070
[INFO] [stdout]    8:     0x5e35d32ec1ca - std::panicking::begin_panic_handler::{{closure}}::hb5f5963570096b29
[INFO] [stdout]    9:     0x5e35d32eade9 - std::sys::backtrace::__rust_end_short_backtrace::h6208cedc1922feda
[INFO] [stdout]   10:     0x5e35d32ebe5c - rust_begin_unwind
[INFO] [stdout]   11:     0x5e35d2c13990 - core::panicking::panic_fmt::h0c3082644d1bf418
[INFO] [stdout]   12:     0x5e35d2c13e16 - core::result::unwrap_failed::hd20b4aa073bda1e2
[INFO] [stdout]   13:     0x5e35d2fc16ca - core::result::Result<T,E>::expect::h10e1b2cc309fca5b
[INFO] [stdout]   14:     0x5e35d2c5c056 - extensions::test_framework::TestOptions::get_blocking::h09be3a54c575596d
[INFO] [stdout]   15:     0x5e35d2c73ebc - extensions::test_framework::VmBuilder::run_with_is_jailed::h9a77c8447abbacaf
[INFO] [stdout]   16:     0x5e35d2c5cb86 - extensions::test_framework::VmBuilder::run::h7aafd664132b9ba5
[INFO] [stdout]   17:     0x5e35d2cab167 - extensions::snapshot_editor_can_rebase_memory::hc3064b244ac3a081
[INFO] [stdout]   18:     0x5e35d2cab133 - extensions::snapshot_editor_can_rebase_memory::{{closure}}::hc6db8e04a09bfde6
[INFO] [stdout]   19:     0x5e35d2df4316 - core::ops::function::FnOnce::call_once::h2fc008f660907fea
[INFO] [stdout]   20:     0x5e35d30f5a4b - test::__rust_begin_short_backtrace::hf4fff89d377446ba
[INFO] [stdout]   21:     0x5e35d30f5287 - test::run_test::{{closure}}::h52c556a6d4740e10
[INFO] [stdout]   22:     0x5e35d30ba564 - std::sys::backtrace::__rust_begin_short_backtrace::h505c97a579eca628
[INFO] [stdout]   23:     0x5e35d30bdc2e - core::ops::function::FnOnce::call_once{{vtable.shim}}::h2c5a5f3779c774f1
[INFO] [stdout]   24:     0x5e35d32f1e2b - std::sys::pal::unix::thread::Thread::new::thread_start::hcc78f3943333fa94
[INFO] [stdout]   25:     0x76742eed5ac3 - <unknown>
[INFO] [stdout]   26:     0x76742ef66a04 - clone
[INFO] [stdout]   27:                0x0 - <unknown>
[INFO] [stdout] 
[INFO] [stdout] ---- vsock_can_perform_duplex_streaming_grpc_request stdout ----
[INFO] [stdout] thread 'vsock_can_perform_duplex_streaming_grpc_request' panicked at tests/test_framework.rs:90:78:
[INFO] [stdout] Could not read options.json: Os { code: 2, kind: NotFound, message: "No such file or directory" }
[INFO] [stdout] stack backtrace:
[INFO] [stdout]    0:     0x5e35d32ea90a - <std::sys::backtrace::BacktraceLock::print::DisplayBacktrace as core::fmt::Display>::fmt::h5b6bd5631a6d1f6b
[INFO] [stdout]    1:     0x5e35d33130e3 - core::fmt::write::h7550c97b06c86515
[INFO] [stdout]    2:     0x5e35d32e6d03 - std::io::Write::write_fmt::h509ff860e5956e5e
[INFO] [stdout]    3:     0x5e35d32ea752 - std::sys::backtrace::BacktraceLock::print::h2395ccd2c84ba3aa
[INFO] [stdout]    4:     0x5e35d32ebd6a - std::panicking::default_hook::{{closure}}::he19d4c7230e07961
[INFO] [stdout]    5:     0x5e35d32ebb74 - std::panicking::default_hook::hf614597d3c67bbdb
[INFO] [stdout]    6:     0x5e35d30f1089 - test::test_main::{{closure}}::he977ae839a582784
[INFO] [stdout]    7:     0x5e35d32ec408 - std::panicking::rust_panic_with_hook::h8942133a8b252070
[INFO] [stdout]    8:     0x5e35d32ec1ca - std::panicking::begin_panic_handler::{{closure}}::hb5f5963570096b29
[INFO] [stdout]    9:     0x5e35d32eade9 - std::sys::backtrace::__rust_end_short_backtrace::h6208cedc1922feda
[INFO] [stdout]   10:     0x5e35d32ebe5c - rust_begin_unwind
[INFO] [stdout]   11:     0x5e35d2c13990 - core::panicking::panic_fmt::h0c3082644d1bf418
[INFO] [stdout]   12:     0x5e35d2c13e16 - core::result::unwrap_failed::hd20b4aa073bda1e2
[INFO] [stdout]   13:     0x5e35d2fc16ca - core::result::Result<T,E>::expect::h10e1b2cc309fca5b
[INFO] [stdout]   14:     0x5e35d2c5c056 - extensions::test_framework::TestOptions::get_blocking::h09be3a54c575596d
[INFO] [stdout]   15:     0x5e35d2c68a6c - extensions::test_framework::VmBuilder::run_with_is_jailed::h6771cd5a056cba9e
[INFO] [stdout]   16:     0x5e35d2c5cba6 - extensions::test_framework::VmBuilder::run::h971258a5363d626c
[INFO] [stdout]   17:     0x5e35d2cb3360 - extensions::vsock_can_perform_duplex_streaming_grpc_request::h615499cd3df1292f
[INFO] [stdout]   18:     0x5e35d2cb3313 - extensions::vsock_can_perform_duplex_streaming_grpc_request::{{closure}}::h3e2d049ef10db1e2
[INFO] [stdout]   19:     0x5e35d2df6486 - core::ops::function::FnOnce::call_once::h722b6c9343336f0c
[INFO] [stdout]   20:     0x5e35d30f5a4b - test::__rust_begin_short_backtrace::hf4fff89d377446ba
[INFO] [stdout]   21:     0x5e35d30f5287 - test::run_test::{{closure}}::h52c556a6d4740e10
[INFO] [stdout]   22:     0x5e35d30ba564 - std::sys::backtrace::__rust_begin_short_backtrace::h505c97a579eca628
[INFO] [stdout]   23:     0x5e35d30bdc2e - core::ops::function::FnOnce::call_once{{vtable.shim}}::h2c5a5f3779c774f1
[INFO] [stdout]   24:     0x5e35d32f1e2b - std::sys::pal::unix::thread::Thread::new::thread_start::hcc78f3943333fa94
[INFO] [stdout]   25:     0x76742eed5ac3 - <unknown>
[INFO] [stdout]   26:     0x76742ef66a04 - clone
[INFO] [stdout]   27:                0x0 - <unknown>
[INFO] [stdout] 
[INFO] [stdout] ---- metrics_task_can_receive_data_from_plaintext stdout ----
[INFO] [stdout] thread 'metrics_task_can_receive_data_from_plaintext' panicked at tests/test_framework.rs:90:78:
[INFO] [stdout] Could not read options.json: Os { code: 2, kind: NotFound, message: "No such file or directory" }
[INFO] [stdout] stack backtrace:
[INFO] [stdout]    0:     0x5e35d32ea90a - <std::sys::backtrace::BacktraceLock::print::DisplayBacktrace as core::fmt::Display>::fmt::h5b6bd5631a6d1f6b
[INFO] [stdout]    1:     0x5e35d33130e3 - core::fmt::write::h7550c97b06c86515
[INFO] [stdout]    2:     0x5e35d32e6d03 - std::io::Write::write_fmt::h509ff860e5956e5e
[INFO] [stdout]    3:     0x5e35d32ea752 - std::sys::backtrace::BacktraceLock::print::h2395ccd2c84ba3aa
[INFO] [stdout]    4:     0x5e35d32ebd6a - std::panicking::default_hook::{{closure}}::he19d4c7230e07961
[INFO] [stdout]    5:     0x5e35d32ebb74 - std::panicking::default_hook::hf614597d3c67bbdb
[INFO] [stdout]    6:     0x5e35d30f1089 - test::test_main::{{closure}}::he977ae839a582784
[INFO] [stdout]    7:     0x5e35d32ec408 - std::panicking::rust_panic_with_hook::h8942133a8b252070
[INFO] [stdout]    8:     0x5e35d32ec1ca - std::panicking::begin_panic_handler::{{closure}}::hb5f5963570096b29
[INFO] [stdout]    9:     0x5e35d32eade9 - std::sys::backtrace::__rust_end_short_backtrace::h6208cedc1922feda
[INFO] [stdout]   10:     0x5e35d32ebe5c - rust_begin_unwind
[INFO] [stdout]   11:     0x5e35d2c13990 - core::panicking::panic_fmt::h0c3082644d1bf418
[INFO] [stdout]   12:     0x5e35d2c13e16 - core::result::unwrap_failed::hd20b4aa073bda1e2
[INFO] [stdout]   13:     0x5e35d2fc16ca - core::result::Result<T,E>::expect::h10e1b2cc309fca5b
[INFO] [stdout]   14:     0x5e35d2c5c056 - extensions::test_framework::TestOptions::get_blocking::h09be3a54c575596d
[INFO] [stdout]   15:     0x5e35d2c5fa2c - extensions::test_framework::VmBuilder::run_with_is_jailed::h267e68f8597fd3fc
[INFO] [stdout]   16:     0x5e35d2c5cbc6 - extensions::test_framework::VmBuilder::run::hb815dc525aba0d5f
[INFO] [stdout]   17:     0x5e35d2caf4c0 - extensions::metrics_task_can_receive_data_from_plaintext::hb7e518ef3e63d494
[INFO] [stdout]   18:     0x5e35d2caf463 - extensions::metrics_task_can_receive_data_from_plaintext::{{closure}}::hf37fda9fdbde9036
[INFO] [stdout]   19:     0x5e35d2df95f6 - core::ops::function::FnOnce::call_once::hec639b86dd0db697
[INFO] [stdout]   20:     0x5e35d30f5a4b - test::__rust_begin_short_backtrace::hf4fff89d377446ba
[INFO] [stdout]   21:     0x5e35d30f5287 - test::run_test::{{closure}}::h52c556a6d4740e10
[INFO] [stdout]   22:     0x5e35d30ba564 - std::sys::backtrace::__rust_begin_short_backtrace::h505c97a579eca628
[INFO] [stdout]   23:     0x5e35d30bdc2e - core::ops::function::FnOnce::call_once{{vtable.shim}}::h2c5a5f3779c774f1
[INFO] [stdout]   24:     0x5e35d32f1e2b - std::sys::pal::unix::thread::Thread::new::thread_start::hcc78f3943333fa94
[INFO] [stdout]   25:     0x76742eed5ac3 - <unknown>
[INFO] [stdout]   26:     0x76742ef66a04 - clone
[INFO] [stdout]   27:                0x0 - <unknown>
[INFO] [stdout] 
[INFO] [stdout] ---- snapshot_editor_can_get_snapshot_vm_state stdout ----
[INFO] [stdout] thread 'snapshot_editor_can_get_snapshot_vm_state' panicked at tests/test_framework.rs:90:78:
[INFO] [stdout] Could not read options.json: Os { code: 2, kind: NotFound, message: "No such file or directory" }
[INFO] [stdout] stack backtrace:
[INFO] [stdout]    0:     0x5e35d32ea90a - <std::sys::backtrace::BacktraceLock::print::DisplayBacktrace as core::fmt::Display>::fmt::h5b6bd5631a6d1f6b
[INFO] [stdout]    1:     0x5e35d33130e3 - core::fmt::write::h7550c97b06c86515
[INFO] [stdout]    2:     0x5e35d32e6d03 - std::io::Write::write_fmt::h509ff860e5956e5e
[INFO] [stdout]    3:     0x5e35d32ea752 - std::sys::backtrace::BacktraceLock::print::h2395ccd2c84ba3aa
[INFO] [stdout]    4:     0x5e35d32ebd6a - std::panicking::default_hook::{{closure}}::he19d4c7230e07961
[INFO] [stdout]    5:     0x5e35d32ebb74 - std::panicking::default_hook::hf614597d3c67bbdb
[INFO] [stdout]    6:     0x5e35d30f1089 - test::test_main::{{closure}}::he977ae839a582784
[INFO] [stdout]    7:     0x5e35d32ec408 - std::panicking::rust_panic_with_hook::h8942133a8b252070
[INFO] [stdout]    8:     0x5e35d32ec1ca - std::panicking::begin_panic_handler::{{closure}}::hb5f5963570096b29
[INFO] [stdout]    9:     0x5e35d32eade9 - std::sys::backtrace::__rust_end_short_backtrace::h6208cedc1922feda
[INFO] [stdout]   10:     0x5e35d32ebe5c - rust_begin_unwind
[INFO] [stdout]   11:     0x5e35d2c13990 - core::panicking::panic_fmt::h0c3082644d1bf418
[INFO] [stdout]   12:     0x5e35d2c13e16 - core::result::unwrap_failed::hd20b4aa073bda1e2
[INFO] [stdout]   13:     0x5e35d2fc16ca - core::result::Result<T,E>::expect::h10e1b2cc309fca5b
[INFO] [stdout]   14:     0x5e35d2c5c056 - extensions::test_framework::TestOptions::get_blocking::h09be3a54c575596d
[INFO] [stdout]   15:     0x5e35d2c61e3c - extensions::test_framework::VmBuilder::run_with_is_jailed::h31a3945c16b4539c
[INFO] [stdout]   16:     0x5e35d2c5cbd6 - extensions::test_framework::VmBuilder::run::hc7b8842f2e240201
[INFO] [stdout]   17:     0x5e35d2cae637 - extensions::snapshot_editor_can_get_snapshot_vm_state::h1a03f1d2356889f5
[INFO] [stdout]   18:     0x5e35d2cae603 - extensions::snapshot_editor_can_get_snapshot_vm_state::{{closure}}::h7dc32621922ad6df
[INFO] [stdout]   19:     0x5e35d2df5c96 - core::ops::function::FnOnce::call_once::h605e035513fe4953
[INFO] [stdout]   20:     0x5e35d30f5a4b - test::__rust_begin_short_backtrace::hf4fff89d377446ba
[INFO] [stdout]   21:     0x5e35d30f5287 - test::run_test::{{closure}}::h52c556a6d4740e10
[INFO] [stdout]   22:     0x5e35d30ba564 - std::sys::backtrace::__rust_begin_short_backtrace::h505c97a579eca628
[INFO] [stdout]   23:     0x5e35d30bdc2e - core::ops::function::FnOnce::call_once{{vtable.shim}}::h2c5a5f3779c774f1
[INFO] [stdout]   24:     0x5e35d32f1e2b - std::sys::pal::unix::thread::Thread::new::thread_start::hcc78f3943333fa94
[INFO] [stdout]   25:     0x76742eed5ac3 - <unknown>
[INFO] [stdout]   26:     0x76742ef66a04 - clone
[INFO] [stdout]   27:                0x0 - <unknown>
[INFO] [stdout] 
[INFO] [stdout] ---- vsock_can_perform_server_streaming_grpc_request stdout ----
[INFO] [stdout] thread 'vsock_can_perform_server_streaming_grpc_request' panicked at tests/test_framework.rs:90:78:
[INFO] [stdout] Could not read options.json: Os { code: 2, kind: NotFound, message: "No such file or directory" }
[INFO] [stdout] stack backtrace:
[INFO] [stdout]    0:     0x5e35d32ea90a - <std::sys::backtrace::BacktraceLock::print::DisplayBacktrace as core::fmt::Display>::fmt::h5b6bd5631a6d1f6b
[INFO] [stdout]    1:     0x5e35d33130e3 - core::fmt::write::h7550c97b06c86515
[INFO] [stdout]    2:     0x5e35d32e6d03 - std::io::Write::write_fmt::h509ff860e5956e5e
[INFO] [stdout]    3:     0x5e35d32ea752 - std::sys::backtrace::BacktraceLock::print::h2395ccd2c84ba3aa
[INFO] [stdout]    4:     0x5e35d32ebd6a - std::panicking::default_hook::{{closure}}::he19d4c7230e07961
[INFO] [stdout]    5:     0x5e35d32ebb74 - std::panicking::default_hook::hf614597d3c67bbdb
[INFO] [stdout]    6:     0x5e35d30f1089 - test::test_main::{{closure}}::he977ae839a582784
[INFO] [stdout]    7:     0x5e35d32ec408 - std::panicking::rust_panic_with_hook::h8942133a8b252070
[INFO] [stdout]    8:     0x5e35d32ec1ca - std::panicking::begin_panic_handler::{{closure}}::hb5f5963570096b29
[INFO] [stdout]    9:     0x5e35d32eade9 - std::sys::backtrace::__rust_end_short_backtrace::h6208cedc1922feda
[INFO] [stdout]   10:     0x5e35d32ebe5c - rust_begin_unwind
[INFO] [stdout]   11:     0x5e35d2c13990 - core::panicking::panic_fmt::h0c3082644d1bf418
[INFO] [stdout]   12:     0x5e35d2c13e16 - core::result::unwrap_failed::hd20b4aa073bda1e2
[INFO] [stdout]   13:     0x5e35d2fc16ca - core::result::Result<T,E>::expect::h10e1b2cc309fca5b
[INFO] [stdout]   14:     0x5e35d2c5c056 - extensions::test_framework::TestOptions::get_blocking::h09be3a54c575596d
[INFO] [stdout]   15:     0x5e35d2c7aaec - extensions::test_framework::VmBuilder::run_with_is_jailed::hf5ae1577dadc558f
[INFO] [stdout]   16:     0x5e35d2c5cb66 - extensions::test_framework::VmBuilder::run::h49fc0c97d89f64fa
[INFO] [stdout]   17:     0x5e35d2cb27d0 - extensions::vsock_can_perform_server_streaming_grpc_request::h854812f805bc4e09
[INFO] [stdout]   18:     0x5e35d2cb2783 - extensions::vsock_can_perform_server_streaming_grpc_request::{{closure}}::hfa5b4a7ded96a619
[INFO] [stdout]   19:     0x5e35d2df4626 - core::ops::function::FnOnce::call_once::h374f5b1e95aa7d59
[INFO] [stdout]   20:     0x5e35d30f5a4b - test::__rust_begin_short_backtrace::hf4fff89d377446ba
[INFO] [stdout]   21:     0x5e35d30f5287 - test::run_test::{{closure}}::h52c556a6d4740e10
[INFO] [stdout]   22:     0x5e35d30ba564 - std::sys::backtrace::__rust_begin_short_backtrace::h505c97a579eca628
[INFO] [stdout]   23:     0x5e35d30bdc2e - core::ops::function::FnOnce::call_once{{vtable.shim}}::h2c5a5f3779c774f1
[INFO] [stdout]   24:     0x5e35d32f1e2b - std::sys::pal::unix::thread::Thread::new::thread_start::hcc78f3943333fa94
[INFO] [stdout]   25:     0x76742eed5ac3 - <unknown>
[INFO] [stdout]   26:     0x76742ef66a04 - clone
[INFO] [stdout]   27:                0x0 - <unknown>
[INFO] [stdout] 
[INFO] [stdout] ---- vsock_can_make_pooled_http_connection stdout ----
[INFO] [stdout] thread 'vsock_can_make_pooled_http_connection' panicked at tests/test_framework.rs:90:78:
[INFO] [stdout] Could not read options.json: Os { code: 2, kind: NotFound, message: "No such file or directory" }
[INFO] [stdout] stack backtrace:
[INFO] [stdout]    0:     0x5e35d32ea90a - <std::sys::backtrace::BacktraceLock::print::DisplayBacktrace as core::fmt::Display>::fmt::h5b6bd5631a6d1f6b
[INFO] [stdout]    1:     0x5e35d33130e3 - core::fmt::write::h7550c97b06c86515
[INFO] [stdout]    2:     0x5e35d32e6d03 - std::io::Write::write_fmt::h509ff860e5956e5e
[INFO] [stdout]    3:     0x5e35d32ea752 - std::sys::backtrace::BacktraceLock::print::h2395ccd2c84ba3aa
[INFO] [stdout]    4:     0x5e35d32ebd6a - std::panicking::default_hook::{{closure}}::he19d4c7230e07961
[INFO] [stdout]    5:     0x5e35d32ebb74 - std::panicking::default_hook::hf614597d3c67bbdb
[INFO] [stdout]    6:     0x5e35d30f1089 - test::test_main::{{closure}}::he977ae839a582784
[INFO] [stdout]    7:     0x5e35d32ec408 - std::panicking::rust_panic_with_hook::h8942133a8b252070
[INFO] [stdout]    8:     0x5e35d32ec1ca - std::panicking::begin_panic_handler::{{closure}}::hb5f5963570096b29
[INFO] [stdout]    9:     0x5e35d32eade9 - std::sys::backtrace::__rust_end_short_backtrace::h6208cedc1922feda
[INFO] [stdout]   10:     0x5e35d32ebe5c - rust_begin_unwind
[INFO] [stdout]   11:     0x5e35d2c13990 - core::panicking::panic_fmt::h0c3082644d1bf418
[INFO] [stdout]   12:     0x5e35d2c13e16 - core::result::unwrap_failed::hd20b4aa073bda1e2
[INFO] [stdout]   13:     0x5e35d2fc16ca - core::result::Result<T,E>::expect::h10e1b2cc309fca5b
[INFO] [stdout]   14:     0x5e35d2c5c056 - extensions::test_framework::TestOptions::get_blocking::h09be3a54c575596d
[INFO] [stdout]   15:     0x5e35d2c786dc - extensions::test_framework::VmBuilder::run_with_is_jailed::hb97a0de092a809cd
[INFO] [stdout]   16:     0x5e35d2c5cb46 - extensions::test_framework::VmBuilder::run::h198288aa658de13c
[INFO] [stdout]   17:     0x5e35d2cb0ff0 - extensions::vsock_can_make_pooled_http_connection::h7e312bc0318d055e
[INFO] [stdout]   18:     0x5e35d2cb0fa3 - extensions::vsock_can_make_pooled_http_connection::{{closure}}::h9f55703877643ccb
[INFO] [stdout]   19:     0x5e35d2df4d96 - core::ops::function::FnOnce::call_once::h460f7b69a6e5ec78
[INFO] [stdout]   20:     0x5e35d30f5a4b - test::__rust_begin_short_backtrace::hf4fff89d377446ba
[INFO] [stdout]   21:     0x5e35d30f5287 - test::run_test::{{closure}}::h52c556a6d4740e10
[INFO] [stdout]   22:     0x5e35d30ba564 - std::sys::backtrace::__rust_begin_short_backtrace::h505c97a579eca628
[INFO] [stdout]   23:     0x5e35d30bdc2e - core::ops::function::FnOnce::call_once{{vtable.shim}}::h2c5a5f3779c774f1
[INFO] [stdout]   24:     0x5e35d32f1e2b - std::sys::pal::unix::thread::Thread::new::thread_start::hcc78f3943333fa94
[INFO] [stdout]   25:     0x76742eed5ac3 - <unknown>
[INFO] [stdout]   26:     0x76742ef66a04 - clone
[INFO] [stdout]   27:                0x0 - <unknown>
[INFO] [stdout] 
[INFO] [stdout] ---- vsock_can_connect_to_grpc_lazily stdout ----
[INFO] [stdout] thread 'vsock_can_connect_to_grpc_lazily' panicked at tests/test_framework.rs:90:78:
[INFO] [stdout] Could not read options.json: Os { code: 2, kind: NotFound, message: "No such file or directory" }
[INFO] [stdout] stack backtrace:
[INFO] [stdout]    0:     0x5e35d32ea90a - <std::sys::backtrace::BacktraceLock::print::DisplayBacktrace as core::fmt::Display>::fmt::h5b6bd5631a6d1f6b
[INFO] [stdout]    1:     0x5e35d33130e3 - core::fmt::write::h7550c97b06c86515
[INFO] [stdout]    2:     0x5e35d32e6d03 - std::io::Write::write_fmt::h509ff860e5956e5e
[INFO] [stdout]    3:     0x5e35d32ea752 - std::sys::backtrace::BacktraceLock::print::h2395ccd2c84ba3aa
[INFO] [stdout]    4:     0x5e35d32ebd6a - std::panicking::default_hook::{{closure}}::he19d4c7230e07961
[INFO] [stdout]    5:     0x5e35d32ebb74 - std::panicking::default_hook::hf614597d3c67bbdb
[INFO] [stdout]    6:     0x5e35d30f1089 - test::test_main::{{closure}}::he977ae839a582784
[INFO] [stdout]    7:     0x5e35d32ec408 - std::panicking::rust_panic_with_hook::h8942133a8b252070
[INFO] [stdout]    8:     0x5e35d32ec1ca - std::panicking::begin_panic_handler::{{closure}}::hb5f5963570096b29
[INFO] [stdout]    9:     0x5e35d32eade9 - std::sys::backtrace::__rust_end_short_backtrace::h6208cedc1922feda
[INFO] [stdout]   10:     0x5e35d32ebe5c - rust_begin_unwind
[INFO] [stdout]   11:     0x5e35d2c13990 - core::panicking::panic_fmt::h0c3082644d1bf418
[INFO] [stdout]   12:     0x5e35d2c13e16 - core::result::unwrap_failed::hd20b4aa073bda1e2
[INFO] [stdout]   13:     0x5e35d2fc16ca - core::result::Result<T,E>::expect::h10e1b2cc309fca5b
[INFO] [stdout]   14:     0x5e35d2c5c056 - extensions::test_framework::TestOptions::get_blocking::h09be3a54c575596d
[INFO] [stdout]   15:     0x5e35d2c762cc - extensions::test_framework::VmBuilder::run_with_is_jailed::had669440f77918a3
[INFO] [stdout]   16:     0x5e35d2c5cbf6 - extensions::test_framework::VmBuilder::run::hea20da7a45e85b15
[INFO] [stdout]   17:     0x5e35d2cb3ff0 - extensions::vsock_can_connect_to_grpc_lazily::h1ee86a38c726093e
[INFO] [stdout]   18:     0x5e35d2cb3fa3 - extensions::vsock_can_connect_to_grpc_lazily::{{closure}}::h6daa64efe98b3746
[INFO] [stdout]   19:     0x5e35d2df4bc6 - core::ops::function::FnOnce::call_once::h41dd6e134aaad423
[INFO] [stdout]   20:     0x5e35d30f5a4b - test::__rust_begin_short_backtrace::hf4fff89d377446ba
[INFO] [stdout]   21:     0x5e35d30f5287 - test::run_test::{{closure}}::h52c556a6d4740e10
[INFO] [stdout]   22:     0x5e35d30ba564 - std::sys::backtrace::__rust_begin_short_backtrace::h505c97a579eca628
[INFO] [stdout]   23:     0x5e35d30bdc2e - core::ops::function::FnOnce::call_once{{vtable.shim}}::h2c5a5f3779c774f1
[INFO] [stdout]   24:     0x5e35d32f1e2b - std::sys::pal::unix::thread::Thread::new::thread_start::hcc78f3943333fa94
[INFO] [stdout]   25:     0x76742eed5ac3 - <unknown>
[INFO] [stdout]   26:     0x76742ef66a04 - clone
[INFO] [stdout]   27:                0x0 - <unknown>
[INFO] [stdout] 
[INFO] [stdout] 
[INFO] [stdout] failures:
[INFO] [stdout]     metrics_task_can_be_cancelled_via_join_handle
[INFO] [stdout]     metrics_task_can_receive_data_from_fifo
[INFO] [stdout]     metrics_task_can_receive_data_from_plaintext
[INFO] [stdout]     snapshot_editor_can_get_snapshot_vcpu_states
[INFO] [stdout]     snapshot_editor_can_get_snapshot_version
[INFO] [stdout]     snapshot_editor_can_get_snapshot_vm_state
[INFO] [stdout]     snapshot_editor_can_rebase_memory
[INFO] [stdout]     vsock_can_connect_to_grpc_lazily
[INFO] [stdout]     vsock_can_make_plain_http_connection
[INFO] [stdout]     vsock_can_make_pooled_http_connection
[INFO] [stdout]     vsock_can_perform_client_streaming_grpc_request
[INFO] [stdout]     vsock_can_perform_duplex_streaming_grpc_request
[INFO] [stdout]     vsock_can_perform_server_streaming_grpc_request
[INFO] [stdout]     vsock_can_perform_unary_grpc_request
[INFO] [stdout] 
[INFO] [stdout] test result: FAILED. 0 passed; 14 failed; 0 ignored; 0 measured; 0 filtered out; finished in 0.04s
[INFO] [stdout] 
[INFO] [stderr] error: test failed, to rerun pass `--test extensions`
[INFO] running `Command { std: "docker" "inspect" "85642bc4f481ce1027378edcee308218dcca83c748cfb8e263699689c1b03746", kill_on_drop: false }`
[INFO] running `Command { std: "docker" "rm" "-f" "85642bc4f481ce1027378edcee308218dcca83c748cfb8e263699689c1b03746", kill_on_drop: false }`
[INFO] [stdout] 85642bc4f481ce1027378edcee308218dcca83c748cfb8e263699689c1b03746
