[INFO] cloning repository https://github.com/kanghua309/my-spiderx
[INFO] running `Command { std: "git" "-c" "credential.helper=" "-c" "credential.helper=/workspace/cargo-home/bin/git-credential-null" "clone" "--bare" "https://github.com/kanghua309/my-spiderx" "/workspace/cache/git-repos/https%3A%2F%2Fgithub.com%2Fkanghua309%2Fmy-spiderx", kill_on_drop: false }`
[INFO] [stderr] Cloning into bare repository '/workspace/cache/git-repos/https%3A%2F%2Fgithub.com%2Fkanghua309%2Fmy-spiderx'...
[INFO] running `Command { std: "git" "rev-parse" "HEAD", kill_on_drop: false }`
[INFO] [stdout] b3365f2e7d65f4b903cd91ed115d916c18cd049c
[INFO] testing kanghua309/my-spiderx against beta-2024-12-08 for beta-1.84.0-4-retry
[INFO] running `Command { std: "git" "clone" "/workspace/cache/git-repos/https%3A%2F%2Fgithub.com%2Fkanghua309%2Fmy-spiderx" "/workspace/builds/worker-0-tc2/source", kill_on_drop: false }`
[INFO] [stderr] Cloning into '/workspace/builds/worker-0-tc2/source'...
[INFO] [stderr] done.
[INFO] validating manifest of git repo https://github.com/kanghua309/my-spiderx on toolchain beta-2024-12-08
[INFO] running `Command { std: CARGO_HOME="/workspace/cargo-home" RUSTUP_HOME="/workspace/rustup-home" "/workspace/cargo-home/bin/cargo" "+beta-2024-12-08" "metadata" "--manifest-path" "Cargo.toml" "--no-deps", kill_on_drop: false }`
[INFO] removed /workspace/builds/worker-0-tc2/source/.cargo/config.toml
[INFO] started tweaking git repo https://github.com/kanghua309/my-spiderx
[INFO] finished tweaking git repo https://github.com/kanghua309/my-spiderx
[INFO] tweaked toml for git repo https://github.com/kanghua309/my-spiderx written to /workspace/builds/worker-0-tc2/source/Cargo.toml
[INFO] crate git repo https://github.com/kanghua309/my-spiderx already has a lockfile, it will not be regenerated
[INFO] running `Command { std: CARGO_HOME="/workspace/cargo-home" RUSTUP_HOME="/workspace/rustup-home" "/workspace/cargo-home/bin/cargo" "+beta-2024-12-08" "fetch" "--manifest-path" "Cargo.toml", kill_on_drop: false }`
[INFO] running `Command { std: "docker" "create" "-v" "/var/lib/crater-agent-workspace/builds/worker-0-tc2/target:/opt/rustwide/target:rw,Z" "-v" "/var/lib/crater-agent-workspace/builds/worker-0-tc2/source:/opt/rustwide/workdir:ro,Z" "-v" "/var/lib/crater-agent-workspace/cargo-home:/opt/rustwide/cargo-home:ro,Z" "-v" "/var/lib/crater-agent-workspace/rustup-home:/opt/rustwide/rustup-home:ro,Z" "-e" "SOURCE_DIR=/opt/rustwide/workdir" "-e" "CARGO_TARGET_DIR=/opt/rustwide/target" "-e" "CARGO_HOME=/opt/rustwide/cargo-home" "-e" "RUSTUP_HOME=/opt/rustwide/rustup-home" "-w" "/opt/rustwide/workdir" "-m" "1610612736" "--user" "0:0" "--network" "none" "ghcr.io/rust-lang/crates-build-env/linux@sha256:f3a9d4ad9d972b27faf3965f35b62e55ba32bbce8f20bc8fe909558a86702fde" "/opt/rustwide/cargo-home/bin/cargo" "+beta-2024-12-08" "metadata" "--no-deps" "--format-version=1", kill_on_drop: false }`
[INFO] [stdout] 54b8b4b72c3a7276760ddea0e7b73a86fbaa35f60f12b90f175b5d2094191f39
[INFO] running `Command { std: "docker" "start" "-a" "54b8b4b72c3a7276760ddea0e7b73a86fbaa35f60f12b90f175b5d2094191f39", kill_on_drop: false }`
[INFO] running `Command { std: "docker" "inspect" "54b8b4b72c3a7276760ddea0e7b73a86fbaa35f60f12b90f175b5d2094191f39", kill_on_drop: false }`
[INFO] running `Command { std: "docker" "rm" "-f" "54b8b4b72c3a7276760ddea0e7b73a86fbaa35f60f12b90f175b5d2094191f39", kill_on_drop: false }`
[INFO] [stdout] 54b8b4b72c3a7276760ddea0e7b73a86fbaa35f60f12b90f175b5d2094191f39
[INFO] running `Command { std: "docker" "create" "-v" "/var/lib/crater-agent-workspace/builds/worker-0-tc2/target:/opt/rustwide/target:rw,Z" "-v" "/var/lib/crater-agent-workspace/builds/worker-0-tc2/source:/opt/rustwide/workdir:ro,Z" "-v" "/var/lib/crater-agent-workspace/cargo-home:/opt/rustwide/cargo-home:ro,Z" "-v" "/var/lib/crater-agent-workspace/rustup-home:/opt/rustwide/rustup-home:ro,Z" "-e" "SOURCE_DIR=/opt/rustwide/workdir" "-e" "CARGO_TARGET_DIR=/opt/rustwide/target" "-e" "CARGO_INCREMENTAL=0" "-e" "RUST_BACKTRACE=full" "-e" "RUSTFLAGS=--cap-lints=warn" "-e" "RUSTDOCFLAGS=--cap-lints=warn" "-e" "CARGO_HOME=/opt/rustwide/cargo-home" "-e" "RUSTUP_HOME=/opt/rustwide/rustup-home" "-w" "/opt/rustwide/workdir" "-m" "1610612736" "--user" "0:0" "--network" "none" "ghcr.io/rust-lang/crates-build-env/linux@sha256:f3a9d4ad9d972b27faf3965f35b62e55ba32bbce8f20bc8fe909558a86702fde" "/opt/rustwide/cargo-home/bin/cargo" "+beta-2024-12-08" "build" "--frozen" "--message-format=json", kill_on_drop: false }`
[INFO] [stdout] 4cd3cacf8a21350102c84c0c2b064aba3135346dedffbd44ed853c7337152f14
[INFO] running `Command { std: "docker" "start" "-a" "4cd3cacf8a21350102c84c0c2b064aba3135346dedffbd44ed853c7337152f14", kill_on_drop: false }`
[INFO] [stderr]    Compiling proc-macro2 v1.0.24
[INFO] [stderr]    Compiling unicode-xid v0.2.1
[INFO] [stderr]    Compiling syn v1.0.60
[INFO] [stderr]    Compiling serde_derive v1.0.123
[INFO] [stderr]    Compiling anyhow v1.0.38
[INFO] [stderr]    Compiling serde v1.0.123
[INFO] [stderr]    Compiling xshell-macros v0.1.9
[INFO] [stderr]    Compiling console v0.1.0 (/opt/rustwide/workdir/console)
[INFO] [stderr]    Compiling xshell v0.1.9
[INFO] [stderr]    Compiling xtask v0.1.0 (/opt/rustwide/workdir/xtask)
[INFO] [stdout] warning: unexpected `cfg` condition name: `trick_rust_analyzer_into_highlighting_interpolated_bits`
[INFO] [stdout]   --> xtask/src/main.rs:32:5
[INFO] [stdout]    |
[INFO] [stdout] 32 |     cmd!("cargo test --workspace --exclude host-target-tests").run()?;
[INFO] [stdout]    |     ^^^^^^^^^^^^^^^^^^^^^^^^^^^^^^^^^^^^^^^^^^^^^^^^^^^^^^^^^^
[INFO] [stdout]    |
[INFO] [stdout]    = help: expected names are: `clippy`, `debug_assertions`, `doc`, `docsrs`, `doctest`, `feature`, `fmt_debug`, `miri`, `overflow_checks`, `panic`, `proc_macro`, `relocation_model`, `rustfmt`, `sanitize`, `sanitizer_cfi_generalize_pointers`, `sanitizer_cfi_normalize_integers`, `target_abi`, `target_arch`, `target_endian`, `target_env`, `target_family`, `target_feature`, `target_has_atomic`, `target_has_atomic_equal_alignment`, `target_has_atomic_load_store`, `target_os`, `target_pointer_width`, `target_thread_local`, `target_vendor`, `test`, `ub_checks`, `unix`, and `windows`
[INFO] [stdout]    = help: consider using a Cargo feature instead
[INFO] [stdout]    = help: or consider adding in `Cargo.toml` the `check-cfg` lint config for the lint:
[INFO] [stdout]             [lints.rust]
[INFO] [stdout]             unexpected_cfgs = { level = "warn", check-cfg = ['cfg(trick_rust_analyzer_into_highlighting_interpolated_bits)'] }
[INFO] [stdout]    = help: or consider adding `println!("cargo::rustc-check-cfg=cfg(trick_rust_analyzer_into_highlighting_interpolated_bits)");` to the top of the `build.rs`
[INFO] [stdout]    = note: see <https://doc.rust-lang.org/nightly/rustc/check-cfg/cargo-specifics.html> for more information about checking conditional configuration
[INFO] [stdout]    = note: `#[warn(unexpected_cfgs)]` on by default
[INFO] [stdout]    = note: this warning originates in the macro `cmd` (in Nightly builds, run with -Z macro-backtrace for more info)
[INFO] [stdout] 
[INFO] [stdout] 
[INFO] [stdout] warning: unexpected `cfg` condition name: `trick_rust_analyzer_into_highlighting_interpolated_bits`
[INFO] [stdout]   --> xtask/src/main.rs:40:5
[INFO] [stdout]    |
[INFO] [stdout] 40 |     cmd!("cargo test -p host-target-tests").run()?;
[INFO] [stdout]    |     ^^^^^^^^^^^^^^^^^^^^^^^^^^^^^^^^^^^^^^^
[INFO] [stdout]    |
[INFO] [stdout]    = help: consider using a Cargo feature instead
[INFO] [stdout]    = help: or consider adding in `Cargo.toml` the `check-cfg` lint config for the lint:
[INFO] [stdout]             [lints.rust]
[INFO] [stdout]             unexpected_cfgs = { level = "warn", check-cfg = ['cfg(trick_rust_analyzer_into_highlighting_interpolated_bits)'] }
[INFO] [stdout]    = help: or consider adding `println!("cargo::rustc-check-cfg=cfg(trick_rust_analyzer_into_highlighting_interpolated_bits)");` to the top of the `build.rs`
[INFO] [stdout]    = note: see <https://doc.rust-lang.org/nightly/rustc/check-cfg/cargo-specifics.html> for more information about checking conditional configuration
[INFO] [stdout]    = note: this warning originates in the macro `cmd` (in Nightly builds, run with -Z macro-backtrace for more info)
[INFO] [stdout] 
[INFO] [stdout] 
[INFO] [stdout] warning: unexpected `cfg` condition name: `trick_rust_analyzer_into_highlighting_interpolated_bits`
[INFO] [stdout]   --> xtask/src/main.rs:47:5
[INFO] [stdout]    |
[INFO] [stdout] 47 |     cmd!("cargo test -p self-tests").run()?;
[INFO] [stdout]    |     ^^^^^^^^^^^^^^^^^^^^^^^^^^^^^^^^
[INFO] [stdout]    |
[INFO] [stdout]    = help: consider using a Cargo feature instead
[INFO] [stdout]    = help: or consider adding in `Cargo.toml` the `check-cfg` lint config for the lint:
[INFO] [stdout]             [lints.rust]
[INFO] [stdout]             unexpected_cfgs = { level = "warn", check-cfg = ['cfg(trick_rust_analyzer_into_highlighting_interpolated_bits)'] }
[INFO] [stdout]    = help: or consider adding `println!("cargo::rustc-check-cfg=cfg(trick_rust_analyzer_into_highlighting_interpolated_bits)");` to the top of the `build.rs`
[INFO] [stdout]    = note: see <https://doc.rust-lang.org/nightly/rustc/check-cfg/cargo-specifics.html> for more information about checking conditional configuration
[INFO] [stdout]    = note: this warning originates in the macro `cmd` (in Nightly builds, run with -Z macro-backtrace for more info)
[INFO] [stdout] 
[INFO] [stdout] 
[INFO] [stdout] warning: unexpected `cfg` condition name: `trick_rust_analyzer_into_highlighting_interpolated_bits`
[INFO] [stdout]   --> xtask/src/main.rs:53:5
[INFO] [stdout]    |
[INFO] [stdout] 53 |     cmd!("cargo flash --chip nRF52840_xxAA --release").run()?;
[INFO] [stdout]    |     ^^^^^^^^^^^^^^^^^^^^^^^^^^^^^^^^^^^^^^^^^^^^^^^^^^
[INFO] [stdout]    |
[INFO] [stdout]    = help: consider using a Cargo feature instead
[INFO] [stdout]    = help: or consider adding in `Cargo.toml` the `check-cfg` lint config for the lint:
[INFO] [stdout]             [lints.rust]
[INFO] [stdout]             unexpected_cfgs = { level = "warn", check-cfg = ['cfg(trick_rust_analyzer_into_highlighting_interpolated_bits)'] }
[INFO] [stdout]    = help: or consider adding `println!("cargo::rustc-check-cfg=cfg(trick_rust_analyzer_into_highlighting_interpolated_bits)");` to the top of the `build.rs`
[INFO] [stdout]    = note: see <https://doc.rust-lang.org/nightly/rustc/check-cfg/cargo-specifics.html> for more information about checking conditional configuration
[INFO] [stdout]    = note: this warning originates in the macro `cmd` (in Nightly builds, run with -Z macro-backtrace for more info)
[INFO] [stdout] 
[INFO] [stdout] 
[INFO] [stderr]    Compiling quote v1.0.9
[INFO] [stderr]    Compiling messages v0.1.0 (/opt/rustwide/workdir/messages)
[INFO] [stderr]     Finished `dev` profile [unoptimized + debuginfo] target(s) in 14.05s
[INFO] running `Command { std: "docker" "inspect" "4cd3cacf8a21350102c84c0c2b064aba3135346dedffbd44ed853c7337152f14", kill_on_drop: false }`
[INFO] running `Command { std: "docker" "rm" "-f" "4cd3cacf8a21350102c84c0c2b064aba3135346dedffbd44ed853c7337152f14", kill_on_drop: false }`
[INFO] [stdout] 4cd3cacf8a21350102c84c0c2b064aba3135346dedffbd44ed853c7337152f14
[INFO] running `Command { std: "docker" "create" "-v" "/var/lib/crater-agent-workspace/builds/worker-0-tc2/target:/opt/rustwide/target:rw,Z" "-v" "/var/lib/crater-agent-workspace/builds/worker-0-tc2/source:/opt/rustwide/workdir:ro,Z" "-v" "/var/lib/crater-agent-workspace/cargo-home:/opt/rustwide/cargo-home:ro,Z" "-v" "/var/lib/crater-agent-workspace/rustup-home:/opt/rustwide/rustup-home:ro,Z" "-e" "SOURCE_DIR=/opt/rustwide/workdir" "-e" "CARGO_TARGET_DIR=/opt/rustwide/target" "-e" "CARGO_INCREMENTAL=0" "-e" "RUST_BACKTRACE=full" "-e" "RUSTFLAGS=--cap-lints=warn" "-e" "RUSTDOCFLAGS=--cap-lints=warn" "-e" "CARGO_HOME=/opt/rustwide/cargo-home" "-e" "RUSTUP_HOME=/opt/rustwide/rustup-home" "-w" "/opt/rustwide/workdir" "-m" "1610612736" "--user" "0:0" "--network" "none" "ghcr.io/rust-lang/crates-build-env/linux@sha256:f3a9d4ad9d972b27faf3965f35b62e55ba32bbce8f20bc8fe909558a86702fde" "/opt/rustwide/cargo-home/bin/cargo" "+beta-2024-12-08" "test" "--frozen" "--no-run" "--message-format=json", kill_on_drop: false }`
[INFO] [stdout] 4f7b1fda57cb481b222d8ac00208baf0131d87e598975e46c4a59cb32f5c0a07
[INFO] running `Command { std: "docker" "start" "-a" "4f7b1fda57cb481b222d8ac00208baf0131d87e598975e46c4a59cb32f5c0a07", kill_on_drop: false }`
[INFO] [stderr]    Compiling libc v0.2.87
[INFO] [stderr]    Compiling typenum v1.12.0
[INFO] [stderr]    Compiling version_check v0.9.2
[INFO] [stderr]    Compiling memchr v2.3.4
[INFO] [stderr]    Compiling getrandom v0.2.2
[INFO] [stderr]    Compiling once_cell v1.7.2
[INFO] [stderr]    Compiling heapless v0.5.6
[INFO] [stderr]    Compiling log v0.4.14
[INFO] [stderr]    Compiling byteorder v1.4.2
[INFO] [stderr]    Compiling pkg-config v0.3.19
[INFO] [stderr]    Compiling stable_deref_trait v1.2.0
[INFO] [stderr]    Compiling regex-syntax v0.6.22
[INFO] [stderr]    Compiling nix v0.16.1
[INFO] [stderr]    Compiling postcard-cobs v0.1.5-pre
[INFO] [stderr]    Compiling instant v0.1.9
[INFO] [stderr]    Compiling void v1.0.2
[INFO] [stderr]    Compiling smallvec v1.6.1
[INFO] [stderr]    Compiling cfg-if v0.1.10
[INFO] [stderr]    Compiling hash32 v0.1.1
[INFO] [stderr]    Compiling thread_local v1.1.3
[INFO] [stderr]    Compiling lock_api v0.4.2
[INFO] [stderr]    Compiling quickcheck_macros v1.0.0
[INFO] [stderr]    Compiling xtask v0.1.0 (/opt/rustwide/workdir/xtask)
[INFO] [stderr]    Compiling console v0.1.0 (/opt/rustwide/workdir/console)
[INFO] [stdout] warning: unexpected `cfg` condition name: `trick_rust_analyzer_into_highlighting_interpolated_bits`
[INFO] [stdout]   --> xtask/src/main.rs:32:5
[INFO] [stdout]    |
[INFO] [stdout] 32 |     cmd!("cargo test --workspace --exclude host-target-tests").run()?;
[INFO] [stdout]    |     ^^^^^^^^^^^^^^^^^^^^^^^^^^^^^^^^^^^^^^^^^^^^^^^^^^^^^^^^^^
[INFO] [stdout]    |
[INFO] [stdout]    = help: expected names are: `clippy`, `debug_assertions`, `doc`, `docsrs`, `doctest`, `feature`, `fmt_debug`, `miri`, `overflow_checks`, `panic`, `proc_macro`, `relocation_model`, `rustfmt`, `sanitize`, `sanitizer_cfi_generalize_pointers`, `sanitizer_cfi_normalize_integers`, `target_abi`, `target_arch`, `target_endian`, `target_env`, `target_family`, `target_feature`, `target_has_atomic`, `target_has_atomic_equal_alignment`, `target_has_atomic_load_store`, `target_os`, `target_pointer_width`, `target_thread_local`, `target_vendor`, `test`, `ub_checks`, `unix`, and `windows`
[INFO] [stdout]    = help: consider using a Cargo feature instead
[INFO] [stdout]    = help: or consider adding in `Cargo.toml` the `check-cfg` lint config for the lint:
[INFO] [stdout]             [lints.rust]
[INFO] [stdout]             unexpected_cfgs = { level = "warn", check-cfg = ['cfg(trick_rust_analyzer_into_highlighting_interpolated_bits)'] }
[INFO] [stdout]    = help: or consider adding `println!("cargo::rustc-check-cfg=cfg(trick_rust_analyzer_into_highlighting_interpolated_bits)");` to the top of the `build.rs`
[INFO] [stdout]    = note: see <https://doc.rust-lang.org/nightly/rustc/check-cfg/cargo-specifics.html> for more information about checking conditional configuration
[INFO] [stdout]    = note: `#[warn(unexpected_cfgs)]` on by default
[INFO] [stdout]    = note: this warning originates in the macro `cmd` (in Nightly builds, run with -Z macro-backtrace for more info)
[INFO] [stdout] 
[INFO] [stdout] 
[INFO] [stdout] warning: unexpected `cfg` condition name: `trick_rust_analyzer_into_highlighting_interpolated_bits`
[INFO] [stdout]   --> xtask/src/main.rs:40:5
[INFO] [stdout]    |
[INFO] [stdout] 40 |     cmd!("cargo test -p host-target-tests").run()?;
[INFO] [stdout]    |     ^^^^^^^^^^^^^^^^^^^^^^^^^^^^^^^^^^^^^^^
[INFO] [stdout]    |
[INFO] [stdout]    = help: consider using a Cargo feature instead
[INFO] [stdout]    = help: or consider adding in `Cargo.toml` the `check-cfg` lint config for the lint:
[INFO] [stdout]             [lints.rust]
[INFO] [stdout]             unexpected_cfgs = { level = "warn", check-cfg = ['cfg(trick_rust_analyzer_into_highlighting_interpolated_bits)'] }
[INFO] [stdout]    = help: or consider adding `println!("cargo::rustc-check-cfg=cfg(trick_rust_analyzer_into_highlighting_interpolated_bits)");` to the top of the `build.rs`
[INFO] [stdout]    = note: see <https://doc.rust-lang.org/nightly/rustc/check-cfg/cargo-specifics.html> for more information about checking conditional configuration
[INFO] [stdout]    = note: this warning originates in the macro `cmd` (in Nightly builds, run with -Z macro-backtrace for more info)
[INFO] [stdout] 
[INFO] [stdout] 
[INFO] [stdout] warning: unexpected `cfg` condition name: `trick_rust_analyzer_into_highlighting_interpolated_bits`
[INFO] [stdout]   --> xtask/src/main.rs:47:5
[INFO] [stdout]    |
[INFO] [stdout] 47 |     cmd!("cargo test -p self-tests").run()?;
[INFO] [stdout]    |     ^^^^^^^^^^^^^^^^^^^^^^^^^^^^^^^^
[INFO] [stdout]    |
[INFO] [stdout]    = help: consider using a Cargo feature instead
[INFO] [stdout]    = help: or consider adding in `Cargo.toml` the `check-cfg` lint config for the lint:
[INFO] [stdout]             [lints.rust]
[INFO] [stdout]             unexpected_cfgs = { level = "warn", check-cfg = ['cfg(trick_rust_analyzer_into_highlighting_interpolated_bits)'] }
[INFO] [stdout]    = help: or consider adding `println!("cargo::rustc-check-cfg=cfg(trick_rust_analyzer_into_highlighting_interpolated_bits)");` to the top of the `build.rs`
[INFO] [stdout]    = note: see <https://doc.rust-lang.org/nightly/rustc/check-cfg/cargo-specifics.html> for more information about checking conditional configuration
[INFO] [stdout]    = note: this warning originates in the macro `cmd` (in Nightly builds, run with -Z macro-backtrace for more info)
[INFO] [stdout] 
[INFO] [stdout] 
[INFO] [stdout] warning: unexpected `cfg` condition name: `trick_rust_analyzer_into_highlighting_interpolated_bits`
[INFO] [stdout]   --> xtask/src/main.rs:53:5
[INFO] [stdout]    |
[INFO] [stdout] 53 |     cmd!("cargo flash --chip nRF52840_xxAA --release").run()?;
[INFO] [stdout]    |     ^^^^^^^^^^^^^^^^^^^^^^^^^^^^^^^^^^^^^^^^^^^^^^^^^^
[INFO] [stdout]    |
[INFO] [stdout]    = help: consider using a Cargo feature instead
[INFO] [stdout]    = help: or consider adding in `Cargo.toml` the `check-cfg` lint config for the lint:
[INFO] [stdout]             [lints.rust]
[INFO] [stdout]             unexpected_cfgs = { level = "warn", check-cfg = ['cfg(trick_rust_analyzer_into_highlighting_interpolated_bits)'] }
[INFO] [stdout]    = help: or consider adding `println!("cargo::rustc-check-cfg=cfg(trick_rust_analyzer_into_highlighting_interpolated_bits)");` to the top of the `build.rs`
[INFO] [stdout]    = note: see <https://doc.rust-lang.org/nightly/rustc/check-cfg/cargo-specifics.html> for more information about checking conditional configuration
[INFO] [stdout]    = note: this warning originates in the macro `cmd` (in Nightly builds, run with -Z macro-backtrace for more info)
[INFO] [stdout] 
[INFO] [stdout] 
[INFO] [stderr]    Compiling generic-array v0.14.4
[INFO] [stderr]    Compiling libudev-sys v0.1.4
[INFO] [stderr]    Compiling aho-corasick v0.7.15
[INFO] [stderr]    Compiling generic-array v0.13.3
[INFO] [stderr]    Compiling generic-array v0.12.4
[INFO] [stderr]    Compiling parking_lot_core v0.8.3
[INFO] [stderr]    Compiling libudev v0.2.0
[INFO] [stderr]    Compiling rand_core v0.6.2
[INFO] [stderr]    Compiling as-slice v0.1.5
[INFO] [stderr]    Compiling parking_lot v0.11.1
[INFO] [stderr]    Compiling rand v0.8.3
[INFO] [stderr]    Compiling regex v1.4.3
[INFO] [stderr]    Compiling postcard v0.5.2
[INFO] [stderr]    Compiling env_logger v0.8.3
[INFO] [stderr]    Compiling quickcheck v1.0.3
[INFO] [stderr]    Compiling serialport v4.0.0
[INFO] [stderr]    Compiling messages v0.1.0 (/opt/rustwide/workdir/messages)
[INFO] [stderr]    Compiling host-target-tests v0.1.0 (/opt/rustwide/workdir/host-target-tests)
[INFO] [stderr]     Finished `test` profile [unoptimized + debuginfo] target(s) in 14.68s
[INFO] running `Command { std: "docker" "inspect" "4f7b1fda57cb481b222d8ac00208baf0131d87e598975e46c4a59cb32f5c0a07", kill_on_drop: false }`
[INFO] running `Command { std: "docker" "rm" "-f" "4f7b1fda57cb481b222d8ac00208baf0131d87e598975e46c4a59cb32f5c0a07", kill_on_drop: false }`
[INFO] [stdout] 4f7b1fda57cb481b222d8ac00208baf0131d87e598975e46c4a59cb32f5c0a07
[INFO] running `Command { std: "docker" "create" "-v" "/var/lib/crater-agent-workspace/builds/worker-0-tc2/target:/opt/rustwide/target:rw,Z" "-v" "/var/lib/crater-agent-workspace/builds/worker-0-tc2/source:/opt/rustwide/workdir:ro,Z" "-v" "/var/lib/crater-agent-workspace/cargo-home:/opt/rustwide/cargo-home:ro,Z" "-v" "/var/lib/crater-agent-workspace/rustup-home:/opt/rustwide/rustup-home:ro,Z" "-e" "SOURCE_DIR=/opt/rustwide/workdir" "-e" "CARGO_TARGET_DIR=/opt/rustwide/target" "-e" "CARGO_INCREMENTAL=0" "-e" "RUST_BACKTRACE=full" "-e" "RUSTFLAGS=--cap-lints=warn" "-e" "RUSTDOCFLAGS=--cap-lints=warn" "-e" "CARGO_HOME=/opt/rustwide/cargo-home" "-e" "RUSTUP_HOME=/opt/rustwide/rustup-home" "-w" "/opt/rustwide/workdir" "-m" "1610612736" "--user" "0:0" "--network" "none" "ghcr.io/rust-lang/crates-build-env/linux@sha256:f3a9d4ad9d972b27faf3965f35b62e55ba32bbce8f20bc8fe909558a86702fde" "/opt/rustwide/cargo-home/bin/cargo" "+beta-2024-12-08" "test" "--frozen", kill_on_drop: false }`
[INFO] [stdout] 110203232a85b20e3dc27bb27f361b0a0a11a0051211c5e6ec14c30d3c23011b
[INFO] running `Command { std: "docker" "start" "-a" "110203232a85b20e3dc27bb27f361b0a0a11a0051211c5e6ec14c30d3c23011b", kill_on_drop: false }`
[INFO] [stderr] warning: unexpected `cfg` condition name: `trick_rust_analyzer_into_highlighting_interpolated_bits`
[INFO] [stderr]   --> xtask/src/main.rs:32:5
[INFO] [stderr]    |
[INFO] [stderr] 32 |     cmd!("cargo test --workspace --exclude host-target-tests").run()?;
[INFO] [stderr]    |     ^^^^^^^^^^^^^^^^^^^^^^^^^^^^^^^^^^^^^^^^^^^^^^^^^^^^^^^^^^
[INFO] [stderr]    |
[INFO] [stderr]    = help: expected names are: `clippy`, `debug_assertions`, `doc`, `docsrs`, `doctest`, `feature`, `fmt_debug`, `miri`, `overflow_checks`, `panic`, `proc_macro`, `relocation_model`, `rustfmt`, `sanitize`, `sanitizer_cfi_generalize_pointers`, `sanitizer_cfi_normalize_integers`, `target_abi`, `target_arch`, `target_endian`, `target_env`, `target_family`, `target_feature`, `target_has_atomic`, `target_has_atomic_equal_alignment`, `target_has_atomic_load_store`, `target_os`, `target_pointer_width`, `target_thread_local`, `target_vendor`, `test`, `ub_checks`, `unix`, and `windows`
[INFO] [stderr]    = help: consider using a Cargo feature instead
[INFO] [stderr]    = help: or consider adding in `Cargo.toml` the `check-cfg` lint config for the lint:
[INFO] [stderr]             [lints.rust]
[INFO] [stderr]             unexpected_cfgs = { level = "warn", check-cfg = ['cfg(trick_rust_analyzer_into_highlighting_interpolated_bits)'] }
[INFO] [stderr]    = help: or consider adding `println!("cargo::rustc-check-cfg=cfg(trick_rust_analyzer_into_highlighting_interpolated_bits)");` to the top of the `build.rs`
[INFO] [stderr]    = note: see <https://doc.rust-lang.org/nightly/rustc/check-cfg/cargo-specifics.html> for more information about checking conditional configuration
[INFO] [stderr]    = note: `#[warn(unexpected_cfgs)]` on by default
[INFO] [stderr]    = note: this warning originates in the macro `cmd` (in Nightly builds, run with -Z macro-backtrace for more info)
[INFO] [stderr] 
[INFO] [stderr] warning: unexpected `cfg` condition name: `trick_rust_analyzer_into_highlighting_interpolated_bits`
[INFO] [stderr]   --> xtask/src/main.rs:40:5
[INFO] [stderr]    |
[INFO] [stderr] 40 |     cmd!("cargo test -p host-target-tests").run()?;
[INFO] [stderr]    |     ^^^^^^^^^^^^^^^^^^^^^^^^^^^^^^^^^^^^^^^
[INFO] [stderr]    |
[INFO] [stderr]    = help: consider using a Cargo feature instead
[INFO] [stderr]    = help: or consider adding in `Cargo.toml` the `check-cfg` lint config for the lint:
[INFO] [stderr]             [lints.rust]
[INFO] [stderr]             unexpected_cfgs = { level = "warn", check-cfg = ['cfg(trick_rust_analyzer_into_highlighting_interpolated_bits)'] }
[INFO] [stderr]    = help: or consider adding `println!("cargo::rustc-check-cfg=cfg(trick_rust_analyzer_into_highlighting_interpolated_bits)");` to the top of the `build.rs`
[INFO] [stderr]    = note: see <https://doc.rust-lang.org/nightly/rustc/check-cfg/cargo-specifics.html> for more information about checking conditional configuration
[INFO] [stderr]    = note: this warning originates in the macro `cmd` (in Nightly builds, run with -Z macro-backtrace for more info)
[INFO] [stderr] 
[INFO] [stderr] warning: unexpected `cfg` condition name: `trick_rust_analyzer_into_highlighting_interpolated_bits`
[INFO] [stderr]   --> xtask/src/main.rs:47:5
[INFO] [stderr]    |
[INFO] [stderr] 47 |     cmd!("cargo test -p self-tests").run()?;
[INFO] [stderr]    |     ^^^^^^^^^^^^^^^^^^^^^^^^^^^^^^^^
[INFO] [stderr]    |
[INFO] [stderr]    = help: consider using a Cargo feature instead
[INFO] [stderr]    = help: or consider adding in `Cargo.toml` the `check-cfg` lint config for the lint:
[INFO] [stderr]             [lints.rust]
[INFO] [stderr]             unexpected_cfgs = { level = "warn", check-cfg = ['cfg(trick_rust_analyzer_into_highlighting_interpolated_bits)'] }
[INFO] [stderr]    = help: or consider adding `println!("cargo::rustc-check-cfg=cfg(trick_rust_analyzer_into_highlighting_interpolated_bits)");` to the top of the `build.rs`
[INFO] [stderr]    = note: see <https://doc.rust-lang.org/nightly/rustc/check-cfg/cargo-specifics.html> for more information about checking conditional configuration
[INFO] [stderr]    = note: this warning originates in the macro `cmd` (in Nightly builds, run with -Z macro-backtrace for more info)
[INFO] [stderr] 
[INFO] [stderr] warning: unexpected `cfg` condition name: `trick_rust_analyzer_into_highlighting_interpolated_bits`
[INFO] [stderr]   --> xtask/src/main.rs:53:5
[INFO] [stderr]    |
[INFO] [stderr] 53 |     cmd!("cargo flash --chip nRF52840_xxAA --release").run()?;
[INFO] [stderr]    |     ^^^^^^^^^^^^^^^^^^^^^^^^^^^^^^^^^^^^^^^^^^^^^^^^^^
[INFO] [stderr]    |
[INFO] [stderr]    = help: consider using a Cargo feature instead
[INFO] [stderr]    = help: or consider adding in `Cargo.toml` the `check-cfg` lint config for the lint:
[INFO] [stderr]             [lints.rust]
[INFO] [stderr]             unexpected_cfgs = { level = "warn", check-cfg = ['cfg(trick_rust_analyzer_into_highlighting_interpolated_bits)'] }
[INFO] [stderr]    = help: or consider adding `println!("cargo::rustc-check-cfg=cfg(trick_rust_analyzer_into_highlighting_interpolated_bits)");` to the top of the `build.rs`
[INFO] [stderr]    = note: see <https://doc.rust-lang.org/nightly/rustc/check-cfg/cargo-specifics.html> for more information about checking conditional configuration
[INFO] [stderr]    = note: this warning originates in the macro `cmd` (in Nightly builds, run with -Z macro-backtrace for more info)
[INFO] [stderr] 
[INFO] [stderr] warning: `xtask` (bin "xtask" test) generated 4 warnings
[INFO] [stderr]     Finished `test` profile [unoptimized + debuginfo] target(s) in 0.10s
[INFO] [stderr]      Running unittests src/main.rs (/opt/rustwide/target/debug/deps/console-72b4aecf845d65a6)
[INFO] [stdout] 
[INFO] [stderr]      Running tests/serial.rs (/opt/rustwide/target/debug/deps/serial-61d94efbe8319de0)
[INFO] [stdout] running 0 tests
[INFO] [stdout] 
[INFO] [stdout] test result: ok. 0 passed; 0 failed; 0 ignored; 0 measured; 0 filtered out; finished in 0.00s
[INFO] [stdout] 
[INFO] [stdout] 
[INFO] [stdout] running 3 tests
[INFO] [stdout] test consecutive_sampling_returns_same_measurement ... FAILED
[INFO] [stdout] test new_measurement_every_2_seconds ... FAILED
[INFO] [stdout] test get_measurement_succeeds ... FAILED
[INFO] [stdout] 
[INFO] [stdout] failures:
[INFO] [stdout] 
[INFO] [stdout] ---- consecutive_sampling_returns_same_measurement stdout ----
[INFO] [stdout] Error: device 1366:1015 is not connected
[INFO] [stdout] 
[INFO] [stdout] ---- new_measurement_every_2_seconds stdout ----
[INFO] [stdout] Error: device 1366:1015 is not connected
[INFO] [stdout] 
[INFO] [stdout] ---- get_measurement_succeeds stdout ----
[INFO] [stdout] Error: device 1366:1015 is not connected
[INFO] [stdout] 
[INFO] [stdout] 
[INFO] [stdout] failures:
[INFO] [stdout]     consecutive_sampling_returns_same_measurement
[INFO] [stdout]     get_measurement_succeeds
[INFO] [stdout]     new_measurement_every_2_seconds
[INFO] [stdout] 
[INFO] [stdout] test result: FAILED. 0 passed; 3 failed; 0 ignored; 0 measured; 0 filtered out; finished in 0.15s
[INFO] [stdout] 
[INFO] [stderr] error: test failed, to rerun pass `-p host-target-tests --test serial`
[INFO] running `Command { std: "docker" "inspect" "110203232a85b20e3dc27bb27f361b0a0a11a0051211c5e6ec14c30d3c23011b", kill_on_drop: false }`
[INFO] running `Command { std: "docker" "rm" "-f" "110203232a85b20e3dc27bb27f361b0a0a11a0051211c5e6ec14c30d3c23011b", kill_on_drop: false }`
[INFO] [stdout] 110203232a85b20e3dc27bb27f361b0a0a11a0051211c5e6ec14c30d3c23011b
