[INFO] cloning repository https://github.com/kamoshi/hauchiwa
[INFO] running `Command { std: "git" "-c" "credential.helper=" "-c" "credential.helper=/workspace/cargo-home/bin/git-credential-null" "clone" "--bare" "https://github.com/kamoshi/hauchiwa" "/workspace/cache/git-repos/https%3A%2F%2Fgithub.com%2Fkamoshi%2Fhauchiwa", kill_on_drop: false }`
[INFO] [stderr] Cloning into bare repository '/workspace/cache/git-repos/https%3A%2F%2Fgithub.com%2Fkamoshi%2Fhauchiwa'...
[INFO] running `Command { std: "git" "rev-parse" "HEAD", kill_on_drop: false }`
[INFO] [stdout] 18f65be7be01866f94ac2c96d06bcff8894a43e7
[INFO] testing kamoshi/hauchiwa against 1.83.0 for beta-1.84.0-4-retry
[INFO] running `Command { std: "git" "clone" "/workspace/cache/git-repos/https%3A%2F%2Fgithub.com%2Fkamoshi%2Fhauchiwa" "/workspace/builds/worker-6-tc1/source", kill_on_drop: false }`
[INFO] [stderr] Cloning into '/workspace/builds/worker-6-tc1/source'...
[INFO] [stderr] done.
[INFO] validating manifest of git repo https://github.com/kamoshi/hauchiwa on toolchain 1.83.0
[INFO] running `Command { std: CARGO_HOME="/workspace/cargo-home" RUSTUP_HOME="/workspace/rustup-home" "/workspace/cargo-home/bin/cargo" "+1.83.0" "metadata" "--manifest-path" "Cargo.toml" "--no-deps", kill_on_drop: false }`
[INFO] started tweaking git repo https://github.com/kamoshi/hauchiwa
[INFO] finished tweaking git repo https://github.com/kamoshi/hauchiwa
[INFO] tweaked toml for git repo https://github.com/kamoshi/hauchiwa written to /workspace/builds/worker-6-tc1/source/Cargo.toml
[INFO] crate git repo https://github.com/kamoshi/hauchiwa already has a lockfile, it will not be regenerated
[INFO] running `Command { std: CARGO_HOME="/workspace/cargo-home" RUSTUP_HOME="/workspace/rustup-home" "/workspace/cargo-home/bin/cargo" "+1.83.0" "fetch" "--manifest-path" "Cargo.toml", kill_on_drop: false }`
[INFO] [stderr]     Updating crates.io index
[INFO] [stderr]     Blocking waiting for file lock on package cache
[INFO] [stderr]  Downloading crates ...
[INFO] [stderr]   Downloaded sitemap-rs v0.2.2
[INFO] [stderr]   Downloaded grass v0.13.4
[INFO] [stderr]   Downloaded xml-builder v0.5.3
[INFO] [stderr]   Downloaded gray_matter v0.2.8
[INFO] [stderr]   Downloaded grass_compiler v0.13.4
[INFO] running `Command { std: "docker" "create" "-v" "/var/lib/crater-agent-workspace/builds/worker-6-tc1/target:/opt/rustwide/target:rw,Z" "-v" "/var/lib/crater-agent-workspace/builds/worker-6-tc1/source:/opt/rustwide/workdir:ro,Z" "-v" "/var/lib/crater-agent-workspace/cargo-home:/opt/rustwide/cargo-home:ro,Z" "-v" "/var/lib/crater-agent-workspace/rustup-home:/opt/rustwide/rustup-home:ro,Z" "-e" "SOURCE_DIR=/opt/rustwide/workdir" "-e" "CARGO_TARGET_DIR=/opt/rustwide/target" "-e" "CARGO_HOME=/opt/rustwide/cargo-home" "-e" "RUSTUP_HOME=/opt/rustwide/rustup-home" "-w" "/opt/rustwide/workdir" "-m" "1610612736" "--user" "0:0" "--network" "none" "ghcr.io/rust-lang/crates-build-env/linux@sha256:f3a9d4ad9d972b27faf3965f35b62e55ba32bbce8f20bc8fe909558a86702fde" "/opt/rustwide/cargo-home/bin/cargo" "+1.83.0" "metadata" "--no-deps" "--format-version=1", kill_on_drop: false }`
[INFO] [stdout] fd593aa816cac74bb1ad923598cbd8b182b49d019cfb4f809ee983749b59ef48
[INFO] running `Command { std: "docker" "start" "-a" "fd593aa816cac74bb1ad923598cbd8b182b49d019cfb4f809ee983749b59ef48", kill_on_drop: false }`
[INFO] running `Command { std: "docker" "inspect" "fd593aa816cac74bb1ad923598cbd8b182b49d019cfb4f809ee983749b59ef48", kill_on_drop: false }`
[INFO] running `Command { std: "docker" "rm" "-f" "fd593aa816cac74bb1ad923598cbd8b182b49d019cfb4f809ee983749b59ef48", kill_on_drop: false }`
[INFO] [stdout] fd593aa816cac74bb1ad923598cbd8b182b49d019cfb4f809ee983749b59ef48
[INFO] running `Command { std: "docker" "create" "-v" "/var/lib/crater-agent-workspace/builds/worker-6-tc1/target:/opt/rustwide/target:rw,Z" "-v" "/var/lib/crater-agent-workspace/builds/worker-6-tc1/source:/opt/rustwide/workdir:ro,Z" "-v" "/var/lib/crater-agent-workspace/cargo-home:/opt/rustwide/cargo-home:ro,Z" "-v" "/var/lib/crater-agent-workspace/rustup-home:/opt/rustwide/rustup-home:ro,Z" "-e" "SOURCE_DIR=/opt/rustwide/workdir" "-e" "CARGO_TARGET_DIR=/opt/rustwide/target" "-e" "CARGO_INCREMENTAL=0" "-e" "RUST_BACKTRACE=full" "-e" "RUSTFLAGS=--cap-lints=warn" "-e" "RUSTDOCFLAGS=--cap-lints=warn" "-e" "CARGO_HOME=/opt/rustwide/cargo-home" "-e" "RUSTUP_HOME=/opt/rustwide/rustup-home" "-w" "/opt/rustwide/workdir" "-m" "1610612736" "--user" "0:0" "--network" "none" "ghcr.io/rust-lang/crates-build-env/linux@sha256:f3a9d4ad9d972b27faf3965f35b62e55ba32bbce8f20bc8fe909558a86702fde" "/opt/rustwide/cargo-home/bin/cargo" "+1.83.0" "build" "--frozen" "--message-format=json", kill_on_drop: false }`
[INFO] [stdout] bb7facedb9d03e9b1fda83181933b9553f75395e2c4c683e718a32e2d13185b3
[INFO] running `Command { std: "docker" "start" "-a" "bb7facedb9d03e9b1fda83181933b9553f75395e2c4c683e718a32e2d13185b3", kill_on_drop: false }`
[INFO] [stderr]    Compiling cfg-if v1.0.0
[INFO] [stderr]    Compiling version_check v0.9.4
[INFO] [stderr]    Compiling libc v0.2.155
[INFO] [stderr]    Compiling proc-macro2 v1.0.86
[INFO] [stderr]    Compiling unicode-ident v1.0.12
[INFO] [stderr]    Compiling autocfg v1.3.0
[INFO] [stderr]    Compiling crossbeam-utils v0.8.20
[INFO] [stderr]    Compiling zerocopy v0.7.35
[INFO] [stderr]    Compiling once_cell v1.19.0
[INFO] [stderr]    Compiling typenum v1.17.0
[INFO] [stderr]    Compiling simd-adler32 v0.3.7
[INFO] [stderr]    Compiling siphasher v0.3.11
[INFO] [stderr]    Compiling allocator-api2 v0.2.18
[INFO] [stderr]    Compiling scopeguard v1.2.0
[INFO] [stderr]    Compiling rayon-core v1.12.1
[INFO] [stderr]    Compiling rand_core v0.6.4
[INFO] [stderr]    Compiling adler v1.0.2
[INFO] [stderr]    Compiling ppv-lite86 v0.2.17
[INFO] [stderr]    Compiling miniz_oxide v0.7.4
[INFO] [stderr]    Compiling rand v0.8.5
[INFO] [stderr]    Compiling bitflags v1.3.2
[INFO] [stderr]    Compiling smallvec v1.13.2
[INFO] [stderr]    Compiling phf_shared v0.11.2
[INFO] [stderr]    Compiling serde v1.0.204
[INFO] [stderr]    Compiling crc32fast v1.4.2
[INFO] [stderr]    Compiling ahash v0.8.11
[INFO] [stderr]    Compiling generic-array v0.14.7
[INFO] [stderr]    Compiling lock_api v0.4.12
[INFO] [stderr]    Compiling num-traits v0.2.19
[INFO] [stderr]    Compiling itoa v1.0.11
[INFO] [stderr]    Compiling parking_lot_core v0.9.10
[INFO] [stderr]    Compiling log v0.4.22
[INFO] [stderr]    Compiling either v1.13.0
[INFO] [stderr]    Compiling same-file v1.0.6
[INFO] [stderr]    Compiling phf_generator v0.11.2
[INFO] [stderr]    Compiling flate2 v1.0.30
[INFO] [stderr]    Compiling weezl v0.1.8
[INFO] [stderr]    Compiling thiserror v1.0.63
[INFO] [stderr]    Compiling httparse v1.9.4
[INFO] [stderr]    Compiling serde_json v1.0.120
[INFO] [stderr]    Compiling cpufeatures v0.2.12
[INFO] [stderr]    Compiling equivalent v1.0.1
[INFO] [stderr]    Compiling walkdir v2.5.0
[INFO] [stderr]    Compiling hashbrown v0.14.5
[INFO] [stderr]    Compiling spin v0.9.8
[INFO] [stderr]    Compiling hashbrown v0.13.2
[INFO] [stderr]    Compiling quote v1.0.36
[INFO] [stderr]    Compiling fdeflate v0.3.4
[INFO] [stderr]    Compiling zune-inflate v0.2.54
[INFO] [stderr]    Compiling getrandom v0.2.15
[INFO] [stderr]    Compiling syn v2.0.71
[INFO] [stderr]    Compiling crossbeam-epoch v0.9.18
[INFO] [stderr]    Compiling inotify-sys v0.1.5
[INFO] [stderr]    Compiling flume v0.11.0
[INFO] [stderr]    Compiling crossbeam-channel v0.5.13
[INFO] [stderr]    Compiling mio v0.8.11
[INFO] [stderr]    Compiling inotify v0.9.6
[INFO] [stderr]    Compiling crossbeam-deque v0.8.5
[INFO] [stderr]    Compiling filetime v0.2.23
[INFO] [stderr]    Compiling rand_chacha v0.3.1
[INFO] [stderr]    Compiling indexmap v2.2.6
[INFO] [stderr]    Compiling hashlink v0.8.4
[INFO] [stderr]    Compiling half v2.4.1
[INFO] [stderr]    Compiling encoding_rs v0.8.34
[INFO] [stderr]    Compiling bytemuck v1.16.1
[INFO] [stderr]    Compiling color_quant v1.1.0
[INFO] [stderr]    Compiling lasso v0.7.2
[INFO] [stderr]    Compiling camino v1.1.9
[INFO] [stderr]    Compiling ryu v1.0.18
[INFO] [stderr]    Compiling bytes v1.6.1
[INFO] [stderr]    Compiling byteorder v1.5.0
[INFO] [stderr]    Compiling lebe v0.5.2
[INFO] [stderr]    Compiling codemap v0.1.3
[INFO] [stderr]    Compiling bit_field v0.10.2
[INFO] [stderr]    Compiling fnv v1.0.7
[INFO] [stderr]    Compiling iana-time-zone v0.1.61
[INFO] [stderr]    Compiling arraydeque v0.5.1
[INFO] [stderr]    Compiling qoi v0.4.1
[INFO] [stderr]    Compiling gif v0.13.1
[INFO] [stderr]    Compiling notify v6.1.1
[INFO] [stderr]    Compiling parking_lot v0.12.3
[INFO] [stderr]    Compiling png v0.17.13
[INFO] [stderr]    Compiling chrono v0.4.38
[INFO] [stderr]    Compiling http v1.1.0
[INFO] [stderr]    Compiling xml-builder v0.5.3
[INFO] [stderr]    Compiling data-encoding v2.6.0
[INFO] [stderr]    Compiling rayon v1.10.0
[INFO] [stderr]    Compiling exr v1.72.0
[INFO] [stderr]    Compiling file-id v0.2.1
[INFO] [stderr]    Compiling yaml-rust2 v0.8.1
[INFO] [stderr]    Compiling utf-8 v0.7.6
[INFO] [stderr]    Compiling notify-debouncer-full v0.3.1
[INFO] [stderr]    Compiling glob v0.3.1
[INFO] [stderr]    Compiling block-buffer v0.10.4
[INFO] [stderr]    Compiling crypto-common v0.1.6
[INFO] [stderr]    Compiling digest v0.10.7
[INFO] [stderr]    Compiling sha1 v0.10.6
[INFO] [stderr]    Compiling sha2 v0.10.8
[INFO] [stderr]    Compiling sitemap-rs v0.2.2
[INFO] [stderr]    Compiling jpeg-decoder v0.3.1
[INFO] [stderr]    Compiling tiff v0.9.1
[INFO] [stderr]    Compiling serde_derive v1.0.204
[INFO] [stderr]    Compiling phf_macros v0.11.2
[INFO] [stderr]    Compiling thiserror-impl v1.0.63
[INFO] [stderr]    Compiling image v0.24.9
[INFO] [stderr]    Compiling phf v0.11.2
[INFO] [stderr]    Compiling grass_compiler v0.13.4
[INFO] [stderr]    Compiling tungstenite v0.23.0
[INFO] [stderr]    Compiling gray_matter v0.2.8
[INFO] [stderr]    Compiling grass v0.13.4
[INFO] [stderr]    Compiling hauchiwa v0.2.0 (/opt/rustwide/workdir)
[INFO] [stderr]     Finished `dev` profile [unoptimized + debuginfo] target(s) in 40.11s
[INFO] running `Command { std: "docker" "inspect" "bb7facedb9d03e9b1fda83181933b9553f75395e2c4c683e718a32e2d13185b3", kill_on_drop: false }`
[INFO] running `Command { std: "docker" "rm" "-f" "bb7facedb9d03e9b1fda83181933b9553f75395e2c4c683e718a32e2d13185b3", kill_on_drop: false }`
[INFO] [stdout] bb7facedb9d03e9b1fda83181933b9553f75395e2c4c683e718a32e2d13185b3
[INFO] running `Command { std: "docker" "create" "-v" "/var/lib/crater-agent-workspace/builds/worker-6-tc1/target:/opt/rustwide/target:rw,Z" "-v" "/var/lib/crater-agent-workspace/builds/worker-6-tc1/source:/opt/rustwide/workdir:ro,Z" "-v" "/var/lib/crater-agent-workspace/cargo-home:/opt/rustwide/cargo-home:ro,Z" "-v" "/var/lib/crater-agent-workspace/rustup-home:/opt/rustwide/rustup-home:ro,Z" "-e" "SOURCE_DIR=/opt/rustwide/workdir" "-e" "CARGO_TARGET_DIR=/opt/rustwide/target" "-e" "CARGO_INCREMENTAL=0" "-e" "RUST_BACKTRACE=full" "-e" "RUSTFLAGS=--cap-lints=warn" "-e" "RUSTDOCFLAGS=--cap-lints=warn" "-e" "CARGO_HOME=/opt/rustwide/cargo-home" "-e" "RUSTUP_HOME=/opt/rustwide/rustup-home" "-w" "/opt/rustwide/workdir" "-m" "1610612736" "--user" "0:0" "--network" "none" "ghcr.io/rust-lang/crates-build-env/linux@sha256:f3a9d4ad9d972b27faf3965f35b62e55ba32bbce8f20bc8fe909558a86702fde" "/opt/rustwide/cargo-home/bin/cargo" "+1.83.0" "test" "--frozen" "--no-run" "--message-format=json", kill_on_drop: false }`
[INFO] [stdout] 2d8585c7dcf585ec2e4484e868d0e6bae8643425d967459c3e141ce31eee5cf6
[INFO] running `Command { std: "docker" "start" "-a" "2d8585c7dcf585ec2e4484e868d0e6bae8643425d967459c3e141ce31eee5cf6", kill_on_drop: false }`
[INFO] [stderr]    Compiling hauchiwa v0.2.0 (/opt/rustwide/workdir)
[INFO] [stderr]     Finished `test` profile [unoptimized + debuginfo] target(s) in 0.92s
[INFO] running `Command { std: "docker" "inspect" "2d8585c7dcf585ec2e4484e868d0e6bae8643425d967459c3e141ce31eee5cf6", kill_on_drop: false }`
[INFO] running `Command { std: "docker" "rm" "-f" "2d8585c7dcf585ec2e4484e868d0e6bae8643425d967459c3e141ce31eee5cf6", kill_on_drop: false }`
[INFO] [stdout] 2d8585c7dcf585ec2e4484e868d0e6bae8643425d967459c3e141ce31eee5cf6
[INFO] running `Command { std: "docker" "create" "-v" "/var/lib/crater-agent-workspace/builds/worker-6-tc1/target:/opt/rustwide/target:rw,Z" "-v" "/var/lib/crater-agent-workspace/builds/worker-6-tc1/source:/opt/rustwide/workdir:ro,Z" "-v" "/var/lib/crater-agent-workspace/cargo-home:/opt/rustwide/cargo-home:ro,Z" "-v" "/var/lib/crater-agent-workspace/rustup-home:/opt/rustwide/rustup-home:ro,Z" "-e" "SOURCE_DIR=/opt/rustwide/workdir" "-e" "CARGO_TARGET_DIR=/opt/rustwide/target" "-e" "CARGO_INCREMENTAL=0" "-e" "RUST_BACKTRACE=full" "-e" "RUSTFLAGS=--cap-lints=warn" "-e" "RUSTDOCFLAGS=--cap-lints=warn" "-e" "CARGO_HOME=/opt/rustwide/cargo-home" "-e" "RUSTUP_HOME=/opt/rustwide/rustup-home" "-w" "/opt/rustwide/workdir" "-m" "1610612736" "--user" "0:0" "--network" "none" "ghcr.io/rust-lang/crates-build-env/linux@sha256:f3a9d4ad9d972b27faf3965f35b62e55ba32bbce8f20bc8fe909558a86702fde" "/opt/rustwide/cargo-home/bin/cargo" "+1.83.0" "test" "--frozen", kill_on_drop: false }`
[INFO] [stdout] 898bc0b435997e7ca14080715967e98bc4968f0a189ae16815b2cc99a2a02857
[INFO] running `Command { std: "docker" "start" "-a" "898bc0b435997e7ca14080715967e98bc4968f0a189ae16815b2cc99a2a02857", kill_on_drop: false }`
[INFO] [stderr]     Finished `test` profile [unoptimized + debuginfo] target(s) in 0.13s
[INFO] [stderr]      Running unittests src/lib.rs (/opt/rustwide/target/debug/deps/hauchiwa-75ad0e556df497a1)
[INFO] [stdout] 
[INFO] [stdout] running 0 tests
[INFO] [stdout] 
[INFO] [stdout] test result: ok. 0 passed; 0 failed; 0 ignored; 0 measured; 0 filtered out; finished in 0.00s
[INFO] [stdout] 
[INFO] [stderr]    Doc-tests hauchiwa
[INFO] [stdout] 
[INFO] [stdout] running 4 tests
[INFO] [stdout] test src/collection.rs - collection::Collection::glob_with (line 149) ... FAILED
[INFO] [stdout] test src/../README.md - (line 53) ... FAILED
[INFO] [stdout] test src/../README.md - (line 22) ... FAILED
[INFO] [stdout] test src/../README.md - (line 35) ... FAILED
[INFO] [stdout] 
[INFO] [stdout] failures:
[INFO] [stdout] 
[INFO] [stdout] ---- src/collection.rs - collection::Collection::glob_with (line 149) stdout ----
[INFO] [stdout] error[E0433]: failed to resolve: use of undeclared type `Collection`
[INFO] [stdout]  --> src/collection.rs:150:1
[INFO] [stdout]   |
[INFO] [stdout] 3 | Collection::glob_with("content", "posts/**/*", ["md"], parse_matter_yaml::<Post>);
[INFO] [stdout]   | ^^^^^^^^^^ use of undeclared type `Collection`
[INFO] [stdout]   |
[INFO] [stdout] help: consider importing this struct
[INFO] [stdout]   |
[INFO] [stdout] 2 + use hauchiwa::Collection;
[INFO] [stdout]   |
[INFO] [stdout] 
[INFO] [stdout] error[E0425]: cannot find value `parse_matter_yaml` in this scope
[INFO] [stdout]  --> src/collection.rs:150:56
[INFO] [stdout]   |
[INFO] [stdout] 3 | Collection::glob_with("content", "posts/**/*", ["md"], parse_matter_yaml::<Post>);
[INFO] [stdout]   |                                                        ^^^^^^^^^^^^^^^^^ not found in this scope
[INFO] [stdout]   |
[INFO] [stdout] help: consider importing this function
[INFO] [stdout]   |
[INFO] [stdout] 2 + use hauchiwa::parse_matter_yaml;
[INFO] [stdout]   |
[INFO] [stdout] 
[INFO] [stdout] error[E0412]: cannot find type `Post` in this scope
[INFO] [stdout]  --> src/collection.rs:150:76
[INFO] [stdout]   |
[INFO] [stdout] 3 | Collection::glob_with("content", "posts/**/*", ["md"], parse_matter_yaml::<Post>);
[INFO] [stdout]   |                                                                            ^^^^ not found in this scope
[INFO] [stdout]   |
[INFO] [stdout] help: you might be missing a type parameter
[INFO] [stdout]   |
[INFO] [stdout] 2 | fn main() { #[allow(non_snake_case)] fn _doctest_main_src_collection_rs_149_0<Post>() {
[INFO] [stdout]   |                                                                              ++++++
[INFO] [stdout] 
[INFO] [stdout] error: aborting due to 3 previous errors
[INFO] [stdout] 
[INFO] [stdout] Some errors have detailed explanations: E0412, E0425, E0433.
[INFO] [stdout] For more information about an error, try `rustc --explain E0412`.
[INFO] [stdout] Couldn't compile the test.
[INFO] [stdout] ---- src/../README.md - (line 53) stdout ----
[INFO] [stdout] error[E0433]: failed to resolve: use of undeclared crate or module `html`
[INFO] [stdout]   --> src/../README.md:91:50
[INFO] [stdout]    |
[INFO] [stdout] 39 |                     let (parsed, outline, bib) = html::post::parse_content(query.content, &sack, query.area, library);
[INFO] [stdout]    |                                                  ^^^^ use of undeclared crate or module `html`
[INFO] [stdout] 
[INFO] [stdout] error[E0433]: failed to resolve: use of undeclared crate or module `html`
[INFO] [stdout]   --> src/../README.md:93:36
[INFO] [stdout]    |
[INFO] [stdout] 41 |                     let out_buff = html::post::as_html(query.meta, &parsed, &sack, outline, bib);
[INFO] [stdout]    |                                    ^^^^ use of undeclared crate or module `html`
[INFO] [stdout] 
[INFO] [stdout] error[E0433]: failed to resolve: use of undeclared type `Args`
[INFO] [stdout]  --> src/../README.md:55:16
[INFO] [stdout]   |
[INFO] [stdout] 3 |     let args = Args::parse();
[INFO] [stdout]   |                ^^^^ use of undeclared type `Args`
[INFO] [stdout]   |
[INFO] [stdout] help: consider importing this struct
[INFO] [stdout]   |
[INFO] [stdout] 2 + use std::env::Args;
[INFO] [stdout]   |
[INFO] [stdout] 
[INFO] [stdout] error[E0433]: failed to resolve: use of undeclared type `Website`
[INFO] [stdout]  --> src/../README.md:58:19
[INFO] [stdout]   |
[INFO] [stdout] 6 |     let website = Website::setup()
[INFO] [stdout]   |                   ^^^^^^^ use of undeclared type `Website`
[INFO] [stdout]   |
[INFO] [stdout] help: consider importing this struct
[INFO] [stdout]   |
[INFO] [stdout] 2 + use hauchiwa::Website;
[INFO] [stdout]   |
[INFO] [stdout] 
[INFO] [stdout] error[E0433]: failed to resolve: use of undeclared type `Collection`
[INFO] [stdout]  --> src/../README.md:61:13
[INFO] [stdout]   |
[INFO] [stdout] 9 |             Collection::glob_with("content", "posts/**/*", ["md"], process_matter_yaml::<Post>),
[INFO] [stdout]   |             ^^^^^^^^^^ use of undeclared type `Collection`
[INFO] [stdout]   |
[INFO] [stdout] help: consider importing this struct
[INFO] [stdout]   |
[INFO] [stdout] 2 + use hauchiwa::Collection;
[INFO] [stdout]   |
[INFO] [stdout] 
[INFO] [stdout] error[E0425]: cannot find value `process_matter_yaml` in this scope
[INFO] [stdout]  --> src/../README.md:61:68
[INFO] [stdout]   |
[INFO] [stdout] 9 |             Collection::glob_with("content", "posts/**/*", ["md"], process_matter_yaml::<Post>),
[INFO] [stdout]   |                                                                    ^^^^^^^^^^^^^^^^^^^ not found in this scope
[INFO] [stdout] 
[INFO] [stdout] error[E0412]: cannot find type `Post` in this scope
[INFO] [stdout]  --> src/../README.md:61:90
[INFO] [stdout]   |
[INFO] [stdout] 9 |             Collection::glob_with("content", "posts/**/*", ["md"], process_matter_yaml::<Post>),
[INFO] [stdout]   |                                                                                          ^^^^ not found in this scope
[INFO] [stdout] 
[INFO] [stdout] error[E0433]: failed to resolve: use of undeclared type `Processor`
[INFO] [stdout]   --> src/../README.md:65:13
[INFO] [stdout]    |
[INFO] [stdout] 13 |             Processor::process_images(["jpg", "png", "gif"]),
[INFO] [stdout]    |             ^^^^^^^^^ use of undeclared type `Processor`
[INFO] [stdout]    |
[INFO] [stdout] help: consider importing this struct
[INFO] [stdout]    |
[INFO] [stdout] 2  + use hauchiwa::Processor;
[INFO] [stdout]    |
[INFO] [stdout] 
[INFO] [stdout] error[E0433]: failed to resolve: use of undeclared type `Processor`
[INFO] [stdout]   --> src/../README.md:66:13
[INFO] [stdout]    |
[INFO] [stdout] 14 |             Processor::process_assets(["bib"], process_bibliography),
[INFO] [stdout]    |             ^^^^^^^^^ use of undeclared type `Processor`
[INFO] [stdout]    |
[INFO] [stdout] help: consider importing this struct
[INFO] [stdout]    |
[INFO] [stdout] 2  + use hauchiwa::Processor;
[INFO] [stdout]    |
[INFO] [stdout] 
[INFO] [stdout] error[E0425]: cannot find value `process_bibliography` in this scope
[INFO] [stdout]   --> src/../README.md:66:48
[INFO] [stdout]    |
[INFO] [stdout] 14 |             Processor::process_assets(["bib"], process_bibliography),
[INFO] [stdout]    |                                                ^^^^^^^^^^^^^^^^^^^^ not found in this scope
[INFO] [stdout] 
[INFO] [stdout] error[E0412]: cannot find type `Post` in this scope
[INFO] [stdout]   --> src/../README.md:84:34
[INFO] [stdout]    |
[INFO] [stdout] 32 |             sack.query_content::<Post>("posts/**/*")
[INFO] [stdout]    |                                  ^^^^ not found in this scope
[INFO] [stdout] 
[INFO] [stdout] error[E0433]: failed to resolve: use of undeclared type `Mode`
[INFO] [stdout]   --> src/../README.md:104:9
[INFO] [stdout]    |
[INFO] [stdout] 52 |         Mode::Build => website.build(MyData::new()),
[INFO] [stdout]    |         ^^^^ use of undeclared type `Mode`
[INFO] [stdout]    |
[INFO] [stdout] help: consider importing one of these enums
[INFO] [stdout]    |
[INFO] [stdout] 2  + use hauchiwa::Mode;
[INFO] [stdout]    |
[INFO] [stdout] 2  + use tungstenite::stream::Mode;
[INFO] [stdout]    |
[INFO] [stdout] 
[INFO] [stdout] error[E0433]: failed to resolve: use of undeclared type `Mode`
[INFO] [stdout]   --> src/../README.md:105:9
[INFO] [stdout]    |
[INFO] [stdout] 53 |         Mode::Watch => website.watch(MyData::new()),
[INFO] [stdout]    |         ^^^^ use of undeclared type `Mode`
[INFO] [stdout]    |
[INFO] [stdout] help: consider importing one of these enums
[INFO] [stdout]    |
[INFO] [stdout] 2  + use hauchiwa::Mode;
[INFO] [stdout]    |
[INFO] [stdout] 2  + use tungstenite::stream::Mode;
[INFO] [stdout]    |
[INFO] [stdout] 
[INFO] [stdout] error[E0433]: failed to resolve: use of undeclared type `MyData`
[INFO] [stdout]   --> src/../README.md:104:38
[INFO] [stdout]    |
[INFO] [stdout] 52 |         Mode::Build => website.build(MyData::new()),
[INFO] [stdout]    |                                      ^^^^^^ use of undeclared type `MyData`
[INFO] [stdout] 
[INFO] [stdout] error[E0433]: failed to resolve: use of undeclared type `MyData`
[INFO] [stdout]   --> src/../README.md:105:38
[INFO] [stdout]    |
[INFO] [stdout] 53 |         Mode::Watch => website.watch(MyData::new()),
[INFO] [stdout]    |                                      ^^^^^^ use of undeclared type `MyData`
[INFO] [stdout] 
[INFO] [stdout] error: aborting due to 15 previous errors
[INFO] [stdout] 
[INFO] [stdout] Some errors have detailed explanations: E0412, E0425, E0433.
[INFO] [stdout] For more information about an error, try `rustc --explain E0412`.
[INFO] [stdout] Couldn't compile the test.
[INFO] [stdout] ---- src/../README.md - (line 22) stdout ----
[INFO] [stdout] error: cannot find derive macro `Deserialize` in this scope
[INFO] [stdout]  --> src/../README.md:24:10
[INFO] [stdout]   |
[INFO] [stdout] 4 | #[derive(Deserialize, Debug, Clone)]
[INFO] [stdout]   |          ^^^^^^^^^^^
[INFO] [stdout]   |
[INFO] [stdout] help: consider importing this derive macro
[INFO] [stdout]   |
[INFO] [stdout] 2 + use serde::Deserialize;
[INFO] [stdout]   |
[INFO] [stdout] 
[INFO] [stdout] error: cannot find attribute `serde` in this scope
[INFO] [stdout]  --> src/../README.md:27:7
[INFO] [stdout]   |
[INFO] [stdout] 7 |     #[serde(with = "isodate")]
[INFO] [stdout]   |       ^^^^^
[INFO] [stdout]   |
[INFO] [stdout]   = note: `serde` is in scope, but it is a crate, not an attribute
[INFO] [stdout] 
[INFO] [stdout] error[E0412]: cannot find type `DateTime` in this scope
[INFO] [stdout]  --> src/../README.md:28:15
[INFO] [stdout]   |
[INFO] [stdout] 8 |     pub date: DateTime<Utc>,
[INFO] [stdout]   |               ^^^^^^^^ not found in this scope
[INFO] [stdout] 
[INFO] [stdout] error[E0412]: cannot find type `Utc` in this scope
[INFO] [stdout]  --> src/../README.md:28:24
[INFO] [stdout]   |
[INFO] [stdout] 8 |     pub date: DateTime<Utc>,
[INFO] [stdout]   |                        ^^^ not found in this scope
[INFO] [stdout]   |
[INFO] [stdout] help: you might be missing a type parameter
[INFO] [stdout]   |
[INFO] [stdout] 5 | pub struct Post<Utc> {
[INFO] [stdout]   |                +++++
[INFO] [stdout] 
[INFO] [stdout] error: aborting due to 4 previous errors
[INFO] [stdout] 
[INFO] [stdout] For more information about this error, try `rustc --explain E0412`.
[INFO] [stdout] Couldn't compile the test.
[INFO] [stdout] ---- src/../README.md - (line 35) stdout ----
[INFO] [stdout] error[E0432]: unresolved import `clap`
[INFO] [stdout]  --> src/../README.md:36:5
[INFO] [stdout]   |
[INFO] [stdout] 3 | use clap::{Parser, ValueEnum};
[INFO] [stdout]   |     ^^^^ use of undeclared crate or module `clap`
[INFO] [stdout] 
[INFO] [stdout] error: cannot find attribute `clap` in this scope
[INFO] [stdout]  --> src/../README.md:40:7
[INFO] [stdout]   |
[INFO] [stdout] 7 |     #[clap(value_enum, index = 1, default_value = "build")]
[INFO] [stdout]   |       ^^^^
[INFO] [stdout] 
[INFO] [stdout] error: aborting due to 2 previous errors
[INFO] [stdout] 
[INFO] [stdout] For more information about this error, try `rustc --explain E0432`.
[INFO] [stdout] Couldn't compile the test.
[INFO] [stdout] 
[INFO] [stdout] failures:
[INFO] [stdout]     src/../README.md - (line 22)
[INFO] [stdout]     src/../README.md - (line 35)
[INFO] [stdout]     src/../README.md - (line 53)
[INFO] [stdout]     src/collection.rs - collection::Collection::glob_with (line 149)
[INFO] [stdout] 
[INFO] [stdout] test result: FAILED. 0 passed; 4 failed; 0 ignored; 0 measured; 0 filtered out; finished in 0.26s
[INFO] [stdout] 
[INFO] [stderr] error: doctest failed, to rerun pass `--doc`
[INFO] running `Command { std: "docker" "inspect" "898bc0b435997e7ca14080715967e98bc4968f0a189ae16815b2cc99a2a02857", kill_on_drop: false }`
[INFO] running `Command { std: "docker" "rm" "-f" "898bc0b435997e7ca14080715967e98bc4968f0a189ae16815b2cc99a2a02857", kill_on_drop: false }`
[INFO] [stdout] 898bc0b435997e7ca14080715967e98bc4968f0a189ae16815b2cc99a2a02857
